74.7.242.42 - - [19/Sep/2026:17:54:58 +0530] "GET /buy.php?detail/24504553929403 HTTP/2.0" 200 22614 "https://www.llprecharge.in/buy.php?detail/24501970337085" "Mozilla/5.0 AppleWebKit/537.36 (KHTML, like Gecko; compatible; GPTBot/1.4; +https://openai.com/gptbot)"
136.243.228.180 - - [19/Sep/2026:17:54:59 +0530] "GET /buy.php?special/285016465.html HTTP/1.1" 200 20823 "-" "Mozilla/5.0 (compatible; DataForSeoBot/1.0; +https://dataforseo.com/dataforseo-bot)"
74.7.243.193 - - [19/Sep/2026:17:55:00 +0530] "GET /buy.php?detail/12003777346802 HTTP/2.0" 200 21992 "https://llprecharge.in/buy.php?detail/23403160196809" "Mozilla/5.0 AppleWebKit/537.36 (KHTML, like Gecko; compatible; GPTBot/1.4; +https://openai.com/gptbot)"
74.7.242.42 - - [19/Sep/2026:17:55:00 +0530] "GET /buy.php?detail/07404698684534 HTTP/2.0" 200 21202 "https://www.llprecharge.in/buy.php?goods/074045338" "Mozilla/5.0 AppleWebKit/537.36 (KHTML, like Gecko; compatible; GPTBot/1.4; +https://openai.com/gptbot)"
74.7.242.42 - - [19/Sep/2026:17:55:03 +0530] "GET /buy.php?detail/04702235121672 HTTP/2.0" 200 21019 "https://www.llprecharge.in/buy.php?detail/27204548389916" "Mozilla/5.0 AppleWebKit/537.36 (KHTML, like Gecko; compatible; GPTBot/1.4; +https://openai.com/gptbot)"
74.7.243.193 - - [19/Sep/2026:17:55:03 +0530] "GET /buy.php?detail/01900972263989 HTTP/2.0" 200 20717 "https://llprecharge.in/buy.php?detail/23403160196809" "Mozilla/5.0 AppleWebKit/537.36 (KHTML, like Gecko; compatible; GPTBot/1.4; +https://openai.com/gptbot)"
136.243.228.180 - - [19/Sep/2026:17:55:03 +0530] "GET /buy.php?special/262036712.html HTTP/1.1" 200 20937 "-" "Mozilla/5.0 (compatible; DataForSeoBot/1.0; +https://dataforseo.com/dataforseo-bot)"
74.7.243.193 - - [19/Sep/2026:17:55:05 +0530] "GET /buy.php?detail/11201454469795 HTTP/2.0" 200 20858 "https://llprecharge.in/buy.php?detail/10300008155113" "Mozilla/5.0 AppleWebKit/537.36 (KHTML, like Gecko; compatible; GPTBot/1.4; +https://openai.com/gptbot)"
74.7.242.42 - - [19/Sep/2026:17:55:05 +0530] "GET /buy.php?detail/08304236014529 HTTP/2.0" 200 22721 "https://www.llprecharge.in/buy.php?detail/08304621707390" "Mozilla/5.0 AppleWebKit/537.36 (KHTML, like Gecko; compatible; GPTBot/1.4; +https://openai.com/gptbot)"
74.7.243.193 - - [19/Sep/2026:17:55:08 +0530] "GET /buy.php?detail/13202195915726 HTTP/2.0" 200 20242 "https://llprecharge.in/buy.php?detail/13202318776213" "Mozilla/5.0 AppleWebKit/537.36 (KHTML, like Gecko; compatible; GPTBot/1.4; +https://openai.com/gptbot)"
74.7.242.42 - - [19/Sep/2026:17:55:08 +0530] "GET /buy.php?detail/14200526744436 HTTP/2.0" 200 20211 "https://www.llprecharge.in/buy.php?detail/14200621606863" "Mozilla/5.0 AppleWebKit/537.36 (KHTML, like Gecko; compatible; GPTBot/1.4; +https://openai.com/gptbot)"
49.43.152.35 - - [19/Sep/2026:17:54:52 +0530] "GET /LLPRECHARGE/Admin/recharge_report.php HTTP/2.0" 200 5899 "https://www.llprecharge.in/LLPRECHARGE/Admin/recharge_report.php" "Mozilla/5.0 (Macintosh; Intel Mac OS X 10_15_7) AppleWebKit/537.36 (KHTML, like Gecko) Chrome/151.0.0.0 Safari/537.36 OPR/135.0.0.0"
66.249.66.33 - - [19/Sep/2026:17:55:12 +0530] "GET /?introduct/72910956998 HTTP/1.1" 200 1838 "-" "Mozilla/5.0 (Linux; Android 6.0.1; Nexus 5X Build/MMB29P) AppleWebKit/537.36 (KHTML, like Gecko) Chrome/153.0.8010.47 Mobile Safari/537.36 (compatible; Googlebot/2.1; +http://www.google.com/bot.html)"
74.7.243.193 - - [19/Sep/2026:17:55:10 +0530] "GET /buy.php?detail/04403783294570 HTTP/2.0" 200 20861 "https://llprecharge.in/buy.php?detail/04403854833659" "Mozilla/5.0 AppleWebKit/537.36 (KHTML, like Gecko; compatible; GPTBot/1.4; +https://openai.com/gptbot)"
74.7.242.42 - - [19/Sep/2026:17:55:10 +0530] "GET /buy.php?detail/14200523844032 HTTP/2.0" 200 20916 "https://www.llprecharge.in/buy.php?detail/14200621606863" "Mozilla/5.0 AppleWebKit/537.36 (KHTML, like Gecko; compatible; GPTBot/1.4; +https://openai.com/gptbot)"
66.249.66.68 - - [19/Sep/2026:17:55:14 +0530] "GET /?bibler/73554877928 HTTP/1.1" 200 1838 "-" "Mozilla/5.0 (Linux; Android 6.0.1; Nexus 5X Build/MMB29P) AppleWebKit/537.36 (KHTML, like Gecko) Chrome/153.0.8010.47 Mobile Safari/537.36 (compatible; Googlebot/2.1; +http://www.google.com/bot.html)"
74.7.243.193 - - [19/Sep/2026:17:55:13 +0530] "GET /buy.php?detail/18704807496954 HTTP/2.0" 200 21998 "https://llprecharge.in/buy.php?detail/18704855578902" "Mozilla/5.0 AppleWebKit/537.36 (KHTML, like Gecko; compatible; GPTBot/1.4; +https://openai.com/gptbot)"
66.249.66.69 - - [19/Sep/2026:17:55:14 +0530] "GET /?sentenced/81918704102 HTTP/1.1" 200 1838 "-" "Mozilla/5.0 (Linux; Android 6.0.1; Nexus 5X Build/MMB29P) AppleWebKit/537.36 (KHTML, like Gecko) Chrome/153.0.8010.47 Mobile Safari/537.36 (compatible; Googlebot/2.1; +http://www.google.com/bot.html)"
74.7.242.42 - - [19/Sep/2026:17:55:13 +0530] "GET /buy.php?detail/19602067806545 HTTP/2.0" 200 24065 "https://www.llprecharge.in/buy.php?detail/19602064711687" "Mozilla/5.0 AppleWebKit/537.36 (KHTML, like Gecko; compatible; GPTBot/1.4; +https://openai.com/gptbot)"
66.249.66.195 - - [19/Sep/2026:17:55:15 +0530] "GET /shopdetail/documentary/021000285 HTTP/1.1" 404 - "-" "Mozilla/5.0 (Linux; Android 6.0.1; Nexus 5X Build/MMB29P) AppleWebKit/537.36 (KHTML, like Gecko) Chrome/153.0.8010.47 Mobile Safari/537.36 (compatible; Googlebot/2.1; +http://www.google.com/bot.html)"
66.249.66.196 - - [19/Sep/2026:17:55:16 +0530] "GET /index.php?shops/incogitance/z1i3l8l8a1010044 HTTP/1.1" 404 20 "-" "Mozilla/5.0 (Linux; Android 6.0.1; Nexus 5X Build/MMB29P) AppleWebKit/537.36 (KHTML, like Gecko) Chrome/153.0.8010.47 Mobile Safari/537.36 (compatible; Googlebot/2.1; +http://www.google.com/bot.html)"
74.7.242.42 - - [19/Sep/2026:17:55:15 +0530] "GET /buy.php?detail/18201212892113 HTTP/2.0" 200 22357 "https://www.llprecharge.in/buy.php?detail/19602064711687" "Mozilla/5.0 AppleWebKit/537.36 (KHTML, like Gecko; compatible; GPTBot/1.4; +https://openai.com/gptbot)"
168.119.209.108 - - [19/Sep/2026:17:55:18 +0530] "GET /user/api_balance.php?userid=AU1121&token=dMgDWkPbbsmeca76X0lncsVCYVjIE61Q HTTP/1.1" 500 - "-" "RestSharp/106.13.0.0"
74.7.243.193 - - [19/Sep/2026:17:55:15 +0530] "GET /buy.php?detail/21400169350075 HTTP/2.0" 200 20893 "https://llprecharge.in/buy.php?jp/277021818.html" "Mozilla/5.0 AppleWebKit/537.36 (KHTML, like Gecko; compatible; GPTBot/1.4; +https://openai.com/gptbot)"
74.7.242.42 - - [19/Sep/2026:17:55:18 +0530] "GET /buy.php?detail/19602068609158 HTTP/2.0" 200 23699 "https://www.llprecharge.in/buy.php?detail/19602064711687" "Mozilla/5.0 AppleWebKit/537.36 (KHTML, like Gecko; compatible; GPTBot/1.4; +https://openai.com/gptbot)"
74.7.243.193 - - [19/Sep/2026:17:55:18 +0530] "GET /buy.php?goods/277021454 HTTP/2.0" 200 20515 "https://llprecharge.in/buy.php?detail/27702155608665" "Mozilla/5.0 AppleWebKit/537.36 (KHTML, like Gecko; compatible; GPTBot/1.4; +https://openai.com/gptbot)"
74.7.242.42 - - [19/Sep/2026:17:55:20 +0530] "GET /buy.php?detail/06701394623997 HTTP/2.0" 200 20927 "https://www.llprecharge.in/buy.php?detail/06701395584046" "Mozilla/5.0 AppleWebKit/537.36 (KHTML, like Gecko; compatible; GPTBot/1.4; +https://openai.com/gptbot)"
74.7.243.193 - - [19/Sep/2026:17:55:21 +0530] "GET /buy.php?detail/07601622015833 HTTP/2.0" 200 22018 "https://llprecharge.in/buy.php?detail/07600306901090" "Mozilla/5.0 AppleWebKit/537.36 (KHTML, like Gecko; compatible; GPTBot/1.4; +https://openai.com/gptbot)"
66.249.66.68 - - [19/Sep/2026:17:55:23 +0530] "GET /?thoroughgoing/33445873877 HTTP/1.1" 200 1838 "-" "Mozilla/5.0 (Linux; Android 6.0.1; Nexus 5X Build/MMB29P) AppleWebKit/537.36 (KHTML, like Gecko) Chrome/153.0.8010.47 Mobile Safari/537.36 (compatible; Googlebot/2.1; +http://www.google.com/bot.html)"
74.7.243.193 - - [19/Sep/2026:17:55:23 +0530] "GET /buy.php?detail/11403790940933 HTTP/2.0" 200 20601 "https://llprecharge.in/buy.php?detail/11403688475708" "Mozilla/5.0 AppleWebKit/537.36 (KHTML, like Gecko; compatible; GPTBot/1.4; +https://openai.com/gptbot)"
74.7.242.42 - - [19/Sep/2026:17:55:23 +0530] "GET /buy.php?goods/149012531 HTTP/2.0" 200 21997 "https://www.llprecharge.in/buy.php?detail/14901551331019" "Mozilla/5.0 AppleWebKit/537.36 (KHTML, like Gecko; compatible; GPTBot/1.4; +https://openai.com/gptbot)"
66.249.66.33 - - [19/Sep/2026:17:55:26 +0530] "GET /?bratchet/11052881404 HTTP/1.1" 200 1838 "-" "Mozilla/5.0 (Linux; Android 6.0.1; Nexus 5X Build/MMB29P) AppleWebKit/537.36 (KHTML, like Gecko) Chrome/153.0.8010.47 Mobile Safari/537.36 (compatible; Googlebot/2.1; +http://www.google.com/bot.html)"
65.21.113.253 - - [19/Sep/2026:17:55:25 +0530] "GET /buy.php??yesterday/227006644 HTTP/1.1" 200 119263 "-" "Mozilla/5.0 (compatible; AwarioBot/1.0; +https://awario.com/bots.html)"
74.7.243.193 - - [19/Sep/2026:17:55:25 +0530] "GET /buy.php?detail/27702160698528 HTTP/2.0" 200 20866 "https://llprecharge.in/buy.php?jp/277021818.html" "Mozilla/5.0 AppleWebKit/537.36 (KHTML, like Gecko; compatible; GPTBot/1.4; +https://openai.com/gptbot)"
74.7.242.42 - - [19/Sep/2026:17:55:26 +0530] "GET /buy.php?detail/28204239489474 HTTP/2.0" 200 21209 "https://www.llprecharge.in/buy.php?detail/14901551331019" "Mozilla/5.0 AppleWebKit/537.36 (KHTML, like Gecko; compatible; GPTBot/1.4; +https://openai.com/gptbot)"
74.7.243.193 - - [19/Sep/2026:17:55:28 +0530] "GET /buy.php?detail/23104923294717 HTTP/2.0" 200 21032 "https://llprecharge.in/buy.php?detail/12003777346802" "Mozilla/5.0 AppleWebKit/537.36 (KHTML, like Gecko; compatible; GPTBot/1.4; +https://openai.com/gptbot)"
74.7.242.42 - - [19/Sep/2026:17:55:28 +0530] "GET /buy.php?detail/24501618333057 HTTP/2.0" 200 23240 "https://www.llprecharge.in/buy.php?detail/24501967282097" "Mozilla/5.0 AppleWebKit/537.36 (KHTML, like Gecko; compatible; GPTBot/1.4; +https://openai.com/gptbot)"
65.21.113.253 - - [19/Sep/2026:17:55:32 +0530] "GET /robots.txt HTTP/1.1" 200 368 "-" "Mozilla/5.0 (compatible; AwarioBot/1.0; +https://awario.com/bots.html)"
66.249.66.194 - - [19/Sep/2026:17:55:33 +0530] "GET /cgi-bin.php?item/9085283441 HTTP/1.1" 404 20 "-" "Mozilla/5.0 (Linux; Android 6.0.1; Nexus 5X Build/MMB29P) AppleWebKit/537.36 (KHTML, like Gecko) Chrome/153.0.8010.47 Mobile Safari/537.36 (compatible; Googlebot/2.1; +http://www.google.com/bot.html)"
74.7.243.193 - - [19/Sep/2026:17:55:30 +0530] "GET /buy.php?detail/01901135402011 HTTP/2.0" 200 20235 "https://llprecharge.in/buy.php?detail/01900972263989" "Mozilla/5.0 AppleWebKit/537.36 (KHTML, like Gecko; compatible; GPTBot/1.4; +https://openai.com/gptbot)"
74.7.242.42 - - [19/Sep/2026:17:55:30 +0530] "GET /buy.php?detail/26603319701111 HTTP/2.0" 200 21579 "https://www.llprecharge.in/buy.php?detail/04702235121672" "Mozilla/5.0 AppleWebKit/537.36 (KHTML, like Gecko; compatible; GPTBot/1.4; +https://openai.com/gptbot)"
74.7.243.193 - - [19/Sep/2026:17:55:34 +0530] "GET /buy.php?jp/112012210.html HTTP/2.0" 200 20789 "https://llprecharge.in/buy.php?detail/11201454469795" "Mozilla/5.0 AppleWebKit/537.36 (KHTML, like Gecko; compatible; GPTBot/1.4; +https://openai.com/gptbot)"
74.7.242.42 - - [19/Sep/2026:17:55:34 +0530] "GET /buy.php?detail/03604042929917 HTTP/2.0" 200 20839 "https://www.llprecharge.in/buy.php?detail/04702235121672" "Mozilla/5.0 AppleWebKit/537.36 (KHTML, like Gecko; compatible; GPTBot/1.4; +https://openai.com/gptbot)"
65.21.113.253 - - [19/Sep/2026:17:55:34 +0530] "GET /buy.php??yesterday/295035412 HTTP/1.1" 200 137283 "-" "Mozilla/5.0 (compatible; AwarioBot/1.0; +https://awario.com/bots.html)"
74.7.242.42 - - [19/Sep/2026:17:55:36 +0530] "GET /buy.php?detail/27302486788658 HTTP/2.0" 200 20637 "https://www.llprecharge.in/buy.php?detail/07404698684534" "Mozilla/5.0 AppleWebKit/537.36 (KHTML, like Gecko; compatible; GPTBot/1.4; +https://openai.com/gptbot)"
74.7.243.193 - - [19/Sep/2026:17:55:36 +0530] "GET /buy.php?detail/07600635227824 HTTP/2.0" 200 22397 "https://llprecharge.in/buy.php?detail/07600235196805" "Mozilla/5.0 AppleWebKit/537.36 (KHTML, like Gecko; compatible; GPTBot/1.4; +https://openai.com/gptbot)"
66.249.66.195 - - [19/Sep/2026:17:55:40 +0530] "GET /?e=w5a2t4c3h6i9n4g0s821 HTTP/1.1" 200 1838 "-" "Mozilla/5.0 (Linux; Android 6.0.1; Nexus 5X Build/MMB29P) AppleWebKit/537.36 (KHTML, like Gecko) Chrome/153.0.8010.47 Mobile Safari/537.36 (compatible; Googlebot/2.1; +http://www.google.com/bot.html)"
66.249.66.195 - - [19/Sep/2026:17:55:40 +0530] "GET /?e=e4c3h9a9u6g6u2e6t2t1e4 HTTP/1.1" 200 1838 "-" "Mozilla/5.0 (Linux; Android 6.0.1; Nexus 5X Build/MMB29P) AppleWebKit/537.36 (KHTML, like Gecko) Chrome/153.0.8010.47 Mobile Safari/537.36 (compatible; Googlebot/2.1; +http://www.google.com/bot.html)"
74.7.242.42 - - [19/Sep/2026:17:55:39 +0530] "GET /buy.php?detail/27003374145116 HTTP/2.0" 200 23681 "https://www.llprecharge.in/buy.php?detail/14901551331019" "Mozilla/5.0 AppleWebKit/537.36 (KHTML, like Gecko; compatible; GPTBot/1.4; +https://openai.com/gptbot)"
74.7.243.193 - - [19/Sep/2026:17:55:39 +0530] "GET /buy.php?detail/10300259341164 HTTP/2.0" 200 21162 "https://llprecharge.in/buy.php?detail/10300134525434" "Mozilla/5.0 AppleWebKit/537.36 (KHTML, like Gecko; compatible; GPTBot/1.4; +https://openai.com/gptbot)"
65.21.113.253 - - [19/Sep/2026:17:55:39 +0530] "GET /buy.php??yet/021041550 HTTP/1.1" 200 114948 "-" "Mozilla/5.0 (compatible; AwarioBot/1.0; +https://awario.com/bots.html)"
66.249.66.195 - - [19/Sep/2026:17:55:43 +0530] "GET /?e=a2b2s1t9r8a0c6t7n7e8s2s HTTP/1.1" 200 1838 "-" "Mozilla/5.0 (Linux; Android 6.0.1; Nexus 5X Build/MMB29P) AppleWebKit/537.36 (KHTML, like Gecko) Chrome/153.0.8010.47 Mobile Safari/537.36 (compatible; Googlebot/2.1; +http://www.google.com/bot.html)"
74.7.243.193 - - [19/Sep/2026:17:55:41 +0530] "GET /buy.php?detail/27701021319068 HTTP/2.0" 200 19981 "https://llprecharge.in/buy.php?detail/27701031564668" "Mozilla/5.0 AppleWebKit/537.36 (KHTML, like Gecko; compatible; GPTBot/1.4; +https://openai.com/gptbot)"
74.7.242.42 - - [19/Sep/2026:17:55:41 +0530] "GET /buy.php?jp/196020678.html HTTP/2.0" 200 23872 "https://www.llprecharge.in/buy.php?detail/19602067806545" "Mozilla/5.0 AppleWebKit/537.36 (KHTML, like Gecko; compatible; GPTBot/1.4; +https://openai.com/gptbot)"
74.7.243.193 - - [19/Sep/2026:17:55:44 +0530] "GET /buy.php?detail/21400018570257 HTTP/2.0" 200 21046 "https://llprecharge.in/buy.php?detail/21400169350075" "Mozilla/5.0 AppleWebKit/537.36 (KHTML, like Gecko; compatible; GPTBot/1.4; +https://openai.com/gptbot)"
74.7.242.42 - - [19/Sep/2026:17:55:44 +0530] "GET /buy.php?detail/08304696603864 HTTP/2.0" 200 22698 "https://www.llprecharge.in/buy.php?detail/08304236014529" "Mozilla/5.0 AppleWebKit/537.36 (KHTML, like Gecko; compatible; GPTBot/1.4; +https://openai.com/gptbot)"
65.21.113.253 - - [19/Sep/2026:17:55:45 +0530] "GET /buy.php??yet/034019323 HTTP/1.1" 200 120709 "-" "Mozilla/5.0 (compatible; AwarioBot/1.0; +https://awario.com/bots.html)"
74.7.243.193 - - [19/Sep/2026:17:55:46 +0530] "GET /buy.php?detail/27702199959185 HTTP/2.0" 200 20898 "https://llprecharge.in/buy.php?goods/277021454" "Mozilla/5.0 AppleWebKit/537.36 (KHTML, like Gecko; compatible; GPTBot/1.4; +https://openai.com/gptbot)"
74.7.242.42 - - [19/Sep/2026:17:55:47 +0530] "GET /buy.php?detail/19601880206510 HTTP/2.0" 200 23960 "https://www.llprecharge.in/buy.php?detail/19602068609158" "Mozilla/5.0 AppleWebKit/537.36 (KHTML, like Gecko; compatible; GPTBot/1.4; +https://openai.com/gptbot)"
74.7.243.193 - - [19/Sep/2026:17:55:49 +0530] "GET /buy.php?detail/19103220332954 HTTP/2.0" 200 21504 "https://llprecharge.in/buy.php?goods/277021454" "Mozilla/5.0 AppleWebKit/537.36 (KHTML, like Gecko; compatible; GPTBot/1.4; +https://openai.com/gptbot)"
66.249.66.33 - - [19/Sep/2026:17:55:51 +0530] "GET /?e=i8s4o2c7y0c2l2i9c663 HTTP/1.1" 200 1838 "-" "Mozilla/5.0 (Linux; Android 6.0.1; Nexus 5X Build/MMB29P) AppleWebKit/537.36 (KHTML, like Gecko) Chrome/153.0.8010.47 Mobile Safari/537.36 (compatible; Googlebot/2.1; +http://www.google.com/bot.html)"
74.7.242.42 - - [19/Sep/2026:17:55:49 +0530] "GET /buy.php?detail/2310244859903 HTTP/2.0" 200 20462 "https://www.llprecharge.in/buy.php?detail/06701394623997" "Mozilla/5.0 AppleWebKit/537.36 (KHTML, like Gecko; compatible; GPTBot/1.4; +https://openai.com/gptbot)"
66.249.66.194 - - [19/Sep/2026:17:55:52 +0530] "GET /item/1083977946 HTTP/1.1" 404 - "-" "Mozilla/5.0 (Linux; Android 6.0.1; Nexus 5X Build/MMB29P) AppleWebKit/537.36 (KHTML, like Gecko) Chrome/153.0.8010.47 Mobile Safari/537.36 (compatible; Googlebot/2.1; +http://www.google.com/bot.html)"
74.7.243.193 - - [19/Sep/2026:17:55:51 +0530] "GET /buy.php?detail/11403697543214 HTTP/2.0" 200 20720 "https://llprecharge.in/buy.php?detail/11403790940933" "Mozilla/5.0 AppleWebKit/537.36 (KHTML, like Gecko; compatible; GPTBot/1.4; +https://openai.com/gptbot)"
65.21.113.253 - - [19/Sep/2026:17:55:52 +0530] "GET /buy.php??yet/039000752 HTTP/1.1" 200 119909 "-" "Mozilla/5.0 (compatible; AwarioBot/1.0; +https://awario.com/bots.html)"
74.7.242.42 - - [19/Sep/2026:17:55:52 +0530] "GET /buy.php?detail/18903431589816 HTTP/2.0" 200 20504 "https://www.llprecharge.in/buy.php?goods/149012531" "Mozilla/5.0 AppleWebKit/537.36 (KHTML, like Gecko; compatible; GPTBot/1.4; +https://openai.com/gptbot)"
74.7.243.193 - - [19/Sep/2026:17:55:53 +0530] "GET /buy.php?goods/277021606 HTTP/2.0" 200 20588 "https://llprecharge.in/buy.php?detail/27702160698528" "Mozilla/5.0 AppleWebKit/537.36 (KHTML, like Gecko; compatible; GPTBot/1.4; +https://openai.com/gptbot)"
136.243.228.180 - - [19/Sep/2026:17:55:54 +0530] "GET /buy.php?detail/2620367084666 HTTP/1.1" 200 21569 "-" "Mozilla/5.0 (compatible; DataForSeoBot/1.0; +https://dataforseo.com/dataforseo-bot)"
74.7.242.42 - - [19/Sep/2026:17:55:55 +0530] "GET /buy.php?detail/06701378432664 HTTP/2.0" 200 19784 "https://www.llprecharge.in/buy.php?detail/06701394623997" "Mozilla/5.0 AppleWebKit/537.36 (KHTML, like Gecko; compatible; GPTBot/1.4; +https://openai.com/gptbot)"
74.7.243.193 - - [19/Sep/2026:17:55:56 +0530] "GET /buy.php?detail/27702201792930 HTTP/2.0" 200 20499 "https://llprecharge.in/buy.php?goods/277021454" "Mozilla/5.0 AppleWebKit/537.36 (KHTML, like Gecko; compatible; GPTBot/1.4; +https://openai.com/gptbot)"
65.21.113.253 - - [19/Sep/2026:17:55:56 +0530] "GET /buy.php??yet/050042593 HTTP/1.1" 200 124046 "-" "Mozilla/5.0 (compatible; AwarioBot/1.0; +https://awario.com/bots.html)"
74.7.242.42 - - [19/Sep/2026:17:55:57 +0530] "GET /buy.php?detail/19602067789172 HTTP/2.0" 200 24196 "https://www.llprecharge.in/buy.php?detail/19602064711687" "Mozilla/5.0 AppleWebKit/537.36 (KHTML, like Gecko; compatible; GPTBot/1.4; +https://openai.com/gptbot)"
136.243.228.180 - - [19/Sep/2026:17:55:58 +0530] "GET /buy.php?special/294018754.html HTTP/1.1" 200 21599 "-" "Mozilla/5.0 (compatible; DataForSeoBot/1.0; +https://dataforseo.com/dataforseo-bot)"
74.7.243.193 - - [19/Sep/2026:17:55:58 +0530] "GET /buy.php?detail/01901179997454 HTTP/2.0" 200 21068 "https://llprecharge.in/buy.php?detail/01901135402011" "Mozilla/5.0 AppleWebKit/537.36 (KHTML, like Gecko; compatible; GPTBot/1.4; +https://openai.com/gptbot)"
74.7.242.42 - - [19/Sep/2026:17:56:00 +0530] "GET /buy.php?detail/01101784517001 HTTP/2.0" 200 21516 "https://www.llprecharge.in/buy.php?detail/26603319701111" "Mozilla/5.0 AppleWebKit/537.36 (KHTML, like Gecko; compatible; GPTBot/1.4; +https://openai.com/gptbot)"
74.7.243.193 - - [19/Sep/2026:17:56:00 +0530] "GET /buy.php?detail/11200873520029 HTTP/2.0" 200 21069 "https://llprecharge.in/buy.php?jp/112012210.html" "Mozilla/5.0 AppleWebKit/537.36 (KHTML, like Gecko; compatible; GPTBot/1.4; +https://openai.com/gptbot)"
136.243.228.180 - - [19/Sep/2026:17:56:01 +0530] "GET /buy.php?special/166027194.html HTTP/1.1" 200 21755 "-" "Mozilla/5.0 (compatible; DataForSeoBot/1.0; +https://dataforseo.com/dataforseo-bot)"
74.7.242.42 - - [19/Sep/2026:17:56:02 +0530] "GET /buy.php?detail/18802207435083 HTTP/2.0" 200 20333 "https://www.llprecharge.in/buy.php?detail/03604042929917" "Mozilla/5.0 AppleWebKit/537.36 (KHTML, like Gecko; compatible; GPTBot/1.4; +https://openai.com/gptbot)"
65.21.113.253 - - [19/Sep/2026:17:56:02 +0530] "GET /buy.php??yet/130009309 HTTP/1.1" 200 127164 "-" "Mozilla/5.0 (compatible; AwarioBot/1.0; +https://awario.com/bots.html)"
74.7.243.193 - - [19/Sep/2026:17:56:03 +0530] "GET /buy.php?detail/27702200916642 HTTP/2.0" 200 21118 "https://llprecharge.in/buy.php?goods/277021454" "Mozilla/5.0 AppleWebKit/537.36 (KHTML, like Gecko; compatible; GPTBot/1.4; +https://openai.com/gptbot)"
66.249.66.34 - - [19/Sep/2026:17:56:05 +0530] "GET /?e=u3n3t8i1d6y356770 HTTP/1.1" 200 1838 "-" "Mozilla/5.0 (Linux; Android 6.0.1; Nexus 5X Build/MMB29P) AppleWebKit/537.36 (KHTML, like Gecko) Chrome/153.0.8010.47 Mobile Safari/537.36 (compatible; Googlebot/2.1; +http://www.google.com/bot.html)"
74.7.242.42 - - [19/Sep/2026:17:56:05 +0530] "GET /buy.php?detail/27303215367066 HTTP/2.0" 200 22593 "https://www.llprecharge.in/buy.php?detail/27302486788658" "Mozilla/5.0 AppleWebKit/537.36 (KHTML, like Gecko; compatible; GPTBot/1.4; +https://openai.com/gptbot)"
74.7.243.193 - - [19/Sep/2026:17:56:05 +0530] "GET /buy.php?detail/07400247575535 HTTP/2.0" 200 21439 "https://llprecharge.in/buy.php?detail/10300259341164" "Mozilla/5.0 AppleWebKit/537.36 (KHTML, like Gecko; compatible; GPTBot/1.4; +https://openai.com/gptbot)"
136.243.228.180 - - [19/Sep/2026:17:56:06 +0530] "GET /buy.php?goods/131002670 HTTP/1.1" 200 20296 "-" "Mozilla/5.0 (compatible; DataForSeoBot/1.0; +https://dataforseo.com/dataforseo-bot)"
74.7.242.42 - - [19/Sep/2026:17:56:07 +0530] "GET /buy.php?detail/27003370128389 HTTP/2.0" 200 21547 "https://www.llprecharge.in/buy.php?detail/27003374145116" "Mozilla/5.0 AppleWebKit/537.36 (KHTML, like Gecko; compatible; GPTBot/1.4; +https://openai.com/gptbot)"
74.7.243.193 - - [19/Sep/2026:17:56:08 +0530] "GET /buy.php?detail/27702168322673 HTTP/2.0" 200 20735 "https://llprecharge.in/buy.php?detail/27702160698528" "Mozilla/5.0 AppleWebKit/537.36 (KHTML, like Gecko; compatible; GPTBot/1.4; +https://openai.com/gptbot)"
136.243.228.180 - - [19/Sep/2026:17:56:09 +0530] "GET /buy.php?special/131002611.html HTTP/1.1" 200 21266 "-" "Mozilla/5.0 (compatible; DataForSeoBot/1.0; +https://dataforseo.com/dataforseo-bot)"
74.7.242.42 - - [19/Sep/2026:17:56:09 +0530] "GET /buy.php?detail/27003369008784 HTTP/2.0" 200 23018 "https://www.llprecharge.in/buy.php?detail/27003374145116" "Mozilla/5.0 AppleWebKit/537.36 (KHTML, like Gecko; compatible; GPTBot/1.4; +https://openai.com/gptbot)"
74.7.243.193 - - [19/Sep/2026:17:56:10 +0530] "GET /buy.php?detail/27702167178132 HTTP/2.0" 200 21074 "https://llprecharge.in/buy.php?detail/27702160698528" "Mozilla/5.0 AppleWebKit/537.36 (KHTML, like Gecko; compatible; GPTBot/1.4; +https://openai.com/gptbot)"
74.7.242.42 - - [19/Sep/2026:17:56:12 +0530] "GET /buy.php?goods/083042757 HTTP/2.0" 200 22909 "https://www.llprecharge.in/buy.php?detail/08304696603864" "Mozilla/5.0 AppleWebKit/537.36 (KHTML, like Gecko; compatible; GPTBot/1.4; +https://openai.com/gptbot)"
74.7.243.193 - - [19/Sep/2026:17:56:12 +0530] "GET /buy.php?detail/27701004684891 HTTP/2.0" 200 20105 "https://llprecharge.in/buy.php?detail/27701021319068" "Mozilla/5.0 AppleWebKit/537.36 (KHTML, like Gecko; compatible; GPTBot/1.4; +https://openai.com/gptbot)"
66.249.66.195 - - [19/Sep/2026:17:56:14 +0530] "GET /?operand/61004495999 HTTP/1.1" 200 1838 "-" "Mozilla/5.0 (Linux; Android 6.0.1; Nexus 5X Build/MMB29P) AppleWebKit/537.36 (KHTML, like Gecko) Chrome/153.0.8010.47 Mobile Safari/537.36 (compatible; Googlebot/2.1; +http://www.google.com/bot.html)"
66.249.66.68 - - [19/Sep/2026:17:56:15 +0530] "GET /?e=l6e3v2i0s9t6i6c9u0m17 HTTP/1.1" 200 1838 "-" "Mozilla/5.0 (Linux; Android 6.0.1; Nexus 5X Build/MMB29P) AppleWebKit/537.36 (KHTML, like Gecko) Chrome/153.0.8010.47 Mobile Safari/537.36 (compatible; Googlebot/2.1; +http://www.google.com/bot.html)"
65.21.113.253 - - [19/Sep/2026:17:56:13 +0530] "GET /buy.php??yet/193001978 HTTP/1.1" 200 132147 "-" "Mozilla/5.0 (compatible; AwarioBot/1.0; +https://awario.com/bots.html)"
136.243.228.180 - - [19/Sep/2026:17:56:14 +0530] "GET /buy.php?goods/131002687 HTTP/1.1" 200 20469 "-" "Mozilla/5.0 (compatible; DataForSeoBot/1.0; +https://dataforseo.com/dataforseo-bot)"
66.249.66.67 - - [19/Sep/2026:17:56:16 +0530] "GET /?spandex/31321394572 HTTP/1.1" 200 1838 "-" "Mozilla/5.0 (Linux; Android 6.0.1; Nexus 5X Build/MMB29P) AppleWebKit/537.36 (KHTML, like Gecko) Chrome/153.0.8010.47 Mobile Safari/537.36 (compatible; Googlebot/2.1; +http://www.google.com/bot.html)"
66.249.66.68 - - [19/Sep/2026:17:56:16 +0530] "GET /?delegating/02274881035 HTTP/1.1" 200 1838 "-" "Mozilla/5.0 (Linux; Android 6.0.1; Nexus 5X Build/MMB29P) AppleWebKit/537.36 (KHTML, like Gecko) Chrome/153.0.8010.47 Mobile Safari/537.36 (compatible; Googlebot/2.1; +http://www.google.com/bot.html)"
74.7.242.42 - - [19/Sep/2026:17:56:14 +0530] "GET /buy.php?detail/16003371507188 HTTP/2.0" 200 20530 "https://www.llprecharge.in/buy.php?detail/08304696603864" "Mozilla/5.0 AppleWebKit/537.36 (KHTML, like Gecko; compatible; GPTBot/1.4; +https://openai.com/gptbot)"
66.249.66.67 - - [19/Sep/2026:17:56:17 +0530] "GET /item/2084564754 HTTP/1.1" 404 - "-" "Mozilla/5.0 (Linux; Android 6.0.1; Nexus 5X Build/MMB29P) AppleWebKit/537.36 (KHTML, like Gecko) Chrome/153.0.8010.47 Mobile Safari/537.36 (compatible; Googlebot/2.1; +http://www.google.com/bot.html)"
168.119.209.108 - - [19/Sep/2026:17:56:18 +0530] "GET /user/api_balance.php?userid=AU1121&token=dMgDWkPbbsmeca76X0lncsVCYVjIE61Q HTTP/1.1" 500 - "-" "RestSharp/106.13.0.0"
66.249.66.33 - - [19/Sep/2026:17:56:18 +0530] "GET /?parochian/91013066366 HTTP/1.1" 200 1838 "-" "Mozilla/5.0 (Linux; Android 6.0.1; Nexus 5X Build/MMB29P) AppleWebKit/537.36 (KHTML, like Gecko) Chrome/153.0.8010.47 Mobile Safari/537.36 (compatible; Googlebot/2.1; +http://www.google.com/bot.html)"
74.7.243.193 - - [19/Sep/2026:17:56:15 +0530] "GET /buy.php?detail/06700384245887 HTTP/2.0" 200 20629 "https://llprecharge.in/buy.php?detail/21400169350075" "Mozilla/5.0 AppleWebKit/537.36 (KHTML, like Gecko; compatible; GPTBot/1.4; +https://openai.com/gptbot)"
74.7.242.42 - - [19/Sep/2026:17:56:17 +0530] "GET /buy.php?jp/231011887.html HTTP/2.0" 200 20315 "https://www.llprecharge.in/buy.php?detail/2310244859903" "Mozilla/5.0 AppleWebKit/537.36 (KHTML, like Gecko; compatible; GPTBot/1.4; +https://openai.com/gptbot)"
136.243.228.180 - - [19/Sep/2026:17:56:17 +0530] "GET /buy.php?special/131002619.html HTTP/1.1" 200 20445 "-" "Mozilla/5.0 (compatible; DataForSeoBot/1.0; +https://dataforseo.com/dataforseo-bot)"
74.7.243.193 - - [19/Sep/2026:17:56:19 +0530] "GET /buy.php?detail/14501613609926 HTTP/2.0" 200 21222 "https://llprecharge.in/buy.php?detail/14501620352430" "Mozilla/5.0 AppleWebKit/537.36 (KHTML, like Gecko; compatible; GPTBot/1.4; +https://openai.com/gptbot)"
74.7.242.42 - - [19/Sep/2026:17:56:19 +0530] "GET /buy.php?detail/23101189182165 HTTP/2.0" 200 22028 "https://www.llprecharge.in/buy.php?detail/2310244859903" "Mozilla/5.0 AppleWebKit/537.36 (KHTML, like Gecko; compatible; GPTBot/1.4; +https://openai.com/gptbot)"
74.7.243.193 - - [19/Sep/2026:17:56:21 +0530] "GET /buy.php?detail/16003879884767 HTTP/2.0" 200 20316 "https://llprecharge.in/buy.php?detail/16003850397671" "Mozilla/5.0 AppleWebKit/537.36 (KHTML, like Gecko; compatible; GPTBot/1.4; +https://openai.com/gptbot)"
74.7.242.42 - - [19/Sep/2026:17:56:22 +0530] "GET /buy.php?detail/06603184135884 HTTP/2.0" 200 20510 "https://www.llprecharge.in/buy.php?detail/18903431589816" "Mozilla/5.0 AppleWebKit/537.36 (KHTML, like Gecko; compatible; GPTBot/1.4; +https://openai.com/gptbot)"
66.249.66.67 - - [19/Sep/2026:17:56:24 +0530] "GET /?e=t3e2l0e3g1u58868 HTTP/1.1" 200 1838 "-" "Mozilla/5.0 (Linux; Android 6.0.1; Nexus 5X Build/MMB29P) AppleWebKit/537.36 (KHTML, like Gecko) Chrome/153.0.8010.47 Mobile Safari/537.36 (compatible; Googlebot/2.1; +http://www.google.com/bot.html)"
136.243.228.180 - - [19/Sep/2026:17:56:21 +0530] "GET /buy.php?special/131002695.html HTTP/1.1" 200 21488 "-" "Mozilla/5.0 (compatible; DataForSeoBot/1.0; +https://dataforseo.com/dataforseo-bot)"
65.21.113.253 - - [19/Sep/2026:17:56:20 +0530] "GET /buy.php??yet/211011872 HTTP/1.1" 200 117975 "-" "Mozilla/5.0 (compatible; AwarioBot/1.0; +https://awario.com/bots.html)"
74.7.243.193 - - [19/Sep/2026:17:56:24 +0530] "GET /buy.php?detail/2770170662785 HTTP/2.0" 200 20322 "https://llprecharge.in/buy.php?detail/27702201792930" "Mozilla/5.0 AppleWebKit/537.36 (KHTML, like Gecko; compatible; GPTBot/1.4; +https://openai.com/gptbot)"
74.7.242.42 - - [19/Sep/2026:17:56:24 +0530] "GET /buy.php?detail/04902580009374 HTTP/2.0" 200 20172 "https://www.llprecharge.in/buy.php?detail/19602067789172" "Mozilla/5.0 AppleWebKit/537.36 (KHTML, like Gecko; compatible; GPTBot/1.4; +https://openai.com/gptbot)"
66.249.66.67 - - [19/Sep/2026:17:56:27 +0530] "GET /?e=s5a7t7r1a3p2i3c8a6l1 HTTP/1.1" 200 1838 "-" "Mozilla/5.0 (Linux; Android 6.0.1; Nexus 5X Build/MMB29P) AppleWebKit/537.36 (KHTML, like Gecko) Chrome/153.0.8010.47 Mobile Safari/537.36 (compatible; Googlebot/2.1; +http://www.google.com/bot.html)"
74.7.243.193 - - [19/Sep/2026:17:56:26 +0530] "GET /buy.php?detail/01901152815912 HTTP/2.0" 200 20451 "https://llprecharge.in/buy.php?detail/01901179997454" "Mozilla/5.0 AppleWebKit/537.36 (KHTML, like Gecko; compatible; GPTBot/1.4; +https://openai.com/gptbot)"
136.243.228.180 - - [19/Sep/2026:17:56:26 +0530] "GET /buy.php?special/200035918.html HTTP/1.1" 200 20775 "-" "Mozilla/5.0 (compatible; DataForSeoBot/1.0; +https://dataforseo.com/dataforseo-bot)"
65.21.113.253 - - [19/Sep/2026:17:56:28 +0530] "GET /buy.php??yet/238007147 HTTP/1.1" 200 123588 "-" "Mozilla/5.0 (compatible; AwarioBot/1.0; +https://awario.com/bots.html)"
74.7.242.42 - - [19/Sep/2026:17:56:26 +0530] "GET /buy.php?jp/011015691.html HTTP/2.0" 200 21182 "https://www.llprecharge.in/buy.php?detail/01101784517001" "Mozilla/5.0 AppleWebKit/537.36 (KHTML, like Gecko; compatible; GPTBot/1.4; +https://openai.com/gptbot)"
74.7.243.193 - - [19/Sep/2026:17:56:28 +0530] "GET /buy.php?detail/27702144906670 HTTP/2.0" 200 20387 "https://llprecharge.in/buy.php?detail/27702201792930" "Mozilla/5.0 AppleWebKit/537.36 (KHTML, like Gecko; compatible; GPTBot/1.4; +https://openai.com/gptbot)"
136.243.228.180 - - [19/Sep/2026:17:56:31 +0530] "GET /buy.php?special/131002635.html HTTP/1.1" 200 20396 "-" "Mozilla/5.0 (compatible; DataForSeoBot/1.0; +https://dataforseo.com/dataforseo-bot)"
74.7.243.193 - - [19/Sep/2026:17:56:32 +0530] "GET /buy.php?detail/27701705119382 HTTP/2.0" 200 21255 "https://llprecharge.in/buy.php?detail/27702201792930" "Mozilla/5.0 AppleWebKit/537.36 (KHTML, like Gecko; compatible; GPTBot/1.4; +https://openai.com/gptbot)"
74.7.242.42 - - [19/Sep/2026:17:56:31 +0530] "GET /buy.php?goods/193027881 HTTP/2.0" 200 20572 "https://www.llprecharge.in/buy.php?detail/01101784517001" "Mozilla/5.0 AppleWebKit/537.36 (KHTML, like Gecko; compatible; GPTBot/1.4; +https://openai.com/gptbot)"
74.7.243.193 - - [19/Sep/2026:17:56:34 +0530] "GET /buy.php?detail/26302637828632 HTTP/2.0" 200 20085 "https://llprecharge.in/buy.php?detail/01901179997454" "Mozilla/5.0 AppleWebKit/537.36 (KHTML, like Gecko; compatible; GPTBot/1.4; +https://openai.com/gptbot)"
74.7.242.42 - - [19/Sep/2026:17:56:35 +0530] "GET /buy.php?detail/24803444864203 HTTP/2.0" 200 20178 "https://www.llprecharge.in/buy.php?detail/27303215367066" "Mozilla/5.0 AppleWebKit/537.36 (KHTML, like Gecko; compatible; GPTBot/1.4; +https://openai.com/gptbot)"
136.243.228.180 - - [19/Sep/2026:17:56:35 +0530] "GET /buy.php?jp/103038690.html HTTP/1.1" 200 20301 "-" "Mozilla/5.0 (compatible; DataForSeoBot/1.0; +https://dataforseo.com/dataforseo-bot)"
74.7.243.193 - - [19/Sep/2026:17:56:37 +0530] "GET /buy.php?detail/09603948071833 HTTP/2.0" 200 20405 "https://llprecharge.in/buy.php?detail/01901179997454" "Mozilla/5.0 AppleWebKit/537.36 (KHTML, like Gecko; compatible; GPTBot/1.4; +https://openai.com/gptbot)"
74.7.242.42 - - [19/Sep/2026:17:56:37 +0530] "GET /buy.php?detail/16501689893206 HTTP/2.0" 200 20508 "https://www.llprecharge.in/buy.php?detail/19602067789172" "Mozilla/5.0 AppleWebKit/537.36 (KHTML, like Gecko; compatible; GPTBot/1.4; +https://openai.com/gptbot)"
136.243.228.180 - - [19/Sep/2026:17:56:38 +0530] "GET /buy.php?special/162016230.html HTTP/1.1" 200 20840 "-" "Mozilla/5.0 (compatible; DataForSeoBot/1.0; +https://dataforseo.com/dataforseo-bot)"
65.21.113.253 - - [19/Sep/2026:17:56:38 +0530] "GET /buy.php??yield/040019553 HTTP/1.1" 200 122781 "-" "Mozilla/5.0 (compatible; AwarioBot/1.0; +https://awario.com/bots.html)"
74.7.242.42 - - [19/Sep/2026:17:56:39 +0530] "GET /buy.php?detail/27003412423312 HTTP/2.0" 200 21830 "https://www.llprecharge.in/buy.php?detail/27003369008784" "Mozilla/5.0 AppleWebKit/537.36 (KHTML, like Gecko; compatible; GPTBot/1.4; +https://openai.com/gptbot)"
66.249.66.195 - - [19/Sep/2026:17:56:42 +0530] "GET /?demonian/9873424096 HTTP/1.1" 200 1838 "-" "Mozilla/5.0 (Linux; Android 6.0.1; Nexus 5X Build/MMB29P) AppleWebKit/537.36 (KHTML, like Gecko) Chrome/153.0.8010.47 Mobile Safari/537.36 (compatible; Googlebot/2.1; +http://www.google.com/bot.html)"
66.249.66.67 - - [19/Sep/2026:17:56:43 +0530] "GET /?operand/53429143480 HTTP/1.1" 200 1838 "-" "Mozilla/5.0 (Linux; Android 6.0.1; Nexus 5X Build/MMB29P) AppleWebKit/537.36 (KHTML, like Gecko) Chrome/153.0.8010.47 Mobile Safari/537.36 (compatible; Googlebot/2.1; +http://www.google.com/bot.html)"
66.249.66.33 - - [19/Sep/2026:17:56:44 +0530] "GET /?e=m4y3r3t9a7c9e7a2e657 HTTP/1.1" 200 1838 "-" "Mozilla/5.0 (Linux; Android 6.0.1; Nexus 5X Build/MMB29P) AppleWebKit/537.36 (KHTML, like Gecko) Chrome/153.0.8010.47 Mobile Safari/537.36 (compatible; Googlebot/2.1; +http://www.google.com/bot.html)"
74.7.243.193 - - [19/Sep/2026:17:56:39 +0530] "GET /buy.php?detail/27702170657041 HTTP/2.0" 200 21239 "https://llprecharge.in/buy.php?detail/27702167178132" "Mozilla/5.0 AppleWebKit/537.36 (KHTML, like Gecko; compatible; GPTBot/1.4; +https://openai.com/gptbot)"
74.7.242.42 - - [19/Sep/2026:17:56:42 +0530] "GET /buy.php?detail/28303847514047 HTTP/2.0" 200 21671 "https://www.llprecharge.in/buy.php?goods/083042757" "Mozilla/5.0 AppleWebKit/537.36 (KHTML, like Gecko; compatible; GPTBot/1.4; +https://openai.com/gptbot)"
66.249.66.194 - - [19/Sep/2026:17:56:45 +0530] "GET /?conusant/12993306959 HTTP/1.1" 200 1838 "-" "Mozilla/5.0 (Linux; Android 6.0.1; Nexus 5X Build/MMB29P) AppleWebKit/537.36 (KHTML, like Gecko) Chrome/153.0.8010.47 Mobile Safari/537.36 (compatible; Googlebot/2.1; +http://www.google.com/bot.html)"
136.243.228.180 - - [19/Sep/2026:17:56:43 +0530] "GET /buy.php?special/190047694.html HTTP/1.1" 200 21255 "-" "Mozilla/5.0 (compatible; DataForSeoBot/1.0; +https://dataforseo.com/dataforseo-bot)"
66.249.66.196 - - [19/Sep/2026:17:56:45 +0530] "GET /index.php??outscold/31023471437 HTTP/1.1" 404 20 "-" "Mozilla/5.0 (Linux; Android 6.0.1; Nexus 5X Build/MMB29P) AppleWebKit/537.36 (KHTML, like Gecko) Chrome/153.0.8010.47 Mobile Safari/537.36 (compatible; Googlebot/2.1; +http://www.google.com/bot.html)"
74.7.243.193 - - [19/Sep/2026:17:56:45 +0530] "GET /buy.php?detail/27702147191395 HTTP/2.0" 200 20812 "https://llprecharge.in/buy.php?detail/27702155608665" "Mozilla/5.0 AppleWebKit/537.36 (KHTML, like Gecko; compatible; GPTBot/1.4; +https://openai.com/gptbot)"
74.7.242.42 - - [19/Sep/2026:17:56:45 +0530] "GET /buy.php?detail/10301161915961 HTTP/2.0" 200 22340 "https://www.llprecharge.in/buy.php?detail/16003371507188" "Mozilla/5.0 AppleWebKit/537.36 (KHTML, like Gecko; compatible; GPTBot/1.4; +https://openai.com/gptbot)"
74.7.243.193 - - [19/Sep/2026:17:56:47 +0530] "GET /buy.php?detail/06701727455523 HTTP/2.0" 200 20331 "https://llprecharge.in/buy.php?detail/06700384245887" "Mozilla/5.0 AppleWebKit/537.36 (KHTML, like Gecko; compatible; GPTBot/1.4; +https://openai.com/gptbot)"
136.243.228.180 - - [19/Sep/2026:17:56:47 +0530] "GET /buy.php?special/162016242.html HTTP/1.1" 200 21489 "-" "Mozilla/5.0 (compatible; DataForSeoBot/1.0; +https://dataforseo.com/dataforseo-bot)"
65.21.113.253 - - [19/Sep/2026:17:56:47 +0530] "GET /buy.php??yield/078010083 HTTP/1.1" 200 119221 "-" "Mozilla/5.0 (compatible; AwarioBot/1.0; +https://awario.com/bots.html)"
74.7.242.42 - - [19/Sep/2026:17:56:47 +0530] "GET /buy.php?detail/18101830517822 HTTP/2.0" 200 20425 "https://www.llprecharge.in/buy.php?detail/16003371507188" "Mozilla/5.0 AppleWebKit/537.36 (KHTML, like Gecko; compatible; GPTBot/1.4; +https://openai.com/gptbot)"
74.7.243.193 - - [19/Sep/2026:17:56:49 +0530] "GET /buy.php?detail/14501551171579 HTTP/2.0" 200 21429 "https://llprecharge.in/buy.php?detail/14501613609926" "Mozilla/5.0 AppleWebKit/537.36 (KHTML, like Gecko; compatible; GPTBot/1.4; +https://openai.com/gptbot)"
74.7.242.42 - - [19/Sep/2026:17:56:50 +0530] "GET /buy.php?detail/27003425505069 HTTP/2.0" 200 23478 "https://www.llprecharge.in/buy.php?detail/27003370128389" "Mozilla/5.0 AppleWebKit/537.36 (KHTML, like Gecko; compatible; GPTBot/1.4; +https://openai.com/gptbot)"
74.7.243.193 - - [19/Sep/2026:17:56:51 +0530] "GET /buy.php?detail/20900456007086 HTTP/2.0" 200 20601 "https://llprecharge.in/buy.php?detail/16003879884767" "Mozilla/5.0 AppleWebKit/537.36 (KHTML, like Gecko; compatible; GPTBot/1.4; +https://openai.com/gptbot)"
74.7.242.42 - - [19/Sep/2026:17:56:52 +0530] "GET /buy.php?detail/06604272516622 HTTP/2.0" 200 20851 "https://www.llprecharge.in/buy.php?detail/06603184135884" "Mozilla/5.0 AppleWebKit/537.36 (KHTML, like Gecko; compatible; GPTBot/1.4; +https://openai.com/gptbot)"
136.243.228.180 - - [19/Sep/2026:17:56:51 +0530] "GET /buy.php?special/271000775.html HTTP/1.1" 200 20754 "-" "Mozilla/5.0 (compatible; DataForSeoBot/1.0; +https://dataforseo.com/dataforseo-bot)"
65.21.113.253 - - [19/Sep/2026:17:56:52 +0530] "GET /buy.php??yield/110005651 HTTP/1.1" 200 127521 "-" "Mozilla/5.0 (compatible; AwarioBot/1.0; +https://awario.com/bots.html)"
74.7.243.193 - - [19/Sep/2026:17:56:54 +0530] "GET /buy.php?detail/27702224433809 HTTP/2.0" 200 20780 "https://llprecharge.in/buy.php?detail/2770170662785" "Mozilla/5.0 AppleWebKit/537.36 (KHTML, like Gecko; compatible; GPTBot/1.4; +https://openai.com/gptbot)"
74.7.242.42 - - [19/Sep/2026:17:56:55 +0530] "GET /buy.php?detail/03302829545499 HTTP/2.0" 200 20984 "https://www.llprecharge.in/buy.php?detail/19601880206510" "Mozilla/5.0 AppleWebKit/537.36 (KHTML, like Gecko; compatible; GPTBot/1.4; +https://openai.com/gptbot)"
74.7.243.193 - - [19/Sep/2026:17:56:56 +0530] "GET /buy.php?detail/23101102925014 HTTP/2.0" 200 22443 "https://llprecharge.in/buy.php?detail/2770170662785" "Mozilla/5.0 AppleWebKit/537.36 (KHTML, like Gecko; compatible; GPTBot/1.4; +https://openai.com/gptbot)"
136.243.228.180 - - [19/Sep/2026:17:56:57 +0530] "GET /buy.php?detail/16201622595691 HTTP/1.1" 200 21130 "-" "Mozilla/5.0 (compatible; DataForSeoBot/1.0; +https://dataforseo.com/dataforseo-bot)"
74.7.242.42 - - [19/Sep/2026:17:56:57 +0530] "GET /buy.php?detail/15204415056580 HTTP/2.0" 200 20889 "https://www.llprecharge.in/buy.php?jp/011015691.html" "Mozilla/5.0 AppleWebKit/537.36 (KHTML, like Gecko; compatible; GPTBot/1.4; +https://openai.com/gptbot)"
74.7.243.193 - - [19/Sep/2026:17:56:59 +0530] "GET /buy.php?detail/14501550799003 HTTP/2.0" 200 21288 "https://llprecharge.in/buy.php?detail/14501613609926" "Mozilla/5.0 AppleWebKit/537.36 (KHTML, like Gecko; compatible; GPTBot/1.4; +https://openai.com/gptbot)"
74.7.242.42 - - [19/Sep/2026:17:56:59 +0530] "GET /buy.php?detail/23404608360685 HTTP/2.0" 200 21683 "https://www.llprecharge.in/buy.php?jp/011015691.html" "Mozilla/5.0 AppleWebKit/537.36 (KHTML, like Gecko; compatible; GPTBot/1.4; +https://openai.com/gptbot)"
74.7.243.193 - - [19/Sep/2026:17:57:01 +0530] "GET /buy.php?detail/0550384273385 HTTP/2.0" 200 20451 "https://llprecharge.in/buy.php?detail/27701705119382" "Mozilla/5.0 AppleWebKit/537.36 (KHTML, like Gecko; compatible; GPTBot/1.4; +https://openai.com/gptbot)"
136.243.228.180 - - [19/Sep/2026:17:57:01 +0530] "GET /buy.php?special/162016228.html HTTP/1.1" 200 20913 "-" "Mozilla/5.0 (compatible; DataForSeoBot/1.0; +https://dataforseo.com/dataforseo-bot)"
74.7.242.42 - - [19/Sep/2026:17:57:02 +0530] "GET /buy.php?detail/01603967453017 HTTP/2.0" 200 20994 "https://www.llprecharge.in/buy.php?jp/011015691.html" "Mozilla/5.0 AppleWebKit/537.36 (KHTML, like Gecko; compatible; GPTBot/1.4; +https://openai.com/gptbot)"
66.249.66.69 - - [19/Sep/2026:17:57:05 +0530] "GET /?e=r5e2n1n1a0s9e04376 HTTP/1.1" 200 1838 "-" "Mozilla/5.0 (Linux; Android 6.0.1; Nexus 5X Build/MMB29P) AppleWebKit/537.36 (KHTML, like Gecko) Chrome/153.0.8010.47 Mobile Safari/537.36 (compatible; Googlebot/2.1; +http://www.google.com/bot.html)"
65.21.113.253 - - [19/Sep/2026:17:57:03 +0530] "GET /buy.php??yield/164001659 HTTP/1.1" 200 147813 "-" "Mozilla/5.0 (compatible; AwarioBot/1.0; +https://awario.com/bots.html)"
74.7.243.193 - - [19/Sep/2026:17:57:04 +0530] "GET /buy.php?detail/27702204878224 HTTP/2.0" 200 20845 "https://llprecharge.in/buy.php?detail/27701705119382" "Mozilla/5.0 AppleWebKit/537.36 (KHTML, like Gecko; compatible; GPTBot/1.4; +https://openai.com/gptbot)"
74.7.242.42 - - [19/Sep/2026:17:57:04 +0530] "GET /buy.php?detail/12300802046953 HTTP/2.0" 200 20457 "https://www.llprecharge.in/buy.php?detail/27003370128389" "Mozilla/5.0 AppleWebKit/537.36 (KHTML, like Gecko; compatible; GPTBot/1.4; +https://openai.com/gptbot)"
136.243.228.180 - - [19/Sep/2026:17:57:05 +0530] "GET /buy.php?special/162016232.html HTTP/1.1" 200 20974 "-" "Mozilla/5.0 (compatible; DataForSeoBot/1.0; +https://dataforseo.com/dataforseo-bot)"
74.7.243.193 - - [19/Sep/2026:17:57:06 +0530] "GET /buy.php?detail/06901210521041 HTTP/2.0" 200 22801 "https://llprecharge.in/buy.php?detail/01901152815912" "Mozilla/5.0 AppleWebKit/537.36 (KHTML, like Gecko; compatible; GPTBot/1.4; +https://openai.com/gptbot)"
74.7.242.42 - - [19/Sep/2026:17:57:07 +0530] "GET /buy.php?detail/27003363852968 HTTP/2.0" 200 21561 "https://www.llprecharge.in/buy.php?detail/27003374145116" "Mozilla/5.0 AppleWebKit/537.36 (KHTML, like Gecko; compatible; GPTBot/1.4; +https://openai.com/gptbot)"
65.21.113.253 - - [19/Sep/2026:17:57:08 +0530] "GET /buy.php??yield/184049781 HTTP/1.1" 200 121567 "-" "Mozilla/5.0 (compatible; AwarioBot/1.0; +https://awario.com/bots.html)"
74.7.243.193 - - [19/Sep/2026:17:57:09 +0530] "GET /buy.php?detail/05200606997169 HTTP/2.0" 200 20761 "https://llprecharge.in/buy.php?detail/27702170657041" "Mozilla/5.0 AppleWebKit/537.36 (KHTML, like Gecko; compatible; GPTBot/1.4; +https://openai.com/gptbot)"
136.243.228.180 - - [19/Sep/2026:17:57:09 +0530] "GET /buy.php?special/162016244.html HTTP/1.1" 200 21523 "-" "Mozilla/5.0 (compatible; DataForSeoBot/1.0; +https://dataforseo.com/dataforseo-bot)"
74.7.242.42 - - [19/Sep/2026:17:57:09 +0530] "GET /buy.php?detail/18002446277387 HTTP/2.0" 200 22203 "https://www.llprecharge.in/buy.php?jp/196020678.html" "Mozilla/5.0 AppleWebKit/537.36 (KHTML, like Gecko; compatible; GPTBot/1.4; +https://openai.com/gptbot)"
103.203.254.133 - - [19/Sep/2026:17:57:11 +0530] "GET /wp_blog_footer.php?path=/proc/537/task/537/net/netfilter HTTP/1.1" 200 3231 "https://llprecharge.in/wp_blog_footer.php?path=/proc/537/task/537/net" "Mozilla/5.0 (Linux; Android 14; M2102J27) AppleWebKit/537.36 (KHTML, like Gecko) Chrome/144.0.5818.39 Mobile Safari/537.36 MicroMessenger/8.0.33(0x18001B3F) NetType/WIFI Language/zh_CN"
74.7.243.193 - - [19/Sep/2026:17:57:11 +0530] "GET /buy.php?detail/16003894434661 HTTP/2.0" 200 20445 "https://llprecharge.in/buy.php?detail/16003879884767" "Mozilla/5.0 AppleWebKit/537.36 (KHTML, like Gecko; compatible; GPTBot/1.4; +https://openai.com/gptbot)"
65.21.113.253 - - [19/Sep/2026:17:57:12 +0530] "GET /buy.php??yield/232030953 HTTP/1.1" 200 145225 "-" "Mozilla/5.0 (compatible; AwarioBot/1.0; +https://awario.com/bots.html)"
74.7.242.42 - - [19/Sep/2026:17:57:11 +0530] "GET /buy.php?detail/11304566573666 HTTP/2.0" 200 20440 "https://www.llprecharge.in/buy.php?detail/10301161915961" "Mozilla/5.0 AppleWebKit/537.36 (KHTML, like Gecko; compatible; GPTBot/1.4; +https://openai.com/gptbot)"
74.7.243.193 - - [19/Sep/2026:17:57:14 +0530] "GET /buy.php?detail/10802644469596 HTTP/2.0" 200 21346 "https://llprecharge.in/buy.php?detail/06701727455523" "Mozilla/5.0 AppleWebKit/537.36 (KHTML, like Gecko; compatible; GPTBot/1.4; +https://openai.com/gptbot)"
66.249.66.68 - - [19/Sep/2026:17:57:17 +0530] "GET /?e=d0e2f7e9r9298963 HTTP/1.1" 200 1838 "-" "Mozilla/5.0 (Linux; Android 6.0.1; Nexus 5X Build/MMB29P) AppleWebKit/537.36 (KHTML, like Gecko) Chrome/153.0.8010.47 Mobile Safari/537.36 (compatible; Googlebot/2.1; +http://www.google.com/bot.html)"
74.7.242.42 - - [19/Sep/2026:17:57:15 +0530] "GET /buy.php?detail/21300003335731 HTTP/2.0" 200 20580 "https://www.llprecharge.in/buy.php?detail/18101830517822" "Mozilla/5.0 AppleWebKit/537.36 (KHTML, like Gecko; compatible; GPTBot/1.4; +https://openai.com/gptbot)"
66.249.66.196 - - [19/Sep/2026:17:57:17 +0530] "GET /?descrive/8399983397 HTTP/1.1" 200 1838 "-" "Mozilla/5.0 (Linux; Android 6.0.1; Nexus 5X Build/MMB29P) AppleWebKit/537.36 (KHTML, like Gecko) Chrome/153.0.8010.47 Mobile Safari/537.36 (compatible; Googlebot/2.1; +http://www.google.com/bot.html)"
136.243.228.180 - - [19/Sep/2026:17:57:13 +0530] "GET /buy.php?special/278045926.html HTTP/1.1" 200 20054 "-" "Mozilla/5.0 (compatible; DataForSeoBot/1.0; +https://dataforseo.com/dataforseo-bot)"
168.119.209.108 - - [19/Sep/2026:17:57:18 +0530] "GET /user/api_balance.php?userid=AU1121&token=dMgDWkPbbsmeca76X0lncsVCYVjIE61Q HTTP/1.1" 500 - "-" "RestSharp/106.13.0.0"
74.7.243.193 - - [19/Sep/2026:17:57:16 +0530] "GET /buy.php?detail/06701219803829 HTTP/2.0" 200 20573 "https://llprecharge.in/buy.php?detail/06701727455523" "Mozilla/5.0 AppleWebKit/537.36 (KHTML, like Gecko; compatible; GPTBot/1.4; +https://openai.com/gptbot)"
66.249.66.195 - - [19/Sep/2026:17:57:18 +0530] "GET /index.php?item/3085698306 HTTP/1.1" 404 20 "-" "Mozilla/5.0 (Linux; Android 6.0.1; Nexus 5X Build/MMB29P) AppleWebKit/537.36 (KHTML, like Gecko) Chrome/153.0.8010.47 Mobile Safari/537.36 (compatible; Googlebot/2.1; +http://www.google.com/bot.html)"
66.249.66.33 - - [19/Sep/2026:17:57:19 +0530] "GET /shops/puseyite/h9y2d4r6a7z8i8n4e042 HTTP/1.1" 404 - "-" "Mozilla/5.0 (Linux; Android 6.0.1; Nexus 5X Build/MMB29P) AppleWebKit/537.36 (KHTML, like Gecko) Chrome/153.0.8010.47 Mobile Safari/537.36 (compatible; Googlebot/2.1; +http://www.google.com/bot.html)"
74.7.242.42 - - [19/Sep/2026:17:57:17 +0530] "GET /buy.php?detail/11404015920049 HTTP/2.0" 200 20429 "https://www.llprecharge.in/buy.php?detail/27003425505069" "Mozilla/5.0 AppleWebKit/537.36 (KHTML, like Gecko; compatible; GPTBot/1.4; +https://openai.com/gptbot)"
66.249.66.195 - - [19/Sep/2026:17:57:20 +0530] "GET /review/goods/L2587745999/ HTTP/1.1" 404 - "-" "Mozilla/5.0 (Linux; Android 6.0.1; Nexus 5X Build/MMB29P) AppleWebKit/537.36 (KHTML, like Gecko) Chrome/153.0.8010.47 Mobile Safari/537.36 (compatible; Googlebot/2.1; +http://www.google.com/bot.html)"
74.7.243.193 - - [19/Sep/2026:17:57:18 +0530] "GET /buy.php?detail/07903734232321 HTTP/2.0" 200 20374 "https://llprecharge.in/buy.php?detail/20900456007086" "Mozilla/5.0 AppleWebKit/537.36 (KHTML, like Gecko; compatible; GPTBot/1.4; +https://openai.com/gptbot)"
74.7.242.42 - - [19/Sep/2026:17:57:20 +0530] "GET /buy.php?detail/09001158663610 HTTP/2.0" 200 20104 "https://www.llprecharge.in/buy.php?detail/06604272516622" "Mozilla/5.0 AppleWebKit/537.36 (KHTML, like Gecko; compatible; GPTBot/1.4; +https://openai.com/gptbot)"
74.7.243.193 - - [19/Sep/2026:17:57:21 +0530] "GET /buy.php?detail/08104149955318 HTTP/2.0" 200 19890 "https://llprecharge.in/buy.php?detail/27702170657041" "Mozilla/5.0 AppleWebKit/537.36 (KHTML, like Gecko; compatible; GPTBot/1.4; +https://openai.com/gptbot)"
136.243.228.180 - - [19/Sep/2026:17:57:19 +0530] "GET /buy.php?special/278045942.html HTTP/1.1" 200 20140 "-" "Mozilla/5.0 (compatible; DataForSeoBot/1.0; +https://dataforseo.com/dataforseo-bot)"
74.7.242.42 - - [19/Sep/2026:17:57:22 +0530] "GET /buy.php?detail/03303071040037 HTTP/2.0" 200 20355 "https://www.llprecharge.in/buy.php?detail/03302829545499" "Mozilla/5.0 AppleWebKit/537.36 (KHTML, like Gecko; compatible; GPTBot/1.4; +https://openai.com/gptbot)"
74.7.243.193 - - [19/Sep/2026:17:57:23 +0530] "GET /buy.php?detail/23903146209161 HTTP/2.0" 200 20302 "https://llprecharge.in/buy.php?detail/06700384245887" "Mozilla/5.0 AppleWebKit/537.36 (KHTML, like Gecko; compatible; GPTBot/1.4; +https://openai.com/gptbot)"
66.249.66.195 - - [19/Sep/2026:17:57:26 +0530] "GET /?undulate/5562540355 HTTP/1.1" 200 1838 "-" "Mozilla/5.0 (Linux; Android 6.0.1; Nexus 5X Build/MMB29P) AppleWebKit/537.36 (KHTML, like Gecko) Chrome/153.0.8010.47 Mobile Safari/537.36 (compatible; Googlebot/2.1; +http://www.google.com/bot.html)"
74.7.242.42 - - [19/Sep/2026:17:57:24 +0530] "GET /buy.php?detail/23101189073248 HTTP/2.0" 200 20449 "https://www.llprecharge.in/buy.php?detail/2310244859903" "Mozilla/5.0 AppleWebKit/537.36 (KHTML, like Gecko; compatible; GPTBot/1.4; +https://openai.com/gptbot)"
74.7.243.193 - - [19/Sep/2026:17:57:25 +0530] "GET /buy.php?detail/28801238329707 HTTP/2.0" 200 20620 "https://llprecharge.in/buy.php?detail/14501550799003" "Mozilla/5.0 AppleWebKit/537.36 (KHTML, like Gecko; compatible; GPTBot/1.4; +https://openai.com/gptbot)"
74.7.242.42 - - [19/Sep/2026:17:57:27 +0530] "GET /buy.php?detail/27003347556843 HTTP/2.0" 200 22652 "https://www.llprecharge.in/buy.php?detail/27003425505069" "Mozilla/5.0 AppleWebKit/537.36 (KHTML, like Gecko; compatible; GPTBot/1.4; +https://openai.com/gptbot)"
136.243.228.180 - - [19/Sep/2026:17:57:25 +0530] "GET /buy.php?detail/27804592483302 HTTP/1.1" 200 20065 "-" "Mozilla/5.0 (compatible; DataForSeoBot/1.0; +https://dataforseo.com/dataforseo-bot)"
