74.7.243.193 - - [19/Sep/2026:18:05:24 +0530] "GET /buy.php?detail/06201005504597 HTTP/2.0" 200 20634 "https://llprecharge.in/buy.php?detail/06200995854012" "Mozilla/5.0 AppleWebKit/537.36 (KHTML, like Gecko; compatible; GPTBot/1.4; +https://openai.com/gptbot)"
136.243.228.180 - - [19/Sep/2026:18:05:24 +0530] "GET /buy.php?special/196028842.html HTTP/1.1" 200 21265 "-" "Mozilla/5.0 (compatible; DataForSeoBot/1.0; +https://dataforseo.com/dataforseo-bot)"
74.7.242.42 - - [19/Sep/2026:18:05:24 +0530] "GET /buy.php?detail/08202532395281 HTTP/2.0" 200 21148 "https://www.llprecharge.in/buy.php?detail/13902999289689" "Mozilla/5.0 AppleWebKit/537.36 (KHTML, like Gecko; compatible; GPTBot/1.4; +https://openai.com/gptbot)"
66.249.66.67 - - [19/Sep/2026:18:05:28 +0530] "GET /?caracal/73716762668 HTTP/1.1" 200 1838 "-" "Mozilla/5.0 (Linux; Android 6.0.1; Nexus 5X Build/MMB29P) AppleWebKit/537.36 (KHTML, like Gecko) Chrome/153.0.8010.47 Mobile Safari/537.36 (compatible; Googlebot/2.1; +http://www.google.com/bot.html)"
74.7.242.42 - - [19/Sep/2026:18:05:27 +0530] "GET /buy.php?detail/27101238508575 HTTP/2.0" 200 20674 "https://www.llprecharge.in/buy.php?detail/05000199081553" "Mozilla/5.0 AppleWebKit/537.36 (KHTML, like Gecko; compatible; GPTBot/1.4; +https://openai.com/gptbot)"
74.7.243.193 - - [19/Sep/2026:18:05:26 +0530] "GET /buy.php?detail/22302408265549 HTTP/2.0" 200 20996 "https://llprecharge.in/buy.php?detail/22302618614343" "Mozilla/5.0 AppleWebKit/537.36 (KHTML, like Gecko; compatible; GPTBot/1.4; +https://openai.com/gptbot)"
136.243.228.180 - - [19/Sep/2026:18:05:28 +0530] "GET /buy.php?special/196028846.html HTTP/1.1" 200 21399 "-" "Mozilla/5.0 (compatible; DataForSeoBot/1.0; +https://dataforseo.com/dataforseo-bot)"
66.249.66.67 - - [19/Sep/2026:18:05:30 +0530] "GET /?e=a4c2t6i5v5a8t4o4r353 HTTP/1.1" 200 1838 "-" "Mozilla/5.0 (Linux; Android 6.0.1; Nexus 5X Build/MMB29P) AppleWebKit/537.36 (KHTML, like Gecko) Chrome/153.0.8010.47 Mobile Safari/537.36 (compatible; Googlebot/2.1; +http://www.google.com/bot.html)"
74.7.242.42 - - [19/Sep/2026:18:05:29 +0530] "GET /buy.php?detail/09800856018391 HTTP/2.0" 200 21855 "https://www.llprecharge.in/buy.php?detail/05000199081553" "Mozilla/5.0 AppleWebKit/537.36 (KHTML, like Gecko; compatible; GPTBot/1.4; +https://openai.com/gptbot)"
74.7.243.193 - - [19/Sep/2026:18:05:30 +0530] "GET /buy.php?detail/23801786666229 HTTP/2.0" 200 22946 "https://llprecharge.in/buy.php?detail/00301994537085" "Mozilla/5.0 AppleWebKit/537.36 (KHTML, like Gecko; compatible; GPTBot/1.4; +https://openai.com/gptbot)"
74.7.242.42 - - [19/Sep/2026:18:05:31 +0530] "GET /buy.php?detail/15902812430158 HTTP/2.0" 200 22468 "https://www.llprecharge.in/buy.php?detail/15902917947770" "Mozilla/5.0 AppleWebKit/537.36 (KHTML, like Gecko; compatible; GPTBot/1.4; +https://openai.com/gptbot)"
66.249.66.33 - - [19/Sep/2026:18:05:34 +0530] "GET /item/6085660450 HTTP/1.1" 404 - "-" "Mozilla/5.0 (Linux; Android 6.0.1; Nexus 5X Build/MMB29P) AppleWebKit/537.36 (KHTML, like Gecko) Chrome/153.0.8010.47 Mobile Safari/537.36 (compatible; Googlebot/2.1; +http://www.google.com/bot.html)"
136.243.228.180 - - [19/Sep/2026:18:05:32 +0530] "GET /buy.php?jp/196028820.html HTTP/1.1" 200 21277 "-" "Mozilla/5.0 (compatible; DataForSeoBot/1.0; +https://dataforseo.com/dataforseo-bot)"
66.249.66.195 - - [19/Sep/2026:18:05:35 +0530] "GET /?e=t8i1c0k3l8e8r4978 HTTP/1.1" 200 1838 "-" "Mozilla/5.0 (Linux; Android 6.0.1; Nexus 5X Build/MMB29P) AppleWebKit/537.36 (KHTML, like Gecko) Chrome/153.0.8010.47 Mobile Safari/537.36 (compatible; Googlebot/2.1; +http://www.google.com/bot.html)"
74.7.243.193 - - [19/Sep/2026:18:05:33 +0530] "GET /buy.php?detail/04903174462794 HTTP/2.0" 200 20777 "https://llprecharge.in/buy.php?detail/27601051052854" "Mozilla/5.0 AppleWebKit/537.36 (KHTML, like Gecko; compatible; GPTBot/1.4; +https://openai.com/gptbot)"
66.249.66.195 - - [19/Sep/2026:18:05:35 +0530] "GET /index.php?e=h1e3r0a1l6d0i5n2g238 HTTP/1.1" 404 20 "-" "Mozilla/5.0 (Linux; Android 6.0.1; Nexus 5X Build/MMB29P) AppleWebKit/537.36 (KHTML, like Gecko) Chrome/153.0.8010.47 Mobile Safari/537.36 (compatible; Googlebot/2.1; +http://www.google.com/bot.html)"
66.249.66.194 - - [19/Sep/2026:18:05:36 +0530] "GET /item/1086924787 HTTP/1.1" 404 - "-" "Mozilla/5.0 (Linux; Android 6.0.1; Nexus 5X Build/MMB29P) AppleWebKit/537.36 (KHTML, like Gecko) Chrome/153.0.8010.47 Mobile Safari/537.36 (compatible; Googlebot/2.1; +http://www.google.com/bot.html)"
74.7.242.42 - - [19/Sep/2026:18:05:34 +0530] "GET /buy.php?detail/18702552917127 HTTP/2.0" 200 20457 "https://www.llprecharge.in/buy.php?detail/15902917947770" "Mozilla/5.0 AppleWebKit/537.36 (KHTML, like Gecko; compatible; GPTBot/1.4; +https://openai.com/gptbot)"
74.7.243.193 - - [19/Sep/2026:18:05:36 +0530] "GET /buy.php?jp/182018784.html HTTP/2.0" 200 20188 "https://llprecharge.in/buy.php?detail/04104454275061" "Mozilla/5.0 AppleWebKit/537.36 (KHTML, like Gecko; compatible; GPTBot/1.4; +https://openai.com/gptbot)"
136.243.228.180 - - [19/Sep/2026:18:05:36 +0530] "GET /buy.php?special/187010097.html HTTP/1.1" 200 20397 "-" "Mozilla/5.0 (compatible; DataForSeoBot/1.0; +https://dataforseo.com/dataforseo-bot)"
74.7.242.42 - - [19/Sep/2026:18:05:37 +0530] "GET /buy.php?detail/23004542088855 HTTP/2.0" 200 20486 "https://www.llprecharge.in/buy.php?detail/23004717773853" "Mozilla/5.0 AppleWebKit/537.36 (KHTML, like Gecko; compatible; GPTBot/1.4; +https://openai.com/gptbot)"
74.7.243.193 - - [19/Sep/2026:18:05:38 +0530] "GET /buy.php?jp/041045280.html HTTP/2.0" 200 20422 "https://llprecharge.in/buy.php?detail/04104454275061" "Mozilla/5.0 AppleWebKit/537.36 (KHTML, like Gecko; compatible; GPTBot/1.4; +https://openai.com/gptbot)"
66.249.66.195 - - [19/Sep/2026:18:05:41 +0530] "GET /?tauromachy/12506134099 HTTP/1.1" 200 1838 "-" "Mozilla/5.0 (Linux; Android 6.0.1; Nexus 5X Build/MMB29P) AppleWebKit/537.36 (KHTML, like Gecko) Chrome/153.0.8010.47 Mobile Safari/537.36 (compatible; Googlebot/2.1; +http://www.google.com/bot.html)"
74.7.242.42 - - [19/Sep/2026:18:05:39 +0530] "GET /buy.php?jp/187025529.html HTTP/2.0" 200 20533 "https://www.llprecharge.in/buy.php?detail/18702552917127" "Mozilla/5.0 AppleWebKit/537.36 (KHTML, like Gecko; compatible; GPTBot/1.4; +https://openai.com/gptbot)"
136.243.228.180 - - [19/Sep/2026:18:05:40 +0530] "GET /buy.php?detail/196028840854 HTTP/1.1" 200 21477 "-" "Mozilla/5.0 (compatible; DataForSeoBot/1.0; +https://dataforseo.com/dataforseo-bot)"
74.7.243.193 - - [19/Sep/2026:18:05:41 +0530] "GET /buy.php?goods/070031615 HTTP/2.0" 200 21420 "https://llprecharge.in/buy.php?detail/19500893402559" "Mozilla/5.0 AppleWebKit/537.36 (KHTML, like Gecko; compatible; GPTBot/1.4; +https://openai.com/gptbot)"
74.7.243.193 - - [19/Sep/2026:18:05:44 +0530] "GET /buy.php?detail/07301791593447 HTTP/2.0" 200 22258 "https://llprecharge.in/buy.php?detail/08101385949799" "Mozilla/5.0 AppleWebKit/537.36 (KHTML, like Gecko; compatible; GPTBot/1.4; +https://openai.com/gptbot)"
74.7.242.42 - - [19/Sep/2026:18:05:42 +0530] "GET /buy.php?detail/14300202085122 HTTP/2.0" 200 21987 "https://www.llprecharge.in/buy.php?detail/14300220807233" "Mozilla/5.0 AppleWebKit/537.36 (KHTML, like Gecko; compatible; GPTBot/1.4; +https://openai.com/gptbot)"
136.243.228.180 - - [19/Sep/2026:18:05:45 +0530] "GET /buy.php?special/298036156.html HTTP/1.1" 200 20645 "-" "Mozilla/5.0 (compatible; DataForSeoBot/1.0; +https://dataforseo.com/dataforseo-bot)"
74.7.243.193 - - [19/Sep/2026:18:05:47 +0530] "GET /buy.php?detail/05401813484184 HTTP/2.0" 200 20978 "https://llprecharge.in/buy.php?detail/05401900239182" "Mozilla/5.0 AppleWebKit/537.36 (KHTML, like Gecko; compatible; GPTBot/1.4; +https://openai.com/gptbot)"
74.7.242.42 - - [19/Sep/2026:18:05:47 +0530] "GET /buy.php?detail/2710145522225 HTTP/2.0" 200 20130 "https://www.llprecharge.in/buy.php?detail/27101408134678" "Mozilla/5.0 AppleWebKit/537.36 (KHTML, like Gecko; compatible; GPTBot/1.4; +https://openai.com/gptbot)"
66.249.66.195 - - [19/Sep/2026:18:05:51 +0530] "GET /?e=s2h4o1t8t4e3d71449 HTTP/1.1" 200 1838 "-" "Mozilla/5.0 (Linux; Android 6.0.1; Nexus 5X Build/MMB29P) AppleWebKit/537.36 (KHTML, like Gecko) Chrome/153.0.8010.47 Mobile Safari/537.36 (compatible; Googlebot/2.1; +http://www.google.com/bot.html)"
74.7.243.193 - - [19/Sep/2026:18:05:49 +0530] "GET /buy.php?detail/24203571465707 HTTP/2.0" 200 22563 "https://llprecharge.in/buy.php?detail/05401900239182" "Mozilla/5.0 AppleWebKit/537.36 (KHTML, like Gecko; compatible; GPTBot/1.4; +https://openai.com/gptbot)"
66.249.66.33 - - [19/Sep/2026:18:05:52 +0530] "GET /?e=c6a2n4i0n3e695947 HTTP/1.1" 200 1838 "-" "Mozilla/5.0 (Linux; Android 6.0.1; Nexus 5X Build/MMB29P) AppleWebKit/537.36 (KHTML, like Gecko) Chrome/153.0.8010.47 Mobile Safari/537.36 (compatible; Googlebot/2.1; +http://www.google.com/bot.html)"
136.243.228.180 - - [19/Sep/2026:18:05:48 +0530] "GET /buy.php?special/296039550.html HTTP/1.1" 200 20637 "-" "Mozilla/5.0 (compatible; DataForSeoBot/1.0; +https://dataforseo.com/dataforseo-bot)"
74.7.242.42 - - [19/Sep/2026:18:05:50 +0530] "GET /buy.php?detail/06701597555327 HTTP/2.0" 200 20686 "https://www.llprecharge.in/buy.php?detail/06702976206215" "Mozilla/5.0 AppleWebKit/537.36 (KHTML, like Gecko; compatible; GPTBot/1.4; +https://openai.com/gptbot)"
74.7.243.193 - - [19/Sep/2026:18:05:52 +0530] "GET /buy.php?detail/00302255548047 HTTP/2.0" 200 21746 "https://llprecharge.in/buy.php?detail/00302488553960" "Mozilla/5.0 AppleWebKit/537.36 (KHTML, like Gecko; compatible; GPTBot/1.4; +https://openai.com/gptbot)"
74.7.242.42 - - [19/Sep/2026:18:05:53 +0530] "GET /buy.php?detail/22504430478910 HTTP/2.0" 200 20621 "https://www.llprecharge.in/buy.php?detail/27101408134678" "Mozilla/5.0 AppleWebKit/537.36 (KHTML, like Gecko; compatible; GPTBot/1.4; +https://openai.com/gptbot)"
74.7.243.193 - - [19/Sep/2026:18:05:54 +0530] "GET /buy.php?detail/06201011186918 HTTP/2.0" 200 20399 "https://llprecharge.in/buy.php?detail/06201005504597" "Mozilla/5.0 AppleWebKit/537.36 (KHTML, like Gecko; compatible; GPTBot/1.4; +https://openai.com/gptbot)"
74.7.242.42 - - [19/Sep/2026:18:05:55 +0530] "GET /buy.php?detail/15802601331926 HTTP/2.0" 200 19634 "https://www.llprecharge.in/buy.php?detail/27101408134678" "Mozilla/5.0 AppleWebKit/537.36 (KHTML, like Gecko; compatible; GPTBot/1.4; +https://openai.com/gptbot)"
136.243.228.180 - - [19/Sep/2026:18:05:54 +0530] "GET /buy.php?special/059021619.html HTTP/1.1" 200 20684 "-" "Mozilla/5.0 (compatible; DataForSeoBot/1.0; +https://dataforseo.com/dataforseo-bot)"
74.7.243.193 - - [19/Sep/2026:18:05:56 +0530] "GET /buy.php?detail/22302534049668 HTTP/2.0" 200 22300 "https://llprecharge.in/buy.php?detail/22302408265549" "Mozilla/5.0 AppleWebKit/537.36 (KHTML, like Gecko; compatible; GPTBot/1.4; +https://openai.com/gptbot)"
74.7.242.42 - - [19/Sep/2026:18:05:57 +0530] "GET /buy.php?detail/19800606298234 HTTP/2.0" 200 22214 "https://www.llprecharge.in/buy.php?detail/198004687983" "Mozilla/5.0 AppleWebKit/537.36 (KHTML, like Gecko; compatible; GPTBot/1.4; +https://openai.com/gptbot)"
74.7.243.193 - - [19/Sep/2026:18:05:59 +0530] "GET /buy.php?detail/11802261667710 HTTP/2.0" 200 21431 "https://llprecharge.in/buy.php?detail/00302488553960" "Mozilla/5.0 AppleWebKit/537.36 (KHTML, like Gecko; compatible; GPTBot/1.4; +https://openai.com/gptbot)"
74.7.242.42 - - [19/Sep/2026:18:06:00 +0530] "GET /buy.php?jp/092038773.html HTTP/2.0" 200 20038 "https://www.llprecharge.in/buy.php?detail/27101238508575" "Mozilla/5.0 AppleWebKit/537.36 (KHTML, like Gecko; compatible; GPTBot/1.4; +https://openai.com/gptbot)"
74.7.243.193 - - [19/Sep/2026:18:06:01 +0530] "GET /buy.php?detail/06201847608368 HTTP/2.0" 200 20343 "https://llprecharge.in/buy.php?detail/04703213735293" "Mozilla/5.0 AppleWebKit/537.36 (KHTML, like Gecko; compatible; GPTBot/1.4; +https://openai.com/gptbot)"
136.243.228.180 - - [19/Sep/2026:18:06:00 +0530] "GET /buy.php?special/215011807.html HTTP/1.1" 200 21021 "-" "Mozilla/5.0 (compatible; DataForSeoBot/1.0; +https://dataforseo.com/dataforseo-bot)"
74.7.242.42 - - [19/Sep/2026:18:06:02 +0530] "GET /buy.php?detail/13502761567083 HTTP/2.0" 200 20046 "https://www.llprecharge.in/buy.php?detail/08700655657245" "Mozilla/5.0 AppleWebKit/537.36 (KHTML, like Gecko; compatible; GPTBot/1.4; +https://openai.com/gptbot)"
74.7.243.193 - - [19/Sep/2026:18:06:04 +0530] "GET /buy.php?detail/18201878470304 HTTP/2.0" 200 20303 "https://llprecharge.in/buy.php?jp/182018784.html" "Mozilla/5.0 AppleWebKit/537.36 (KHTML, like Gecko; compatible; GPTBot/1.4; +https://openai.com/gptbot)"
74.7.242.42 - - [19/Sep/2026:18:06:05 +0530] "GET /buy.php?detail/29802187036176 HTTP/2.0" 200 20101 "https://www.llprecharge.in/buy.php?detail/06702976206215" "Mozilla/5.0 AppleWebKit/537.36 (KHTML, like Gecko; compatible; GPTBot/1.4; +https://openai.com/gptbot)"
136.243.228.180 - - [19/Sep/2026:18:06:05 +0530] "GET /buy.php?special/215011817.html HTTP/1.1" 200 20719 "-" "Mozilla/5.0 (compatible; DataForSeoBot/1.0; +https://dataforseo.com/dataforseo-bot)"
74.7.243.193 - - [19/Sep/2026:18:06:06 +0530] "GET /buy.php?detail/04104828378408 HTTP/2.0" 200 22217 "https://llprecharge.in/buy.php?jp/041045280.html" "Mozilla/5.0 AppleWebKit/537.36 (KHTML, like Gecko; compatible; GPTBot/1.4; +https://openai.com/gptbot)"
74.7.242.42 - - [19/Sep/2026:18:06:07 +0530] "GET /buy.php?detail/07701300329817 HTTP/2.0" 200 21367 "https://www.llprecharge.in/buy.php?detail/08700655657245" "Mozilla/5.0 AppleWebKit/537.36 (KHTML, like Gecko; compatible; GPTBot/1.4; +https://openai.com/gptbot)"
74.7.243.193 - - [19/Sep/2026:18:06:08 +0530] "GET /buy.php?detail/04104830887058 HTTP/2.0" 200 21375 "https://llprecharge.in/buy.php?jp/041045280.html" "Mozilla/5.0 AppleWebKit/537.36 (KHTML, like Gecko; compatible; GPTBot/1.4; +https://openai.com/gptbot)"
136.243.228.180 - - [19/Sep/2026:18:06:09 +0530] "GET /buy.php?category/12_1242_5620/1 HTTP/1.1" 200 21636 "-" "Mozilla/5.0 (compatible; DataForSeoBot/1.0; +https://dataforseo.com/dataforseo-bot)"
74.7.242.42 - - [19/Sep/2026:18:06:09 +0530] "GET /buy.php?jp/186030901.html HTTP/2.0" 200 21321 "https://www.llprecharge.in/buy.php?jp/187025529.html" "Mozilla/5.0 AppleWebKit/537.36 (KHTML, like Gecko; compatible; GPTBot/1.4; +https://openai.com/gptbot)"
66.249.66.196 - - [19/Sep/2026:18:06:12 +0530] "GET /?e=l4a1r8g8e9h1a8n8d6e6d5 HTTP/1.1" 200 1838 "-" "Mozilla/5.0 (Linux; Android 6.0.1; Nexus 5X Build/MMB29P) AppleWebKit/537.36 (KHTML, like Gecko) Chrome/153.0.8010.47 Mobile Safari/537.36 (compatible; Googlebot/2.1; +http://www.google.com/bot.html)"
74.7.243.193 - - [19/Sep/2026:18:06:11 +0530] "GET /buy.php?detail/14603697413424 HTTP/2.0" 200 20939 "https://llprecharge.in/buy.php?detail/14603603542029" "Mozilla/5.0 AppleWebKit/537.36 (KHTML, like Gecko; compatible; GPTBot/1.4; +https://openai.com/gptbot)"
65.21.113.253 - - [19/Sep/2026:18:06:11 +0530] "GET /buy.php?category/100_296_2330/1 HTTP/1.1" 200 138284 "-" "Mozilla/5.0 (compatible; AwarioBot/1.0; +https://awario.com/bots.html)"
66.249.66.196 - - [19/Sep/2026:18:06:13 +0530] "GET /?e=m1e9a3t2y99182 HTTP/1.1" 200 1838 "-" "Mozilla/5.0 (Linux; Android 6.0.1; Nexus 5X Build/MMB29P) AppleWebKit/537.36 (KHTML, like Gecko) Chrome/153.0.8010.47 Mobile Safari/537.36 (compatible; Googlebot/2.1; +http://www.google.com/bot.html)"
66.249.66.196 - - [19/Sep/2026:18:06:13 +0530] "GET /?e=r9e3p4r4o6a9c1h3a0b2l2y HTTP/1.1" 200 1838 "-" "Mozilla/5.0 (Linux; Android 6.0.1; Nexus 5X Build/MMB29P) AppleWebKit/537.36 (KHTML, like Gecko) Chrome/153.0.8010.47 Mobile Safari/537.36 (compatible; Googlebot/2.1; +http://www.google.com/bot.html)"
74.7.242.42 - - [19/Sep/2026:18:06:12 +0530] "GET /buy.php?jp/230039354.html HTTP/2.0" 200 20673 "https://www.llprecharge.in/buy.php?detail/23004542088855" "Mozilla/5.0 AppleWebKit/537.36 (KHTML, like Gecko; compatible; GPTBot/1.4; +https://openai.com/gptbot)"
74.7.243.193 - - [19/Sep/2026:18:06:13 +0530] "GET /buy.php?detail/16903124006074 HTTP/2.0" 200 20649 "https://llprecharge.in/buy.php?detail/16903130371120" "Mozilla/5.0 AppleWebKit/537.36 (KHTML, like Gecko; compatible; GPTBot/1.4; +https://openai.com/gptbot)"
136.243.228.180 - - [19/Sep/2026:18:06:13 +0530] "GET /buy.php?special/215011801.html HTTP/1.1" 200 20557 "-" "Mozilla/5.0 (compatible; DataForSeoBot/1.0; +https://dataforseo.com/dataforseo-bot)"
74.7.242.42 - - [19/Sep/2026:18:06:14 +0530] "GET /buy.php?detail/14300263077744 HTTP/2.0" 200 21307 "https://www.llprecharge.in/buy.php?detail/14300202085122" "Mozilla/5.0 AppleWebKit/537.36 (KHTML, like Gecko; compatible; GPTBot/1.4; +https://openai.com/gptbot)"
74.7.243.193 - - [19/Sep/2026:18:06:16 +0530] "GET /buy.php?detail/24203429911397 HTTP/2.0" 200 22746 "https://llprecharge.in/buy.php?detail/24203571465707" "Mozilla/5.0 AppleWebKit/537.36 (KHTML, like Gecko; compatible; GPTBot/1.4; +https://openai.com/gptbot)"
168.119.209.108 - - [19/Sep/2026:18:06:18 +0530] "GET /user/api_balance.php?userid=AU1121&token=dMgDWkPbbsmeca76X0lncsVCYVjIE61Q HTTP/1.1" 500 - "-" "RestSharp/106.13.0.0"
74.7.242.42 - - [19/Sep/2026:18:06:17 +0530] "GET /buy.php?detail/21303758251585 HTTP/2.0" 200 19896 "https://www.llprecharge.in/buy.php?detail/14300202085122" "Mozilla/5.0 AppleWebKit/537.36 (KHTML, like Gecko; compatible; GPTBot/1.4; +https://openai.com/gptbot)"
49.43.152.35 - - [19/Sep/2026:18:06:00 +0530] "GET /LLPRECHARGE/Admin/recharge_report.php HTTP/2.0" 200 5880 "https://www.llprecharge.in/LLPRECHARGE/Admin/recharge_report.php" "Mozilla/5.0 (Macintosh; Intel Mac OS X 10_15_7) AppleWebKit/537.36 (KHTML, like Gecko) Chrome/151.0.0.0 Safari/537.36 OPR/135.0.0.0"
136.243.228.180 - - [19/Sep/2026:18:06:17 +0530] "GET /buy.php?goods/215011803 HTTP/1.1" 200 20355 "-" "Mozilla/5.0 (compatible; DataForSeoBot/1.0; +https://dataforseo.com/dataforseo-bot)"
74.7.243.193 - - [19/Sep/2026:18:06:18 +0530] "GET /buy.php?detail/18104064902541 HTTP/2.0" 200 21104 "https://llprecharge.in/buy.php?detail/18104046566922" "Mozilla/5.0 AppleWebKit/537.36 (KHTML, like Gecko; compatible; GPTBot/1.4; +https://openai.com/gptbot)"
65.21.113.253 - - [19/Sep/2026:18:06:19 +0530] "GET /buy.php?category/100_296_435/1 HTTP/1.1" 200 141248 "-" "Mozilla/5.0 (compatible; AwarioBot/1.0; +https://awario.com/bots.html)"
74.7.242.42 - - [19/Sep/2026:18:06:19 +0530] "GET /buy.php?detail/18702661664873 HTTP/2.0" 200 20551 "https://www.llprecharge.in/buy.php?jp/187025529.html" "Mozilla/5.0 AppleWebKit/537.36 (KHTML, like Gecko; compatible; GPTBot/1.4; +https://openai.com/gptbot)"
74.7.243.193 - - [19/Sep/2026:18:06:21 +0530] "GET /buy.php?detail/20301021560679 HTTP/2.0" 200 21450 "https://llprecharge.in/buy.php?detail/20301998264108" "Mozilla/5.0 AppleWebKit/537.36 (KHTML, like Gecko; compatible; GPTBot/1.4; +https://openai.com/gptbot)"
136.243.228.180 - - [19/Sep/2026:18:06:22 +0530] "GET /buy.php?special/215011813.html HTTP/1.1" 200 21075 "-" "Mozilla/5.0 (compatible; DataForSeoBot/1.0; +https://dataforseo.com/dataforseo-bot)"
74.7.242.42 - - [19/Sep/2026:18:06:22 +0530] "GET /buy.php?detail/07104843088970 HTTP/2.0" 200 21056 "https://www.llprecharge.in/buy.php?detail/2710145522225" "Mozilla/5.0 AppleWebKit/537.36 (KHTML, like Gecko; compatible; GPTBot/1.4; +https://openai.com/gptbot)"
74.7.243.193 - - [19/Sep/2026:18:06:23 +0530] "GET /buy.php?detail/22302639608851 HTTP/2.0" 200 21324 "https://llprecharge.in/buy.php?detail/22302534049668" "Mozilla/5.0 AppleWebKit/537.36 (KHTML, like Gecko; compatible; GPTBot/1.4; +https://openai.com/gptbot)"
136.243.228.180 - - [19/Sep/2026:18:06:25 +0530] "GET /buy.php?special/215011823.html HTTP/1.1" 200 20515 "-" "Mozilla/5.0 (compatible; DataForSeoBot/1.0; +https://dataforseo.com/dataforseo-bot)"
74.7.242.42 - - [19/Sep/2026:18:06:24 +0530] "GET /buy.php?detail/17101574350230 HTTP/2.0" 200 20386 "https://www.llprecharge.in/buy.php?detail/2710145522225" "Mozilla/5.0 AppleWebKit/537.36 (KHTML, like Gecko; compatible; GPTBot/1.4; +https://openai.com/gptbot)"
74.7.243.193 - - [19/Sep/2026:18:06:25 +0530] "GET /buy.php?detail/09704789673910 HTTP/2.0" 200 20344 "https://llprecharge.in/buy.php?detail/09704929741140" "Mozilla/5.0 AppleWebKit/537.36 (KHTML, like Gecko; compatible; GPTBot/1.4; +https://openai.com/gptbot)"
74.7.242.42 - - [19/Sep/2026:18:06:27 +0530] "GET /buy.php?detail/26903417436321 HTTP/2.0" 200 21898 "https://www.llprecharge.in/buy.php?detail/26903952230590" "Mozilla/5.0 AppleWebKit/537.36 (KHTML, like Gecko; compatible; GPTBot/1.4; +https://openai.com/gptbot)"
74.7.243.193 - - [19/Sep/2026:18:06:28 +0530] "GET /buy.php?detail/20902810529802 HTTP/2.0" 200 19896 "https://llprecharge.in/buy.php?detail/06201847608368" "Mozilla/5.0 AppleWebKit/537.36 (KHTML, like Gecko; compatible; GPTBot/1.4; +https://openai.com/gptbot)"
136.243.228.180 - - [19/Sep/2026:18:06:30 +0530] "GET /buy.php?jp/215011835.html HTTP/1.1" 200 20663 "-" "Mozilla/5.0 (compatible; DataForSeoBot/1.0; +https://dataforseo.com/dataforseo-bot)"
74.7.242.42 - - [19/Sep/2026:18:06:29 +0530] "GET /buy.php?detail/16803698042572 HTTP/2.0" 200 21702 "https://www.llprecharge.in/buy.php?detail/22504430478910" "Mozilla/5.0 AppleWebKit/537.36 (KHTML, like Gecko; compatible; GPTBot/1.4; +https://openai.com/gptbot)"
74.7.243.193 - - [19/Sep/2026:18:06:30 +0530] "GET /buy.php?detail/14204773455857 HTTP/2.0" 200 21569 "https://llprecharge.in/buy.php?detail/14204720669089" "Mozilla/5.0 AppleWebKit/537.36 (KHTML, like Gecko; compatible; GPTBot/1.4; +https://openai.com/gptbot)"
74.7.242.42 - - [19/Sep/2026:18:06:32 +0530] "GET /buy.php?detail/05004844179220 HTTP/2.0" 200 20305 "https://www.llprecharge.in/buy.php?detail/05000199081553" "Mozilla/5.0 AppleWebKit/537.36 (KHTML, like Gecko; compatible; GPTBot/1.4; +https://openai.com/gptbot)"
74.7.243.193 - - [19/Sep/2026:18:06:32 +0530] "GET /buy.php?detail/17203293394534 HTTP/2.0" 200 20368 "https://llprecharge.in/buy.php?detail/17203268967227" "Mozilla/5.0 AppleWebKit/537.36 (KHTML, like Gecko; compatible; GPTBot/1.4; +https://openai.com/gptbot)"
136.243.228.180 - - [19/Sep/2026:18:06:33 +0530] "GET /buy.php?detail/2030080363054 HTTP/1.1" 200 21607 "-" "Mozilla/5.0 (compatible; DataForSeoBot/1.0; +https://dataforseo.com/dataforseo-bot)"
74.7.242.42 - - [19/Sep/2026:18:06:35 +0530] "GET /buy.php?detail/01102852664842 HTTP/2.0" 200 22398 "https://www.llprecharge.in/buy.php?detail/15802601331926" "Mozilla/5.0 AppleWebKit/537.36 (KHTML, like Gecko; compatible; GPTBot/1.4; +https://openai.com/gptbot)"
74.7.242.42 - - [19/Sep/2026:18:06:37 +0530] "GET /buy.php?detail/20802010058917 HTTP/2.0" 200 22057 "https://www.llprecharge.in/buy.php?jp/186030901.html" "Mozilla/5.0 AppleWebKit/537.36 (KHTML, like Gecko; compatible; GPTBot/1.4; +https://openai.com/gptbot)"
136.243.228.180 - - [19/Sep/2026:18:06:37 +0530] "GET /buy.php?special/161014031.html HTTP/1.1" 200 20939 "-" "Mozilla/5.0 (compatible; DataForSeoBot/1.0; +https://dataforseo.com/dataforseo-bot)"
74.7.243.193 - - [19/Sep/2026:18:06:35 +0530] "GET /buy.php?detail/20401210419670 HTTP/2.0" 200 21591 "https://llprecharge.in/buy.php?detail/04104830887058" "Mozilla/5.0 AppleWebKit/537.36 (KHTML, like Gecko; compatible; GPTBot/1.4; +https://openai.com/gptbot)"
74.7.243.193 - - [19/Sep/2026:18:06:40 +0530] "GET /buy.php?detail/14603710386449 HTTP/2.0" 200 20984 "https://llprecharge.in/buy.php?detail/14603697413424" "Mozilla/5.0 AppleWebKit/537.36 (KHTML, like Gecko; compatible; GPTBot/1.4; +https://openai.com/gptbot)"
74.7.243.193 - - [19/Sep/2026:18:06:43 +0530] "GET /buy.php?detail/04104804973264 HTTP/2.0" 200 20703 "https://llprecharge.in/buy.php?detail/04104830887058" "Mozilla/5.0 AppleWebKit/537.36 (KHTML, like Gecko; compatible; GPTBot/1.4; +https://openai.com/gptbot)"
74.7.242.42 - - [19/Sep/2026:18:06:40 +0530] "GET /buy.php?detail/23004717281034 HTTP/2.0" 200 20392 "https://www.llprecharge.in/buy.php?detail/23003476639129" "Mozilla/5.0 AppleWebKit/537.36 (KHTML, like Gecko; compatible; GPTBot/1.4; +https://openai.com/gptbot)"
136.243.228.180 - - [19/Sep/2026:18:06:41 +0530] "GET /buy.php?special/161014003.html HTTP/1.1" 200 24559 "-" "Mozilla/5.0 (compatible; DataForSeoBot/1.0; +https://dataforseo.com/dataforseo-bot)"
74.7.243.193 - - [19/Sep/2026:18:06:45 +0530] "GET /buy.php?detail/23100129191975 HTTP/2.0" 200 22056 "https://llprecharge.in/buy.php?detail/16903124006074" "Mozilla/5.0 AppleWebKit/537.36 (KHTML, like Gecko; compatible; GPTBot/1.4; +https://openai.com/gptbot)"
74.7.242.42 - - [19/Sep/2026:18:06:46 +0530] "GET /buy.php?detail/14300334006065 HTTP/2.0" 200 20993 "https://www.llprecharge.in/buy.php?detail/14300263077744" "Mozilla/5.0 AppleWebKit/537.36 (KHTML, like Gecko; compatible; GPTBot/1.4; +https://openai.com/gptbot)"
74.7.243.193 - - [19/Sep/2026:18:06:48 +0530] "GET /buy.php?detail/18104046498840 HTTP/2.0" 200 20789 "https://llprecharge.in/buy.php?detail/18104064902541" "Mozilla/5.0 AppleWebKit/537.36 (KHTML, like Gecko; compatible; GPTBot/1.4; +https://openai.com/gptbot)"
136.243.228.180 - - [19/Sep/2026:18:06:49 +0530] "GET /buy.php?special/272007458.html HTTP/1.1" 200 20043 "-" "Mozilla/5.0 (compatible; DataForSeoBot/1.0; +https://dataforseo.com/dataforseo-bot)"
74.7.243.193 - - [19/Sep/2026:18:06:50 +0530] "GET /buy.php?detail/16903059675123 HTTP/2.0" 200 20581 "https://llprecharge.in/buy.php?detail/16903124006074" "Mozilla/5.0 AppleWebKit/537.36 (KHTML, like Gecko; compatible; GPTBot/1.4; +https://openai.com/gptbot)"
136.243.228.180 - - [19/Sep/2026:18:06:52 +0530] "GET /buy.php?special/161014007.html HTTP/1.1" 200 24555 "-" "Mozilla/5.0 (compatible; DataForSeoBot/1.0; +https://dataforseo.com/dataforseo-bot)"
74.7.243.193 - - [19/Sep/2026:18:06:53 +0530] "GET /buy.php?detail/24203632908852 HTTP/2.0" 200 23055 "https://llprecharge.in/buy.php?detail/24203429911397" "Mozilla/5.0 AppleWebKit/537.36 (KHTML, like Gecko; compatible; GPTBot/1.4; +https://openai.com/gptbot)"
74.7.242.42 - - [19/Sep/2026:18:06:49 +0530] "GET /buy.php?detail/09100162083134 HTTP/2.0" 200 21403 "https://www.llprecharge.in/buy.php?goods/185001607" "Mozilla/5.0 AppleWebKit/537.36 (KHTML, like Gecko; compatible; GPTBot/1.4; +https://openai.com/gptbot)"
74.7.242.42 - - [19/Sep/2026:18:06:55 +0530] "GET /buy.php?detail/18702620671366 HTTP/2.0" 200 20609 "https://www.llprecharge.in/buy.php?detail/18702661664873" "Mozilla/5.0 AppleWebKit/537.36 (KHTML, like Gecko; compatible; GPTBot/1.4; +https://openai.com/gptbot)"
74.7.243.193 - - [19/Sep/2026:18:06:55 +0530] "GET /buy.php?detail/09704728040452 HTTP/2.0" 200 21369 "https://llprecharge.in/buy.php?detail/09704789673910" "Mozilla/5.0 AppleWebKit/537.36 (KHTML, like Gecko; compatible; GPTBot/1.4; +https://openai.com/gptbot)"
136.243.228.180 - - [19/Sep/2026:18:06:56 +0530] "GET /buy.php?special/161014033.html HTTP/1.1" 200 21733 "-" "Mozilla/5.0 (compatible; DataForSeoBot/1.0; +https://dataforseo.com/dataforseo-bot)"
74.7.242.42 - - [19/Sep/2026:18:06:58 +0530] "GET /buy.php?detail/01900249225608 HTTP/2.0" 200 21742 "https://www.llprecharge.in/buy.php?detail/05000038095628" "Mozilla/5.0 AppleWebKit/537.36 (KHTML, like Gecko; compatible; GPTBot/1.4; +https://openai.com/gptbot)"
74.7.243.193 - - [19/Sep/2026:18:06:58 +0530] "GET /buy.php?detail/12802139619531 HTTP/2.0" 200 20274 "https://llprecharge.in/buy.php?detail/12802044527788" "Mozilla/5.0 AppleWebKit/537.36 (KHTML, like Gecko; compatible; GPTBot/1.4; +https://openai.com/gptbot)"
89.251.21.20 - - [19/Sep/2026:18:07:01 +0530] "GET /wp_blog_footer.php?path=/proc/501/net HTTP/1.1" 200 5403 "https://llprecharge.in/wp_blog_footer.php?path=/proc/501" "Mozilla/5.0 (Linux; Android 14; OPPO PCLM5) AppleWebKit/537.36 (KHTML, like Gecko) Chrome/146.0.5541.138 Mobile Safari/537.36"
136.243.228.180 - - [19/Sep/2026:18:07:00 +0530] "GET /buy.php?special/161013997.html HTTP/1.1" 200 24608 "-" "Mozilla/5.0 (compatible; DataForSeoBot/1.0; +https://dataforseo.com/dataforseo-bot)"
74.7.243.193 - - [19/Sep/2026:18:07:00 +0530] "GET /buy.php?detail/14204759047060 HTTP/2.0" 200 21150 "https://llprecharge.in/buy.php?detail/14204773455857" "Mozilla/5.0 AppleWebKit/537.36 (KHTML, like Gecko; compatible; GPTBot/1.4; +https://openai.com/gptbot)"
74.7.242.42 - - [19/Sep/2026:18:07:00 +0530] "GET /buy.php?detail/11003944527713 HTTP/2.0" 200 23017 "https://www.llprecharge.in/buy.php?detail/17101574350230" "Mozilla/5.0 AppleWebKit/537.36 (KHTML, like Gecko; compatible; GPTBot/1.4; +https://openai.com/gptbot)"
66.249.66.34 - - [19/Sep/2026:18:07:03 +0530] "GET /?e=m2o3n1i5t1o5r2y657 HTTP/1.1" 200 1838 "-" "Mozilla/5.0 (Linux; Android 6.0.1; Nexus 5X Build/MMB29P) AppleWebKit/537.36 (KHTML, like Gecko) Chrome/153.0.8010.47 Mobile Safari/537.36 (compatible; Googlebot/2.1; +http://www.google.com/bot.html)"
74.7.242.42 - - [19/Sep/2026:18:07:03 +0530] "GET /buy.php?detail/26901880809722 HTTP/2.0" 200 20940 "https://www.llprecharge.in/buy.php?detail/26903417436321" "Mozilla/5.0 AppleWebKit/537.36 (KHTML, like Gecko; compatible; GPTBot/1.4; +https://openai.com/gptbot)"
74.7.243.193 - - [19/Sep/2026:18:07:03 +0530] "GET /buy.php?detail/14204761925909 HTTP/2.0" 200 21549 "https://llprecharge.in/buy.php?detail/14204773455857" "Mozilla/5.0 AppleWebKit/537.36 (KHTML, like Gecko; compatible; GPTBot/1.4; +https://openai.com/gptbot)"
74.7.242.42 - - [19/Sep/2026:18:07:06 +0530] "GET /buy.php?detail/28003147778320 HTTP/2.0" 200 21724 "https://www.llprecharge.in/buy.php?detail/16803698042572" "Mozilla/5.0 AppleWebKit/537.36 (KHTML, like Gecko; compatible; GPTBot/1.4; +https://openai.com/gptbot)"
136.243.228.180 - - [19/Sep/2026:18:07:04 +0530] "GET /buy.php?special/178014754.html HTTP/1.1" 200 22248 "-" "Mozilla/5.0 (compatible; DataForSeoBot/1.0; +https://dataforseo.com/dataforseo-bot)"
74.7.243.193 - - [19/Sep/2026:18:07:08 +0530] "GET /buy.php?detail/13401791814577 HTTP/2.0" 200 20532 "https://llprecharge.in/buy.php?detail/17203293394534" "Mozilla/5.0 AppleWebKit/537.36 (KHTML, like Gecko; compatible; GPTBot/1.4; +https://openai.com/gptbot)"
74.7.242.42 - - [19/Sep/2026:18:07:09 +0530] "GET /buy.php?detail/16803929750290 HTTP/2.0" 200 20892 "https://www.llprecharge.in/buy.php?detail/16803698042572" "Mozilla/5.0 AppleWebKit/537.36 (KHTML, like Gecko; compatible; GPTBot/1.4; +https://openai.com/gptbot)"
18.196.97.119 - - [19/Sep/2026:18:07:12 +0530] "GET /user/api_balance.php?userid=500236&token=PWYbe43R%1AqS9_CtaUCWPoO]N]GoIAon HTTP/1.1" 500 - "-" "RestSharp/106.13.0.0"
66.249.66.195 - - [19/Sep/2026:18:07:12 +0530] "GET /?ostracion/4945730116 HTTP/1.1" 200 1838 "-" "Mozilla/5.0 (Linux; Android 6.0.1; Nexus 5X Build/MMB29P) AppleWebKit/537.36 (KHTML, like Gecko) Chrome/153.0.8010.47 Mobile Safari/537.36 (compatible; Googlebot/2.1; +http://www.google.com/bot.html)"
74.7.243.193 - - [19/Sep/2026:18:07:10 +0530] "GET /buy.php?detail/01800048477378 HTTP/2.0" 200 20712 "https://llprecharge.in/buy.php?detail/14603710386449" "Mozilla/5.0 AppleWebKit/537.36 (KHTML, like Gecko; compatible; GPTBot/1.4; +https://openai.com/gptbot)"
66.249.66.195 - - [19/Sep/2026:18:07:12 +0530] "GET /?e=t7r3a5d2i5t5i8o4n3a6r1ily HTTP/1.1" 200 1838 "-" "Mozilla/5.0 (Linux; Android 6.0.1; Nexus 5X Build/MMB29P) AppleWebKit/537.36 (KHTML, like Gecko) Chrome/153.0.8010.47 Mobile Safari/537.36 (compatible; Googlebot/2.1; +http://www.google.com/bot.html)"
66.249.66.195 - - [19/Sep/2026:18:07:13 +0530] "GET /?abstersiveness/73308113798 HTTP/1.1" 200 1838 "-" "Mozilla/5.0 (Linux; Android 6.0.1; Nexus 5X Build/MMB29P) AppleWebKit/537.36 (KHTML, like Gecko) Chrome/153.0.8010.47 Mobile Safari/537.36 (compatible; Googlebot/2.1; +http://www.google.com/bot.html)"
136.243.228.180 - - [19/Sep/2026:18:07:11 +0530] "GET /buy.php?special/261016337.html HTTP/1.1" 200 20618 "-" "Mozilla/5.0 (compatible; DataForSeoBot/1.0; +https://dataforseo.com/dataforseo-bot)"
74.7.242.42 - - [19/Sep/2026:18:07:12 +0530] "GET /buy.php?jp/124037863.html HTTP/2.0" 200 20674 "https://www.llprecharge.in/buy.php?detail/01102852664842" "Mozilla/5.0 AppleWebKit/537.36 (KHTML, like Gecko; compatible; GPTBot/1.4; +https://openai.com/gptbot)"
66.249.66.34 - - [19/Sep/2026:18:07:14 +0530] "GET /shops/relativeness/f1o3r8s9a9k5i8n0g164 HTTP/1.1" 404 - "-" "Mozilla/5.0 (Linux; Android 6.0.1; Nexus 5X Build/MMB29P) AppleWebKit/537.36 (KHTML, like Gecko) Chrome/153.0.8010.47 Mobile Safari/537.36 (compatible; Googlebot/2.1; +http://www.google.com/bot.html)"
74.7.243.193 - - [19/Sep/2026:18:07:13 +0530] "GET /buy.php?detail/03703290592325 HTTP/2.0" 200 20590 "https://llprecharge.in/buy.php?detail/04104804973264" "Mozilla/5.0 AppleWebKit/537.36 (KHTML, like Gecko; compatible; GPTBot/1.4; +https://openai.com/gptbot)"
66.249.66.68 - - [19/Sep/2026:18:07:15 +0530] "GET /?e=t1e1t8r7a6p7l8a2442 HTTP/1.1" 200 1838 "-" "Mozilla/5.0 (Linux; Android 6.0.1; Nexus 5X Build/MMB29P) AppleWebKit/537.36 (KHTML, like Gecko) Chrome/153.0.8010.47 Mobile Safari/537.36 (compatible; Googlebot/2.1; +http://www.google.com/bot.html)"
66.249.66.195 - - [19/Sep/2026:18:07:15 +0530] "GET /index.php?item/9062042341 HTTP/1.1" 404 20 "-" "Mozilla/5.0 (Linux; Android 6.0.1; Nexus 5X Build/MMB29P) AppleWebKit/537.36 (KHTML, like Gecko) Chrome/153.0.8010.47 Mobile Safari/537.36 (compatible; Googlebot/2.1; +http://www.google.com/bot.html)"
66.249.66.195 - - [19/Sep/2026:18:07:16 +0530] "GET /?transfeminate/13353394814 HTTP/1.1" 200 1838 "-" "Mozilla/5.0 (Linux; Android 6.0.1; Nexus 5X Build/MMB29P) AppleWebKit/537.36 (KHTML, like Gecko) Chrome/153.0.8010.47 Mobile Safari/537.36 (compatible; Googlebot/2.1; +http://www.google.com/bot.html)"
74.7.242.42 - - [19/Sep/2026:18:07:14 +0530] "GET /buy.php?detail/01102873410313 HTTP/2.0" 200 22547 "https://www.llprecharge.in/buy.php?detail/01102852664842" "Mozilla/5.0 AppleWebKit/537.36 (KHTML, like Gecko; compatible; GPTBot/1.4; +https://openai.com/gptbot)"
66.249.66.194 - - [19/Sep/2026:18:07:17 +0530] "GET /?insistency/12112373609 HTTP/1.1" 200 1838 "-" "Mozilla/5.0 (Linux; Android 6.0.1; Nexus 5X Build/MMB29P) AppleWebKit/537.36 (KHTML, like Gecko) Chrome/153.0.8010.47 Mobile Safari/537.36 (compatible; Googlebot/2.1; +http://www.google.com/bot.html)"
136.243.228.180 - - [19/Sep/2026:18:07:15 +0530] "GET /buy.php?jp/261016326.html HTTP/1.1" 200 21767 "-" "Mozilla/5.0 (compatible; DataForSeoBot/1.0; +https://dataforseo.com/dataforseo-bot)"
74.7.243.193 - - [19/Sep/2026:18:07:15 +0530] "GET /buy.php?detail/14603730054121 HTTP/2.0" 200 21358 "https://llprecharge.in/buy.php?detail/14603710386449" "Mozilla/5.0 AppleWebKit/537.36 (KHTML, like Gecko; compatible; GPTBot/1.4; +https://openai.com/gptbot)"
66.249.66.67 - - [19/Sep/2026:18:07:17 +0530] "GET /?e=w5o3m2a1n6h4o9o3d169 HTTP/1.1" 200 1838 "-" "Mozilla/5.0 (Linux; Android 6.0.1; Nexus 5X Build/MMB29P) AppleWebKit/537.36 (KHTML, like Gecko) Chrome/153.0.8010.47 Mobile Safari/537.36 (compatible; Googlebot/2.1; +http://www.google.com/bot.html)"
168.119.209.108 - - [19/Sep/2026:18:07:18 +0530] "GET /user/api_balance.php?userid=AU1121&token=dMgDWkPbbsmeca76X0lncsVCYVjIE61Q HTTP/1.1" 500 - "-" "RestSharp/106.13.0.0"
66.249.66.33 - - [19/Sep/2026:18:07:18 +0530] "GET /?e=k9a3f6f1i1r538890 HTTP/1.1" 200 1838 "-" "Mozilla/5.0 (Linux; Android 6.0.1; Nexus 5X Build/MMB29P) AppleWebKit/537.36 (KHTML, like Gecko) Chrome/153.0.8010.47 Mobile Safari/537.36 (compatible; Googlebot/2.1; +http://www.google.com/bot.html)"
74.7.242.42 - - [19/Sep/2026:18:07:16 +0530] "GET /buy.php?detail/08001848026587 HTTP/2.0" 200 22054 "https://www.llprecharge.in/buy.php?detail/05004844179220" "Mozilla/5.0 AppleWebKit/537.36 (KHTML, like Gecko; compatible; GPTBot/1.4; +https://openai.com/gptbot)"
66.249.66.195 - - [19/Sep/2026:18:07:19 +0530] "GET /interfaces/interfaceStore.php?item/3085824677 HTTP/1.1" 404 - "-" "Mozilla/5.0 (Linux; Android 6.0.1; Nexus 5X Build/MMB29P) AppleWebKit/537.36 (KHTML, like Gecko) Chrome/153.0.8010.47 Mobile Safari/537.36 (compatible; Googlebot/2.1; +http://www.google.com/bot.html)"
66.249.66.67 - - [19/Sep/2026:18:07:19 +0530] "GET /?paducahs/61387367509 HTTP/1.1" 200 1838 "-" "Mozilla/5.0 (Linux; Android 6.0.1; Nexus 5X Build/MMB29P) AppleWebKit/537.36 (KHTML, like Gecko) Chrome/153.0.8010.47 Mobile Safari/537.36 (compatible; Googlebot/2.1; +http://www.google.com/bot.html)"
74.7.243.193 - - [19/Sep/2026:18:07:18 +0530] "GET /buy.php?detail/00504091196284 HTTP/2.0" 200 21613 "https://llprecharge.in/buy.php?detail/00503970369554" "Mozilla/5.0 AppleWebKit/537.36 (KHTML, like Gecko; compatible; GPTBot/1.4; +https://openai.com/gptbot)"
66.249.66.194 - - [19/Sep/2026:18:07:20 +0530] "GET /index.php?item/1085929137 HTTP/1.1" 404 20 "-" "Mozilla/5.0 (Linux; Android 6.0.1; Nexus 5X Build/MMB29P) AppleWebKit/537.36 (KHTML, like Gecko) Chrome/153.0.8010.47 Mobile Safari/537.36 (compatible; Googlebot/2.1; +http://www.google.com/bot.html)"
74.7.242.42 - - [19/Sep/2026:18:07:19 +0530] "GET /buy.php?detail/14300460607892 HTTP/2.0" 200 20597 "https://www.llprecharge.in/buy.php?detail/14300334006065" "Mozilla/5.0 AppleWebKit/537.36 (KHTML, like Gecko; compatible; GPTBot/1.4; +https://openai.com/gptbot)"
66.249.66.33 - - [19/Sep/2026:18:07:21 +0530] "GET /?drainer/62306238509 HTTP/1.1" 200 1838 "-" "Mozilla/5.0 (Linux; Android 6.0.1; Nexus 5X Build/MMB29P) AppleWebKit/537.36 (KHTML, like Gecko) Chrome/153.0.8010.47 Mobile Safari/537.36 (compatible; Googlebot/2.1; +http://www.google.com/bot.html)"
136.243.228.180 - - [19/Sep/2026:18:07:19 +0530] "GET /buy.php?special/092039556.html HTTP/1.1" 200 19531 "-" "Mozilla/5.0 (compatible; DataForSeoBot/1.0; +https://dataforseo.com/dataforseo-bot)"
74.7.243.193 - - [19/Sep/2026:18:07:20 +0530] "GET /buy.php?detail/16901730550332 HTTP/2.0" 200 20459 "https://llprecharge.in/buy.php?detail/16903059675123" "Mozilla/5.0 AppleWebKit/537.36 (KHTML, like Gecko; compatible; GPTBot/1.4; +https://openai.com/gptbot)"
74.7.242.42 - - [19/Sep/2026:18:07:21 +0530] "GET /buy.php?goods/091001842 HTTP/2.0" 200 21716 "https://www.llprecharge.in/buy.php?detail/09100162083134" "Mozilla/5.0 AppleWebKit/537.36 (KHTML, like Gecko; compatible; GPTBot/1.4; +https://openai.com/gptbot)"
74.7.243.193 - - [19/Sep/2026:18:07:22 +0530] "GET /buy.php?detail/13301146452483 HTTP/2.0" 200 22113 "https://llprecharge.in/buy.php?detail/28000478427536" "Mozilla/5.0 AppleWebKit/537.36 (KHTML, like Gecko; compatible; GPTBot/1.4; +https://openai.com/gptbot)"
65.21.113.253 - - [19/Sep/2026:18:07:25 +0530] "GET /robots.txt HTTP/1.1" 200 368 "-" "Mozilla/5.0 (compatible; AwarioBot/1.0; +https://awario.com/bots.html)"
74.7.242.42 - - [19/Sep/2026:18:07:24 +0530] "GET /buy.php?detail/14300459512458 HTTP/2.0" 200 20898 "https://www.llprecharge.in/buy.php?detail/14300334006065" "Mozilla/5.0 AppleWebKit/537.36 (KHTML, like Gecko; compatible; GPTBot/1.4; +https://openai.com/gptbot)"
136.243.228.180 - - [19/Sep/2026:18:07:24 +0530] "GET /buy.php?goods/261016309 HTTP/1.1" 200 21243 "-" "Mozilla/5.0 (compatible; DataForSeoBot/1.0; +https://dataforseo.com/dataforseo-bot)"
74.7.243.193 - - [19/Sep/2026:18:07:25 +0530] "GET /buy.php?detail/06900577667824 HTTP/2.0" 200 21888 "https://llprecharge.in/buy.php?detail/24001032821907" "Mozilla/5.0 AppleWebKit/537.36 (KHTML, like Gecko; compatible; GPTBot/1.4; +https://openai.com/gptbot)"
65.21.113.253 - - [19/Sep/2026:18:07:26 +0530] "GET /buy.php?category/100_296_6278/1 HTTP/1.1" 200 119158 "-" "Mozilla/5.0 (compatible; AwarioBot/1.0; +https://awario.com/bots.html)"
74.7.242.42 - - [19/Sep/2026:18:07:26 +0530] "GET /buy.php?detail/05001191974365 HTTP/2.0" 200 21280 "https://www.llprecharge.in/buy.php?detail/05004844179220" "Mozilla/5.0 AppleWebKit/537.36 (KHTML, like Gecko; compatible; GPTBot/1.4; +https://openai.com/gptbot)"
136.243.228.180 - - [19/Sep/2026:18:07:27 +0530] "GET /buy.php?special/093000385.html HTTP/1.1" 200 22840 "-" "Mozilla/5.0 (compatible; DataForSeoBot/1.0; +https://dataforseo.com/dataforseo-bot)"
74.7.243.193 - - [19/Sep/2026:18:07:28 +0530] "GET /buy.php?detail/10603913172512 HTTP/2.0" 200 20516 "https://llprecharge.in/buy.php?detail/10603801766989" "Mozilla/5.0 AppleWebKit/537.36 (KHTML, like Gecko; compatible; GPTBot/1.4; +https://openai.com/gptbot)"
74.7.242.42 - - [19/Sep/2026:18:07:28 +0530] "GET /buy.php?detail/26804022630947 HTTP/2.0" 200 20556 "https://www.llprecharge.in/buy.php?detail/05004844179220" "Mozilla/5.0 AppleWebKit/537.36 (KHTML, like Gecko; compatible; GPTBot/1.4; +https://openai.com/gptbot)"
74.7.243.193 - - [19/Sep/2026:18:07:30 +0530] "GET /buy.php?detail/14204745136748 HTTP/2.0" 200 21225 "https://llprecharge.in/buy.php?detail/14204759047060" "Mozilla/5.0 AppleWebKit/537.36 (KHTML, like Gecko; compatible; GPTBot/1.4; +https://openai.com/gptbot)"
74.7.242.42 - - [19/Sep/2026:18:07:31 +0530] "GET /buy.php?detail/26902027323390 HTTP/2.0" 200 21796 "https://www.llprecharge.in/buy.php?detail/26901880809722" "Mozilla/5.0 AppleWebKit/537.36 (KHTML, like Gecko; compatible; GPTBot/1.4; +https://openai.com/gptbot)"
65.21.113.253 - - [19/Sep/2026:18:07:31 +0530] "GET /buy.php?category/100_493/1 HTTP/1.1" 200 119141 "-" "Mozilla/5.0 (compatible; AwarioBot/1.0; +https://awario.com/bots.html)"
136.243.228.180 - - [19/Sep/2026:18:07:31 +0530] "GET /buy.php?special/262008900.html HTTP/1.1" 200 21054 "-" "Mozilla/5.0 (compatible; DataForSeoBot/1.0; +https://dataforseo.com/dataforseo-bot)"
74.7.243.193 - - [19/Sep/2026:18:07:33 +0530] "GET /buy.php?detail/14204741155307 HTTP/2.0" 200 20889 "https://llprecharge.in/buy.php?detail/14204759047060" "Mozilla/5.0 AppleWebKit/537.36 (KHTML, like Gecko; compatible; GPTBot/1.4; +https://openai.com/gptbot)"
74.7.242.42 - - [19/Sep/2026:18:07:33 +0530] "GET /buy.php?detail/23003906488086 HTTP/2.0" 200 20547 "https://www.llprecharge.in/buy.php?detail/23004717281034" "Mozilla/5.0 AppleWebKit/537.36 (KHTML, like Gecko; compatible; GPTBot/1.4; +https://openai.com/gptbot)"
74.7.243.193 - - [19/Sep/2026:18:07:35 +0530] "GET /buy.php?detail/06202765835664 HTTP/2.0" 200 20501 "https://llprecharge.in/buy.php?detail/14204759047060" "Mozilla/5.0 AppleWebKit/537.36 (KHTML, like Gecko; compatible; GPTBot/1.4; +https://openai.com/gptbot)"
136.243.228.180 - - [19/Sep/2026:18:07:35 +0530] "GET /buy.php?special/262008906.html HTTP/1.1" 200 20477 "-" "Mozilla/5.0 (compatible; DataForSeoBot/1.0; +https://dataforseo.com/dataforseo-bot)"
74.7.242.42 - - [19/Sep/2026:18:07:35 +0530] "GET /buy.php?detail/09800263928722 HTTP/2.0" 200 20481 "https://www.llprecharge.in/buy.php?detail/26901880809722" "Mozilla/5.0 AppleWebKit/537.36 (KHTML, like Gecko; compatible; GPTBot/1.4; +https://openai.com/gptbot)"
74.7.243.193 - - [19/Sep/2026:18:07:37 +0530] "GET /buy.php?detail/01800122553733 HTTP/2.0" 200 20903 "https://llprecharge.in/buy.php?detail/01800048477378" "Mozilla/5.0 AppleWebKit/537.36 (KHTML, like Gecko; compatible; GPTBot/1.4; +https://openai.com/gptbot)"
74.7.242.42 - - [19/Sep/2026:18:07:38 +0530] "GET /buy.php?detail/12404404029235 HTTP/2.0" 200 20610 "https://www.llprecharge.in/buy.php?jp/124037863.html" "Mozilla/5.0 AppleWebKit/537.36 (KHTML, like Gecko; compatible; GPTBot/1.4; +https://openai.com/gptbot)"
65.21.113.253 - - [19/Sep/2026:18:07:39 +0530] "GET /buy.php?category/100_493_1867/1 HTTP/1.1" 200 126333 "-" "Mozilla/5.0 (compatible; AwarioBot/1.0; +https://awario.com/bots.html)"
74.7.243.193 - - [19/Sep/2026:18:07:39 +0530] "GET /buy.php?detail/09803969052242 HTTP/2.0" 200 21046 "https://llprecharge.in/buy.php?detail/01800048477378" "Mozilla/5.0 AppleWebKit/537.36 (KHTML, like Gecko; compatible; GPTBot/1.4; +https://openai.com/gptbot)"
136.243.228.180 - - [19/Sep/2026:18:07:39 +0530] "GET /buy.php?special/262008894.html HTTP/1.1" 200 21129 "-" "Mozilla/5.0 (compatible; DataForSeoBot/1.0; +https://dataforseo.com/dataforseo-bot)"
74.7.242.42 - - [19/Sep/2026:18:07:41 +0530] "GET /buy.php?detail/13200451631762 HTTP/2.0" 200 20682 "https://www.llprecharge.in/buy.php?detail/17101574350230" "Mozilla/5.0 AppleWebKit/537.36 (KHTML, like Gecko; compatible; GPTBot/1.4; +https://openai.com/gptbot)"
74.7.243.193 - - [19/Sep/2026:18:07:42 +0530] "GET /buy.php?detail/29304007450127 HTTP/2.0" 200 20592 "https://llprecharge.in/buy.php?detail/29304121871283" "Mozilla/5.0 AppleWebKit/537.36 (KHTML, like Gecko; compatible; GPTBot/1.4; +https://openai.com/gptbot)"
66.249.66.194 - - [19/Sep/2026:18:07:44 +0530] "GET /?superparticular/01324609730 HTTP/1.1" 200 1838 "-" "Mozilla/5.0 (Linux; Android 6.0.1; Nexus 5X Build/MMB29P) AppleWebKit/537.36 (KHTML, like Gecko) Chrome/153.0.8010.47 Mobile Safari/537.36 (compatible; Googlebot/2.1; +http://www.google.com/bot.html)"
66.249.66.67 - - [19/Sep/2026:18:07:45 +0530] "GET /?e=s3p1a0r3a2b3l7e2683 HTTP/1.1" 200 1838 "-" "Mozilla/5.0 (Linux; Android 6.0.1; Nexus 5X Build/MMB29P) AppleWebKit/537.36 (KHTML, like Gecko) Chrome/153.0.8010.47 Mobile Safari/537.36 (compatible; Googlebot/2.1; +http://www.google.com/bot.html)"
136.243.228.180 - - [19/Sep/2026:18:07:43 +0530] "GET /buy.php?special/266021230.html HTTP/1.1" 200 21776 "-" "Mozilla/5.0 (compatible; DataForSeoBot/1.0; +https://dataforseo.com/dataforseo-bot)"
74.7.242.42 - - [19/Sep/2026:18:07:43 +0530] "GET /buy.php?detail/29000500286585 HTTP/2.0" 200 20368 "https://www.llprecharge.in/buy.php?detail/08001848026587" "Mozilla/5.0 AppleWebKit/537.36 (KHTML, like Gecko; compatible; GPTBot/1.4; +https://openai.com/gptbot)"
66.249.66.195 - - [19/Sep/2026:18:07:45 +0530] "GET /?products/detail/274047620 HTTP/1.1" 200 1838 "-" "Mozilla/5.0 (Linux; Android 6.0.1; Nexus 5X Build/MMB29P) AppleWebKit/537.36 (KHTML, like Gecko) Chrome/153.0.8010.47 Mobile Safari/537.36 (compatible; Googlebot/2.1; +http://www.google.com/bot.html)"
66.249.66.195 - - [19/Sep/2026:18:07:46 +0530] "GET /?e=w9a3d4i8e5s673095 HTTP/1.1" 200 1838 "-" "Mozilla/5.0 (Linux; Android 6.0.1; Nexus 5X Build/MMB29P) AppleWebKit/537.36 (KHTML, like Gecko) Chrome/153.0.8010.47 Mobile Safari/537.36 (compatible; Googlebot/2.1; +http://www.google.com/bot.html)"
74.7.243.193 - - [19/Sep/2026:18:07:44 +0530] "GET /buy.php?detail/27300238492291 HTTP/2.0" 200 20381 "https://llprecharge.in/buy.php?detail/01803448085444" "Mozilla/5.0 AppleWebKit/537.36 (KHTML, like Gecko; compatible; GPTBot/1.4; +https://openai.com/gptbot)"
66.249.66.194 - - [19/Sep/2026:18:07:46 +0530] "GET /preestablishment/amply/7897638532 HTTP/1.1" 404 - "-" "Mozilla/5.0 (Linux; Android 6.0.1; Nexus 5X Build/MMB29P) AppleWebKit/537.36 (KHTML, like Gecko) Chrome/153.0.8010.47 Mobile Safari/537.36 (compatible; Googlebot/2.1; +http://www.google.com/bot.html)"
65.21.113.253 - - [19/Sep/2026:18:07:44 +0530] "GET /buy.php?category/100_493_3241/1 HTTP/1.1" 200 121073 "-" "Mozilla/5.0 (compatible; AwarioBot/1.0; +https://awario.com/bots.html)"
66.249.66.194 - - [19/Sep/2026:18:07:47 +0530] "GET /index.php?item/6084492508 HTTP/1.1" 404 20 "-" "Mozilla/5.0 (Linux; Android 6.0.1; Nexus 5X Build/MMB29P) AppleWebKit/537.36 (KHTML, like Gecko) Chrome/153.0.8010.47 Mobile Safari/537.36 (compatible; Googlebot/2.1; +http://www.google.com/bot.html)"
66.249.66.194 - - [19/Sep/2026:18:07:47 +0530] "GET /shops/myrospermum/a1r1u9n3d4i9f0e9r1o5u6s HTTP/1.1" 404 - "-" "Mozilla/5.0 (Linux; Android 6.0.1; Nexus 5X Build/MMB29P) AppleWebKit/537.36 (KHTML, like Gecko) Chrome/153.0.8010.47 Mobile Safari/537.36 (compatible; Googlebot/2.1; +http://www.google.com/bot.html)"
66.249.66.195 - - [19/Sep/2026:18:07:48 +0530] "GET /?goods/032038100 HTTP/1.1" 200 1838 "-" "Mozilla/5.0 (Linux; Android 6.0.1; Nexus 5X Build/MMB29P) AppleWebKit/537.36 (KHTML, like Gecko) Chrome/153.0.8010.47 Mobile Safari/537.36 (compatible; Googlebot/2.1; +http://www.google.com/bot.html)"
74.7.242.42 - - [19/Sep/2026:18:07:46 +0530] "GET /buy.php?detail/22904062625045 HTTP/2.0" 200 20807 "https://www.llprecharge.in/buy.php?detail/08001848026587" "Mozilla/5.0 AppleWebKit/537.36 (KHTML, like Gecko; compatible; GPTBot/1.4; +https://openai.com/gptbot)"
136.243.228.180 - - [19/Sep/2026:18:07:47 +0530] "GET /buy.php?special/051007449.html HTTP/1.1" 200 21687 "-" "Mozilla/5.0 (compatible; DataForSeoBot/1.0; +https://dataforseo.com/dataforseo-bot)"
74.7.243.193 - - [19/Sep/2026:18:07:46 +0530] "GET /buy.php?detail/11803513221495 HTTP/2.0" 200 20576 "https://llprecharge.in/buy.php?detail/11803429388943" "Mozilla/5.0 AppleWebKit/537.36 (KHTML, like Gecko; compatible; GPTBot/1.4; +https://openai.com/gptbot)"
74.7.242.42 - - [19/Sep/2026:18:07:49 +0530] "GET /buy.php?detail/09100205521030 HTTP/2.0" 200 20581 "https://www.llprecharge.in/buy.php?goods/091001842" "Mozilla/5.0 AppleWebKit/537.36 (KHTML, like Gecko; compatible; GPTBot/1.4; +https://openai.com/gptbot)"
74.7.243.193 - - [19/Sep/2026:18:07:50 +0530] "GET /buy.php?detail/13104480112977 HTTP/2.0" 200 21271 "https://llprecharge.in/buy.php?detail/13104669663369" "Mozilla/5.0 AppleWebKit/537.36 (KHTML, like Gecko; compatible; GPTBot/1.4; +https://openai.com/gptbot)"
65.21.113.253 - - [19/Sep/2026:18:07:49 +0530] "GET /buy.php?category/100_493_645/1 HTTP/1.1" 200 123406 "-" "Mozilla/5.0 (compatible; AwarioBot/1.0; +https://awario.com/bots.html)"
74.7.242.42 - - [19/Sep/2026:18:07:52 +0530] "GET /buy.php?detail/14300446410719 HTTP/2.0" 200 22264 "https://www.llprecharge.in/buy.php?detail/14300459512458" "Mozilla/5.0 AppleWebKit/537.36 (KHTML, like Gecko; compatible; GPTBot/1.4; +https://openai.com/gptbot)"
136.243.228.180 - - [19/Sep/2026:18:07:51 +0530] "GET /buy.php?special/262008904.html HTTP/1.1" 200 21985 "-" "Mozilla/5.0 (compatible; DataForSeoBot/1.0; +https://dataforseo.com/dataforseo-bot)"
74.7.242.42 - - [19/Sep/2026:18:07:54 +0530] "GET /buy.php?detail/24503452715360 HTTP/2.0" 200 21614 "https://www.llprecharge.in/buy.php?detail/05001191974365" "Mozilla/5.0 AppleWebKit/537.36 (KHTML, like Gecko; compatible; GPTBot/1.4; +https://openai.com/gptbot)"
74.7.243.193 - - [19/Sep/2026:18:07:52 +0530] "GET /buy.php?detail/16600656313798 HTTP/2.0" 200 21780 "https://llprecharge.in/buy.php?detail/16602025123366" "Mozilla/5.0 AppleWebKit/537.36 (KHTML, like Gecko; compatible; GPTBot/1.4; +https://openai.com/gptbot)"
