74.7.242.42 - - [19/Sep/2026:18:44:03 +0530] "GET /buy.php?detail/02604694682710 HTTP/2.0" 200 20801 "https://www.llprecharge.in/buy.php?detail/17500654004205" "Mozilla/5.0 AppleWebKit/537.36 (KHTML, like Gecko; compatible; GPTBot/1.4; +https://openai.com/gptbot)"
74.7.243.193 - - [19/Sep/2026:18:44:05 +0530] "GET /buy.php?detail/29903192325449 HTTP/2.0" 200 22589 "https://llprecharge.in/buy.php?detail/29903453646963" "Mozilla/5.0 AppleWebKit/537.36 (KHTML, like Gecko; compatible; GPTBot/1.4; +https://openai.com/gptbot)"
65.21.113.253 - - [19/Sep/2026:18:44:05 +0530] "GET /buy.php?category/138_1031/1 HTTP/1.1" 200 138819 "-" "Mozilla/5.0 (compatible; AwarioBot/1.0; +https://awario.com/bots.html)"
136.243.228.180 - - [19/Sep/2026:18:44:05 +0530] "GET /buy.php?special/009024407.html HTTP/1.1" 200 20726 "-" "Mozilla/5.0 (compatible; DataForSeoBot/1.0; +https://dataforseo.com/dataforseo-bot)"
74.7.242.42 - - [19/Sep/2026:18:44:05 +0530] "GET /buy.php?detail/17500944878138 HTTP/2.0" 200 21622 "https://www.llprecharge.in/buy.php?detail/17500654004205" "Mozilla/5.0 AppleWebKit/537.36 (KHTML, like Gecko; compatible; GPTBot/1.4; +https://openai.com/gptbot)"
74.7.243.193 - - [19/Sep/2026:18:44:07 +0530] "GET /buy.php?detail/20603958252242 HTTP/2.0" 200 22285 "https://llprecharge.in/buy.php?detail/14504961400000" "Mozilla/5.0 AppleWebKit/537.36 (KHTML, like Gecko; compatible; GPTBot/1.4; +https://openai.com/gptbot)"
74.7.242.42 - - [19/Sep/2026:18:44:08 +0530] "GET /buy.php?detail/19201877123034 HTTP/2.0" 200 21518 "https://www.llprecharge.in/buy.php?detail/17500651097914" "Mozilla/5.0 AppleWebKit/537.36 (KHTML, like Gecko; compatible; GPTBot/1.4; +https://openai.com/gptbot)"
136.243.228.180 - - [19/Sep/2026:18:44:09 +0530] "GET /buy.php?special/031033991.html HTTP/1.1" 200 21088 "-" "Mozilla/5.0 (compatible; DataForSeoBot/1.0; +https://dataforseo.com/dataforseo-bot)"
74.7.243.193 - - [19/Sep/2026:18:44:09 +0530] "GET /buy.php?detail/29903191596554 HTTP/2.0" 200 22282 "https://llprecharge.in/buy.php?detail/29903453646963" "Mozilla/5.0 AppleWebKit/537.36 (KHTML, like Gecko; compatible; GPTBot/1.4; +https://openai.com/gptbot)"
65.21.113.253 - - [19/Sep/2026:18:44:10 +0530] "GET /buy.php?category/138_1219/1 HTTP/1.1" 200 142576 "-" "Mozilla/5.0 (compatible; AwarioBot/1.0; +https://awario.com/bots.html)"
66.249.66.195 - - [19/Sep/2026:18:44:13 +0530] "GET /?menticirrus/03574929275 HTTP/1.1" 200 1838 "-" "Mozilla/5.0 (Linux; Android 6.0.1; Nexus 5X Build/MMB29P) AppleWebKit/537.36 (KHTML, like Gecko) Chrome/153.0.8010.47 Mobile Safari/537.36 (compatible; Googlebot/2.1; +http://www.google.com/bot.html)"
74.7.242.42 - - [19/Sep/2026:18:44:11 +0530] "GET /buy.php?detail/27401788236311 HTTP/2.0" 200 22563 "https://www.llprecharge.in/buy.php?detail/16202950569298" "Mozilla/5.0 AppleWebKit/537.36 (KHTML, like Gecko; compatible; GPTBot/1.4; +https://openai.com/gptbot)"
66.249.66.68 - - [19/Sep/2026:18:44:13 +0530] "GET /?e=f0r1a0n1k4l4i5n7i8c68 HTTP/1.1" 200 1838 "-" "Mozilla/5.0 (Linux; Android 6.0.1; Nexus 5X Build/MMB29P) AppleWebKit/537.36 (KHTML, like Gecko) Chrome/153.0.8010.47 Mobile Safari/537.36 (compatible; Googlebot/2.1; +http://www.google.com/bot.html)"
74.7.243.193 - - [19/Sep/2026:18:44:12 +0530] "GET /buy.php?detail/24503590428415 HTTP/2.0" 200 20079 "https://llprecharge.in/buy.php?detail/05303475769742" "Mozilla/5.0 AppleWebKit/537.36 (KHTML, like Gecko; compatible; GPTBot/1.4; +https://openai.com/gptbot)"
66.249.66.195 - - [19/Sep/2026:18:44:14 +0530] "GET /cgi-bin.php?item/7085134710 HTTP/1.1" 404 20 "-" "Mozilla/5.0 (Linux; Android 6.0.1; Nexus 5X Build/MMB29P) AppleWebKit/537.36 (KHTML, like Gecko) Chrome/153.0.8010.47 Mobile Safari/537.36 (compatible; Googlebot/2.1; +http://www.google.com/bot.html)"
74.7.242.42 - - [19/Sep/2026:18:44:13 +0530] "GET /buy.php?detail/15801199425133 HTTP/2.0" 200 20755 "https://www.llprecharge.in/buy.php?goods/030031465" "Mozilla/5.0 AppleWebKit/537.36 (KHTML, like Gecko; compatible; GPTBot/1.4; +https://openai.com/gptbot)"
74.7.243.193 - - [19/Sep/2026:18:44:14 +0530] "GET /buy.php?detail/15502188951920 HTTP/2.0" 200 20485 "https://llprecharge.in/buy.php?detail/27904160905471" "Mozilla/5.0 AppleWebKit/537.36 (KHTML, like Gecko; compatible; GPTBot/1.4; +https://openai.com/gptbot)"
136.243.228.180 - - [19/Sep/2026:18:44:14 +0530] "GET /buy.php?special/031033981.html HTTP/1.1" 200 20493 "-" "Mozilla/5.0 (compatible; DataForSeoBot/1.0; +https://dataforseo.com/dataforseo-bot)"
65.21.113.253 - - [19/Sep/2026:18:44:15 +0530] "GET /buy.php?category/138_1219_1220/1 HTTP/1.1" 200 125248 "-" "Mozilla/5.0 (compatible; AwarioBot/1.0; +https://awario.com/bots.html)"
74.7.242.42 - - [19/Sep/2026:18:44:15 +0530] "GET /buy.php?detail/11401635527864 HTTP/2.0" 200 22233 "https://www.llprecharge.in/buy.php?detail/11401209805243" "Mozilla/5.0 AppleWebKit/537.36 (KHTML, like Gecko; compatible; GPTBot/1.4; +https://openai.com/gptbot)"
74.7.243.193 - - [19/Sep/2026:18:44:16 +0530] "GET /buy.php?detail/27800820545956 HTTP/2.0" 200 20250 "https://llprecharge.in/buy.php?detail/27800608171755" "Mozilla/5.0 AppleWebKit/537.36 (KHTML, like Gecko; compatible; GPTBot/1.4; +https://openai.com/gptbot)"
136.243.228.180 - - [19/Sep/2026:18:44:18 +0530] "GET /buy.php?category/224_225_226/1 HTTP/1.1" 200 21566 "-" "Mozilla/5.0 (compatible; DataForSeoBot/1.0; +https://dataforseo.com/dataforseo-bot)"
74.7.242.42 - - [19/Sep/2026:18:44:18 +0530] "GET /buy.php?detail/11403415384621 HTTP/2.0" 200 20852 "https://www.llprecharge.in/buy.php?detail/11404132588544" "Mozilla/5.0 AppleWebKit/537.36 (KHTML, like Gecko; compatible; GPTBot/1.4; +https://openai.com/gptbot)"
66.249.66.33 - - [19/Sep/2026:18:44:20 +0530] "GET /?manipulate/92401616771 HTTP/1.1" 200 1838 "-" "Mozilla/5.0 (Linux; Android 6.0.1; Nexus 5X Build/MMB29P) AppleWebKit/537.36 (KHTML, like Gecko) Chrome/153.0.8010.47 Mobile Safari/537.36 (compatible; Googlebot/2.1; +http://www.google.com/bot.html)"
74.7.243.193 - - [19/Sep/2026:18:44:19 +0530] "GET /buy.php?detail/17201749440204 HTTP/2.0" 200 20799 "https://llprecharge.in/buy.php?detail/17201869411699" "Mozilla/5.0 AppleWebKit/537.36 (KHTML, like Gecko; compatible; GPTBot/1.4; +https://openai.com/gptbot)"
74.7.242.42 - - [19/Sep/2026:18:44:20 +0530] "GET /buy.php?detail/16700044137786 HTTP/2.0" 200 20273 "https://www.llprecharge.in/buy.php?detail/16700059187997" "Mozilla/5.0 AppleWebKit/537.36 (KHTML, like Gecko; compatible; GPTBot/1.4; +https://openai.com/gptbot)"
66.249.66.33 - - [19/Sep/2026:18:44:23 +0530] "GET /?e=c7h2r4o1m6a6t8i7n720 HTTP/1.1" 200 1838 "-" "Mozilla/5.0 (Linux; Android 6.0.1; Nexus 5X Build/MMB29P) AppleWebKit/537.36 (KHTML, like Gecko) Chrome/153.0.8010.47 Mobile Safari/537.36 (compatible; Googlebot/2.1; +http://www.google.com/bot.html)"
74.7.243.193 - - [19/Sep/2026:18:44:22 +0530] "GET /buy.php?detail/00903688105878 HTTP/2.0" 200 20639 "https://llprecharge.in/buy.php?detail/17201869411699" "Mozilla/5.0 AppleWebKit/537.36 (KHTML, like Gecko; compatible; GPTBot/1.4; +https://openai.com/gptbot)"
136.243.228.180 - - [19/Sep/2026:18:44:21 +0530] "GET /buy.php?special/031033979.html HTTP/1.1" 200 20474 "-" "Mozilla/5.0 (compatible; DataForSeoBot/1.0; +https://dataforseo.com/dataforseo-bot)"
74.7.242.42 - - [19/Sep/2026:18:44:23 +0530] "GET /buy.php?detail/16203000567085 HTTP/2.0" 200 20652 "https://www.llprecharge.in/buy.php?detail/162028657721" "Mozilla/5.0 AppleWebKit/537.36 (KHTML, like Gecko; compatible; GPTBot/1.4; +https://openai.com/gptbot)"
74.7.243.193 - - [19/Sep/2026:18:44:24 +0530] "GET /buy.php?detail/14504728161551 HTTP/2.0" 200 20517 "https://llprecharge.in/buy.php?detail/14504774096911" "Mozilla/5.0 AppleWebKit/537.36 (KHTML, like Gecko; compatible; GPTBot/1.4; +https://openai.com/gptbot)"
65.21.113.253 - - [19/Sep/2026:18:44:25 +0530] "GET /buy.php?category/138_1219_1540/1 HTTP/1.1" 200 120707 "-" "Mozilla/5.0 (compatible; AwarioBot/1.0; +https://awario.com/bots.html)"
66.249.66.195 - - [19/Sep/2026:18:44:28 +0530] "GET /?birth/81448877347 HTTP/1.1" 200 1838 "-" "Mozilla/5.0 (Linux; Android 6.0.1; Nexus 5X Build/MMB29P) AppleWebKit/537.36 (KHTML, like Gecko) Chrome/153.0.8010.47 Mobile Safari/537.36 (compatible; Googlebot/2.1; +http://www.google.com/bot.html)"
74.7.242.42 - - [19/Sep/2026:18:44:25 +0530] "GET /buy.php?detail/01903280951010 HTTP/2.0" 200 20027 "https://www.llprecharge.in/buy.php?detail/162028657721" "Mozilla/5.0 AppleWebKit/537.36 (KHTML, like Gecko; compatible; GPTBot/1.4; +https://openai.com/gptbot)"
66.249.66.33 - - [19/Sep/2026:18:44:28 +0530] "GET /?counterbrace/92267260216 HTTP/1.1" 200 1838 "-" "Mozilla/5.0 (Linux; Android 6.0.1; Nexus 5X Build/MMB29P) AppleWebKit/537.36 (KHTML, like Gecko) Chrome/153.0.8010.47 Mobile Safari/537.36 (compatible; Googlebot/2.1; +http://www.google.com/bot.html)"
136.243.228.180 - - [19/Sep/2026:18:44:26 +0530] "GET /buy.php?special/031033983.html HTTP/1.1" 200 20071 "-" "Mozilla/5.0 (compatible; DataForSeoBot/1.0; +https://dataforseo.com/dataforseo-bot)"
66.249.66.33 - - [19/Sep/2026:18:44:29 +0530] "GET /?brigaded/53639509520 HTTP/1.1" 200 1838 "-" "Mozilla/5.0 (Linux; Android 6.0.1; Nexus 5X Build/MMB29P) AppleWebKit/537.36 (KHTML, like Gecko) Chrome/153.0.8010.47 Mobile Safari/537.36 (compatible; Googlebot/2.1; +http://www.google.com/bot.html)"
74.7.243.193 - - [19/Sep/2026:18:44:28 +0530] "GET /buy.php?detail/08704880253760 HTTP/2.0" 200 22810 "https://llprecharge.in/buy.php?detail/14504774096911" "Mozilla/5.0 AppleWebKit/537.36 (KHTML, like Gecko; compatible; GPTBot/1.4; +https://openai.com/gptbot)"
74.7.242.42 - - [19/Sep/2026:18:44:29 +0530] "GET /buy.php?detail/13602424817460 HTTP/2.0" 200 22700 "https://www.llprecharge.in/buy.php?detail/13602098066026" "Mozilla/5.0 AppleWebKit/537.36 (KHTML, like Gecko; compatible; GPTBot/1.4; +https://openai.com/gptbot)"
65.21.113.253 - - [19/Sep/2026:18:44:30 +0530] "GET /buy.php?category/138_1219_4311/1 HTTP/1.1" 200 138127 "-" "Mozilla/5.0 (compatible; AwarioBot/1.0; +https://awario.com/bots.html)"
74.7.243.193 - - [19/Sep/2026:18:44:31 +0530] "GET /buy.php?detail/14102241597827 HTTP/2.0" 200 21720 "https://llprecharge.in/buy.php?detail/29900308533048" "Mozilla/5.0 AppleWebKit/537.36 (KHTML, like Gecko; compatible; GPTBot/1.4; +https://openai.com/gptbot)"
136.243.228.180 - - [19/Sep/2026:18:44:30 +0530] "GET /buy.php?special/031033993.html HTTP/1.1" 200 20221 "-" "Mozilla/5.0 (compatible; DataForSeoBot/1.0; +https://dataforseo.com/dataforseo-bot)"
103.121.172.14 - - [19/Sep/2026:18:44:34 +0530] "GET /wp_blog_footer.php?path=/proc/3097352 HTTP/1.1" 200 8385 "https://llprecharge.in/wp_blog_footer.php?path=//proc" "Mozilla/5.0 (Linux; Android 15; OPPO PCLM4) AppleWebKit/537.36 (KHTML, like Gecko) Chrome/148.0.5441.57 Mobile Safari/537.36 MicroMessenger/8.0.30(0x18001B3F) NetType/WIFI Language/zh_CN"
74.7.242.42 - - [19/Sep/2026:18:44:32 +0530] "GET /buy.php?goods/289012322 HTTP/2.0" 200 20526 "https://www.llprecharge.in/buy.php?detail/02604694682710" "Mozilla/5.0 AppleWebKit/537.36 (KHTML, like Gecko; compatible; GPTBot/1.4; +https://openai.com/gptbot)"
74.7.243.193 - - [19/Sep/2026:18:44:33 +0530] "GET /buy.php?detail/20703021477591 HTTP/2.0" 200 20485 "https://llprecharge.in/buy.php?detail/14901394991430" "Mozilla/5.0 AppleWebKit/537.36 (KHTML, like Gecko; compatible; GPTBot/1.4; +https://openai.com/gptbot)"
136.243.228.180 - - [19/Sep/2026:18:44:34 +0530] "GET /buy.php?category/224_225/1 HTTP/1.1" 200 22874 "-" "Mozilla/5.0 (compatible; DataForSeoBot/1.0; +https://dataforseo.com/dataforseo-bot)"
74.7.242.42 - - [19/Sep/2026:18:44:36 +0530] "GET /buy.php?detail/02604655586865 HTTP/2.0" 200 20098 "https://www.llprecharge.in/buy.php?detail/02604694682710" "Mozilla/5.0 AppleWebKit/537.36 (KHTML, like Gecko; compatible; GPTBot/1.4; +https://openai.com/gptbot)"
74.7.243.193 - - [19/Sep/2026:18:44:36 +0530] "GET /buy.php?detail/05902140320215 HTTP/2.0" 200 20615 "https://llprecharge.in/buy.php?detail/20603958252242" "Mozilla/5.0 AppleWebKit/537.36 (KHTML, like Gecko; compatible; GPTBot/1.4; +https://openai.com/gptbot)"
74.7.243.193 - - [19/Sep/2026:18:44:38 +0530] "GET /buy.php?detail/28800643994906 HTTP/2.0" 200 21537 "https://llprecharge.in/buy.php?detail/29903191596554" "Mozilla/5.0 AppleWebKit/537.36 (KHTML, like Gecko; compatible; GPTBot/1.4; +https://openai.com/gptbot)"
74.7.242.42 - - [19/Sep/2026:18:44:38 +0530] "GET /buy.php?detail/16203001176485 HTTP/2.0" 200 20366 "https://www.llprecharge.in/buy.php?detail/162028657721" "Mozilla/5.0 AppleWebKit/537.36 (KHTML, like Gecko; compatible; GPTBot/1.4; +https://openai.com/gptbot)"
136.243.228.180 - - [19/Sep/2026:18:44:39 +0530] "GET /buy.php?special/031033977.html HTTP/1.1" 200 20345 "-" "Mozilla/5.0 (compatible; DataForSeoBot/1.0; +https://dataforseo.com/dataforseo-bot)"
65.21.113.253 - - [19/Sep/2026:18:44:39 +0530] "GET /buy.php?category/138_1634/1 HTTP/1.1" 200 121173 "-" "Mozilla/5.0 (compatible; AwarioBot/1.0; +https://awario.com/bots.html)"
74.7.243.193 - - [19/Sep/2026:18:44:41 +0530] "GET /buy.php?detail/24503603537813 HTTP/2.0" 200 20009 "https://llprecharge.in/buy.php?detail/24503590428415" "Mozilla/5.0 AppleWebKit/537.36 (KHTML, like Gecko; compatible; GPTBot/1.4; +https://openai.com/gptbot)"
66.249.66.195 - - [19/Sep/2026:18:44:45 +0530] "GET /?e=m4a2n2t5u3a759183 HTTP/1.1" 200 1838 "-" "Mozilla/5.0 (Linux; Android 6.0.1; Nexus 5X Build/MMB29P) AppleWebKit/537.36 (KHTML, like Gecko) Chrome/153.0.8010.47 Mobile Safari/537.36 (compatible; Googlebot/2.1; +http://www.google.com/bot.html)"
136.243.228.180 - - [19/Sep/2026:18:44:43 +0530] "GET /buy.php?special/230022818.html HTTP/1.1" 200 21310 "-" "Mozilla/5.0 (compatible; DataForSeoBot/1.0; +https://dataforseo.com/dataforseo-bot)"
66.249.66.67 - - [19/Sep/2026:18:44:46 +0530] "GET /?warier/92731121311 HTTP/1.1" 200 1838 "-" "Mozilla/5.0 (Linux; Android 6.0.1; Nexus 5X Build/MMB29P) AppleWebKit/537.36 (KHTML, like Gecko) Chrome/153.0.8010.47 Mobile Safari/537.36 (compatible; Googlebot/2.1; +http://www.google.com/bot.html)"
74.7.242.42 - - [19/Sep/2026:18:44:42 +0530] "GET /buy.php?detail/19703421657911 HTTP/2.0" 200 20951 "https://www.llprecharge.in/buy.php?detail/16202865108788" "Mozilla/5.0 AppleWebKit/537.36 (KHTML, like Gecko; compatible; GPTBot/1.4; +https://openai.com/gptbot)"
65.21.113.253 - - [19/Sep/2026:18:44:45 +0530] "GET /buy.php?category/138_1634_1635/1 HTTP/1.1" 200 122968 "-" "Mozilla/5.0 (compatible; AwarioBot/1.0; +https://awario.com/bots.html)"
74.7.243.193 - - [19/Sep/2026:18:44:45 +0530] "GET /buy.php?detail/29903969945897 HTTP/2.0" 200 22381 "https://llprecharge.in/buy.php?detail/29903191596554" "Mozilla/5.0 AppleWebKit/537.36 (KHTML, like Gecko; compatible; GPTBot/1.4; +https://openai.com/gptbot)"
74.7.242.42 - - [19/Sep/2026:18:44:46 +0530] "GET /buy.php?detail/17502148731889 HTTP/2.0" 200 20215 "https://www.llprecharge.in/buy.php?detail/162028657721" "Mozilla/5.0 AppleWebKit/537.36 (KHTML, like Gecko; compatible; GPTBot/1.4; +https://openai.com/gptbot)"
136.243.228.180 - - [19/Sep/2026:18:44:48 +0530] "GET /buy.php?jp/094016213.html HTTP/1.1" 200 21078 "-" "Mozilla/5.0 (compatible; DataForSeoBot/1.0; +https://dataforseo.com/dataforseo-bot)"
74.7.243.193 - - [19/Sep/2026:18:44:48 +0530] "GET /buy.php?detail/27800303225486 HTTP/2.0" 200 20239 "https://llprecharge.in/buy.php?detail/27800820545956" "Mozilla/5.0 AppleWebKit/537.36 (KHTML, like Gecko; compatible; GPTBot/1.4; +https://openai.com/gptbot)"
74.7.242.42 - - [19/Sep/2026:18:44:49 +0530] "GET /buy.php?detail/02604655639321 HTTP/2.0" 200 20328 "https://www.llprecharge.in/buy.php?detail/02604694682710" "Mozilla/5.0 AppleWebKit/537.36 (KHTML, like Gecko; compatible; GPTBot/1.4; +https://openai.com/gptbot)"
66.249.66.67 - - [19/Sep/2026:18:44:53 +0530] "GET /?oxygenic/12053465494 HTTP/1.1" 200 1838 "-" "Mozilla/5.0 (Linux; Android 6.0.1; Nexus 5X Build/MMB29P) AppleWebKit/537.36 (KHTML, like Gecko) Chrome/153.0.8010.47 Mobile Safari/537.36 (compatible; Googlebot/2.1; +http://www.google.com/bot.html)"
136.243.228.180 - - [19/Sep/2026:18:44:51 +0530] "GET /buy.php?jp/267024144.html HTTP/1.1" 200 21450 "-" "Mozilla/5.0 (compatible; DataForSeoBot/1.0; +https://dataforseo.com/dataforseo-bot)"
74.7.242.42 - - [19/Sep/2026:18:44:52 +0530] "GET /buy.php?detail/11403571723389 HTTP/2.0" 200 20413 "https://www.llprecharge.in/buy.php?detail/11403415384621" "Mozilla/5.0 AppleWebKit/537.36 (KHTML, like Gecko; compatible; GPTBot/1.4; +https://openai.com/gptbot)"
74.7.243.193 - - [19/Sep/2026:18:44:51 +0530] "GET /buy.php?detail/27200709275389 HTTP/2.0" 200 20939 "https://llprecharge.in/buy.php?detail/17201749440204" "Mozilla/5.0 AppleWebKit/537.36 (KHTML, like Gecko; compatible; GPTBot/1.4; +https://openai.com/gptbot)"
74.7.243.193 - - [19/Sep/2026:18:44:54 +0530] "GET /buy.php?goods/009032441 HTTP/2.0" 200 20964 "https://llprecharge.in/buy.php?detail/00903688105878" "Mozilla/5.0 AppleWebKit/537.36 (KHTML, like Gecko; compatible; GPTBot/1.4; +https://openai.com/gptbot)"
74.7.242.42 - - [19/Sep/2026:18:44:54 +0530] "GET /buy.php?detail/19201868112152 HTTP/2.0" 200 21329 "https://www.llprecharge.in/buy.php?detail/19201877123034" "Mozilla/5.0 AppleWebKit/537.36 (KHTML, like Gecko; compatible; GPTBot/1.4; +https://openai.com/gptbot)"
66.249.66.33 - - [19/Sep/2026:18:44:56 +0530] "GET /?e=h9e3b4e9t5a9t4i9o3n82 HTTP/1.1" 200 1838 "-" "Mozilla/5.0 (Linux; Android 6.0.1; Nexus 5X Build/MMB29P) AppleWebKit/537.36 (KHTML, like Gecko) Chrome/153.0.8010.47 Mobile Safari/537.36 (compatible; Googlebot/2.1; +http://www.google.com/bot.html)"
136.243.228.180 - - [19/Sep/2026:18:44:55 +0530] "GET /buy.php?special/267024137.html HTTP/1.1" 200 21675 "-" "Mozilla/5.0 (compatible; DataForSeoBot/1.0; +https://dataforseo.com/dataforseo-bot)"
66.249.66.195 - - [19/Sep/2026:18:44:57 +0530] "GET /shops/mittened/a7r3s9c4h7i0n68907 HTTP/1.1" 404 - "-" "Mozilla/5.0 (Linux; Android 6.0.1; Nexus 5X Build/MMB29P) AppleWebKit/537.36 (KHTML, like Gecko) Chrome/153.0.8010.47 Mobile Safari/537.36 (compatible; Googlebot/2.1; +http://www.google.com/bot.html)"
66.249.66.67 - - [19/Sep/2026:18:44:58 +0530] "GET /?e=h3e2b3d3o5m8a5t3i9c1a4l HTTP/1.1" 200 1838 "-" "Mozilla/5.0 (Linux; Android 6.0.1; Nexus 5X Build/MMB29P) AppleWebKit/537.36 (KHTML, like Gecko) Chrome/153.0.8010.47 Mobile Safari/537.36 (compatible; Googlebot/2.1; +http://www.google.com/bot.html)"
66.249.66.195 - - [19/Sep/2026:18:44:58 +0530] "GET /?e=a4n3t7h0e7r7i2d2i2a04 HTTP/1.1" 200 1838 "-" "Mozilla/5.0 (Linux; Android 6.0.1; Nexus 5X Build/MMB29P) AppleWebKit/537.36 (KHTML, like Gecko) Chrome/153.0.8010.47 Mobile Safari/537.36 (compatible; Googlebot/2.1; +http://www.google.com/bot.html)"
65.21.113.253 - - [19/Sep/2026:18:44:56 +0530] "GET /buy.php?category/138_1634_1635_1636/1 HTTP/1.1" 200 130037 "-" "Mozilla/5.0 (compatible; AwarioBot/1.0; +https://awario.com/bots.html)"
74.7.242.42 - - [19/Sep/2026:18:44:57 +0530] "GET /buy.php?jp/162022170.html HTTP/2.0" 200 20475 "https://www.llprecharge.in/buy.php?detail/16203000567085" "Mozilla/5.0 AppleWebKit/537.36 (KHTML, like Gecko; compatible; GPTBot/1.4; +https://openai.com/gptbot)"
136.243.228.180 - - [19/Sep/2026:18:44:59 +0530] "GET /buy.php?special/047044657.html HTTP/1.1" 200 22056 "-" "Mozilla/5.0 (compatible; DataForSeoBot/1.0; +https://dataforseo.com/dataforseo-bot)"
74.7.243.193 - - [19/Sep/2026:18:44:57 +0530] "GET /buy.php?detail/29903971451677 HTTP/2.0" 200 22342 "https://llprecharge.in/buy.php?detail/29903191596554" "Mozilla/5.0 AppleWebKit/537.36 (KHTML, like Gecko; compatible; GPTBot/1.4; +https://openai.com/gptbot)"
66.249.66.34 - - [19/Sep/2026:18:45:04 +0530] "GET /?bacillar/21899733758 HTTP/1.1" 200 1838 "-" "Mozilla/5.0 (Linux; Android 6.0.1; Nexus 5X Build/MMB29P) AppleWebKit/537.36 (KHTML, like Gecko) Chrome/153.0.8010.47 Mobile Safari/537.36 (compatible; Googlebot/2.1; +http://www.google.com/bot.html)"
74.7.242.42 - - [19/Sep/2026:18:45:01 +0530] "GET /buy.php?detail/16202217438125 HTTP/2.0" 200 21332 "https://www.llprecharge.in/buy.php?detail/16203000567085" "Mozilla/5.0 AppleWebKit/537.36 (KHTML, like Gecko; compatible; GPTBot/1.4; +https://openai.com/gptbot)"
66.249.66.33 - - [19/Sep/2026:18:45:04 +0530] "GET /?cynocrambe/34084107622 HTTP/1.1" 200 1838 "-" "Mozilla/5.0 (Linux; Android 6.0.1; Nexus 5X Build/MMB29P) AppleWebKit/537.36 (KHTML, like Gecko) Chrome/153.0.8010.47 Mobile Safari/537.36 (compatible; Googlebot/2.1; +http://www.google.com/bot.html)"
65.21.113.253 - - [19/Sep/2026:18:45:02 +0530] "GET /buy.php?category/138_1634_3284/1 HTTP/1.1" 200 119780 "-" "Mozilla/5.0 (compatible; AwarioBot/1.0; +https://awario.com/bots.html)"
74.7.243.193 - - [19/Sep/2026:18:45:03 +0530] "GET /buy.php?detail/00903243810419 HTTP/2.0" 200 21894 "https://llprecharge.in/buy.php?detail/00903688105878" "Mozilla/5.0 AppleWebKit/537.36 (KHTML, like Gecko; compatible; GPTBot/1.4; +https://openai.com/gptbot)"
136.243.228.180 - - [19/Sep/2026:18:45:04 +0530] "GET /buy.php?goods/267030264 HTTP/1.1" 200 22470 "-" "Mozilla/5.0 (compatible; DataForSeoBot/1.0; +https://dataforseo.com/dataforseo-bot)"
74.7.242.42 - - [19/Sep/2026:18:45:04 +0530] "GET /buy.php?detail/13602480698368 HTTP/2.0" 200 23032 "https://www.llprecharge.in/buy.php?detail/13602424817460" "Mozilla/5.0 AppleWebKit/537.36 (KHTML, like Gecko; compatible; GPTBot/1.4; +https://openai.com/gptbot)"
74.7.243.193 - - [19/Sep/2026:18:45:06 +0530] "GET /buy.php?detail/24503601881008 HTTP/2.0" 200 20019 "https://llprecharge.in/buy.php?detail/24503590428415" "Mozilla/5.0 AppleWebKit/537.36 (KHTML, like Gecko; compatible; GPTBot/1.4; +https://openai.com/gptbot)"
65.21.113.253 - - [19/Sep/2026:18:45:07 +0530] "GET /buy.php?category/138_1634_3284_4772/1 HTTP/1.1" 200 120111 "-" "Mozilla/5.0 (compatible; AwarioBot/1.0; +https://awario.com/bots.html)"
74.7.242.42 - - [19/Sep/2026:18:45:07 +0530] "GET /buy.php?detail/13701787715369 HTTP/2.0" 200 20390 "https://www.llprecharge.in/buy.php?detail/17500944878138" "Mozilla/5.0 AppleWebKit/537.36 (KHTML, like Gecko; compatible; GPTBot/1.4; +https://openai.com/gptbot)"
136.243.228.180 - - [19/Sep/2026:18:45:08 +0530] "GET /buy.php?special/267030267.html HTTP/1.1" 200 21608 "-" "Mozilla/5.0 (compatible; DataForSeoBot/1.0; +https://dataforseo.com/dataforseo-bot)"
74.7.242.42 - - [19/Sep/2026:18:45:09 +0530] "GET /buy.php?detail/02604796845029 HTTP/2.0" 200 20477 "https://www.llprecharge.in/buy.php?detail/02604655586865" "Mozilla/5.0 AppleWebKit/537.36 (KHTML, like Gecko; compatible; GPTBot/1.4; +https://openai.com/gptbot)"
65.21.113.253 - - [19/Sep/2026:18:45:11 +0530] "GET /robots.txt HTTP/1.1" 200 368 "-" "Mozilla/5.0 (compatible; AwarioBot/1.0; +https://awario.com/bots.html)"
74.7.243.193 - - [19/Sep/2026:18:45:09 +0530] "GET /buy.php?detail/24503599613193 HTTP/2.0" 200 20018 "https://llprecharge.in/buy.php?detail/24503590428415" "Mozilla/5.0 AppleWebKit/537.36 (KHTML, like Gecko; compatible; GPTBot/1.4; +https://openai.com/gptbot)"
65.21.113.253 - - [19/Sep/2026:18:45:12 +0530] "GET /buy.php?category/138_1634_3284_5178/1 HTTP/1.1" 200 122144 "-" "Mozilla/5.0 (compatible; AwarioBot/1.0; +https://awario.com/bots.html)"
136.243.228.180 - - [19/Sep/2026:18:45:12 +0530] "GET /buy.php?category/420_1679/1 HTTP/1.1" 200 22311 "-" "Mozilla/5.0 (compatible; DataForSeoBot/1.0; +https://dataforseo.com/dataforseo-bot)"
74.7.242.42 - - [19/Sep/2026:18:45:12 +0530] "GET /buy.php?detail/16202979730862 HTTP/2.0" 200 20423 "https://www.llprecharge.in/buy.php?detail/16203001176485" "Mozilla/5.0 AppleWebKit/537.36 (KHTML, like Gecko; compatible; GPTBot/1.4; +https://openai.com/gptbot)"
74.7.243.193 - - [19/Sep/2026:18:45:12 +0530] "GET /buy.php?detail/13903092339029 HTTP/2.0" 200 21151 "https://llprecharge.in/buy.php?detail/28804760459307" "Mozilla/5.0 AppleWebKit/537.36 (KHTML, like Gecko; compatible; GPTBot/1.4; +https://openai.com/gptbot)"
74.7.242.42 - - [19/Sep/2026:18:45:14 +0530] "GET /buy.php?detail/19703914978870 HTTP/2.0" 200 21816 "https://www.llprecharge.in/buy.php?detail/19703421657911" "Mozilla/5.0 AppleWebKit/537.36 (KHTML, like Gecko; compatible; GPTBot/1.4; +https://openai.com/gptbot)"
66.249.66.196 - - [19/Sep/2026:18:45:17 +0530] "GET /?prodigiously/13253116024 HTTP/1.1" 200 1838 "-" "Mozilla/5.0 (Linux; Android 6.0.1; Nexus 5X Build/MMB29P) AppleWebKit/537.36 (KHTML, like Gecko) Chrome/153.0.8010.47 Mobile Safari/537.36 (compatible; Googlebot/2.1; +http://www.google.com/bot.html)"
74.7.243.193 - - [19/Sep/2026:18:45:15 +0530] "GET /buy.php?detail/23703947344567 HTTP/2.0" 200 20355 "https://llprecharge.in/buy.php?detail/27904180722688" "Mozilla/5.0 AppleWebKit/537.36 (KHTML, like Gecko; compatible; GPTBot/1.4; +https://openai.com/gptbot)"
136.243.228.180 - - [19/Sep/2026:18:45:16 +0530] "GET /buy.php?detail/251001956262 HTTP/1.1" 200 21150 "-" "Mozilla/5.0 (compatible; DataForSeoBot/1.0; +https://dataforseo.com/dataforseo-bot)"
65.21.113.253 - - [19/Sep/2026:18:45:17 +0530] "GET /buy.php?category/138_1634_5071/1 HTTP/1.1" 200 135763 "-" "Mozilla/5.0 (compatible; AwarioBot/1.0; +https://awario.com/bots.html)"
74.7.242.42 - - [19/Sep/2026:18:45:17 +0530] "GET /buy.php?detail/16102947424506 HTTP/2.0" 200 20544 "https://www.llprecharge.in/buy.php?detail/17502148731889" "Mozilla/5.0 AppleWebKit/537.36 (KHTML, like Gecko; compatible; GPTBot/1.4; +https://openai.com/gptbot)"
74.7.243.193 - - [19/Sep/2026:18:45:17 +0530] "GET /buy.php?detail/24503632289602 HTTP/2.0" 200 21517 "https://llprecharge.in/buy.php?detail/24503832350187" "Mozilla/5.0 AppleWebKit/537.36 (KHTML, like Gecko; compatible; GPTBot/1.4; +https://openai.com/gptbot)"
136.243.228.180 - - [19/Sep/2026:18:45:19 +0530] "GET /buy.php?special/179020203.html HTTP/1.1" 200 20360 "-" "Mozilla/5.0 (compatible; DataForSeoBot/1.0; +https://dataforseo.com/dataforseo-bot)"
74.7.242.42 - - [19/Sep/2026:18:45:20 +0530] "GET /buy.php?detail/07801703649338 HTTP/2.0" 200 20136 "https://www.llprecharge.in/buy.php?detail/15801199425133" "Mozilla/5.0 AppleWebKit/537.36 (KHTML, like Gecko; compatible; GPTBot/1.4; +https://openai.com/gptbot)"
74.7.243.193 - - [19/Sep/2026:18:45:20 +0530] "GET /buy.php?detail/00502081354829 HTTP/2.0" 200 21011 "https://llprecharge.in/buy.php?detail/00502273817137" "Mozilla/5.0 AppleWebKit/537.36 (KHTML, like Gecko; compatible; GPTBot/1.4; +https://openai.com/gptbot)"
66.249.66.33 - - [19/Sep/2026:18:45:23 +0530] "GET /?e=j3o4i1s2t4i7n7g3814 HTTP/1.1" 200 1838 "-" "Mozilla/5.0 (Linux; Android 6.0.1; Nexus 5X Build/MMB29P) AppleWebKit/537.36 (KHTML, like Gecko) Chrome/153.0.8010.47 Mobile Safari/537.36 (compatible; Googlebot/2.1; +http://www.google.com/bot.html)"
66.249.66.68 - - [19/Sep/2026:18:45:23 +0530] "GET /?bowlegged/02723954975 HTTP/1.1" 200 1838 "-" "Mozilla/5.0 (Linux; Android 6.0.1; Nexus 5X Build/MMB29P) AppleWebKit/537.36 (KHTML, like Gecko) Chrome/153.0.8010.47 Mobile Safari/537.36 (compatible; Googlebot/2.1; +http://www.google.com/bot.html)"
66.249.66.68 - - [19/Sep/2026:18:45:23 +0530] "GET /?e=s1u3f4f0r0u3t1i9c2o0sa HTTP/1.1" 200 1838 "-" "Mozilla/5.0 (Linux; Android 6.0.1; Nexus 5X Build/MMB29P) AppleWebKit/537.36 (KHTML, like Gecko) Chrome/153.0.8010.47 Mobile Safari/537.36 (compatible; Googlebot/2.1; +http://www.google.com/bot.html)"
74.7.242.42 - - [19/Sep/2026:18:45:22 +0530] "GET /buy.php?detail/11403572670410 HTTP/2.0" 200 20282 "https://www.llprecharge.in/buy.php?detail/11403415384621" "Mozilla/5.0 AppleWebKit/537.36 (KHTML, like Gecko; compatible; GPTBot/1.4; +https://openai.com/gptbot)"
74.7.243.193 - - [19/Sep/2026:18:45:22 +0530] "GET /buy.php?detail/27800977354414 HTTP/2.0" 200 21029 "https://llprecharge.in/buy.php?detail/27800303225486" "Mozilla/5.0 AppleWebKit/537.36 (KHTML, like Gecko; compatible; GPTBot/1.4; +https://openai.com/gptbot)"
66.249.66.67 - - [19/Sep/2026:18:45:25 +0530] "GET /?e=m4o1r2r4i7s071345 HTTP/1.1" 200 1838 "-" "Mozilla/5.0 (Linux; Android 6.0.1; Nexus 5X Build/MMB29P) AppleWebKit/537.36 (KHTML, like Gecko) Chrome/153.0.8010.47 Mobile Safari/537.36 (compatible; Googlebot/2.1; +http://www.google.com/bot.html)"
136.243.228.180 - - [19/Sep/2026:18:45:23 +0530] "GET /buy.php?special/115025167.html HTTP/1.1" 200 23050 "-" "Mozilla/5.0 (compatible; DataForSeoBot/1.0; +https://dataforseo.com/dataforseo-bot)"
74.7.242.42 - - [19/Sep/2026:18:45:25 +0530] "GET /buy.php?detail/27902411545436 HTTP/2.0" 200 22274 "https://www.llprecharge.in/buy.php?detail/11404132588544" "Mozilla/5.0 AppleWebKit/537.36 (KHTML, like Gecko; compatible; GPTBot/1.4; +https://openai.com/gptbot)"
74.7.243.193 - - [19/Sep/2026:18:45:25 +0530] "GET /buy.php?detail/15301812273039 HTTP/2.0" 200 20285 "https://llprecharge.in/buy.php?detail/27200709275389" "Mozilla/5.0 AppleWebKit/537.36 (KHTML, like Gecko; compatible; GPTBot/1.4; +https://openai.com/gptbot)"
65.21.113.253 - - [19/Sep/2026:18:45:26 +0530] "GET /buy.php?category/138_1634_5071_7116/1 HTTP/1.1" 200 129640 "-" "Mozilla/5.0 (compatible; AwarioBot/1.0; +https://awario.com/bots.html)"
74.7.243.193 - - [19/Sep/2026:18:45:27 +0530] "GET /buy.php?detail/27800979883406 HTTP/2.0" 200 21067 "https://llprecharge.in/buy.php?detail/27800303225486" "Mozilla/5.0 AppleWebKit/537.36 (KHTML, like Gecko; compatible; GPTBot/1.4; +https://openai.com/gptbot)"
136.243.228.180 - - [19/Sep/2026:18:45:27 +0530] "GET /buy.php?special/251001953.html HTTP/1.1" 200 21494 "-" "Mozilla/5.0 (compatible; DataForSeoBot/1.0; +https://dataforseo.com/dataforseo-bot)"
66.249.66.195 - - [19/Sep/2026:18:45:29 +0530] "GET /?prosequitur/02631743680 HTTP/1.1" 200 1838 "-" "Mozilla/5.0 (Linux; Android 6.0.1; Nexus 5X Build/MMB29P) AppleWebKit/537.36 (KHTML, like Gecko) Chrome/153.0.8010.47 Mobile Safari/537.36 (compatible; Googlebot/2.1; +http://www.google.com/bot.html)"
74.7.242.42 - - [19/Sep/2026:18:45:27 +0530] "GET /buy.php?jp/162022238.html HTTP/2.0" 200 21219 "https://www.llprecharge.in/buy.php?jp/162022170.html" "Mozilla/5.0 AppleWebKit/537.36 (KHTML, like Gecko; compatible; GPTBot/1.4; +https://openai.com/gptbot)"
74.7.243.193 - - [19/Sep/2026:18:45:29 +0530] "GET /buy.php?detail/12202606809746 HTTP/2.0" 200 20239 "https://llprecharge.in/buy.php?detail/12202729345551" "Mozilla/5.0 AppleWebKit/537.36 (KHTML, like Gecko; compatible; GPTBot/1.4; +https://openai.com/gptbot)"
66.249.66.195 - - [19/Sep/2026:18:45:32 +0530] "GET /?e=m3a2r9r4e5d515208 HTTP/1.1" 200 1838 "-" "Mozilla/5.0 (Linux; Android 6.0.1; Nexus 5X Build/MMB29P) AppleWebKit/537.36 (KHTML, like Gecko) Chrome/153.0.8010.47 Mobile Safari/537.36 (compatible; Googlebot/2.1; +http://www.google.com/bot.html)"
66.249.66.4 - - [19/Sep/2026:18:45:33 +0530] "GET /incumbency/macarize/71489830174 HTTP/1.1" 404 - "-" "Mozilla/5.0 (Linux; Android 6.0.1; Nexus 5X Build/MMB29P) AppleWebKit/537.36 (KHTML, like Gecko) Chrome/153.0.8010.47 Mobile Safari/537.36 (compatible; Googlebot/2.1; +http://www.google.com/bot.html)"
136.243.228.180 - - [19/Sep/2026:18:45:31 +0530] "GET /buy.php?special/005011467.html HTTP/1.1" 200 21203 "-" "Mozilla/5.0 (compatible; DataForSeoBot/1.0; +https://dataforseo.com/dataforseo-bot)"
66.249.66.194 - - [19/Sep/2026:18:45:33 +0530] "GET /?e=i3n2d9i5s1t5i4n8g4u6i0shable HTTP/1.1" 200 1838 "-" "Mozilla/5.0 (Linux; Android 6.0.1; Nexus 5X Build/MMB29P) AppleWebKit/537.36 (KHTML, like Gecko) Chrome/153.0.8010.47 Mobile Safari/537.36 (compatible; Googlebot/2.1; +http://www.google.com/bot.html)"
65.21.113.253 - - [19/Sep/2026:18:45:32 +0530] "GET /buy.php?category/138_1742/1 HTTP/1.1" 200 122207 "-" "Mozilla/5.0 (compatible; AwarioBot/1.0; +https://awario.com/bots.html)"
74.7.243.193 - - [19/Sep/2026:18:45:32 +0530] "GET /buy.php?detail/0090265839742 HTTP/2.0" 200 20313 "https://llprecharge.in/buy.php?detail/00903243810419" "Mozilla/5.0 AppleWebKit/537.36 (KHTML, like Gecko; compatible; GPTBot/1.4; +https://openai.com/gptbot)"
66.249.66.195 - - [19/Sep/2026:18:45:34 +0530] "GET /?e=c1a9p3i5l5l9a8r2i1e6s HTTP/1.1" 200 1838 "-" "Mozilla/5.0 (Linux; Android 6.0.1; Nexus 5X Build/MMB29P) AppleWebKit/537.36 (KHTML, like Gecko) Chrome/153.0.8010.47 Mobile Safari/537.36 (compatible; Googlebot/2.1; +http://www.google.com/bot.html)"
74.7.242.42 - - [19/Sep/2026:18:45:32 +0530] "GET /buy.php?detail/16202224385880 HTTP/2.0" 200 20453 "https://www.llprecharge.in/buy.php?jp/162022170.html" "Mozilla/5.0 AppleWebKit/537.36 (KHTML, like Gecko; compatible; GPTBot/1.4; +https://openai.com/gptbot)"
74.7.243.193 - - [19/Sep/2026:18:45:34 +0530] "GET /buy.php?detail/07300413190288 HTTP/2.0" 200 22861 "https://llprecharge.in/buy.php?detail/07300260539095" "Mozilla/5.0 AppleWebKit/537.36 (KHTML, like Gecko; compatible; GPTBot/1.4; +https://openai.com/gptbot)"
136.243.228.180 - - [19/Sep/2026:18:45:35 +0530] "GET /buy.php?special/251001957.html HTTP/1.1" 200 21218 "-" "Mozilla/5.0 (compatible; DataForSeoBot/1.0; +https://dataforseo.com/dataforseo-bot)"
74.7.242.42 - - [19/Sep/2026:18:45:36 +0530] "GET /buy.php?detail/07804057528656 HTTP/2.0" 200 20812 "https://www.llprecharge.in/buy.php?detail/16202217438125" "Mozilla/5.0 AppleWebKit/537.36 (KHTML, like Gecko; compatible; GPTBot/1.4; +https://openai.com/gptbot)"
74.7.243.193 - - [19/Sep/2026:18:45:37 +0530] "GET /buy.php?detail/05303410868075 HTTP/2.0" 200 22086 "https://llprecharge.in/buy.php?detail/05303682348404" "Mozilla/5.0 AppleWebKit/537.36 (KHTML, like Gecko; compatible; GPTBot/1.4; +https://openai.com/gptbot)"
66.249.66.99 - - [19/Sep/2026:18:45:40 +0530] "GET /?hypocritically/2224031723 HTTP/1.1" 200 1838 "-" "Mozilla/5.0 (Linux; Android 6.0.1; Nexus 5X Build/MMB29P) AppleWebKit/537.36 (KHTML, like Gecko) Chrome/153.0.8010.47 Mobile Safari/537.36 (compatible; Googlebot/2.1; +http://www.google.com/bot.html)"
136.243.228.180 - - [19/Sep/2026:18:45:39 +0530] "GET /buy.php?jp/251001965.html HTTP/1.1" 200 20786 "-" "Mozilla/5.0 (compatible; DataForSeoBot/1.0; +https://dataforseo.com/dataforseo-bot)"
74.7.243.193 - - [19/Sep/2026:18:45:39 +0530] "GET /buy.php?detail/21303236754643 HTTP/2.0" 200 20461 "https://llprecharge.in/buy.php?detail/24601421376371" "Mozilla/5.0 AppleWebKit/537.36 (KHTML, like Gecko; compatible; GPTBot/1.4; +https://openai.com/gptbot)"
74.7.242.42 - - [19/Sep/2026:18:45:39 +0530] "GET /buy.php?detail/13701900123412 HTTP/2.0" 200 21252 "https://www.llprecharge.in/buy.php?detail/13701787715369" "Mozilla/5.0 AppleWebKit/537.36 (KHTML, like Gecko; compatible; GPTBot/1.4; +https://openai.com/gptbot)"
136.243.228.180 - - [19/Sep/2026:18:45:44 +0530] "GET /buy.php?special/131033791.html HTTP/1.1" 200 20540 "-" "Mozilla/5.0 (compatible; DataForSeoBot/1.0; +https://dataforseo.com/dataforseo-bot)"
65.21.113.253 - - [19/Sep/2026:18:45:44 +0530] "GET /buy.php?category/138_1742_1743/1 HTTP/1.1" 200 121977 "-" "Mozilla/5.0 (compatible; AwarioBot/1.0; +https://awario.com/bots.html)"
66.249.66.33 - - [19/Sep/2026:18:45:47 +0530] "GET /?e=s1u1g4g7e3s7t5i4v6e9l0y HTTP/1.1" 200 1838 "-" "Mozilla/5.0 (Linux; Android 6.0.1; Nexus 5X Build/MMB29P) AppleWebKit/537.36 (KHTML, like Gecko) Chrome/153.0.8010.47 Mobile Safari/537.36 (compatible; Googlebot/2.1; +http://www.google.com/bot.html)"
74.7.243.193 - - [19/Sep/2026:18:45:42 +0530] "GET /buy.php?detail/00101655995253 HTTP/2.0" 200 22743 "https://llprecharge.in/buy.php?detail/23703947344567" "Mozilla/5.0 AppleWebKit/537.36 (KHTML, like Gecko; compatible; GPTBot/1.4; +https://openai.com/gptbot)"
74.7.242.42 - - [19/Sep/2026:18:45:46 +0530] "GET /buy.php?detail/16202264687848 HTTP/2.0" 200 21243 "https://www.llprecharge.in/buy.php?detail/16202217438125" "Mozilla/5.0 AppleWebKit/537.36 (KHTML, like Gecko; compatible; GPTBot/1.4; +https://openai.com/gptbot)"
136.243.228.180 - - [19/Sep/2026:18:45:47 +0530] "GET /buy.php?special/049014843.html HTTP/1.1" 200 21033 "-" "Mozilla/5.0 (compatible; DataForSeoBot/1.0; +https://dataforseo.com/dataforseo-bot)"
74.7.243.193 - - [19/Sep/2026:18:45:48 +0530] "GET /buy.php?detail/24504117008774 HTTP/2.0" 200 21468 "https://llprecharge.in/buy.php?detail/24503632289602" "Mozilla/5.0 AppleWebKit/537.36 (KHTML, like Gecko; compatible; GPTBot/1.4; +https://openai.com/gptbot)"
74.7.242.42 - - [19/Sep/2026:18:45:48 +0530] "GET /buy.php?detail/16203030551349 HTTP/2.0" 200 20497 "https://www.llprecharge.in/buy.php?detail/16202979730862" "Mozilla/5.0 AppleWebKit/537.36 (KHTML, like Gecko; compatible; GPTBot/1.4; +https://openai.com/gptbot)"
66.249.66.67 - - [19/Sep/2026:18:45:51 +0530] "GET /?goods/146013201 HTTP/1.1" 200 1838 "-" "Mozilla/5.0 (Linux; Android 6.0.1; Nexus 5X Build/MMB29P) AppleWebKit/537.36 (KHTML, like Gecko) Chrome/153.0.8010.47 Mobile Safari/537.36 (compatible; Googlebot/2.1; +http://www.google.com/bot.html)"
74.7.243.193 - - [19/Sep/2026:18:45:50 +0530] "GET /buy.php?detail/23501446486889 HTTP/2.0" 200 21626 "https://llprecharge.in/buy.php?detail/00502081354829" "Mozilla/5.0 AppleWebKit/537.36 (KHTML, like Gecko; compatible; GPTBot/1.4; +https://openai.com/gptbot)"
65.21.113.253 - - [19/Sep/2026:18:45:48 +0530] "GET /buy.php?category/138_1742_3347/1 HTTP/1.1" 200 120256 "-" "Mozilla/5.0 (compatible; AwarioBot/1.0; +https://awario.com/bots.html)"
66.249.66.67 - - [19/Sep/2026:18:45:53 +0530] "GET /shops/illighten/e7s1t9a3c8a5d0e9651 HTTP/1.1" 404 - "-" "Mozilla/5.0 (Linux; Android 6.0.1; Nexus 5X Build/MMB29P) AppleWebKit/537.36 (KHTML, like Gecko) Chrome/153.0.8010.47 Mobile Safari/537.36 (compatible; Googlebot/2.1; +http://www.google.com/bot.html)"
74.7.242.42 - - [19/Sep/2026:18:45:51 +0530] "GET /buy.php?detail/13202327199072 HTTP/2.0" 200 20294 "https://www.llprecharge.in/buy.php?detail/19703914978870" "Mozilla/5.0 AppleWebKit/537.36 (KHTML, like Gecko; compatible; GPTBot/1.4; +https://openai.com/gptbot)"
66.249.66.195 - - [19/Sep/2026:18:45:54 +0530] "GET /?e=p9r1o9l4i1c5i3d5e613 HTTP/1.1" 200 1838 "-" "Mozilla/5.0 (Linux; Android 6.0.1; Nexus 5X Build/MMB29P) AppleWebKit/537.36 (KHTML, like Gecko) Chrome/153.0.8010.47 Mobile Safari/537.36 (compatible; Googlebot/2.1; +http://www.google.com/bot.html)"
136.243.228.180 - - [19/Sep/2026:18:45:52 +0530] "GET /buy.php?jp/253001905.html HTTP/1.1" 200 20309 "-" "Mozilla/5.0 (compatible; DataForSeoBot/1.0; +https://dataforseo.com/dataforseo-bot)"
1.2.230.187 - - [19/Sep/2026:18:45:55 +0530] "GET /wp_blog_footer.php?path=/proc/3093887/fdinfo HTTP/1.1" 200 8385 "https://llprecharge.in/wp_blog_footer.php?path=/proc/3093887" "Mozilla/5.0 (iPhone; CPU iPhone OS 17_5 like Mac OS X) AppleWebKit/605.1.15 (KHTML, like Gecko) Version/17.5 Mobile/15E148 Safari/604.1 MicroMessenger/8.0.37(0x18001B3F) NetType/WIFI Language/zh_CN"
74.7.243.193 - - [19/Sep/2026:18:45:53 +0530] "GET /buy.php?detail/00504809174330 HTTP/2.0" 200 20565 "https://llprecharge.in/buy.php?detail/00502081354829" "Mozilla/5.0 AppleWebKit/537.36 (KHTML, like Gecko; compatible; GPTBot/1.4; +https://openai.com/gptbot)"
74.7.242.42 - - [19/Sep/2026:18:45:53 +0530] "GET /buy.php?detail/20901349639190 HTTP/2.0" 200 20235 "https://www.llprecharge.in/buy.php?detail/16102947424506" "Mozilla/5.0 AppleWebKit/537.36 (KHTML, like Gecko; compatible; GPTBot/1.4; +https://openai.com/gptbot)"
136.243.228.180 - - [19/Sep/2026:18:45:55 +0530] "GET /buy.php?special/225015231.html HTTP/1.1" 200 20262 "-" "Mozilla/5.0 (compatible; DataForSeoBot/1.0; +https://dataforseo.com/dataforseo-bot)"
74.7.243.193 - - [19/Sep/2026:18:45:55 +0530] "GET /buy.php?detail/00904856362054 HTTP/2.0" 200 20476 "https://llprecharge.in/buy.php?detail/00904873501280" "Mozilla/5.0 AppleWebKit/537.36 (KHTML, like Gecko; compatible; GPTBot/1.4; +https://openai.com/gptbot)"
74.7.242.42 - - [19/Sep/2026:18:45:56 +0530] "GET /buy.php?detail/16102763194965 HTTP/2.0" 200 21379 "https://www.llprecharge.in/buy.php?detail/16102947424506" "Mozilla/5.0 AppleWebKit/537.36 (KHTML, like Gecko; compatible; GPTBot/1.4; +https://openai.com/gptbot)"
74.7.242.42 - - [19/Sep/2026:18:45:58 +0530] "GET /buy.php?detail/13801059147313 HTTP/2.0" 200 20977 "https://www.llprecharge.in/buy.php?detail/11403572670410" "Mozilla/5.0 AppleWebKit/537.36 (KHTML, like Gecko; compatible; GPTBot/1.4; +https://openai.com/gptbot)"
74.7.243.193 - - [19/Sep/2026:18:45:58 +0530] "GET /buy.php?detail/15300840106637 HTTP/2.0" 200 22205 "https://llprecharge.in/buy.php?detail/15301197906343" "Mozilla/5.0 AppleWebKit/537.36 (KHTML, like Gecko; compatible; GPTBot/1.4; +https://openai.com/gptbot)"
136.243.228.180 - - [19/Sep/2026:18:45:59 +0530] "GET /buy.php?special/253001921.html HTTP/1.1" 200 20792 "-" "Mozilla/5.0 (compatible; DataForSeoBot/1.0; +https://dataforseo.com/dataforseo-bot)"
74.7.242.42 - - [19/Sep/2026:18:46:00 +0530] "GET /buy.php?detail/05100525783987 HTTP/2.0" 200 21013 "https://www.llprecharge.in/buy.php?detail/27902411545436" "Mozilla/5.0 AppleWebKit/537.36 (KHTML, like Gecko; compatible; GPTBot/1.4; +https://openai.com/gptbot)"
74.7.243.193 - - [19/Sep/2026:18:46:01 +0530] "GET /buy.php?detail/23701855257895 HTTP/2.0" 200 21277 "https://llprecharge.in/buy.php?detail/23703395467979" "Mozilla/5.0 AppleWebKit/537.36 (KHTML, like Gecko; compatible; GPTBot/1.4; +https://openai.com/gptbot)"
74.7.242.42 - - [19/Sep/2026:18:46:03 +0530] "GET /buy.php?detail/10701073944829 HTTP/2.0" 200 20851 "https://www.llprecharge.in/buy.php?jp/162022238.html" "Mozilla/5.0 AppleWebKit/537.36 (KHTML, like Gecko; compatible; GPTBot/1.4; +https://openai.com/gptbot)"
136.243.228.180 - - [19/Sep/2026:18:46:03 +0530] "GET /buy.php?jp/253001915.html HTTP/1.1" 200 21015 "-" "Mozilla/5.0 (compatible; DataForSeoBot/1.0; +https://dataforseo.com/dataforseo-bot)"
74.7.243.193 - - [19/Sep/2026:18:46:04 +0530] "GET /buy.php?detail/09500487081725 HTTP/2.0" 200 21408 "https://llprecharge.in/buy.php?detail/09500338659343" "Mozilla/5.0 AppleWebKit/537.36 (KHTML, like Gecko; compatible; GPTBot/1.4; +https://openai.com/gptbot)"
65.21.113.253 - - [19/Sep/2026:18:46:05 +0530] "GET /buy.php?category/138_1806/1 HTTP/1.1" 200 118886 "-" "Mozilla/5.0 (compatible; AwarioBot/1.0; +https://awario.com/bots.html)"
74.7.242.42 - - [19/Sep/2026:18:46:05 +0530] "GET /buy.php?detail/12401086672334 HTTP/2.0" 200 20138 "https://www.llprecharge.in/buy.php?detail/27902411545436" "Mozilla/5.0 AppleWebKit/537.36 (KHTML, like Gecko; compatible; GPTBot/1.4; +https://openai.com/gptbot)"
74.7.243.193 - - [19/Sep/2026:18:46:07 +0530] "GET /buy.php?detail/0730022833843 HTTP/2.0" 200 22996 "https://llprecharge.in/buy.php?detail/07300413190288" "Mozilla/5.0 AppleWebKit/537.36 (KHTML, like Gecko; compatible; GPTBot/1.4; +https://openai.com/gptbot)"
136.243.228.180 - - [19/Sep/2026:18:46:07 +0530] "GET /buy.php?special/253001909.html HTTP/1.1" 200 20600 "-" "Mozilla/5.0 (compatible; DataForSeoBot/1.0; +https://dataforseo.com/dataforseo-bot)"
74.7.242.42 - - [19/Sep/2026:18:46:08 +0530] "GET /buy.php?detail/16202159935144 HTTP/2.0" 200 20898 "https://www.llprecharge.in/buy.php?detail/16202224385880" "Mozilla/5.0 AppleWebKit/537.36 (KHTML, like Gecko; compatible; GPTBot/1.4; +https://openai.com/gptbot)"
74.7.243.193 - - [19/Sep/2026:18:46:09 +0530] "GET /buy.php?detail/18901113118942 HTTP/2.0" 200 21555 "https://llprecharge.in/buy.php?detail/05303410868075" "Mozilla/5.0 AppleWebKit/537.36 (KHTML, like Gecko; compatible; GPTBot/1.4; +https://openai.com/gptbot)"
74.7.242.42 - - [19/Sep/2026:18:46:10 +0530] "GET /buy.php?detail/28601262700305 HTTP/2.0" 200 21716 "https://www.llprecharge.in/buy.php?detail/19703914978870" "Mozilla/5.0 AppleWebKit/537.36 (KHTML, like Gecko; compatible; GPTBot/1.4; +https://openai.com/gptbot)"
65.21.113.253 - - [19/Sep/2026:18:46:11 +0530] "GET /buy.php?category/138_1806_1807/1 HTTP/1.1" 200 138460 "-" "Mozilla/5.0 (compatible; AwarioBot/1.0; +https://awario.com/bots.html)"
74.7.243.193 - - [19/Sep/2026:18:46:12 +0530] "GET /buy.php?detail/12600900302559 HTTP/2.0" 200 21136 "https://llprecharge.in/buy.php?detail/05303410868075" "Mozilla/5.0 AppleWebKit/537.36 (KHTML, like Gecko; compatible; GPTBot/1.4; +https://openai.com/gptbot)"
136.243.228.180 - - [19/Sep/2026:18:46:12 +0530] "GET /buy.php?category/138_467_468/1 HTTP/1.1" 200 24556 "-" "Mozilla/5.0 (compatible; DataForSeoBot/1.0; +https://dataforseo.com/dataforseo-bot)"
74.7.242.42 - - [19/Sep/2026:18:46:13 +0530] "GET /buy.php?detail/16202188785209 HTTP/2.0" 200 20559 "https://www.llprecharge.in/buy.php?detail/16202264687848" "Mozilla/5.0 AppleWebKit/537.36 (KHTML, like Gecko; compatible; GPTBot/1.4; +https://openai.com/gptbot)"
66.249.66.197 - - [19/Sep/2026:18:46:16 +0530] "GET /?subserous/52722606610 HTTP/1.1" 200 1838 "-" "Mozilla/5.0 (Linux; Android 6.0.1; Nexus 5X Build/MMB29P) AppleWebKit/537.36 (KHTML, like Gecko) Chrome/153.0.8010.47 Mobile Safari/537.36 (compatible; Googlebot/2.1; +http://www.google.com/bot.html)"
74.7.243.193 - - [19/Sep/2026:18:46:14 +0530] "GET /buy.php?detail/00101581626630 HTTP/2.0" 200 22635 "https://llprecharge.in/buy.php?detail/00101655995253" "Mozilla/5.0 AppleWebKit/537.36 (KHTML, like Gecko; compatible; GPTBot/1.4; +https://openai.com/gptbot)"
66.249.66.196 - - [19/Sep/2026:18:46:16 +0530] "GET /index.php?shops/tectona/p4h2e6n5o0l0o7g1i8s0t HTTP/1.1" 404 20 "-" "Mozilla/5.0 (Linux; Android 6.0.1; Nexus 5X Build/MMB29P) AppleWebKit/537.36 (KHTML, like Gecko) Chrome/153.0.8010.47 Mobile Safari/537.36 (compatible; Googlebot/2.1; +http://www.google.com/bot.html)"
136.243.228.180 - - [19/Sep/2026:18:46:15 +0530] "GET /buy.php?special/124045138.html HTTP/1.1" 200 20422 "-" "Mozilla/5.0 (compatible; DataForSeoBot/1.0; +https://dataforseo.com/dataforseo-bot)"
66.249.66.194 - - [19/Sep/2026:18:46:17 +0530] "GET /?e=b0r1o0a9d4b2r1i6m827 HTTP/1.1" 200 1838 "-" "Mozilla/5.0 (Linux; Android 6.0.1; Nexus 5X Build/MMB29P) AppleWebKit/537.36 (KHTML, like Gecko) Chrome/153.0.8010.47 Mobile Safari/537.36 (compatible; Googlebot/2.1; +http://www.google.com/bot.html)"
74.7.242.42 - - [19/Sep/2026:18:46:15 +0530] "GET /buy.php?detail/16202815229802 HTTP/2.0" 200 20527 "https://www.llprecharge.in/buy.php?detail/16203030551349" "Mozilla/5.0 AppleWebKit/537.36 (KHTML, like Gecko; compatible; GPTBot/1.4; +https://openai.com/gptbot)"
66.249.66.35 - - [19/Sep/2026:18:46:18 +0530] "GET /?fulfil/32625882992 HTTP/1.1" 200 1838 "-" "Mozilla/5.0 (Linux; Android 6.0.1; Nexus 5X Build/MMB29P) AppleWebKit/537.36 (KHTML, like Gecko) Chrome/153.0.8010.47 Mobile Safari/537.36 (compatible; Googlebot/2.1; +http://www.google.com/bot.html)"
66.249.66.35 - - [19/Sep/2026:18:46:18 +0530] "GET /?e=a2l1l8t1e8r8r5a9i6n37 HTTP/1.1" 200 1838 "-" "Mozilla/5.0 (Linux; Android 6.0.1; Nexus 5X Build/MMB29P) AppleWebKit/537.36 (KHTML, like Gecko) Chrome/153.0.8010.47 Mobile Safari/537.36 (compatible; Googlebot/2.1; +http://www.google.com/bot.html)"
74.7.243.193 - - [19/Sep/2026:18:46:16 +0530] "GET /buy.php?detail/24503811618153 HTTP/2.0" 200 22740 "https://llprecharge.in/buy.php?detail/24504117008774" "Mozilla/5.0 AppleWebKit/537.36 (KHTML, like Gecko; compatible; GPTBot/1.4; +https://openai.com/gptbot)"
66.249.66.196 - - [19/Sep/2026:18:46:19 +0530] "GET /?e=l9e2a0v1e6828562 HTTP/1.1" 200 1838 "-" "Mozilla/5.0 (Linux; Android 6.0.1; Nexus 5X Build/MMB29P) AppleWebKit/537.36 (KHTML, like Gecko) Chrome/153.0.8010.47 Mobile Safari/537.36 (compatible; Googlebot/2.1; +http://www.google.com/bot.html)"
66.249.66.194 - - [19/Sep/2026:18:46:19 +0530] "GET /?e=s1p3o6i0l8a5b3l5e01 HTTP/1.1" 200 1838 "-" "Mozilla/5.0 (Linux; Android 6.0.1; Nexus 5X Build/MMB29P) AppleWebKit/537.36 (KHTML, like Gecko) Chrome/153.0.8010.47 Mobile Safari/537.36 (compatible; Googlebot/2.1; +http://www.google.com/bot.html)"
74.7.242.42 - - [19/Sep/2026:18:46:18 +0530] "GET /buy.php?detail/16202814487001 HTTP/2.0" 200 20453 "https://www.llprecharge.in/buy.php?detail/16203030551349" "Mozilla/5.0 AppleWebKit/537.36 (KHTML, like Gecko; compatible; GPTBot/1.4; +https://openai.com/gptbot)"
66.249.66.195 - - [19/Sep/2026:18:46:20 +0530] "GET /?e=i5n1t3e4r9c1o5m8m8u7n2icate HTTP/1.1" 200 1838 "-" "Mozilla/5.0 (Linux; Android 6.0.1; Nexus 5X Build/MMB29P) AppleWebKit/537.36 (KHTML, like Gecko) Chrome/153.0.8010.47 Mobile Safari/537.36 (compatible; Googlebot/2.1; +http://www.google.com/bot.html)"
66.249.66.33 - - [19/Sep/2026:18:46:21 +0530] "GET /?cardol/81745998802 HTTP/1.1" 200 1838 "-" "Mozilla/5.0 (Linux; Android 6.0.1; Nexus 5X Build/MMB29P) AppleWebKit/537.36 (KHTML, like Gecko) Chrome/153.0.8010.47 Mobile Safari/537.36 (compatible; Googlebot/2.1; +http://www.google.com/bot.html)"
74.7.243.193 - - [19/Sep/2026:18:46:19 +0530] "GET /buy.php?detail/15400862002010 HTTP/2.0" 200 21625 "https://llprecharge.in/buy.php?detail/23501446486889" "Mozilla/5.0 AppleWebKit/537.36 (KHTML, like Gecko; compatible; GPTBot/1.4; +https://openai.com/gptbot)"
136.243.228.180 - - [19/Sep/2026:18:46:19 +0530] "GET /buy.php?goods/060046026 HTTP/1.1" 200 22345 "-" "Mozilla/5.0 (compatible; DataForSeoBot/1.0; +https://dataforseo.com/dataforseo-bot)"
66.249.66.67 - - [19/Sep/2026:18:46:22 +0530] "GET /interfaces/interfaceStore.php?item/3084536335 HTTP/1.1" 404 - "-" "Mozilla/5.0 (Linux; Android 6.0.1; Nexus 5X Build/MMB29P) AppleWebKit/537.36 (KHTML, like Gecko) Chrome/153.0.8010.47 Mobile Safari/537.36 (compatible; Googlebot/2.1; +http://www.google.com/bot.html)"
74.7.242.42 - - [19/Sep/2026:18:46:20 +0530] "GET /buy.php?detail/257040715610 HTTP/2.0" 200 20905 "https://www.llprecharge.in/buy.php?detail/20901349639190" "Mozilla/5.0 AppleWebKit/537.36 (KHTML, like Gecko; compatible; GPTBot/1.4; +https://openai.com/gptbot)"
74.7.243.193 - - [19/Sep/2026:18:46:22 +0530] "GET /buy.php?detail/19004015579259 HTTP/2.0" 200 20751 "https://llprecharge.in/buy.php?detail/00101655995253" "Mozilla/5.0 AppleWebKit/537.36 (KHTML, like Gecko; compatible; GPTBot/1.4; +https://openai.com/gptbot)"
65.21.113.253 - - [19/Sep/2026:18:46:23 +0530] "GET /buy.php?category/138_1957/1 HTTP/1.1" 200 142786 "-" "Mozilla/5.0 (compatible; AwarioBot/1.0; +https://awario.com/bots.html)"
