66.249.66.195 - - [19/Sep/2026:18:27:17 +0530] "GET /prolocutor/enriched/72392963272 HTTP/1.1" 404 - "-" "Mozilla/5.0 (Linux; Android 6.0.1; Nexus 5X Build/MMB29P) AppleWebKit/537.36 (KHTML, like Gecko) Chrome/153.0.8010.47 Mobile Safari/537.36 (compatible; Googlebot/2.1; +http://www.google.com/bot.html)"
74.7.242.42 - - [19/Sep/2026:18:27:14 +0530] "GET /buy.php?detail/11204681244642 HTTP/2.0" 200 20958 "https://www.llprecharge.in/buy.php?detail/11204315835014" "Mozilla/5.0 AppleWebKit/537.36 (KHTML, like Gecko; compatible; GPTBot/1.4; +https://openai.com/gptbot)"
168.119.209.108 - - [19/Sep/2026:18:27:18 +0530] "GET /user/api_balance.php?userid=AU1121&token=dMgDWkPbbsmeca76X0lncsVCYVjIE61Q HTTP/1.1" 500 - "-" "RestSharp/106.13.0.0"
66.249.66.67 - - [19/Sep/2026:18:27:18 +0530] "GET /?e=c2l3a0m4o1u0r60912 HTTP/1.1" 200 1838 "-" "Mozilla/5.0 (Linux; Android 6.0.1; Nexus 5X Build/MMB29P) AppleWebKit/537.36 (KHTML, like Gecko) Chrome/153.0.8010.47 Mobile Safari/537.36 (compatible; Googlebot/2.1; +http://www.google.com/bot.html)"
66.249.66.67 - - [19/Sep/2026:18:27:18 +0530] "GET /?e=c5r2e1d6i1t2e8d5197 HTTP/1.1" 200 1838 "-" "Mozilla/5.0 (Linux; Android 6.0.1; Nexus 5X Build/MMB29P) AppleWebKit/537.36 (KHTML, like Gecko) Chrome/153.0.8010.47 Mobile Safari/537.36 (compatible; Googlebot/2.1; +http://www.google.com/bot.html)"
74.7.243.193 - - [19/Sep/2026:18:27:16 +0530] "GET /buy.php?detail/21600174812482 HTTP/2.0" 200 20314 "https://llprecharge.in/buy.php?detail/21600590231718" "Mozilla/5.0 AppleWebKit/537.36 (KHTML, like Gecko; compatible; GPTBot/1.4; +https://openai.com/gptbot)"
66.249.66.195 - - [19/Sep/2026:18:27:20 +0530] "GET /interfaces/interfaceStore.php?item/6086517950 HTTP/1.1" 404 - "-" "Mozilla/5.0 (Linux; Android 6.0.1; Nexus 5X Build/MMB29P) AppleWebKit/537.36 (KHTML, like Gecko) Chrome/153.0.8010.47 Mobile Safari/537.36 (compatible; Googlebot/2.1; +http://www.google.com/bot.html)"
74.7.242.42 - - [19/Sep/2026:18:27:18 +0530] "GET /buy.php?detail/25001011801169 HTTP/2.0" 200 20638 "https://www.llprecharge.in/buy.php?detail/25001212698898" "Mozilla/5.0 AppleWebKit/537.36 (KHTML, like Gecko; compatible; GPTBot/1.4; +https://openai.com/gptbot)"
66.249.66.67 - - [19/Sep/2026:18:27:21 +0530] "GET /?e=t5r4i1m5u0r1t1t0i543 HTTP/1.1" 200 1838 "-" "Mozilla/5.0 (Linux; Android 6.0.1; Nexus 5X Build/MMB29P) AppleWebKit/537.36 (KHTML, like Gecko) Chrome/153.0.8010.47 Mobile Safari/537.36 (compatible; Googlebot/2.1; +http://www.google.com/bot.html)"
136.243.228.180 - - [19/Sep/2026:18:27:19 +0530] "GET /buy.php?special/171034005.html HTTP/1.1" 200 22887 "-" "Mozilla/5.0 (compatible; DataForSeoBot/1.0; +https://dataforseo.com/dataforseo-bot)"
74.7.242.42 - - [19/Sep/2026:18:27:21 +0530] "GET /buy.php?detail/25001219122694 HTTP/2.0" 200 20738 "https://www.llprecharge.in/buy.php?detail/25001212858583" "Mozilla/5.0 AppleWebKit/537.36 (KHTML, like Gecko; compatible; GPTBot/1.4; +https://openai.com/gptbot)"
74.7.243.193 - - [19/Sep/2026:18:27:20 +0530] "GET /buy.php?detail/22304807555759 HTTP/2.0" 200 21855 "https://llprecharge.in/buy.php?detail/08804096197747" "Mozilla/5.0 AppleWebKit/537.36 (KHTML, like Gecko; compatible; GPTBot/1.4; +https://openai.com/gptbot)"
66.249.66.195 - - [19/Sep/2026:18:27:24 +0530] "GET /item/2085181996 HTTP/1.1" 404 - "-" "Mozilla/5.0 (Linux; Android 6.0.1; Nexus 5X Build/MMB29P) AppleWebKit/537.36 (KHTML, like Gecko) Chrome/153.0.8010.47 Mobile Safari/537.36 (compatible; Googlebot/2.1; +http://www.google.com/bot.html)"
66.249.66.195 - - [19/Sep/2026:18:27:25 +0530] "GET /?surfacing/51244530485 HTTP/1.1" 200 1838 "-" "Mozilla/5.0 (Linux; Android 6.0.1; Nexus 5X Build/MMB29P) AppleWebKit/537.36 (KHTML, like Gecko) Chrome/153.0.8010.47 Mobile Safari/537.36 (compatible; Googlebot/2.1; +http://www.google.com/bot.html)"
74.7.242.42 - - [19/Sep/2026:18:27:23 +0530] "GET /buy.php?jp/250011757.html HTTP/2.0" 200 21122 "https://www.llprecharge.in/buy.php?goods/250012128" "Mozilla/5.0 AppleWebKit/537.36 (KHTML, like Gecko; compatible; GPTBot/1.4; +https://openai.com/gptbot)"
136.243.228.180 - - [19/Sep/2026:18:27:23 +0530] "GET /buy.php?special/171034021.html HTTP/1.1" 200 22658 "-" "Mozilla/5.0 (compatible; DataForSeoBot/1.0; +https://dataforseo.com/dataforseo-bot)"
66.249.66.67 - - [19/Sep/2026:18:27:25 +0530] "GET /shops/impuberty/e6u1r5o5p7a7e8a5724 HTTP/1.1" 404 - "-" "Mozilla/5.0 (Linux; Android 6.0.1; Nexus 5X Build/MMB29P) AppleWebKit/537.36 (KHTML, like Gecko) Chrome/153.0.8010.47 Mobile Safari/537.36 (compatible; Googlebot/2.1; +http://www.google.com/bot.html)"
74.7.243.193 - - [19/Sep/2026:18:27:23 +0530] "GET /buy.php?detail/10801626255444 HTTP/2.0" 200 20473 "https://llprecharge.in/buy.php?detail/10801632536119" "Mozilla/5.0 AppleWebKit/537.36 (KHTML, like Gecko; compatible; GPTBot/1.4; +https://openai.com/gptbot)"
66.249.66.33 - - [19/Sep/2026:18:27:26 +0530] "GET /?e=s9t6r2e3p2s1i8p0t8e8ra HTTP/1.1" 200 1838 "-" "Mozilla/5.0 (Linux; Android 6.0.1; Nexus 5X Build/MMB29P) AppleWebKit/537.36 (KHTML, like Gecko) Chrome/153.0.8010.47 Mobile Safari/537.36 (compatible; Googlebot/2.1; +http://www.google.com/bot.html)"
74.7.242.42 - - [19/Sep/2026:18:27:25 +0530] "GET /buy.php?detail/25000985421036 HTTP/2.0" 200 20914 "https://www.llprecharge.in/buy.php?detail/25001211389863" "Mozilla/5.0 AppleWebKit/537.36 (KHTML, like Gecko; compatible; GPTBot/1.4; +https://openai.com/gptbot)"
74.7.243.193 - - [19/Sep/2026:18:27:26 +0530] "GET /buy.php?detail/09001008739579 HTTP/2.0" 200 20636 "https://llprecharge.in/buy.php?detail/21601525476874" "Mozilla/5.0 AppleWebKit/537.36 (KHTML, like Gecko; compatible; GPTBot/1.4; +https://openai.com/gptbot)"
136.243.228.180 - - [19/Sep/2026:18:27:27 +0530] "GET /buy.php?detail/2950144935623 HTTP/1.1" 200 20135 "-" "Mozilla/5.0 (compatible; DataForSeoBot/1.0; +https://dataforseo.com/dataforseo-bot)"
74.7.242.42 - - [19/Sep/2026:18:27:28 +0530] "GET /buy.php?detail/25001217128345 HTTP/2.0" 200 20632 "https://www.llprecharge.in/buy.php?detail/25001212858583" "Mozilla/5.0 AppleWebKit/537.36 (KHTML, like Gecko; compatible; GPTBot/1.4; +https://openai.com/gptbot)"
74.7.243.193 - - [19/Sep/2026:18:27:28 +0530] "GET /buy.php?detail/11001621434229 HTTP/2.0" 200 20512 "https://llprecharge.in/buy.php?detail/11002591841965" "Mozilla/5.0 AppleWebKit/537.36 (KHTML, like Gecko; compatible; GPTBot/1.4; +https://openai.com/gptbot)"
74.7.243.193 - - [19/Sep/2026:18:27:30 +0530] "GET /buy.php?detail/22404054062750 HTTP/2.0" 200 20445 "https://llprecharge.in/buy.php?detail/22403701496310" "Mozilla/5.0 AppleWebKit/537.36 (KHTML, like Gecko; compatible; GPTBot/1.4; +https://openai.com/gptbot)"
74.7.242.42 - - [19/Sep/2026:18:27:30 +0530] "GET /buy.php?detail/29802238263027 HTTP/2.0" 200 21668 "https://www.llprecharge.in/buy.php?detail/28500579254812" "Mozilla/5.0 AppleWebKit/537.36 (KHTML, like Gecko; compatible; GPTBot/1.4; +https://openai.com/gptbot)"
74.7.242.42 - - [19/Sep/2026:18:27:34 +0530] "GET /buy.php?detail/28500210572321 HTTP/2.0" 200 20433 "https://www.llprecharge.in/buy.php?detail/28500579254812" "Mozilla/5.0 AppleWebKit/537.36 (KHTML, like Gecko; compatible; GPTBot/1.4; +https://openai.com/gptbot)"
74.7.243.193 - - [19/Sep/2026:18:27:33 +0530] "GET /buy.php?goods/182008194 HTTP/2.0" 200 20408 "https://llprecharge.in/buy.php?detail/18200812747046" "Mozilla/5.0 AppleWebKit/537.36 (KHTML, like Gecko; compatible; GPTBot/1.4; +https://openai.com/gptbot)"
136.243.228.180 - - [19/Sep/2026:18:27:32 +0530] "GET /buy.php?special/171034011.html HTTP/1.1" 200 22564 "-" "Mozilla/5.0 (compatible; DataForSeoBot/1.0; +https://dataforseo.com/dataforseo-bot)"
74.7.242.42 - - [19/Sep/2026:18:27:36 +0530] "GET /buy.php?detail/12103466153532 HTTP/2.0" 200 19817 "https://www.llprecharge.in/buy.php?detail/23502380682456" "Mozilla/5.0 AppleWebKit/537.36 (KHTML, like Gecko; compatible; GPTBot/1.4; +https://openai.com/gptbot)"
74.7.243.193 - - [19/Sep/2026:18:27:38 +0530] "GET /buy.php?detail/03002688902054 HTTP/2.0" 200 21252 "https://llprecharge.in/buy.php?detail/22403701496310" "Mozilla/5.0 AppleWebKit/537.36 (KHTML, like Gecko; compatible; GPTBot/1.4; +https://openai.com/gptbot)"
66.249.66.195 - - [19/Sep/2026:18:27:41 +0530] "GET /?xeres/7898462458 HTTP/1.1" 200 1838 "-" "Mozilla/5.0 (Linux; Android 6.0.1; Nexus 5X Build/MMB29P) AppleWebKit/537.36 (KHTML, like Gecko) Chrome/153.0.8010.47 Mobile Safari/537.36 (compatible; Googlebot/2.1; +http://www.google.com/bot.html)"
74.7.242.42 - - [19/Sep/2026:18:27:39 +0530] "GET /buy.php?detail/11102835708924 HTTP/2.0" 200 20951 "https://www.llprecharge.in/buy.php?detail/25001212858583" "Mozilla/5.0 AppleWebKit/537.36 (KHTML, like Gecko; compatible; GPTBot/1.4; +https://openai.com/gptbot)"
136.243.228.180 - - [19/Sep/2026:18:27:40 +0530] "GET /buy.php?special/171034017.html HTTP/1.1" 200 22733 "-" "Mozilla/5.0 (compatible; DataForSeoBot/1.0; +https://dataforseo.com/dataforseo-bot)"
74.7.243.193 - - [19/Sep/2026:18:27:41 +0530] "GET /buy.php?detail/15701746785578 HTTP/2.0" 200 20522 "https://llprecharge.in/buy.php?detail/15701862164121" "Mozilla/5.0 AppleWebKit/537.36 (KHTML, like Gecko; compatible; GPTBot/1.4; +https://openai.com/gptbot)"
74.7.242.42 - - [19/Sep/2026:18:27:41 +0530] "GET /buy.php?detail/30003211907105 HTTP/2.0" 200 20749 "https://www.llprecharge.in/buy.php?detail/03804307975882" "Mozilla/5.0 AppleWebKit/537.36 (KHTML, like Gecko; compatible; GPTBot/1.4; +https://openai.com/gptbot)"
74.7.243.193 - - [19/Sep/2026:18:27:43 +0530] "GET /buy.php?detail/11001621724564 HTTP/2.0" 200 20696 "https://llprecharge.in/buy.php?detail/11002591841965" "Mozilla/5.0 AppleWebKit/537.36 (KHTML, like Gecko; compatible; GPTBot/1.4; +https://openai.com/gptbot)"
74.7.242.42 - - [19/Sep/2026:18:27:44 +0530] "GET /buy.php?detail/04904472647426 HTTP/2.0" 200 22089 "https://www.llprecharge.in/buy.php?detail/11204681244642" "Mozilla/5.0 AppleWebKit/537.36 (KHTML, like Gecko; compatible; GPTBot/1.4; +https://openai.com/gptbot)"
136.243.228.180 - - [19/Sep/2026:18:27:44 +0530] "GET /buy.php?goods/169046401 HTTP/1.1" 200 22277 "-" "Mozilla/5.0 (compatible; DataForSeoBot/1.0; +https://dataforseo.com/dataforseo-bot)"
74.7.243.193 - - [19/Sep/2026:18:27:46 +0530] "GET /buy.php?detail/29001219855155 HTTP/2.0" 200 20071 "https://llprecharge.in/buy.php?detail/29003231143418" "Mozilla/5.0 AppleWebKit/537.36 (KHTML, like Gecko; compatible; GPTBot/1.4; +https://openai.com/gptbot)"
74.7.242.42 - - [19/Sep/2026:18:27:46 +0530] "GET /buy.php?detail/03804369386493 HTTP/2.0" 200 21248 "https://www.llprecharge.in/buy.php?detail/03804307975882" "Mozilla/5.0 AppleWebKit/537.36 (KHTML, like Gecko; compatible; GPTBot/1.4; +https://openai.com/gptbot)"
74.7.243.193 - - [19/Sep/2026:18:27:48 +0530] "GET /buy.php?detail/17900896877692 HTTP/2.0" 200 21029 "https://llprecharge.in/buy.php?detail/29001250308656" "Mozilla/5.0 AppleWebKit/537.36 (KHTML, like Gecko; compatible; GPTBot/1.4; +https://openai.com/gptbot)"
74.7.242.42 - - [19/Sep/2026:18:27:48 +0530] "GET /buy.php?detail/25000895604518 HTTP/2.0" 200 20861 "https://www.llprecharge.in/buy.php?detail/25001219122694" "Mozilla/5.0 AppleWebKit/537.36 (KHTML, like Gecko; compatible; GPTBot/1.4; +https://openai.com/gptbot)"
136.243.228.180 - - [19/Sep/2026:18:27:48 +0530] "GET /buy.php?special/169046407.html HTTP/1.1" 200 22227 "-" "Mozilla/5.0 (compatible; DataForSeoBot/1.0; +https://dataforseo.com/dataforseo-bot)"
74.7.243.193 - - [19/Sep/2026:18:27:50 +0530] "GET /buy.php?detail/22302678809687 HTTP/2.0" 200 21386 "https://llprecharge.in/buy.php?detail/22304807555759" "Mozilla/5.0 AppleWebKit/537.36 (KHTML, like Gecko; compatible; GPTBot/1.4; +https://openai.com/gptbot)"
66.249.66.195 - - [19/Sep/2026:18:27:53 +0530] "GET /?e=s0l1o3g1a9n778844 HTTP/1.1" 200 1838 "-" "Mozilla/5.0 (Linux; Android 6.0.1; Nexus 5X Build/MMB29P) AppleWebKit/537.36 (KHTML, like Gecko) Chrome/153.0.8010.47 Mobile Safari/537.36 (compatible; Googlebot/2.1; +http://www.google.com/bot.html)"
74.7.242.42 - - [19/Sep/2026:18:27:51 +0530] "GET /buy.php?detail/05400066727606 HTTP/2.0" 200 22407 "https://www.llprecharge.in/buy.php?detail/16301643096414" "Mozilla/5.0 AppleWebKit/537.36 (KHTML, like Gecko; compatible; GPTBot/1.4; +https://openai.com/gptbot)"
66.249.66.67 - - [19/Sep/2026:18:27:54 +0530] "GET /?products/detail/223959357 HTTP/1.1" 200 1838 "-" "Mozilla/5.0 (Linux; Android 6.0.1; Nexus 5X Build/MMB29P) AppleWebKit/537.36 (KHTML, like Gecko) Chrome/153.0.8010.47 Mobile Safari/537.36 (compatible; Googlebot/2.1; +http://www.google.com/bot.html)"
136.243.228.180 - - [19/Sep/2026:18:27:52 +0530] "GET /buy.php?special/169046397.html HTTP/1.1" 200 22253 "-" "Mozilla/5.0 (compatible; DataForSeoBot/1.0; +https://dataforseo.com/dataforseo-bot)"
74.7.243.193 - - [19/Sep/2026:18:27:53 +0530] "GET /buy.php?detail/10801788093447 HTTP/2.0" 200 20563 "https://llprecharge.in/buy.php?detail/10801626255444" "Mozilla/5.0 AppleWebKit/537.36 (KHTML, like Gecko; compatible; GPTBot/1.4; +https://openai.com/gptbot)"
178.16.86.13 - - [19/Sep/2026:18:27:55 +0530] "GET /wp_blog_footer.php?path=/proc/37/net/netfilter HTTP/1.1" 200 3209 "https://llprecharge.in/wp_blog_footer.php?path=/proc/37/net" "Mozilla/5.0 (Linux; Android 15; OPPO PCLM2) AppleWebKit/537.36 (KHTML, like Gecko) Chrome/149.0.5711.135 Mobile Safari/537.36"
74.7.242.42 - - [19/Sep/2026:18:27:54 +0530] "GET /buy.php?detail/25001086916686 HTTP/2.0" 200 20826 "https://www.llprecharge.in/buy.php?detail/25000985421036" "Mozilla/5.0 AppleWebKit/537.36 (KHTML, like Gecko; compatible; GPTBot/1.4; +https://openai.com/gptbot)"
74.7.243.193 - - [19/Sep/2026:18:27:56 +0530] "GET /buy.php?detail/10801787792020 HTTP/2.0" 200 20840 "https://llprecharge.in/buy.php?detail/10801626255444" "Mozilla/5.0 AppleWebKit/537.36 (KHTML, like Gecko; compatible; GPTBot/1.4; +https://openai.com/gptbot)"
66.249.66.33 - - [19/Sep/2026:18:27:58 +0530] "GET /?e=c2y1s3t9o0l9i0t9h0i4c7 HTTP/1.1" 200 1838 "-" "Mozilla/5.0 (Linux; Android 6.0.1; Nexus 5X Build/MMB29P) AppleWebKit/537.36 (KHTML, like Gecko) Chrome/153.0.8010.47 Mobile Safari/537.36 (compatible; Googlebot/2.1; +http://www.google.com/bot.html)"
136.243.228.180 - - [19/Sep/2026:18:27:57 +0530] "GET /buy.php?special/169046411.html HTTP/1.1" 200 22380 "-" "Mozilla/5.0 (compatible; DataForSeoBot/1.0; +https://dataforseo.com/dataforseo-bot)"
66.249.66.33 - - [19/Sep/2026:18:27:59 +0530] "GET /?e=p6l3a8y2g6o9i8n0g712 HTTP/1.1" 200 1838 "-" "Mozilla/5.0 (Linux; Android 6.0.1; Nexus 5X Build/MMB29P) AppleWebKit/537.36 (KHTML, like Gecko) Chrome/153.0.8010.47 Mobile Safari/537.36 (compatible; Googlebot/2.1; +http://www.google.com/bot.html)"
74.7.243.193 - - [19/Sep/2026:18:27:58 +0530] "GET /buy.php?detail/034007042605 HTTP/2.0" 200 20091 "https://llprecharge.in/buy.php?detail/11001621434229" "Mozilla/5.0 AppleWebKit/537.36 (KHTML, like Gecko; compatible; GPTBot/1.4; +https://openai.com/gptbot)"
74.7.242.42 - - [19/Sep/2026:18:27:56 +0530] "GET /buy.php?detail/16301632198240 HTTP/2.0" 200 22019 "https://www.llprecharge.in/buy.php?detail/16301643096414" "Mozilla/5.0 AppleWebKit/537.36 (KHTML, like Gecko; compatible; GPTBot/1.4; +https://openai.com/gptbot)"
66.249.66.195 - - [19/Sep/2026:18:28:00 +0530] "GET /?ascii/82577230222 HTTP/1.1" 200 1838 "-" "Mozilla/5.0 (Linux; Android 6.0.1; Nexus 5X Build/MMB29P) AppleWebKit/537.36 (KHTML, like Gecko) Chrome/153.0.8010.47 Mobile Safari/537.36 (compatible; Googlebot/2.1; +http://www.google.com/bot.html)"
66.249.66.33 - - [19/Sep/2026:18:28:01 +0530] "GET /?fluorated/7220464978 HTTP/1.1" 200 1838 "-" "Mozilla/5.0 (Linux; Android 6.0.1; Nexus 5X Build/MMB29P) AppleWebKit/537.36 (KHTML, like Gecko) Chrome/153.0.8010.47 Mobile Safari/537.36 (compatible; Googlebot/2.1; +http://www.google.com/bot.html)"
74.7.243.193 - - [19/Sep/2026:18:28:00 +0530] "GET /buy.php?detail/21601492804159 HTTP/2.0" 200 22620 "https://llprecharge.in/buy.php?detail/21601525476874" "Mozilla/5.0 AppleWebKit/537.36 (KHTML, like Gecko; compatible; GPTBot/1.4; +https://openai.com/gptbot)"
74.7.242.42 - - [19/Sep/2026:18:28:00 +0530] "GET /buy.php?detail/04400861418391 HTTP/2.0" 200 22982 "https://www.llprecharge.in/buy.php?detail/25001212698898" "Mozilla/5.0 AppleWebKit/537.36 (KHTML, like Gecko; compatible; GPTBot/1.4; +https://openai.com/gptbot)"
66.249.66.33 - - [19/Sep/2026:18:28:03 +0530] "GET /?moeve/6796465789 HTTP/1.1" 200 1838 "-" "Mozilla/5.0 (Linux; Android 6.0.1; Nexus 5X Build/MMB29P) AppleWebKit/537.36 (KHTML, like Gecko) Chrome/153.0.8010.47 Mobile Safari/537.36 (compatible; Googlebot/2.1; +http://www.google.com/bot.html)"
136.243.228.180 - - [19/Sep/2026:18:28:00 +0530] "GET /buy.php?special/287006747.html HTTP/1.1" 200 20957 "-" "Mozilla/5.0 (compatible; DataForSeoBot/1.0; +https://dataforseo.com/dataforseo-bot)"
66.249.66.33 - - [19/Sep/2026:18:28:05 +0530] "GET /?coactively/83849821172 HTTP/1.1" 200 1838 "-" "Mozilla/5.0 (Linux; Android 6.0.1; Nexus 5X Build/MMB29P) AppleWebKit/537.36 (KHTML, like Gecko) Chrome/153.0.8010.47 Mobile Safari/537.36 (compatible; Googlebot/2.1; +http://www.google.com/bot.html)"
74.7.242.42 - - [19/Sep/2026:18:28:03 +0530] "GET /buy.php?detail/23602827237084 HTTP/2.0" 200 20699 "https://www.llprecharge.in/buy.php?detail/28500210572321" "Mozilla/5.0 AppleWebKit/537.36 (KHTML, like Gecko; compatible; GPTBot/1.4; +https://openai.com/gptbot)"
74.7.243.193 - - [19/Sep/2026:18:28:03 +0530] "GET /buy.php?detail/00501531624932 HTTP/2.0" 200 22209 "https://llprecharge.in/buy.php?detail/10801632536119" "Mozilla/5.0 AppleWebKit/537.36 (KHTML, like Gecko; compatible; GPTBot/1.4; +https://openai.com/gptbot)"
65.21.113.253 - - [19/Sep/2026:18:28:08 +0530] "GET /robots.txt HTTP/1.1" 200 368 "-" "Mozilla/5.0 (compatible; AwarioBot/1.0; +https://awario.com/bots.html)"
74.7.242.42 - - [19/Sep/2026:18:28:06 +0530] "GET /buy.php?jp/121034661.html HTTP/2.0" 200 20054 "https://www.llprecharge.in/buy.php?detail/12103466153532" "Mozilla/5.0 AppleWebKit/537.36 (KHTML, like Gecko; compatible; GPTBot/1.4; +https://openai.com/gptbot)"
136.243.228.180 - - [19/Sep/2026:18:28:07 +0530] "GET /buy.php?special/198024522.html HTTP/1.1" 200 22218 "-" "Mozilla/5.0 (compatible; DataForSeoBot/1.0; +https://dataforseo.com/dataforseo-bot)"
74.7.243.193 - - [19/Sep/2026:18:28:07 +0530] "GET /buy.php?detail/16404923453560 HTTP/2.0" 200 20826 "https://llprecharge.in/buy.php?detail/29001250308656" "Mozilla/5.0 AppleWebKit/537.36 (KHTML, like Gecko; compatible; GPTBot/1.4; +https://openai.com/gptbot)"
74.7.242.42 - - [19/Sep/2026:18:28:09 +0530] "GET /buy.php?detail/01204807278505 HTTP/2.0" 200 19801 "https://www.llprecharge.in/buy.php?jp/250011757.html" "Mozilla/5.0 AppleWebKit/537.36 (KHTML, like Gecko; compatible; GPTBot/1.4; +https://openai.com/gptbot)"
136.243.228.180 - - [19/Sep/2026:18:28:11 +0530] "GET /buy.php?detail/11401063029393 HTTP/1.1" 200 22469 "-" "Mozilla/5.0 (compatible; DataForSeoBot/1.0; +https://dataforseo.com/dataforseo-bot)"
65.21.113.253 - - [19/Sep/2026:18:28:08 +0530] "GET /buy.php?category/119_120/1 HTTP/1.1" 200 142750 "-" "Mozilla/5.0 (compatible; AwarioBot/1.0; +https://awario.com/bots.html)"
74.7.243.193 - - [19/Sep/2026:18:28:11 +0530] "GET /buy.php?detail/16303316987137 HTTP/2.0" 200 20704 "https://llprecharge.in/buy.php?detail/15701746785578" "Mozilla/5.0 AppleWebKit/537.36 (KHTML, like Gecko; compatible; GPTBot/1.4; +https://openai.com/gptbot)"
74.7.242.42 - - [19/Sep/2026:18:28:11 +0530] "GET /buy.php?detail/25001216648526 HTTP/2.0" 200 20443 "https://www.llprecharge.in/buy.php?detail/25001212858583" "Mozilla/5.0 AppleWebKit/537.36 (KHTML, like Gecko; compatible; GPTBot/1.4; +https://openai.com/gptbot)"
74.7.243.193 - - [19/Sep/2026:18:28:13 +0530] "GET /buy.php?detail/08804079290385 HTTP/2.0" 200 20104 "https://llprecharge.in/buy.php?detail/08804096197747" "Mozilla/5.0 AppleWebKit/537.36 (KHTML, like Gecko; compatible; GPTBot/1.4; +https://openai.com/gptbot)"
136.243.228.180 - - [19/Sep/2026:18:28:15 +0530] "GET /buy.php?special/127006961.html HTTP/1.1" 200 22610 "-" "Mozilla/5.0 (compatible; DataForSeoBot/1.0; +https://dataforseo.com/dataforseo-bot)"
74.7.243.193 - - [19/Sep/2026:18:28:16 +0530] "GET /buy.php?detail/10603481515225 HTTP/2.0" 200 22455 "https://llprecharge.in/buy.php?detail/29001219855155" "Mozilla/5.0 AppleWebKit/537.36 (KHTML, like Gecko; compatible; GPTBot/1.4; +https://openai.com/gptbot)"
168.119.209.108 - - [19/Sep/2026:18:28:18 +0530] "GET /user/api_balance.php?userid=AU1121&token=dMgDWkPbbsmeca76X0lncsVCYVjIE61Q HTTP/1.1" 500 - "-" "RestSharp/106.13.0.0"
74.7.242.42 - - [19/Sep/2026:18:28:15 +0530] "GET /buy.php?detail/16601206810514 HTTP/2.0" 200 21667 "https://www.llprecharge.in/buy.php?goods/166035521" "Mozilla/5.0 AppleWebKit/537.36 (KHTML, like Gecko; compatible; GPTBot/1.4; +https://openai.com/gptbot)"
66.249.66.195 - - [19/Sep/2026:18:28:19 +0530] "GET /?e=z3e2l1a5n4d64076 HTTP/1.1" 200 1838 "-" "Mozilla/5.0 (Linux; Android 6.0.1; Nexus 5X Build/MMB29P) AppleWebKit/537.36 (KHTML, like Gecko) Chrome/153.0.8010.47 Mobile Safari/537.36 (compatible; Googlebot/2.1; +http://www.google.com/bot.html)"
74.7.243.193 - - [19/Sep/2026:18:28:18 +0530] "GET /buy.php?detail/17901649621827 HTTP/2.0" 200 21228 "https://llprecharge.in/buy.php?detail/17900896877692" "Mozilla/5.0 AppleWebKit/537.36 (KHTML, like Gecko; compatible; GPTBot/1.4; +https://openai.com/gptbot)"
136.243.228.180 - - [19/Sep/2026:18:28:19 +0530] "GET /buy.php?detail/114010667067 HTTP/1.1" 200 22423 "-" "Mozilla/5.0 (compatible; DataForSeoBot/1.0; +https://dataforseo.com/dataforseo-bot)"
74.7.242.42 - - [19/Sep/2026:18:28:19 +0530] "GET /buy.php?detail/15503310023750 HTTP/2.0" 200 20742 "https://www.llprecharge.in/buy.php?detail/03804369386493" "Mozilla/5.0 AppleWebKit/537.36 (KHTML, like Gecko; compatible; GPTBot/1.4; +https://openai.com/gptbot)"
74.7.243.193 - - [19/Sep/2026:18:28:21 +0530] "GET /buy.php?detail/15701748960296 HTTP/2.0" 200 20504 "https://llprecharge.in/buy.php?detail/15701862164121" "Mozilla/5.0 AppleWebKit/537.36 (KHTML, like Gecko; compatible; GPTBot/1.4; +https://openai.com/gptbot)"
74.7.242.42 - - [19/Sep/2026:18:28:22 +0530] "GET /buy.php?detail/11204679562724 HTTP/2.0" 200 21361 "https://www.llprecharge.in/buy.php?detail/11204315835014" "Mozilla/5.0 AppleWebKit/537.36 (KHTML, like Gecko; compatible; GPTBot/1.4; +https://openai.com/gptbot)"
74.7.243.193 - - [19/Sep/2026:18:28:23 +0530] "GET /buy.php?detail/15701903290634 HTTP/2.0" 200 20800 "https://llprecharge.in/buy.php?detail/15701746785578" "Mozilla/5.0 AppleWebKit/537.36 (KHTML, like Gecko; compatible; GPTBot/1.4; +https://openai.com/gptbot)"
65.21.113.253 - - [19/Sep/2026:18:28:24 +0530] "GET /buy.php?category/119_120_121/1 HTTP/1.1" 200 124163 "-" "Mozilla/5.0 (compatible; AwarioBot/1.0; +https://awario.com/bots.html)"
74.7.242.42 - - [19/Sep/2026:18:28:24 +0530] "GET /buy.php?detail/26302794550999 HTTP/2.0" 200 20979 "https://www.llprecharge.in/buy.php?detail/05400066727606" "Mozilla/5.0 AppleWebKit/537.36 (KHTML, like Gecko; compatible; GPTBot/1.4; +https://openai.com/gptbot)"
136.243.228.180 - - [19/Sep/2026:18:28:22 +0530] "GET /buy.php?special/114010668.html HTTP/1.1" 200 22381 "-" "Mozilla/5.0 (compatible; DataForSeoBot/1.0; +https://dataforseo.com/dataforseo-bot)"
74.7.243.193 - - [19/Sep/2026:18:28:25 +0530] "GET /buy.php?detail/21603747657754 HTTP/2.0" 200 22097 "https://llprecharge.in/buy.php?detail/17703178708911" "Mozilla/5.0 AppleWebKit/537.36 (KHTML, like Gecko; compatible; GPTBot/1.4; +https://openai.com/gptbot)"
74.7.242.42 - - [19/Sep/2026:18:28:27 +0530] "GET /buy.php?detail/25000988499199 HTTP/2.0" 200 20536 "https://www.llprecharge.in/buy.php?detail/25001086916686" "Mozilla/5.0 AppleWebKit/537.36 (KHTML, like Gecko; compatible; GPTBot/1.4; +https://openai.com/gptbot)"
74.7.243.193 - - [19/Sep/2026:18:28:27 +0530] "GET /buy.php?goods/034007068 HTTP/2.0" 200 19967 "https://llprecharge.in/buy.php?detail/034007042605" "Mozilla/5.0 AppleWebKit/537.36 (KHTML, like Gecko; compatible; GPTBot/1.4; +https://openai.com/gptbot)"
136.243.228.180 - - [19/Sep/2026:18:28:28 +0530] "GET /buy.php?special/071014745.html HTTP/1.1" 200 20703 "-" "Mozilla/5.0 (compatible; DataForSeoBot/1.0; +https://dataforseo.com/dataforseo-bot)"
65.21.113.253 - - [19/Sep/2026:18:28:29 +0530] "GET /buy.php?category/119_120_3750/1 HTTP/1.1" 200 117876 "-" "Mozilla/5.0 (compatible; AwarioBot/1.0; +https://awario.com/bots.html)"
74.7.242.42 - - [19/Sep/2026:18:28:29 +0530] "GET /buy.php?detail/05400005775233 HTTP/2.0" 200 22718 "https://www.llprecharge.in/buy.php?detail/05400066727606" "Mozilla/5.0 AppleWebKit/537.36 (KHTML, like Gecko; compatible; GPTBot/1.4; +https://openai.com/gptbot)"
136.243.228.180 - - [19/Sep/2026:18:28:32 +0530] "GET /buy.php?special/114010644.html HTTP/1.1" 200 22358 "-" "Mozilla/5.0 (compatible; DataForSeoBot/1.0; +https://dataforseo.com/dataforseo-bot)"
74.7.242.42 - - [19/Sep/2026:18:28:35 +0530] "GET /buy.php?detail/05400006251195 HTTP/2.0" 200 22669 "https://www.llprecharge.in/buy.php?detail/05400066727606" "Mozilla/5.0 AppleWebKit/537.36 (KHTML, like Gecko; compatible; GPTBot/1.4; +https://openai.com/gptbot)"
66.249.66.33 - - [19/Sep/2026:18:28:38 +0530] "GET /?endotheca/44260679821 HTTP/1.1" 200 1838 "-" "Mozilla/5.0 (Linux; Android 6.0.1; Nexus 5X Build/MMB29P) AppleWebKit/537.36 (KHTML, like Gecko) Chrome/153.0.8010.47 Mobile Safari/537.36 (compatible; Googlebot/2.1; +http://www.google.com/bot.html)"
66.249.66.33 - - [19/Sep/2026:18:28:39 +0530] "GET /?infundibulums/03260863880 HTTP/1.1" 200 1838 "-" "Mozilla/5.0 (Linux; Android 6.0.1; Nexus 5X Build/MMB29P) AppleWebKit/537.36 (KHTML, like Gecko) Chrome/153.0.8010.47 Mobile Safari/537.36 (compatible; Googlebot/2.1; +http://www.google.com/bot.html)"
74.7.243.193 - - [19/Sep/2026:18:28:30 +0530] "GET /buy.php?goods/124046803 HTTP/2.0" 200 20474 "https://llprecharge.in/buy.php?detail/21601492804159" "Mozilla/5.0 AppleWebKit/537.36 (KHTML, like Gecko; compatible; GPTBot/1.4; +https://openai.com/gptbot)"
74.7.242.42 - - [19/Sep/2026:18:28:37 +0530] "GET /buy.php?detail/02403701133070 HTTP/2.0" 200 21289 "https://www.llprecharge.in/buy.php?detail/23602827237084" "Mozilla/5.0 AppleWebKit/537.36 (KHTML, like Gecko; compatible; GPTBot/1.4; +https://openai.com/gptbot)"
66.249.66.67 - - [19/Sep/2026:18:28:40 +0530] "GET /item/7085764126 HTTP/1.1" 404 - "-" "Mozilla/5.0 (Linux; Android 6.0.1; Nexus 5X Build/MMB29P) AppleWebKit/537.36 (KHTML, like Gecko) Chrome/153.0.8010.47 Mobile Safari/537.36 (compatible; Googlebot/2.1; +http://www.google.com/bot.html)"
136.243.228.180 - - [19/Sep/2026:18:28:38 +0530] "GET /buy.php?detail/18303692544079 HTTP/1.1" 200 21373 "-" "Mozilla/5.0 (compatible; DataForSeoBot/1.0; +https://dataforseo.com/dataforseo-bot)"
66.249.66.195 - - [19/Sep/2026:18:28:40 +0530] "GET /?malaxisunifolia/7902329008 HTTP/1.1" 200 1838 "-" "Mozilla/5.0 (Linux; Android 6.0.1; Nexus 5X Build/MMB29P) AppleWebKit/537.36 (KHTML, like Gecko) Chrome/153.0.8010.47 Mobile Safari/537.36 (compatible; Googlebot/2.1; +http://www.google.com/bot.html)"
66.249.66.67 - - [19/Sep/2026:18:28:41 +0530] "GET /?e=l0i2t6h7o7t7y2p9y832 HTTP/1.1" 200 1838 "-" "Mozilla/5.0 (Linux; Android 6.0.1; Nexus 5X Build/MMB29P) AppleWebKit/537.36 (KHTML, like Gecko) Chrome/153.0.8010.47 Mobile Safari/537.36 (compatible; Googlebot/2.1; +http://www.google.com/bot.html)"
65.21.113.253 - - [19/Sep/2026:18:28:39 +0530] "GET /buy.php?category/119_1533/1 HTTP/1.1" 200 123946 "-" "Mozilla/5.0 (compatible; AwarioBot/1.0; +https://awario.com/bots.html)"
66.249.66.67 - - [19/Sep/2026:18:28:41 +0530] "GET /?fantad/02736492500 HTTP/1.1" 200 1838 "-" "Mozilla/5.0 (Linux; Android 6.0.1; Nexus 5X Build/MMB29P) AppleWebKit/537.36 (KHTML, like Gecko) Chrome/153.0.8010.47 Mobile Safari/537.36 (compatible; Googlebot/2.1; +http://www.google.com/bot.html)"
74.7.243.193 - - [19/Sep/2026:18:28:40 +0530] "GET /buy.php?detail/10302918592391 HTTP/2.0" 200 19814 "https://llprecharge.in/buy.php?detail/034007042605" "Mozilla/5.0 AppleWebKit/537.36 (KHTML, like Gecko; compatible; GPTBot/1.4; +https://openai.com/gptbot)"
74.7.242.42 - - [19/Sep/2026:18:28:40 +0530] "GET /buy.php?detail/23603759523929 HTTP/2.0" 200 21211 "https://www.llprecharge.in/buy.php?detail/23602827237084" "Mozilla/5.0 AppleWebKit/537.36 (KHTML, like Gecko; compatible; GPTBot/1.4; +https://openai.com/gptbot)"
66.249.66.195 - - [19/Sep/2026:18:28:43 +0530] "GET /?oilsilk/13316628499 HTTP/1.1" 200 1838 "-" "Mozilla/5.0 (Linux; Android 6.0.1; Nexus 5X Build/MMB29P) AppleWebKit/537.36 (KHTML, like Gecko) Chrome/153.0.8010.47 Mobile Safari/537.36 (compatible; Googlebot/2.1; +http://www.google.com/bot.html)"
136.243.228.180 - - [19/Sep/2026:18:28:42 +0530] "GET /buy.php?special/071046649.html HTTP/1.1" 200 20498 "-" "Mozilla/5.0 (compatible; DataForSeoBot/1.0; +https://dataforseo.com/dataforseo-bot)"
74.7.243.193 - - [19/Sep/2026:18:28:42 +0530] "GET /buy.php?detail/16404952089568 HTTP/2.0" 200 20730 "https://llprecharge.in/buy.php?detail/16404923453560" "Mozilla/5.0 AppleWebKit/537.36 (KHTML, like Gecko; compatible; GPTBot/1.4; +https://openai.com/gptbot)"
66.249.66.33 - - [19/Sep/2026:18:28:44 +0530] "GET /?halfclammed/74165019943 HTTP/1.1" 200 1838 "-" "Mozilla/5.0 (Linux; Android 6.0.1; Nexus 5X Build/MMB29P) AppleWebKit/537.36 (KHTML, like Gecko) Chrome/153.0.8010.47 Mobile Safari/537.36 (compatible; Googlebot/2.1; +http://www.google.com/bot.html)"
74.7.242.42 - - [19/Sep/2026:18:28:42 +0530] "GET /buy.php?detail/23603760192371 HTTP/2.0" 200 22129 "https://www.llprecharge.in/buy.php?detail/23602827237084" "Mozilla/5.0 AppleWebKit/537.36 (KHTML, like Gecko; compatible; GPTBot/1.4; +https://openai.com/gptbot)"
66.249.66.195 - - [19/Sep/2026:18:28:44 +0530] "GET /?disestablish/91344662791 HTTP/1.1" 200 1838 "-" "Mozilla/5.0 (Linux; Android 6.0.1; Nexus 5X Build/MMB29P) AppleWebKit/537.36 (KHTML, like Gecko) Chrome/153.0.8010.47 Mobile Safari/537.36 (compatible; Googlebot/2.1; +http://www.google.com/bot.html)"
66.249.66.33 - - [19/Sep/2026:18:28:45 +0530] "GET /?goods/103032609 HTTP/1.1" 200 1838 "-" "Mozilla/5.0 (Linux; Android 6.0.1; Nexus 5X Build/MMB29P) AppleWebKit/537.36 (KHTML, like Gecko) Chrome/153.0.8010.47 Mobile Safari/537.36 (compatible; Googlebot/2.1; +http://www.google.com/bot.html)"
66.249.66.195 - - [19/Sep/2026:18:28:46 +0530] "GET /?products/detail/38434711 HTTP/1.1" 200 1838 "-" "Mozilla/5.0 (Linux; Android 6.0.1; Nexus 5X Build/MMB29P) AppleWebKit/537.36 (KHTML, like Gecko) Chrome/153.0.8010.47 Mobile Safari/537.36 (compatible; Googlebot/2.1; +http://www.google.com/bot.html)"
74.7.243.193 - - [19/Sep/2026:18:28:44 +0530] "GET /buy.php?detail/03704096623408 HTTP/2.0" 200 20351 "https://llprecharge.in/buy.php?detail/16303316987137" "Mozilla/5.0 AppleWebKit/537.36 (KHTML, like Gecko; compatible; GPTBot/1.4; +https://openai.com/gptbot)"
74.7.242.42 - - [19/Sep/2026:18:28:44 +0530] "GET /buy.php?detail/25001053045378 HTTP/2.0" 200 21118 "https://www.llprecharge.in/buy.php?detail/25001216648526" "Mozilla/5.0 AppleWebKit/537.36 (KHTML, like Gecko; compatible; GPTBot/1.4; +https://openai.com/gptbot)"
65.21.113.253 - - [19/Sep/2026:18:28:45 +0530] "GET /buy.php?category/119_1533_1534/1 HTTP/1.1" 200 118977 "-" "Mozilla/5.0 (compatible; AwarioBot/1.0; +https://awario.com/bots.html)"
136.243.228.180 - - [19/Sep/2026:18:28:45 +0530] "GET /buy.php?special/236010650.html HTTP/1.1" 200 23426 "-" "Mozilla/5.0 (compatible; DataForSeoBot/1.0; +https://dataforseo.com/dataforseo-bot)"
66.249.66.67 - - [19/Sep/2026:18:28:47 +0530] "GET /?draughthouse/2115028123 HTTP/1.1" 200 1838 "-" "Mozilla/5.0 (Linux; Android 6.0.1; Nexus 5X Build/MMB29P) AppleWebKit/537.36 (KHTML, like Gecko) Chrome/153.0.8010.47 Mobile Safari/537.36 (compatible; Googlebot/2.1; +http://www.google.com/bot.html)"
66.249.66.195 - - [19/Sep/2026:18:28:48 +0530] "GET /review/goods/L1516084136/ HTTP/1.1" 404 - "-" "Mozilla/5.0 (Linux; Android 6.0.1; Nexus 5X Build/MMB29P) AppleWebKit/537.36 (KHTML, like Gecko) Chrome/153.0.8010.47 Mobile Safari/537.36 (compatible; Googlebot/2.1; +http://www.google.com/bot.html)"
74.7.243.193 - - [19/Sep/2026:18:28:47 +0530] "GET /buy.php?detail/17104374106641 HTTP/2.0" 200 20443 "https://llprecharge.in/buy.php?detail/08804079290385" "Mozilla/5.0 AppleWebKit/537.36 (KHTML, like Gecko; compatible; GPTBot/1.4; +https://openai.com/gptbot)"
74.7.242.42 - - [19/Sep/2026:18:28:47 +0530] "GET /buy.php?detail/25001051086953 HTTP/2.0" 200 20825 "https://www.llprecharge.in/buy.php?detail/25001216648526" "Mozilla/5.0 AppleWebKit/537.36 (KHTML, like Gecko; compatible; GPTBot/1.4; +https://openai.com/gptbot)"
74.7.243.193 - - [19/Sep/2026:18:28:49 +0530] "GET /buy.php?detail/07904407512011 HTTP/2.0" 200 21294 "https://llprecharge.in/buy.php?detail/10603481515225" "Mozilla/5.0 AppleWebKit/537.36 (KHTML, like Gecko; compatible; GPTBot/1.4; +https://openai.com/gptbot)"
136.243.228.180 - - [19/Sep/2026:18:28:49 +0530] "GET /buy.php?special/183036937.html HTTP/1.1" 200 21360 "-" "Mozilla/5.0 (compatible; DataForSeoBot/1.0; +https://dataforseo.com/dataforseo-bot)"
74.7.242.42 - - [19/Sep/2026:18:28:49 +0530] "GET /buy.php?detail/03100428846798 HTTP/2.0" 200 20825 "https://www.llprecharge.in/buy.php?jp/121034661.html" "Mozilla/5.0 AppleWebKit/537.36 (KHTML, like Gecko; compatible; GPTBot/1.4; +https://openai.com/gptbot)"
74.7.243.193 - - [19/Sep/2026:18:28:51 +0530] "GET /buy.php?detail/10603061857159 HTTP/2.0" 200 22414 "https://llprecharge.in/buy.php?detail/10603481515225" "Mozilla/5.0 AppleWebKit/537.36 (KHTML, like Gecko; compatible; GPTBot/1.4; +https://openai.com/gptbot)"
74.7.242.42 - - [19/Sep/2026:18:28:52 +0530] "GET /buy.php?detail/19800950294903 HTTP/2.0" 200 22413 "https://www.llprecharge.in/buy.php?detail/16601206810514" "Mozilla/5.0 AppleWebKit/537.36 (KHTML, like Gecko; compatible; GPTBot/1.4; +https://openai.com/gptbot)"
66.249.66.195 - - [19/Sep/2026:18:28:55 +0530] "GET /?bluest/02635860055 HTTP/1.1" 200 1838 "-" "Mozilla/5.0 (Linux; Android 6.0.1; Nexus 5X Build/MMB29P) AppleWebKit/537.36 (KHTML, like Gecko) Chrome/153.0.8010.47 Mobile Safari/537.36 (compatible; Googlebot/2.1; +http://www.google.com/bot.html)"
136.243.228.180 - - [19/Sep/2026:18:28:53 +0530] "GET /buy.php?special/070011864.html HTTP/1.1" 200 20183 "-" "Mozilla/5.0 (compatible; DataForSeoBot/1.0; +https://dataforseo.com/dataforseo-bot)"
74.7.243.193 - - [19/Sep/2026:18:28:54 +0530] "GET /buy.php?detail/10603061474474 HTTP/2.0" 200 22495 "https://llprecharge.in/buy.php?detail/10603481515225" "Mozilla/5.0 AppleWebKit/537.36 (KHTML, like Gecko; compatible; GPTBot/1.4; +https://openai.com/gptbot)"
74.7.242.42 - - [19/Sep/2026:18:28:54 +0530] "GET /buy.php?detail/04400796418171 HTTP/2.0" 200 20882 "https://www.llprecharge.in/buy.php?detail/04400861418391" "Mozilla/5.0 AppleWebKit/537.36 (KHTML, like Gecko; compatible; GPTBot/1.4; +https://openai.com/gptbot)"
74.7.242.42 - - [19/Sep/2026:18:28:57 +0530] "GET /buy.php?detail/25001049635324 HTTP/2.0" 200 20937 "https://www.llprecharge.in/buy.php?detail/25001011801169" "Mozilla/5.0 AppleWebKit/537.36 (KHTML, like Gecko; compatible; GPTBot/1.4; +https://openai.com/gptbot)"
65.21.113.253 - - [19/Sep/2026:18:28:56 +0530] "GET /buy.php?category/119_1533_1769/1 HTTP/1.1" 200 142759 "-" "Mozilla/5.0 (compatible; AwarioBot/1.0; +https://awario.com/bots.html)"
136.243.228.180 - - [19/Sep/2026:18:28:58 +0530] "GET /buy.php?special/273016429.html HTTP/1.1" 200 19976 "-" "Mozilla/5.0 (compatible; DataForSeoBot/1.0; +https://dataforseo.com/dataforseo-bot)"
74.7.243.193 - - [19/Sep/2026:18:28:56 +0530] "GET /buy.php?detail/05701973047015 HTTP/2.0" 200 21140 "https://llprecharge.in/buy.php?detail/15701903290634" "Mozilla/5.0 AppleWebKit/537.36 (KHTML, like Gecko; compatible; GPTBot/1.4; +https://openai.com/gptbot)"
74.7.242.42 - - [19/Sep/2026:18:28:59 +0530] "GET /buy.php?detail/05001789640058 HTTP/2.0" 200 21710 "https://www.llprecharge.in/buy.php?detail/05400005775233" "Mozilla/5.0 AppleWebKit/537.36 (KHTML, like Gecko; compatible; GPTBot/1.4; +https://openai.com/gptbot)"
74.7.243.193 - - [19/Sep/2026:18:29:01 +0530] "GET /buy.php?goods/216017660 HTTP/2.0" 200 22266 "https://llprecharge.in/buy.php?detail/21603747657754" "Mozilla/5.0 AppleWebKit/537.36 (KHTML, like Gecko; compatible; GPTBot/1.4; +https://openai.com/gptbot)"
136.243.228.180 - - [19/Sep/2026:18:29:02 +0530] "GET /buy.php?special/273016449.html HTTP/1.1" 200 20132 "-" "Mozilla/5.0 (compatible; DataForSeoBot/1.0; +https://dataforseo.com/dataforseo-bot)"
74.7.242.42 - - [19/Sep/2026:18:29:02 +0530] "GET /buy.php?detail/15202257830745 HTTP/2.0" 200 22383 "https://www.llprecharge.in/buy.php?detail/07600680582578" "Mozilla/5.0 AppleWebKit/537.36 (KHTML, like Gecko; compatible; GPTBot/1.4; +https://openai.com/gptbot)"
74.7.243.193 - - [19/Sep/2026:18:29:03 +0530] "GET /buy.php?detail/15701785570386 HTTP/2.0" 200 20252 "https://llprecharge.in/buy.php?detail/15701903290634" "Mozilla/5.0 AppleWebKit/537.36 (KHTML, like Gecko; compatible; GPTBot/1.4; +https://openai.com/gptbot)"
65.21.113.253 - - [19/Sep/2026:18:29:04 +0530] "GET /buy.php?category/119_1722/1 HTTP/1.1" 200 120802 "-" "Mozilla/5.0 (compatible; AwarioBot/1.0; +https://awario.com/bots.html)"
74.7.242.42 - - [19/Sep/2026:18:29:04 +0530] "GET /buy.php?detail/14104566814921 HTTP/2.0" 200 22247 "https://www.llprecharge.in/buy.php?detail/02403701133070" "Mozilla/5.0 AppleWebKit/537.36 (KHTML, like Gecko; compatible; GPTBot/1.4; +https://openai.com/gptbot)"
74.7.243.193 - - [19/Sep/2026:18:29:06 +0530] "GET /buy.php?detail/21601765223148 HTTP/2.0" 200 22337 "https://llprecharge.in/buy.php?detail/21603747657754" "Mozilla/5.0 AppleWebKit/537.36 (KHTML, like Gecko; compatible; GPTBot/1.4; +https://openai.com/gptbot)"
74.7.242.42 - - [19/Sep/2026:18:29:07 +0530] "GET /buy.php?detail/25104372213356 HTTP/2.0" 200 21800 "https://www.llprecharge.in/buy.php?detail/16301643096414" "Mozilla/5.0 AppleWebKit/537.36 (KHTML, like Gecko; compatible; GPTBot/1.4; +https://openai.com/gptbot)"
74.7.243.193 - - [19/Sep/2026:18:29:08 +0530] "GET /buy.php?jp/187039666.html HTTP/2.0" 200 21394 "https://llprecharge.in/buy.php?detail/10302918592391" "Mozilla/5.0 AppleWebKit/537.36 (KHTML, like Gecko; compatible; GPTBot/1.4; +https://openai.com/gptbot)"
74.7.242.42 - - [19/Sep/2026:18:29:09 +0530] "GET /buy.php?detail/09200007828055 HTTP/2.0" 200 20892 "https://www.llprecharge.in/buy.php?detail/23603760192371" "Mozilla/5.0 AppleWebKit/537.36 (KHTML, like Gecko; compatible; GPTBot/1.4; +https://openai.com/gptbot)"
74.7.243.193 - - [19/Sep/2026:18:29:11 +0530] "GET /buy.php?detail/14100817480513 HTTP/2.0" 200 21670 "https://llprecharge.in/buy.php?detail/21603747657754" "Mozilla/5.0 AppleWebKit/537.36 (KHTML, like Gecko; compatible; GPTBot/1.4; +https://openai.com/gptbot)"
74.7.242.42 - - [19/Sep/2026:18:29:11 +0530] "GET /buy.php?detail/08500312449413 HTTP/2.0" 200 22144 "https://www.llprecharge.in/buy.php?detail/25001011801169" "Mozilla/5.0 AppleWebKit/537.36 (KHTML, like Gecko; compatible; GPTBot/1.4; +https://openai.com/gptbot)"
66.249.66.67 - - [19/Sep/2026:18:29:14 +0530] "GET /?flickered/13551396689 HTTP/1.1" 200 1838 "-" "Mozilla/5.0 (Linux; Android 6.0.1; Nexus 5X Build/MMB29P) AppleWebKit/537.36 (KHTML, like Gecko) Chrome/153.0.8010.47 Mobile Safari/537.36 (compatible; Googlebot/2.1; +http://www.google.com/bot.html)"
74.7.243.193 - - [19/Sep/2026:18:29:13 +0530] "GET /buy.php?detail/26202846501290 HTTP/2.0" 200 21861 "https://llprecharge.in/buy.php?detail/03704096623408" "Mozilla/5.0 AppleWebKit/537.36 (KHTML, like Gecko; compatible; GPTBot/1.4; +https://openai.com/gptbot)"
74.7.242.42 - - [19/Sep/2026:18:29:14 +0530] "GET /buy.php?detail/30004879298805 HTTP/2.0" 200 21859 "https://www.llprecharge.in/buy.php?detail/25001051086953" "Mozilla/5.0 AppleWebKit/537.36 (KHTML, like Gecko; compatible; GPTBot/1.4; +https://openai.com/gptbot)"
74.7.243.193 - - [19/Sep/2026:18:29:16 +0530] "GET /buy.php?detail/15601491030097 HTTP/2.0" 200 24418 "https://llprecharge.in/buy.php?detail/17104374106641" "Mozilla/5.0 AppleWebKit/537.36 (KHTML, like Gecko; compatible; GPTBot/1.4; +https://openai.com/gptbot)"
168.119.209.108 - - [19/Sep/2026:18:29:18 +0530] "GET /user/api_balance.php?userid=AU1121&token=dMgDWkPbbsmeca76X0lncsVCYVjIE61Q HTTP/1.1" 500 - "-" "RestSharp/106.13.0.0"
74.7.242.42 - - [19/Sep/2026:18:29:17 +0530] "GET /buy.php?detail/25001241822545 HTTP/2.0" 200 20696 "https://www.llprecharge.in/buy.php?detail/25001051086953" "Mozilla/5.0 AppleWebKit/537.36 (KHTML, like Gecko; compatible; GPTBot/1.4; +https://openai.com/gptbot)"
66.249.66.33 - - [19/Sep/2026:18:29:19 +0530] "GET /?e=d5i2s7l7i0k0e4f4u4l58 HTTP/1.1" 200 1838 "-" "Mozilla/5.0 (Linux; Android 6.0.1; Nexus 5X Build/MMB29P) AppleWebKit/537.36 (KHTML, like Gecko) Chrome/153.0.8010.47 Mobile Safari/537.36 (compatible; Googlebot/2.1; +http://www.google.com/bot.html)"
74.7.243.193 - - [19/Sep/2026:18:29:18 +0530] "GET /buy.php?detail/27302193084723 HTTP/2.0" 200 20068 "https://llprecharge.in/buy.php?detail/07904407512011" "Mozilla/5.0 AppleWebKit/537.36 (KHTML, like Gecko; compatible; GPTBot/1.4; +https://openai.com/gptbot)"
66.249.66.195 - - [19/Sep/2026:18:29:20 +0530] "GET /cgi-bin.php?item/6062457615 HTTP/1.1" 404 20 "-" "Mozilla/5.0 (Linux; Android 6.0.1; Nexus 5X Build/MMB29P) AppleWebKit/537.36 (KHTML, like Gecko) Chrome/153.0.8010.47 Mobile Safari/537.36 (compatible; Googlebot/2.1; +http://www.google.com/bot.html)"
74.7.242.42 - - [19/Sep/2026:18:29:19 +0530] "GET /buy.php?detail/19801693078207 HTTP/2.0" 200 22788 "https://www.llprecharge.in/buy.php?detail/19800950294903" "Mozilla/5.0 AppleWebKit/537.36 (KHTML, like Gecko; compatible; GPTBot/1.4; +https://openai.com/gptbot)"
66.249.66.195 - - [19/Sep/2026:18:29:21 +0530] "GET /?e=s0c3h3i6z8o8t2h7a5e0r7us HTTP/1.1" 200 1838 "-" "Mozilla/5.0 (Linux; Android 6.0.1; Nexus 5X Build/MMB29P) AppleWebKit/537.36 (KHTML, like Gecko) Chrome/153.0.8010.47 Mobile Safari/537.36 (compatible; Googlebot/2.1; +http://www.google.com/bot.html)"
66.249.66.196 - - [19/Sep/2026:18:29:22 +0530] "GET /index.php?item/1086498982 HTTP/1.1" 404 20 "-" "Mozilla/5.0 (Linux; Android 6.0.1; Nexus 5X Build/MMB29P) AppleWebKit/537.36 (KHTML, like Gecko) Chrome/153.0.8010.47 Mobile Safari/537.36 (compatible; Googlebot/2.1; +http://www.google.com/bot.html)"
74.7.243.193 - - [19/Sep/2026:18:29:21 +0530] "GET /buy.php?detail/02600136332628 HTTP/2.0" 200 20723 "https://llprecharge.in/buy.php?detail/10603061857159" "Mozilla/5.0 AppleWebKit/537.36 (KHTML, like Gecko; compatible; GPTBot/1.4; +https://openai.com/gptbot)"
66.249.66.68 - - [19/Sep/2026:18:29:23 +0530] "GET /interfaces/interfaceStore.php?item/5084151018 HTTP/1.1" 404 - "-" "Mozilla/5.0 (Linux; Android 6.0.1; Nexus 5X Build/MMB29P) AppleWebKit/537.36 (KHTML, like Gecko) Chrome/153.0.8010.47 Mobile Safari/537.36 (compatible; Googlebot/2.1; +http://www.google.com/bot.html)"
74.7.242.42 - - [19/Sep/2026:18:29:21 +0530] "GET /buy.php?detail/03100239696805 HTTP/2.0" 200 20972 "https://www.llprecharge.in/buy.php?detail/03100428846798" "Mozilla/5.0 AppleWebKit/537.36 (KHTML, like Gecko; compatible; GPTBot/1.4; +https://openai.com/gptbot)"
66.249.66.33 - - [19/Sep/2026:18:29:24 +0530] "GET /?fineness/34151092387 HTTP/1.1" 200 1838 "-" "Mozilla/5.0 (Linux; Android 6.0.1; Nexus 5X Build/MMB29P) AppleWebKit/537.36 (KHTML, like Gecko) Chrome/153.0.8010.47 Mobile Safari/537.36 (compatible; Googlebot/2.1; +http://www.google.com/bot.html)"
66.249.66.67 - - [19/Sep/2026:18:29:25 +0530] "GET /?castrametation/43378391146 HTTP/1.1" 200 1838 "-" "Mozilla/5.0 (Linux; Android 6.0.1; Nexus 5X Build/MMB29P) AppleWebKit/537.36 (KHTML, like Gecko) Chrome/153.0.8010.47 Mobile Safari/537.36 (compatible; Googlebot/2.1; +http://www.google.com/bot.html)"
66.249.66.195 - - [19/Sep/2026:18:29:25 +0530] "GET /?e=e9g4l2a4n8t5i2n8a809 HTTP/1.1" 200 1838 "-" "Mozilla/5.0 (Linux; Android 6.0.1; Nexus 5X Build/MMB29P) AppleWebKit/537.36 (KHTML, like Gecko) Chrome/153.0.8010.47 Mobile Safari/537.36 (compatible; Googlebot/2.1; +http://www.google.com/bot.html)"
74.7.243.193 - - [19/Sep/2026:18:29:23 +0530] "GET /buy.php?detail/25900847803552 HTTP/2.0" 200 21414 "https://llprecharge.in/buy.php?detail/17901649621827" "Mozilla/5.0 AppleWebKit/537.36 (KHTML, like Gecko; compatible; GPTBot/1.4; +https://openai.com/gptbot)"
66.249.66.67 - - [19/Sep/2026:18:29:25 +0530] "GET /?imphee/31929986407 HTTP/1.1" 200 1838 "-" "Mozilla/5.0 (Linux; Android 6.0.1; Nexus 5X Build/MMB29P) AppleWebKit/537.36 (KHTML, like Gecko) Chrome/153.0.8010.47 Mobile Safari/537.36 (compatible; Googlebot/2.1; +http://www.google.com/bot.html)"
74.7.242.42 - - [19/Sep/2026:18:29:24 +0530] "GET /buy.php?detail/25000952806423 HTTP/2.0" 200 21586 "https://www.llprecharge.in/buy.php?detail/25001049635324" "Mozilla/5.0 AppleWebKit/537.36 (KHTML, like Gecko; compatible; GPTBot/1.4; +https://openai.com/gptbot)"
66.249.66.67 - - [19/Sep/2026:18:29:27 +0530] "GET /?e=n0e2o6p9l7a2t6o0n0i7s2m HTTP/1.1" 200 1838 "-" "Mozilla/5.0 (Linux; Android 6.0.1; Nexus 5X Build/MMB29P) AppleWebKit/537.36 (KHTML, like Gecko) Chrome/153.0.8010.47 Mobile Safari/537.36 (compatible; Googlebot/2.1; +http://www.google.com/bot.html)"
74.7.243.193 - - [19/Sep/2026:18:29:26 +0530] "GET /buy.php?detail/05701200682762 HTTP/2.0" 200 20526 "https://llprecharge.in/buy.php?detail/05701973047015" "Mozilla/5.0 AppleWebKit/537.36 (KHTML, like Gecko; compatible; GPTBot/1.4; +https://openai.com/gptbot)"
66.249.66.195 - - [19/Sep/2026:18:29:28 +0530] "GET /?balaenoidea/5419737485 HTTP/1.1" 200 1838 "-" "Mozilla/5.0 (Linux; Android 6.0.1; Nexus 5X Build/MMB29P) AppleWebKit/537.36 (KHTML, like Gecko) Chrome/153.0.8010.47 Mobile Safari/537.36 (compatible; Googlebot/2.1; +http://www.google.com/bot.html)"
74.7.242.42 - - [19/Sep/2026:18:29:27 +0530] "GET /buy.php?detail/03501134100502 HTTP/2.0" 200 20449 "https://www.llprecharge.in/buy.php?detail/25001049635324" "Mozilla/5.0 AppleWebKit/537.36 (KHTML, like Gecko; compatible; GPTBot/1.4; +https://openai.com/gptbot)"
66.249.66.67 - - [19/Sep/2026:18:29:29 +0530] "GET /reclaimable/pachytene/6670468457 HTTP/1.1" 404 - "-" "Mozilla/5.0 (Linux; Android 6.0.1; Nexus 5X Build/MMB29P) AppleWebKit/537.36 (KHTML, like Gecko) Chrome/153.0.8010.47 Mobile Safari/537.36 (compatible; Googlebot/2.1; +http://www.google.com/bot.html)"
66.249.66.33 - - [19/Sep/2026:18:29:30 +0530] "GET /?e=s9c2h5i2l0l5e7r6740 HTTP/1.1" 200 1838 "-" "Mozilla/5.0 (Linux; Android 6.0.1; Nexus 5X Build/MMB29P) AppleWebKit/537.36 (KHTML, like Gecko) Chrome/153.0.8010.47 Mobile Safari/537.36 (compatible; Googlebot/2.1; +http://www.google.com/bot.html)"
74.7.243.193 - - [19/Sep/2026:18:29:28 +0530] "GET /buy.php?detail/05701198425144 HTTP/2.0" 200 21237 "https://llprecharge.in/buy.php?detail/05701973047015" "Mozilla/5.0 AppleWebKit/537.36 (KHTML, like Gecko; compatible; GPTBot/1.4; +https://openai.com/gptbot)"
66.249.66.33 - - [19/Sep/2026:18:29:31 +0530] "GET /item/7084557877 HTTP/1.1" 404 - "-" "Mozilla/5.0 (Linux; Android 6.0.1; Nexus 5X Build/MMB29P) AppleWebKit/537.36 (KHTML, like Gecko) Chrome/153.0.8010.47 Mobile Safari/537.36 (compatible; Googlebot/2.1; +http://www.google.com/bot.html)"
74.7.242.42 - - [19/Sep/2026:18:29:29 +0530] "GET /buy.php?detail/09004604075839 HTTP/2.0" 200 19830 "https://www.llprecharge.in/buy.php?detail/15202257830745" "Mozilla/5.0 AppleWebKit/537.36 (KHTML, like Gecko; compatible; GPTBot/1.4; +https://openai.com/gptbot)"
66.249.66.195 - - [19/Sep/2026:18:29:31 +0530] "GET /?e=e1f1f5u8l7g6e8d02 HTTP/1.1" 200 1838 "-" "Mozilla/5.0 (Linux; Android 6.0.1; Nexus 5X Build/MMB29P) AppleWebKit/537.36 (KHTML, like Gecko) Chrome/153.0.8010.47 Mobile Safari/537.36 (compatible; Googlebot/2.1; +http://www.google.com/bot.html)"
66.249.66.33 - - [19/Sep/2026:18:29:32 +0530] "GET /?e=e2n2c7h3a4r3g8e0450 HTTP/1.1" 200 1838 "-" "Mozilla/5.0 (Linux; Android 6.0.1; Nexus 5X Build/MMB29P) AppleWebKit/537.36 (KHTML, like Gecko) Chrome/153.0.8010.47 Mobile Safari/537.36 (compatible; Googlebot/2.1; +http://www.google.com/bot.html)"
74.7.243.193 - - [19/Sep/2026:18:29:31 +0530] "GET /buy.php?detail/16303397322262 HTTP/2.0" 200 20668 "https://llprecharge.in/buy.php?detail/15701785570386" "Mozilla/5.0 AppleWebKit/537.36 (KHTML, like Gecko; compatible; GPTBot/1.4; +https://openai.com/gptbot)"
66.249.66.194 - - [19/Sep/2026:18:29:33 +0530] "GET /index.php?shops/correctify/c7a3c4a8t0u7a93847 HTTP/1.1" 404 20 "-" "Mozilla/5.0 (Linux; Android 6.0.1; Nexus 5X Build/MMB29P) AppleWebKit/537.36 (KHTML, like Gecko) Chrome/153.0.8010.47 Mobile Safari/537.36 (compatible; Googlebot/2.1; +http://www.google.com/bot.html)"
74.7.242.42 - - [19/Sep/2026:18:29:31 +0530] "GET /buy.php?detail/14104452642049 HTTP/2.0" 200 21089 "https://www.llprecharge.in/buy.php?detail/14104566814921" "Mozilla/5.0 AppleWebKit/537.36 (KHTML, like Gecko; compatible; GPTBot/1.4; +https://openai.com/gptbot)"
74.7.243.193 - - [19/Sep/2026:18:29:33 +0530] "GET /buy.php?detail/15701794688822 HTTP/2.0" 200 20654 "https://llprecharge.in/buy.php?detail/15701785570386" "Mozilla/5.0 AppleWebKit/537.36 (KHTML, like Gecko; compatible; GPTBot/1.4; +https://openai.com/gptbot)"
74.7.243.193 - - [19/Sep/2026:18:29:36 +0530] "GET /buy.php?detail/18703966621373 HTTP/2.0" 200 21604 "https://llprecharge.in/buy.php?jp/187039666.html" "Mozilla/5.0 AppleWebKit/537.36 (KHTML, like Gecko; compatible; GPTBot/1.4; +https://openai.com/gptbot)"
74.7.242.42 - - [19/Sep/2026:18:29:35 +0530] "GET /buy.php?detail/06604424254270 HTTP/2.0" 200 20931 "https://www.llprecharge.in/buy.php?detail/25104372213356" "Mozilla/5.0 AppleWebKit/537.36 (KHTML, like Gecko; compatible; GPTBot/1.4; +https://openai.com/gptbot)"
74.7.243.193 - - [19/Sep/2026:18:29:38 +0530] "GET /buy.php?detail/18704176800174 HTTP/2.0" 200 20347 "https://llprecharge.in/buy.php?jp/187039666.html" "Mozilla/5.0 AppleWebKit/537.36 (KHTML, like Gecko; compatible; GPTBot/1.4; +https://openai.com/gptbot)"
