74.7.242.42 - - [19/Sep/2026:18:00:10 +0530] "GET /buy.php?detail/05402517446136 HTTP/2.0" 200 22758 "https://www.llprecharge.in/buy.php?detail/05402339307234" "Mozilla/5.0 AppleWebKit/537.36 (KHTML, like Gecko; compatible; GPTBot/1.4; +https://openai.com/gptbot)"
74.7.243.193 - - [19/Sep/2026:18:00:10 +0530] "GET /buy.php?detail/06200858277152 HTTP/2.0" 200 20355 "https://llprecharge.in/buy.php?detail/06200949932012" "Mozilla/5.0 AppleWebKit/537.36 (KHTML, like Gecko; compatible; GPTBot/1.4; +https://openai.com/gptbot)"
74.7.243.193 - - [19/Sep/2026:18:00:12 +0530] "GET /buy.php?detail/06200858487112 HTTP/2.0" 200 20501 "https://llprecharge.in/buy.php?detail/06200949932012" "Mozilla/5.0 AppleWebKit/537.36 (KHTML, like Gecko; compatible; GPTBot/1.4; +https://openai.com/gptbot)"
74.7.242.42 - - [19/Sep/2026:18:00:12 +0530] "GET /buy.php?detail/25303263581072 HTTP/2.0" 200 21477 "https://www.llprecharge.in/buy.php?detail/12802407743599" "Mozilla/5.0 AppleWebKit/537.36 (KHTML, like Gecko; compatible; GPTBot/1.4; +https://openai.com/gptbot)"
136.243.228.180 - - [19/Sep/2026:18:00:13 +0530] "GET /buy.php?special/211015009.html HTTP/1.1" 200 21264 "-" "Mozilla/5.0 (compatible; DataForSeoBot/1.0; +https://dataforseo.com/dataforseo-bot)"
74.7.243.193 - - [19/Sep/2026:18:00:15 +0530] "GET /buy.php?detail/04701681663759 HTTP/2.0" 200 20785 "https://llprecharge.in/buy.php?detail/04701554115103" "Mozilla/5.0 AppleWebKit/537.36 (KHTML, like Gecko; compatible; GPTBot/1.4; +https://openai.com/gptbot)"
168.119.209.108 - - [19/Sep/2026:18:00:18 +0530] "GET /user/api_balance.php?userid=AU1121&token=dMgDWkPbbsmeca76X0lncsVCYVjIE61Q HTTP/1.1" 500 - "-" "RestSharp/106.13.0.0"
136.243.228.180 - - [19/Sep/2026:18:00:16 +0530] "GET /buy.php?special/196013972.html HTTP/1.1" 200 22525 "-" "Mozilla/5.0 (compatible; DataForSeoBot/1.0; +https://dataforseo.com/dataforseo-bot)"
66.249.66.196 - - [19/Sep/2026:18:00:21 +0530] "GET /?e=s6t7r2u5t9t9e1r646 HTTP/1.1" 200 1838 "-" "Mozilla/5.0 (Linux; Android 6.0.1; Nexus 5X Build/MMB29P) AppleWebKit/537.36 (KHTML, like Gecko) Chrome/153.0.8010.47 Mobile Safari/537.36 (compatible; Googlebot/2.1; +http://www.google.com/bot.html)"
74.7.242.42 - - [19/Sep/2026:18:00:15 +0530] "GET /buy.php?detail/17402773742063 HTTP/2.0" 200 20223 "https://www.llprecharge.in/buy.php?detail/22902165976206" "Mozilla/5.0 AppleWebKit/537.36 (KHTML, like Gecko; compatible; GPTBot/1.4; +https://openai.com/gptbot)"
65.21.113.253 - - [19/Sep/2026:18:00:19 +0530] "GET /buy.php??your/253003372 HTTP/1.1" 200 119472 "-" "Mozilla/5.0 (compatible; AwarioBot/1.0; +https://awario.com/bots.html)"
66.249.66.68 - - [19/Sep/2026:18:00:22 +0530] "GET /?e=h9u1m3b0i7r4d59752 HTTP/1.1" 200 1838 "-" "Mozilla/5.0 (Linux; Android 6.0.1; Nexus 5X Build/MMB29P) AppleWebKit/537.36 (KHTML, like Gecko) Chrome/153.0.8010.47 Mobile Safari/537.36 (compatible; Googlebot/2.1; +http://www.google.com/bot.html)"
136.243.228.180 - - [19/Sep/2026:18:00:21 +0530] "GET /buy.php?special/051047791.html HTTP/1.1" 200 20360 "-" "Mozilla/5.0 (compatible; DataForSeoBot/1.0; +https://dataforseo.com/dataforseo-bot)"
66.249.66.194 - - [19/Sep/2026:18:00:23 +0530] "GET /?e=l8a3b0o2r9160179 HTTP/1.1" 200 1838 "-" "Mozilla/5.0 (Linux; Android 6.0.1; Nexus 5X Build/MMB29P) AppleWebKit/537.36 (KHTML, like Gecko) Chrome/153.0.8010.47 Mobile Safari/537.36 (compatible; Googlebot/2.1; +http://www.google.com/bot.html)"
74.7.242.42 - - [19/Sep/2026:18:00:21 +0530] "GET /buy.php?detail/14402607193153 HTTP/2.0" 200 20340 "https://www.llprecharge.in/buy.php?detail/14401800407707" "Mozilla/5.0 AppleWebKit/537.36 (KHTML, like Gecko; compatible; GPTBot/1.4; +https://openai.com/gptbot)"
74.7.243.193 - - [19/Sep/2026:18:00:18 +0530] "GET /buy.php?detail/10404979094679 HTTP/2.0" 200 19918 "https://llprecharge.in/buy.php?detail/07601415274161" "Mozilla/5.0 AppleWebKit/537.36 (KHTML, like Gecko; compatible; GPTBot/1.4; +https://openai.com/gptbot)"
74.7.242.42 - - [19/Sep/2026:18:00:24 +0530] "GET /buy.php?detail/26803238121840 HTTP/2.0" 200 21191 "https://www.llprecharge.in/buy.php?detail/05500924155892" "Mozilla/5.0 AppleWebKit/537.36 (KHTML, like Gecko; compatible; GPTBot/1.4; +https://openai.com/gptbot)"
74.7.243.193 - - [19/Sep/2026:18:00:24 +0530] "GET /buy.php?detail/07600265656869 HTTP/2.0" 200 20679 "https://llprecharge.in/buy.php?detail/07601415079743" "Mozilla/5.0 AppleWebKit/537.36 (KHTML, like Gecko; compatible; GPTBot/1.4; +https://openai.com/gptbot)"
136.243.228.180 - - [19/Sep/2026:18:00:24 +0530] "GET /buy.php?special/274019752.html HTTP/1.1" 200 22495 "-" "Mozilla/5.0 (compatible; DataForSeoBot/1.0; +https://dataforseo.com/dataforseo-bot)"
66.249.66.67 - - [19/Sep/2026:18:00:27 +0530] "GET /?multiformous/11686313189 HTTP/1.1" 200 1838 "-" "Mozilla/5.0 (Linux; Android 6.0.1; Nexus 5X Build/MMB29P) AppleWebKit/537.36 (KHTML, like Gecko) Chrome/153.0.8010.47 Mobile Safari/537.36 (compatible; Googlebot/2.1; +http://www.google.com/bot.html)"
74.7.242.42 - - [19/Sep/2026:18:00:26 +0530] "GET /buy.php?detail/18302064790825 HTTP/2.0" 200 20847 "https://www.llprecharge.in/buy.php?detail/18301255892899" "Mozilla/5.0 AppleWebKit/537.36 (KHTML, like Gecko; compatible; GPTBot/1.4; +https://openai.com/gptbot)"
74.7.243.193 - - [19/Sep/2026:18:00:26 +0530] "GET /buy.php?goods/003022687 HTTP/2.0" 200 21893 "https://llprecharge.in/buy.php?detail/25404356780026" "Mozilla/5.0 AppleWebKit/537.36 (KHTML, like Gecko; compatible; GPTBot/1.4; +https://openai.com/gptbot)"
65.21.113.253 - - [19/Sep/2026:18:00:29 +0530] "GET /robots.txt HTTP/1.1" 200 368 "-" "Mozilla/5.0 (compatible; AwarioBot/1.0; +https://awario.com/bots.html)"
136.243.228.180 - - [19/Sep/2026:18:00:28 +0530] "GET /buy.php?goods/274019761 HTTP/1.1" 200 22367 "-" "Mozilla/5.0 (compatible; DataForSeoBot/1.0; +https://dataforseo.com/dataforseo-bot)"
74.7.243.193 - - [19/Sep/2026:18:00:29 +0530] "GET /buy.php?detail/05200591146327 HTTP/2.0" 200 20982 "https://llprecharge.in/buy.php?detail/05201542894940" "Mozilla/5.0 AppleWebKit/537.36 (KHTML, like Gecko; compatible; GPTBot/1.4; +https://openai.com/gptbot)"
65.21.113.253 - - [19/Sep/2026:18:00:30 +0530] "GET /buy.php??yours/045027510 HTTP/1.1" 200 125416 "-" "Mozilla/5.0 (compatible; AwarioBot/1.0; +https://awario.com/bots.html)"
66.249.66.33 - - [19/Sep/2026:18:00:32 +0530] "GET /?e=w4a3p9p0e6r273697 HTTP/1.1" 200 1838 "-" "Mozilla/5.0 (Linux; Android 6.0.1; Nexus 5X Build/MMB29P) AppleWebKit/537.36 (KHTML, like Gecko) Chrome/153.0.8010.47 Mobile Safari/537.36 (compatible; Googlebot/2.1; +http://www.google.com/bot.html)"
74.7.243.193 - - [19/Sep/2026:18:00:31 +0530] "GET /buy.php?detail/03103652951458 HTTP/2.0" 200 20922 "https://llprecharge.in/buy.php?detail/10600129538285" "Mozilla/5.0 AppleWebKit/537.36 (KHTML, like Gecko; compatible; GPTBot/1.4; +https://openai.com/gptbot)"
74.7.242.42 - - [19/Sep/2026:18:00:28 +0530] "GET /buy.php?detail/13302850743686 HTTP/2.0" 200 21138 "https://www.llprecharge.in/buy.php?detail/13303006071677" "Mozilla/5.0 AppleWebKit/537.36 (KHTML, like Gecko; compatible; GPTBot/1.4; +https://openai.com/gptbot)"
136.243.228.180 - - [19/Sep/2026:18:00:33 +0530] "GET /buy.php?special/274019758.html HTTP/1.1" 200 22965 "-" "Mozilla/5.0 (compatible; DataForSeoBot/1.0; +https://dataforseo.com/dataforseo-bot)"
74.7.243.193 - - [19/Sep/2026:18:00:34 +0530] "GET /buy.php?detail/04502784882190 HTTP/2.0" 200 21167 "https://llprecharge.in/buy.php?detail/04502663065191" "Mozilla/5.0 AppleWebKit/537.36 (KHTML, like Gecko; compatible; GPTBot/1.4; +https://openai.com/gptbot)"
74.7.242.42 - - [19/Sep/2026:18:00:34 +0530] "GET /buy.php?detail/29003676800825 HTTP/2.0" 200 21092 "https://www.llprecharge.in/buy.php?detail/29003770982365" "Mozilla/5.0 AppleWebKit/537.36 (KHTML, like Gecko; compatible; GPTBot/1.4; +https://openai.com/gptbot)"
74.7.243.193 - - [19/Sep/2026:18:00:36 +0530] "GET /buy.php?detail/21600222826699 HTTP/2.0" 200 20232 "https://llprecharge.in/buy.php?detail/16003914853987" "Mozilla/5.0 AppleWebKit/537.36 (KHTML, like Gecko; compatible; GPTBot/1.4; +https://openai.com/gptbot)"
136.243.228.180 - - [19/Sep/2026:18:00:37 +0530] "GET /buy.php?special/145028669.html HTTP/1.1" 200 21552 "-" "Mozilla/5.0 (compatible; DataForSeoBot/1.0; +https://dataforseo.com/dataforseo-bot)"
74.7.242.42 - - [19/Sep/2026:18:00:38 +0530] "GET /buy.php?detail/02703490055982 HTTP/2.0" 200 20997 "https://www.llprecharge.in/buy.php?detail/29003770982365" "Mozilla/5.0 AppleWebKit/537.36 (KHTML, like Gecko; compatible; GPTBot/1.4; +https://openai.com/gptbot)"
65.21.113.253 - - [19/Sep/2026:18:00:38 +0530] "GET /buy.php??yours/239030854 HTTP/1.1" 200 123852 "-" "Mozilla/5.0 (compatible; AwarioBot/1.0; +https://awario.com/bots.html)"
74.7.243.193 - - [19/Sep/2026:18:00:39 +0530] "GET /buy.php?detail/15101743968910 HTTP/2.0" 200 22943 "https://llprecharge.in/buy.php?detail/06200858110048" "Mozilla/5.0 AppleWebKit/537.36 (KHTML, like Gecko; compatible; GPTBot/1.4; +https://openai.com/gptbot)"
66.249.66.33 - - [19/Sep/2026:18:00:41 +0530] "GET /?e=i7n1f7i7b5u2l8a2t1i2o2n HTTP/1.1" 200 1838 "-" "Mozilla/5.0 (Linux; Android 6.0.1; Nexus 5X Build/MMB29P) AppleWebKit/537.36 (KHTML, like Gecko) Chrome/153.0.8010.47 Mobile Safari/537.36 (compatible; Googlebot/2.1; +http://www.google.com/bot.html)"
74.7.242.42 - - [19/Sep/2026:18:00:40 +0530] "GET /buy.php?detail/05402182998528 HTTP/2.0" 200 22452 "https://www.llprecharge.in/buy.php?detail/05402516850933" "Mozilla/5.0 AppleWebKit/537.36 (KHTML, like Gecko; compatible; GPTBot/1.4; +https://openai.com/gptbot)"
136.243.228.180 - - [19/Sep/2026:18:00:41 +0530] "GET /buy.php?jp/145028607.html HTTP/1.1" 200 22181 "-" "Mozilla/5.0 (compatible; DataForSeoBot/1.0; +https://dataforseo.com/dataforseo-bot)"
74.7.243.193 - - [19/Sep/2026:18:00:41 +0530] "GET /buy.php?detail/02102718595306 HTTP/2.0" 200 22081 "https://llprecharge.in/buy.php?detail/02103211229778" "Mozilla/5.0 AppleWebKit/537.36 (KHTML, like Gecko; compatible; GPTBot/1.4; +https://openai.com/gptbot)"
74.7.242.42 - - [19/Sep/2026:18:00:42 +0530] "GET /buy.php?detail/13204730797778 HTTP/2.0" 200 22668 "https://www.llprecharge.in/buy.php?detail/12802273324266" "Mozilla/5.0 AppleWebKit/537.36 (KHTML, like Gecko; compatible; GPTBot/1.4; +https://openai.com/gptbot)"
65.21.113.253 - - [19/Sep/2026:18:00:43 +0530] "GET /buy.php??yours/239030866 HTTP/1.1" 200 123515 "-" "Mozilla/5.0 (compatible; AwarioBot/1.0; +https://awario.com/bots.html)"
74.7.243.193 - - [19/Sep/2026:18:00:44 +0530] "GET /buy.php?detail/17203986301498 HTTP/2.0" 200 20817 "https://llprecharge.in/buy.php?detail/17204186149456" "Mozilla/5.0 AppleWebKit/537.36 (KHTML, like Gecko; compatible; GPTBot/1.4; +https://openai.com/gptbot)"
74.7.242.42 - - [19/Sep/2026:18:00:45 +0530] "GET /buy.php?detail/05402591050134 HTTP/2.0" 200 22911 "https://www.llprecharge.in/buy.php?detail/05402517446136" "Mozilla/5.0 AppleWebKit/537.36 (KHTML, like Gecko; compatible; GPTBot/1.4; +https://openai.com/gptbot)"
136.243.228.180 - - [19/Sep/2026:18:00:44 +0530] "GET /buy.php?jp/145028635.html HTTP/1.1" 200 21400 "-" "Mozilla/5.0 (compatible; DataForSeoBot/1.0; +https://dataforseo.com/dataforseo-bot)"
74.7.242.42 - - [19/Sep/2026:18:00:47 +0530] "GET /buy.php?detail/25303723124336 HTTP/2.0" 200 21023 "https://www.llprecharge.in/buy.php?detail/25303263581072" "Mozilla/5.0 AppleWebKit/537.36 (KHTML, like Gecko; compatible; GPTBot/1.4; +https://openai.com/gptbot)"
74.7.243.193 - - [19/Sep/2026:18:00:46 +0530] "GET /buy.php?detail/01300154623679 HTTP/2.0" 200 22387 "https://llprecharge.in/buy.php?detail/01300096939200" "Mozilla/5.0 AppleWebKit/537.36 (KHTML, like Gecko; compatible; GPTBot/1.4; +https://openai.com/gptbot)"
136.243.228.180 - - [19/Sep/2026:18:00:49 +0530] "GET /buy.php?special/150038002.html HTTP/1.1" 200 21450 "-" "Mozilla/5.0 (compatible; DataForSeoBot/1.0; +https://dataforseo.com/dataforseo-bot)"
74.7.243.193 - - [19/Sep/2026:18:00:50 +0530] "GET /buy.php?detail/18701373234036 HTTP/2.0" 200 20815 "https://llprecharge.in/buy.php?detail/18701705758396" "Mozilla/5.0 AppleWebKit/537.36 (KHTML, like Gecko; compatible; GPTBot/1.4; +https://openai.com/gptbot)"
74.7.242.42 - - [19/Sep/2026:18:00:50 +0530] "GET /buy.php?detail/17401749050918 HTTP/2.0" 200 21861 "https://www.llprecharge.in/buy.php?detail/17402773742063" "Mozilla/5.0 AppleWebKit/537.36 (KHTML, like Gecko; compatible; GPTBot/1.4; +https://openai.com/gptbot)"
66.249.66.67 - - [19/Sep/2026:18:00:54 +0530] "GET /?e=b9r2i6b4a2b5l5e4432 HTTP/1.1" 200 1838 "-" "Mozilla/5.0 (Linux; Android 6.0.1; Nexus 5X Build/MMB29P) AppleWebKit/537.36 (KHTML, like Gecko) Chrome/153.0.8010.47 Mobile Safari/537.36 (compatible; Googlebot/2.1; +http://www.google.com/bot.html)"
74.7.243.193 - - [19/Sep/2026:18:00:52 +0530] "GET /buy.php?detail/06701217155941 HTTP/2.0" 200 20680 "https://llprecharge.in/buy.php?detail/06701727455523" "Mozilla/5.0 AppleWebKit/537.36 (KHTML, like Gecko; compatible; GPTBot/1.4; +https://openai.com/gptbot)"
136.243.228.180 - - [19/Sep/2026:18:00:52 +0530] "GET /buy.php?special/145028609.html HTTP/1.1" 200 22294 "-" "Mozilla/5.0 (compatible; DataForSeoBot/1.0; +https://dataforseo.com/dataforseo-bot)"
74.7.242.42 - - [19/Sep/2026:18:00:52 +0530] "GET /buy.php?detail/14400871145909 HTTP/2.0" 200 20296 "https://www.llprecharge.in/buy.php?detail/14402607193153" "Mozilla/5.0 AppleWebKit/537.36 (KHTML, like Gecko; compatible; GPTBot/1.4; +https://openai.com/gptbot)"
66.249.66.33 - - [19/Sep/2026:18:00:55 +0530] "GET /?sprinkle/03766219195 HTTP/1.1" 200 1838 "-" "Mozilla/5.0 (Linux; Android 6.0.1; Nexus 5X Build/MMB29P) AppleWebKit/537.36 (KHTML, like Gecko) Chrome/153.0.8010.47 Mobile Safari/537.36 (compatible; Googlebot/2.1; +http://www.google.com/bot.html)"
49.43.152.35 - - [19/Sep/2026:18:00:38 +0530] "GET /LLPRECHARGE/Admin/recharge_report.php HTTP/2.0" 200 5902 "https://www.llprecharge.in/LLPRECHARGE/Admin/recharge_report.php" "Mozilla/5.0 (Macintosh; Intel Mac OS X 10_15_7) AppleWebKit/537.36 (KHTML, like Gecko) Chrome/151.0.0.0 Safari/537.36 OPR/135.0.0.0"
66.249.66.67 - - [19/Sep/2026:18:00:55 +0530] "GET /?e=d3r1a2b1b7e3d16764 HTTP/1.1" 200 1838 "-" "Mozilla/5.0 (Linux; Android 6.0.1; Nexus 5X Build/MMB29P) AppleWebKit/537.36 (KHTML, like Gecko) Chrome/153.0.8010.47 Mobile Safari/537.36 (compatible; Googlebot/2.1; +http://www.google.com/bot.html)"
65.21.113.253 - - [19/Sep/2026:18:00:53 +0530] "GET /buy.php??yourself/106018999 HTTP/1.1" 200 120419 "-" "Mozilla/5.0 (compatible; AwarioBot/1.0; +https://awario.com/bots.html)"
74.7.243.193 - - [19/Sep/2026:18:00:54 +0530] "GET /buy.php?detail/00301787803350 HTTP/2.0" 200 20613 "https://llprecharge.in/buy.php?goods/003022687" "Mozilla/5.0 AppleWebKit/537.36 (KHTML, like Gecko; compatible; GPTBot/1.4; +https://openai.com/gptbot)"
74.7.242.42 - - [19/Sep/2026:18:00:55 +0530] "GET /buy.php?detail/26803715744998 HTTP/2.0" 200 20371 "https://www.llprecharge.in/buy.php?detail/26803238121840" "Mozilla/5.0 AppleWebKit/537.36 (KHTML, like Gecko; compatible; GPTBot/1.4; +https://openai.com/gptbot)"
66.249.66.195 - - [19/Sep/2026:18:00:58 +0530] "GET /interfaces/interfaceStore.php?item/1086729122 HTTP/1.1" 404 - "-" "Mozilla/5.0 (Linux; Android 6.0.1; Nexus 5X Build/MMB29P) AppleWebKit/537.36 (KHTML, like Gecko) Chrome/153.0.8010.47 Mobile Safari/537.36 (compatible; Googlebot/2.1; +http://www.google.com/bot.html)"
66.249.66.67 - - [19/Sep/2026:18:00:58 +0530] "GET /?e=s6e3l8f7e3n1j0o3y9m9e0nt HTTP/1.1" 200 1838 "-" "Mozilla/5.0 (Linux; Android 6.0.1; Nexus 5X Build/MMB29P) AppleWebKit/537.36 (KHTML, like Gecko) Chrome/153.0.8010.47 Mobile Safari/537.36 (compatible; Googlebot/2.1; +http://www.google.com/bot.html)"
136.243.228.180 - - [19/Sep/2026:18:00:56 +0530] "GET /buy.php?special/145028661.html HTTP/1.1" 200 22493 "-" "Mozilla/5.0 (compatible; DataForSeoBot/1.0; +https://dataforseo.com/dataforseo-bot)"
74.7.243.193 - - [19/Sep/2026:18:00:57 +0530] "GET /buy.php?detail/00301788010645 HTTP/2.0" 200 21317 "https://llprecharge.in/buy.php?goods/003022687" "Mozilla/5.0 AppleWebKit/537.36 (KHTML, like Gecko; compatible; GPTBot/1.4; +https://openai.com/gptbot)"
74.7.242.42 - - [19/Sep/2026:18:00:57 +0530] "GET /buy.php?detail/27500414977782 HTTP/2.0" 200 22520 "https://www.llprecharge.in/buy.php?detail/26803238121840" "Mozilla/5.0 AppleWebKit/537.36 (KHTML, like Gecko; compatible; GPTBot/1.4; +https://openai.com/gptbot)"
66.249.66.194 - - [19/Sep/2026:18:00:59 +0530] "GET /index.php?item/3086832940 HTTP/1.1" 404 20 "-" "Mozilla/5.0 (Linux; Android 6.0.1; Nexus 5X Build/MMB29P) AppleWebKit/537.36 (KHTML, like Gecko) Chrome/153.0.8010.47 Mobile Safari/537.36 (compatible; Googlebot/2.1; +http://www.google.com/bot.html)"
65.21.113.253 - - [19/Sep/2026:18:00:58 +0530] "GET /buy.php??yourself/250048297 HTTP/1.1" 200 136674 "-" "Mozilla/5.0 (compatible; AwarioBot/1.0; +https://awario.com/bots.html)"
74.7.243.193 - - [19/Sep/2026:18:00:59 +0530] "GET /buy.php?detail/03103690460831 HTTP/2.0" 200 20159 "https://llprecharge.in/buy.php?detail/03103652951458" "Mozilla/5.0 AppleWebKit/537.36 (KHTML, like Gecko; compatible; GPTBot/1.4; +https://openai.com/gptbot)"
74.7.242.42 - - [19/Sep/2026:18:00:59 +0530] "GET /buy.php?detail/2010383874371 HTTP/2.0" 200 20886 "https://www.llprecharge.in/buy.php?detail/13302850743686" "Mozilla/5.0 AppleWebKit/537.36 (KHTML, like Gecko; compatible; GPTBot/1.4; +https://openai.com/gptbot)"
136.243.228.180 - - [19/Sep/2026:18:01:01 +0530] "GET /buy.php?special/145028637.html HTTP/1.1" 200 22042 "-" "Mozilla/5.0 (compatible; DataForSeoBot/1.0; +https://dataforseo.com/dataforseo-bot)"
74.7.242.42 - - [19/Sep/2026:18:01:02 +0530] "GET /buy.php?detail/01201664697547 HTTP/2.0" 200 21031 "https://www.llprecharge.in/buy.php?detail/26803238121840" "Mozilla/5.0 AppleWebKit/537.36 (KHTML, like Gecko; compatible; GPTBot/1.4; +https://openai.com/gptbot)"
74.7.243.193 - - [19/Sep/2026:18:01:02 +0530] "GET /buy.php?jp/003017880.html HTTP/2.0" 200 21115 "https://llprecharge.in/buy.php?detail/00301788010645" "Mozilla/5.0 AppleWebKit/537.36 (KHTML, like Gecko; compatible; GPTBot/1.4; +https://openai.com/gptbot)"
74.7.242.42 - - [19/Sep/2026:18:01:04 +0530] "GET /buy.php?detail/18301534398331 HTTP/2.0" 200 21128 "https://www.llprecharge.in/buy.php?detail/18302064790825" "Mozilla/5.0 AppleWebKit/537.36 (KHTML, like Gecko; compatible; GPTBot/1.4; +https://openai.com/gptbot)"
136.243.228.180 - - [19/Sep/2026:18:01:04 +0530] "GET /buy.php?special/246005462.html HTTP/1.1" 200 21940 "-" "Mozilla/5.0 (compatible; DataForSeoBot/1.0; +https://dataforseo.com/dataforseo-bot)"
74.7.243.193 - - [19/Sep/2026:18:01:04 +0530] "GET /buy.php?detail/00701109599679 HTTP/2.0" 200 20241 "https://llprecharge.in/buy.php?detail/05200591146327" "Mozilla/5.0 AppleWebKit/537.36 (KHTML, like Gecko; compatible; GPTBot/1.4; +https://openai.com/gptbot)"
74.7.242.42 - - [19/Sep/2026:18:01:07 +0530] "GET /buy.php?detail/21302164516340 HTTP/2.0" 200 20273 "https://www.llprecharge.in/buy.php?detail/26803238121840" "Mozilla/5.0 AppleWebKit/537.36 (KHTML, like Gecko; compatible; GPTBot/1.4; +https://openai.com/gptbot)"
74.7.243.193 - - [19/Sep/2026:18:01:07 +0530] "GET /buy.php?detail/21600396661770 HTTP/2.0" 200 20175 "https://llprecharge.in/buy.php?detail/21600222826699" "Mozilla/5.0 AppleWebKit/537.36 (KHTML, like Gecko; compatible; GPTBot/1.4; +https://openai.com/gptbot)"
65.21.113.253 - - [19/Sep/2026:18:01:08 +0530] "GET /buy.php??yourself/250048323 HTTP/1.1" 200 134141 "-" "Mozilla/5.0 (compatible; AwarioBot/1.0; +https://awario.com/bots.html)"
136.243.228.180 - - [19/Sep/2026:18:01:08 +0530] "GET /buy.php?special/076006688.html HTTP/1.1" 200 22457 "-" "Mozilla/5.0 (compatible; DataForSeoBot/1.0; +https://dataforseo.com/dataforseo-bot)"
74.7.243.193 - - [19/Sep/2026:18:01:09 +0530] "GET /buy.php?detail/21600400247299 HTTP/2.0" 200 20328 "https://llprecharge.in/buy.php?detail/21600222826699" "Mozilla/5.0 AppleWebKit/537.36 (KHTML, like Gecko; compatible; GPTBot/1.4; +https://openai.com/gptbot)"
74.7.242.42 - - [19/Sep/2026:18:01:09 +0530] "GET /buy.php?detail/18301533701749 HTTP/2.0" 200 21621 "https://www.llprecharge.in/buy.php?detail/18302064790825" "Mozilla/5.0 AppleWebKit/537.36 (KHTML, like Gecko; compatible; GPTBot/1.4; +https://openai.com/gptbot)"
74.7.242.42 - - [19/Sep/2026:18:01:12 +0530] "GET /buy.php?detail/17401749664775 HTTP/2.0" 200 21862 "https://www.llprecharge.in/buy.php?detail/17402773742063" "Mozilla/5.0 AppleWebKit/537.36 (KHTML, like Gecko; compatible; GPTBot/1.4; +https://openai.com/gptbot)"
74.7.243.193 - - [19/Sep/2026:18:01:11 +0530] "GET /buy.php?detail/10004843379566 HTTP/2.0" 200 20739 "https://llprecharge.in/buy.php?detail/21600222826699" "Mozilla/5.0 AppleWebKit/537.36 (KHTML, like Gecko; compatible; GPTBot/1.4; +https://openai.com/gptbot)"
136.243.228.180 - - [19/Sep/2026:18:01:13 +0530] "GET /buy.php?special/106018248.html HTTP/1.1" 200 21868 "-" "Mozilla/5.0 (compatible; DataForSeoBot/1.0; +https://dataforseo.com/dataforseo-bot)"
65.21.113.253 - - [19/Sep/2026:18:01:13 +0530] "GET /buy.php??youth/040009653 HTTP/1.1" 200 120432 "-" "Mozilla/5.0 (compatible; AwarioBot/1.0; +https://awario.com/bots.html)"
74.7.242.42 - - [19/Sep/2026:18:01:14 +0530] "GET /buy.php?jp/253036918.html HTTP/2.0" 200 21145 "https://www.llprecharge.in/buy.php?detail/25303723124336" "Mozilla/5.0 AppleWebKit/537.36 (KHTML, like Gecko; compatible; GPTBot/1.4; +https://openai.com/gptbot)"
74.7.243.193 - - [19/Sep/2026:18:01:14 +0530] "GET /buy.php?detail/17204003045554 HTTP/2.0" 200 20656 "https://llprecharge.in/buy.php?detail/17203986301498" "Mozilla/5.0 AppleWebKit/537.36 (KHTML, like Gecko; compatible; GPTBot/1.4; +https://openai.com/gptbot)"
168.119.209.108 - - [19/Sep/2026:18:01:18 +0530] "GET /user/api_balance.php?userid=AU1121&token=dMgDWkPbbsmeca76X0lncsVCYVjIE61Q HTTP/1.1" 500 - "-" "RestSharp/106.13.0.0"
74.7.243.193 - - [19/Sep/2026:18:01:17 +0530] "GET /buy.php?detail/01300096473180 HTTP/2.0" 200 22350 "https://llprecharge.in/buy.php?detail/01300154623679" "Mozilla/5.0 AppleWebKit/537.36 (KHTML, like Gecko; compatible; GPTBot/1.4; +https://openai.com/gptbot)"
136.243.228.180 - - [19/Sep/2026:18:01:17 +0530] "GET /buy.php?detail/0760066752269 HTTP/1.1" 200 22593 "-" "Mozilla/5.0 (compatible; DataForSeoBot/1.0; +https://dataforseo.com/dataforseo-bot)"
74.7.242.42 - - [19/Sep/2026:18:01:16 +0530] "GET /buy.php?detail/19504412229283 HTTP/2.0" 200 20058 "https://www.llprecharge.in/buy.php?detail/25303723124336" "Mozilla/5.0 AppleWebKit/537.36 (KHTML, like Gecko; compatible; GPTBot/1.4; +https://openai.com/gptbot)"
65.21.113.253 - - [19/Sep/2026:18:01:17 +0530] "GET /buy.php??youth/118046963 HTTP/1.1" 200 118325 "-" "Mozilla/5.0 (compatible; AwarioBot/1.0; +https://awario.com/bots.html)"
66.249.66.33 - - [19/Sep/2026:18:01:20 +0530] "GET /?luxurist/43386107566 HTTP/1.1" 200 1838 "-" "Mozilla/5.0 (Linux; Android 6.0.1; Nexus 5X Build/MMB29P) AppleWebKit/537.36 (KHTML, like Gecko) Chrome/153.0.8010.47 Mobile Safari/537.36 (compatible; Googlebot/2.1; +http://www.google.com/bot.html)"
74.7.243.193 - - [19/Sep/2026:18:01:19 +0530] "GET /buy.php?detail/04803226704500 HTTP/2.0" 200 20042 "https://llprecharge.in/buy.php?detail/17203986301498" "Mozilla/5.0 AppleWebKit/537.36 (KHTML, like Gecko; compatible; GPTBot/1.4; +https://openai.com/gptbot)"
74.7.242.42 - - [19/Sep/2026:18:01:19 +0530] "GET /buy.php?detail/2210443605015 HTTP/2.0" 200 20938 "https://www.llprecharge.in/buy.php?detail/14400871145909" "Mozilla/5.0 AppleWebKit/537.36 (KHTML, like Gecko; compatible; GPTBot/1.4; +https://openai.com/gptbot)"
136.243.228.180 - - [19/Sep/2026:18:01:21 +0530] "GET /buy.php?detail/0760066721690 HTTP/1.1" 200 22708 "-" "Mozilla/5.0 (compatible; DataForSeoBot/1.0; +https://dataforseo.com/dataforseo-bot)"
74.7.243.193 - - [19/Sep/2026:18:01:21 +0530] "GET /buy.php?detail/28702705770418 HTTP/2.0" 200 20721 "https://llprecharge.in/buy.php?detail/18701373234036" "Mozilla/5.0 AppleWebKit/537.36 (KHTML, like Gecko; compatible; GPTBot/1.4; +https://openai.com/gptbot)"
74.7.242.42 - - [19/Sep/2026:18:01:21 +0530] "GET /buy.php?detail/25100158217912 HTTP/2.0" 200 20384 "https://www.llprecharge.in/buy.php?detail/17401749050918" "Mozilla/5.0 AppleWebKit/537.36 (KHTML, like Gecko; compatible; GPTBot/1.4; +https://openai.com/gptbot)"
74.7.243.193 - - [19/Sep/2026:18:01:24 +0530] "GET /buy.php?detail/17204004752875 HTTP/2.0" 200 20515 "https://llprecharge.in/buy.php?detail/17203986301498" "Mozilla/5.0 AppleWebKit/537.36 (KHTML, like Gecko; compatible; GPTBot/1.4; +https://openai.com/gptbot)"
74.7.242.42 - - [19/Sep/2026:18:01:24 +0530] "GET /buy.php?detail/21902043446773 HTTP/2.0" 200 21386 "https://www.llprecharge.in/buy.php?detail/05402517446136" "Mozilla/5.0 AppleWebKit/537.36 (KHTML, like Gecko; compatible; GPTBot/1.4; +https://openai.com/gptbot)"
136.243.228.180 - - [19/Sep/2026:18:01:24 +0530] "GET /buy.php?special/008021030.html HTTP/1.1" 200 19811 "-" "Mozilla/5.0 (compatible; DataForSeoBot/1.0; +https://dataforseo.com/dataforseo-bot)"
66.249.66.67 - - [19/Sep/2026:18:01:28 +0530] "GET /?principling/91403059621 HTTP/1.1" 200 1838 "-" "Mozilla/5.0 (Linux; Android 6.0.1; Nexus 5X Build/MMB29P) AppleWebKit/537.36 (KHTML, like Gecko) Chrome/153.0.8010.47 Mobile Safari/537.36 (compatible; Googlebot/2.1; +http://www.google.com/bot.html)"
74.7.242.42 - - [19/Sep/2026:18:01:26 +0530] "GET /buy.php?detail/20103943979335 HTTP/2.0" 200 20066 "https://www.llprecharge.in/buy.php?detail/2010383874371" "Mozilla/5.0 AppleWebKit/537.36 (KHTML, like Gecko; compatible; GPTBot/1.4; +https://openai.com/gptbot)"
66.249.66.196 - - [19/Sep/2026:18:01:29 +0530] "GET /review/goods/L1396638321/ HTTP/1.1" 404 - "-" "Mozilla/5.0 (Linux; Android 6.0.1; Nexus 5X Build/MMB29P) AppleWebKit/537.36 (KHTML, like Gecko) Chrome/153.0.8010.47 Mobile Safari/537.36 (compatible; Googlebot/2.1; +http://www.google.com/bot.html)"
65.21.113.253 - - [19/Sep/2026:18:01:27 +0530] "GET /buy.php??youth/194047737 HTTP/1.1" 200 131905 "-" "Mozilla/5.0 (compatible; AwarioBot/1.0; +https://awario.com/bots.html)"
66.249.66.195 - - [19/Sep/2026:18:01:29 +0530] "GET /?e=c4e6o6p8h1l4o6e3u6s9 HTTP/1.1" 200 1838 "-" "Mozilla/5.0 (Linux; Android 6.0.1; Nexus 5X Build/MMB29P) AppleWebKit/537.36 (KHTML, like Gecko) Chrome/153.0.8010.47 Mobile Safari/537.36 (compatible; Googlebot/2.1; +http://www.google.com/bot.html)"
74.7.242.42 - - [19/Sep/2026:18:01:29 +0530] "GET /buy.php?detail/04204020488572 HTTP/2.0" 200 21966 "https://www.llprecharge.in/buy.php?detail/01201664697547" "Mozilla/5.0 AppleWebKit/537.36 (KHTML, like Gecko; compatible; GPTBot/1.4; +https://openai.com/gptbot)"
136.243.228.180 - - [19/Sep/2026:18:01:29 +0530] "GET /buy.php?category/96_260_1198/1 HTTP/1.1" 200 21101 "-" "Mozilla/5.0 (compatible; DataForSeoBot/1.0; +https://dataforseo.com/dataforseo-bot)"
66.249.66.194 - - [19/Sep/2026:18:01:31 +0530] "GET /?e=b9r9i2e0f8i7n9g437 HTTP/1.1" 200 1838 "-" "Mozilla/5.0 (Linux; Android 6.0.1; Nexus 5X Build/MMB29P) AppleWebKit/537.36 (KHTML, like Gecko) Chrome/153.0.8010.47 Mobile Safari/537.36 (compatible; Googlebot/2.1; +http://www.google.com/bot.html)"
66.249.66.195 - - [19/Sep/2026:18:01:31 +0530] "GET /cgi-bin.php?item/3084157870 HTTP/1.1" 404 20 "-" "Mozilla/5.0 (Linux; Android 6.0.1; Nexus 5X Build/MMB29P) AppleWebKit/537.36 (KHTML, like Gecko) Chrome/153.0.8010.47 Mobile Safari/537.36 (compatible; Googlebot/2.1; +http://www.google.com/bot.html)"
74.7.243.193 - - [19/Sep/2026:18:01:26 +0530] "GET /buy.php?detail/00302240285880 HTTP/2.0" 200 21485 "https://llprecharge.in/buy.php?detail/00301788010645" "Mozilla/5.0 AppleWebKit/537.36 (KHTML, like Gecko; compatible; GPTBot/1.4; +https://openai.com/gptbot)"
66.249.66.194 - - [19/Sep/2026:18:01:32 +0530] "GET /index.php?amblystoma/a9b9a3s4i5n4g4491 HTTP/1.1" 404 20 "-" "Mozilla/5.0 (Linux; Android 6.0.1; Nexus 5X Build/MMB29P) AppleWebKit/537.36 (KHTML, like Gecko) Chrome/153.0.8010.47 Mobile Safari/537.36 (compatible; Googlebot/2.1; +http://www.google.com/bot.html)"
74.7.242.42 - - [19/Sep/2026:18:01:31 +0530] "GET /buy.php?detail/22403874378269 HTTP/2.0" 200 22264 "https://www.llprecharge.in/buy.php?detail/13302850743686" "Mozilla/5.0 AppleWebKit/537.36 (KHTML, like Gecko; compatible; GPTBot/1.4; +https://openai.com/gptbot)"
74.7.243.193 - - [19/Sep/2026:18:01:32 +0530] "GET /buy.php?detail/00302239922468 HTTP/2.0" 200 20984 "https://llprecharge.in/buy.php?detail/00301788010645" "Mozilla/5.0 AppleWebKit/537.36 (KHTML, like Gecko; compatible; GPTBot/1.4; +https://openai.com/gptbot)"
136.243.228.180 - - [19/Sep/2026:18:01:32 +0530] "GET /buy.php?special/126020904.html HTTP/1.1" 200 21145 "-" "Mozilla/5.0 (compatible; DataForSeoBot/1.0; +https://dataforseo.com/dataforseo-bot)"
65.21.113.253 - - [19/Sep/2026:18:01:33 +0530] "GET /buy.php??youth/259015396 HTTP/1.1" 200 126887 "-" "Mozilla/5.0 (compatible; AwarioBot/1.0; +https://awario.com/bots.html)"
74.7.243.193 - - [19/Sep/2026:18:01:36 +0530] "GET /buy.php?detail/06001996997043 HTTP/2.0" 200 20455 "https://llprecharge.in/buy.php?detail/18701373234036" "Mozilla/5.0 AppleWebKit/537.36 (KHTML, like Gecko; compatible; GPTBot/1.4; +https://openai.com/gptbot)"
74.7.242.42 - - [19/Sep/2026:18:01:34 +0530] "GET /buy.php?detail/19001778702586 HTTP/2.0" 200 20893 "https://www.llprecharge.in/buy.php?detail/26803715744998" "Mozilla/5.0 AppleWebKit/537.36 (KHTML, like Gecko; compatible; GPTBot/1.4; +https://openai.com/gptbot)"
136.243.228.180 - - [19/Sep/2026:18:01:38 +0530] "GET /buy.php?special/126020896.html HTTP/1.1" 200 20938 "-" "Mozilla/5.0 (compatible; DataForSeoBot/1.0; +https://dataforseo.com/dataforseo-bot)"
74.7.243.193 - - [19/Sep/2026:18:01:38 +0530] "GET /buy.php?detail/21600089293311 HTTP/2.0" 200 20752 "https://llprecharge.in/buy.php?detail/21600396661770" "Mozilla/5.0 AppleWebKit/537.36 (KHTML, like Gecko; compatible; GPTBot/1.4; +https://openai.com/gptbot)"
74.7.242.42 - - [19/Sep/2026:18:01:39 +0530] "GET /buy.php?detail/01902598520665 HTTP/2.0" 200 20255 "https://www.llprecharge.in/buy.php?detail/18301533701749" "Mozilla/5.0 AppleWebKit/537.36 (KHTML, like Gecko; compatible; GPTBot/1.4; +https://openai.com/gptbot)"
51.89.129.243 - - [19/Sep/2026:18:01:41 +0530] "GET /?sitemap584.xml HTTP/2.0" 200 1838 "-" "Mozilla/5.0 (compatible; AhrefsBot/7.0; +http://ahrefs.com/robot/)"
74.7.243.193 - - [19/Sep/2026:18:01:40 +0530] "GET /buy.php?detail/18504505335150 HTTP/2.0" 200 21528 "https://llprecharge.in/buy.php?detail/21600400247299" "Mozilla/5.0 AppleWebKit/537.36 (KHTML, like Gecko; compatible; GPTBot/1.4; +https://openai.com/gptbot)"
74.7.242.42 - - [19/Sep/2026:18:01:42 +0530] "GET /buy.php?detail/28100603358456 HTTP/2.0" 200 22407 "https://www.llprecharge.in/buy.php?detail/17401749664775" "Mozilla/5.0 AppleWebKit/537.36 (KHTML, like Gecko; compatible; GPTBot/1.4; +https://openai.com/gptbot)"
136.243.228.180 - - [19/Sep/2026:18:01:42 +0530] "GET /buy.php?special/126020854.html HTTP/1.1" 200 20168 "-" "Mozilla/5.0 (compatible; DataForSeoBot/1.0; +https://dataforseo.com/dataforseo-bot)"
74.7.243.193 - - [19/Sep/2026:18:01:43 +0530] "GET /buy.php?detail/00301951512681 HTTP/2.0" 200 20967 "https://llprecharge.in/buy.php?detail/00301787803350" "Mozilla/5.0 AppleWebKit/537.36 (KHTML, like Gecko; compatible; GPTBot/1.4; +https://openai.com/gptbot)"
66.249.66.33 - - [19/Sep/2026:18:01:46 +0530] "GET /?tomfool/32676391292 HTTP/1.1" 200 1838 "-" "Mozilla/5.0 (Linux; Android 6.0.1; Nexus 5X Build/MMB29P) AppleWebKit/537.36 (KHTML, like Gecko) Chrome/153.0.8010.47 Mobile Safari/537.36 (compatible; Googlebot/2.1; +http://www.google.com/bot.html)"
66.249.66.33 - - [19/Sep/2026:18:01:46 +0530] "GET /?e=t8a2p6l7a6s6h98418 HTTP/1.1" 200 1838 "-" "Mozilla/5.0 (Linux; Android 6.0.1; Nexus 5X Build/MMB29P) AppleWebKit/537.36 (KHTML, like Gecko) Chrome/153.0.8010.47 Mobile Safari/537.36 (compatible; Googlebot/2.1; +http://www.google.com/bot.html)"
74.7.242.42 - - [19/Sep/2026:18:01:45 +0530] "GET /buy.php?detail/25303770167020 HTTP/2.0" 200 21055 "https://www.llprecharge.in/buy.php?jp/253036918.html" "Mozilla/5.0 AppleWebKit/537.36 (KHTML, like Gecko; compatible; GPTBot/1.4; +https://openai.com/gptbot)"
74.7.242.42 - - [19/Sep/2026:18:01:47 +0530] "GET /buy.php?detail/22001054657390 HTTP/2.0" 200 20556 "https://www.llprecharge.in/buy.php?detail/19504412229283" "Mozilla/5.0 AppleWebKit/537.36 (KHTML, like Gecko; compatible; GPTBot/1.4; +https://openai.com/gptbot)"
65.21.113.253 - - [19/Sep/2026:18:01:47 +0530] "GET /buy.php??zone/009023146 HTTP/1.1" 200 125907 "-" "Mozilla/5.0 (compatible; AwarioBot/1.0; +https://awario.com/bots.html)"
136.243.228.180 - - [19/Sep/2026:18:01:46 +0530] "GET /buy.php?special/126020886.html HTTP/1.1" 200 20553 "-" "Mozilla/5.0 (compatible; DataForSeoBot/1.0; +https://dataforseo.com/dataforseo-bot)"
74.7.242.42 - - [19/Sep/2026:18:01:50 +0530] "GET /buy.php?detail/22104447267977 HTTP/2.0" 200 22132 "https://www.llprecharge.in/buy.php?detail/2210443605015" "Mozilla/5.0 AppleWebKit/537.36 (KHTML, like Gecko; compatible; GPTBot/1.4; +https://openai.com/gptbot)"
74.7.243.193 - - [19/Sep/2026:18:01:46 +0530] "GET /buy.php?detail/00301950703339 HTTP/2.0" 200 20589 "https://llprecharge.in/buy.php?detail/00301787803350" "Mozilla/5.0 AppleWebKit/537.36 (KHTML, like Gecko; compatible; GPTBot/1.4; +https://openai.com/gptbot)"
74.7.242.42 - - [19/Sep/2026:18:01:52 +0530] "GET /buy.php?detail/10904139185359 HTTP/2.0" 200 21639 "https://www.llprecharge.in/buy.php?detail/25100158217912" "Mozilla/5.0 AppleWebKit/537.36 (KHTML, like Gecko; compatible; GPTBot/1.4; +https://openai.com/gptbot)"
136.243.228.180 - - [19/Sep/2026:18:01:52 +0530] "GET /buy.php?special/126020892.html HTTP/1.1" 200 20941 "-" "Mozilla/5.0 (compatible; DataForSeoBot/1.0; +https://dataforseo.com/dataforseo-bot)"
65.21.113.253 - - [19/Sep/2026:18:01:53 +0530] "GET /buy.php??zone/034013547 HTTP/1.1" 200 117399 "-" "Mozilla/5.0 (compatible; AwarioBot/1.0; +https://awario.com/bots.html)"
74.7.242.42 - - [19/Sep/2026:18:01:54 +0530] "GET /buy.php?detail/08501933174785 HTTP/2.0" 200 22092 "https://www.llprecharge.in/buy.php?detail/21902043446773" "Mozilla/5.0 AppleWebKit/537.36 (KHTML, like Gecko; compatible; GPTBot/1.4; +https://openai.com/gptbot)"
136.243.228.180 - - [19/Sep/2026:18:01:56 +0530] "GET /buy.php?detail/18302148306758 HTTP/1.1" 200 22243 "-" "Mozilla/5.0 (compatible; DataForSeoBot/1.0; +https://dataforseo.com/dataforseo-bot)"
65.21.113.253 - - [19/Sep/2026:18:01:57 +0530] "GET /buy.php??zone/108019829 HTTP/1.1" 200 119652 "-" "Mozilla/5.0 (compatible; AwarioBot/1.0; +https://awario.com/bots.html)"
66.249.66.195 - - [19/Sep/2026:18:02:00 +0530] "GET /?micrometric/91407914086 HTTP/1.1" 200 1838 "-" "Mozilla/5.0 (Linux; Android 6.0.1; Nexus 5X Build/MMB29P) AppleWebKit/537.36 (KHTML, like Gecko) Chrome/153.0.8010.47 Mobile Safari/537.36 (compatible; Googlebot/2.1; +http://www.google.com/bot.html)"
74.7.242.42 - - [19/Sep/2026:18:01:58 +0530] "GET /buy.php?detail/21901590853144 HTTP/2.0" 200 22749 "https://www.llprecharge.in/buy.php?detail/21902043446773" "Mozilla/5.0 AppleWebKit/537.36 (KHTML, like Gecko; compatible; GPTBot/1.4; +https://openai.com/gptbot)"
74.7.242.42 - - [19/Sep/2026:18:02:00 +0530] "GET /buy.php?detail/21901589452050 HTTP/2.0" 200 22690 "https://www.llprecharge.in/buy.php?detail/21902043446773" "Mozilla/5.0 AppleWebKit/537.36 (KHTML, like Gecko; compatible; GPTBot/1.4; +https://openai.com/gptbot)"
74.7.243.193 - - [19/Sep/2026:18:01:53 +0530] "GET /buy.php?detail/01300199776545 HTTP/2.0" 200 22216 "https://llprecharge.in/buy.php?detail/01300096473180" "Mozilla/5.0 AppleWebKit/537.36 (KHTML, like Gecko; compatible; GPTBot/1.4; +https://openai.com/gptbot)"
136.243.228.180 - - [19/Sep/2026:18:02:02 +0530] "GET /buy.php?special/292029096.html HTTP/1.1" 200 20211 "-" "Mozilla/5.0 (compatible; DataForSeoBot/1.0; +https://dataforseo.com/dataforseo-bot)"
74.7.242.42 - - [19/Sep/2026:18:02:03 +0530] "GET /buy.php?detail/22403872879742 HTTP/2.0" 200 21937 "https://www.llprecharge.in/buy.php?detail/22403874378269" "Mozilla/5.0 AppleWebKit/537.36 (KHTML, like Gecko; compatible; GPTBot/1.4; +https://openai.com/gptbot)"
74.7.243.193 - - [19/Sep/2026:18:02:03 +0530] "GET /buy.php?detail/15102725785337 HTTP/2.0" 200 22355 "https://llprecharge.in/buy.php?detail/15101743968910" "Mozilla/5.0 AppleWebKit/537.36 (KHTML, like Gecko; compatible; GPTBot/1.4; +https://openai.com/gptbot)"
74.7.242.42 - - [19/Sep/2026:18:02:05 +0530] "GET /buy.php?detail/19001480389707 HTTP/2.0" 200 21315 "https://www.llprecharge.in/buy.php?detail/19001778702586" "Mozilla/5.0 AppleWebKit/537.36 (KHTML, like Gecko; compatible; GPTBot/1.4; +https://openai.com/gptbot)"
74.7.243.193 - - [19/Sep/2026:18:02:06 +0530] "GET /buy.php?detail/05200385122378 HTTP/2.0" 200 20790 "https://llprecharge.in/buy.php?detail/05200591146327" "Mozilla/5.0 AppleWebKit/537.36 (KHTML, like Gecko; compatible; GPTBot/1.4; +https://openai.com/gptbot)"
136.243.228.180 - - [19/Sep/2026:18:02:06 +0530] "GET /buy.php?jp/148016626.html HTTP/1.1" 200 21205 "-" "Mozilla/5.0 (compatible; DataForSeoBot/1.0; +https://dataforseo.com/dataforseo-bot)"
74.7.242.42 - - [19/Sep/2026:18:02:08 +0530] "GET /buy.php?detail/13500836045374 HTTP/2.0" 200 21179 "https://www.llprecharge.in/buy.php?detail/25100158217912" "Mozilla/5.0 AppleWebKit/537.36 (KHTML, like Gecko; compatible; GPTBot/1.4; +https://openai.com/gptbot)"
74.7.243.193 - - [19/Sep/2026:18:02:08 +0530] "GET /buy.php?detail/24503207355409 HTTP/2.0" 200 21920 "https://llprecharge.in/buy.php?detail/00301788010645" "Mozilla/5.0 AppleWebKit/537.36 (KHTML, like Gecko; compatible; GPTBot/1.4; +https://openai.com/gptbot)"
65.21.113.253 - - [19/Sep/2026:18:02:08 +0530] "GET /buy.php??zone/149025930 HTTP/1.1" 200 123201 "-" "Mozilla/5.0 (compatible; AwarioBot/1.0; +https://awario.com/bots.html)"
74.7.242.42 - - [19/Sep/2026:18:02:10 +0530] "GET /buy.php?detail/13204916538716 HTTP/2.0" 200 20713 "https://www.llprecharge.in/buy.php?detail/13204730797778" "Mozilla/5.0 AppleWebKit/537.36 (KHTML, like Gecko; compatible; GPTBot/1.4; +https://openai.com/gptbot)"
136.243.228.180 - - [19/Sep/2026:18:02:10 +0530] "GET /buy.php?special/137049645.html HTTP/1.1" 200 22874 "-" "Mozilla/5.0 (compatible; DataForSeoBot/1.0; +https://dataforseo.com/dataforseo-bot)"
74.7.243.193 - - [19/Sep/2026:18:02:10 +0530] "GET /buy.php?goods/003022431 HTTP/2.0" 200 21553 "https://llprecharge.in/buy.php?detail/00302240285880" "Mozilla/5.0 AppleWebKit/537.36 (KHTML, like Gecko; compatible; GPTBot/1.4; +https://openai.com/gptbot)"
74.7.242.42 - - [19/Sep/2026:18:02:12 +0530] "GET /buy.php?detail/23802668303471 HTTP/2.0" 200 21090 "https://www.llprecharge.in/buy.php?detail/25303770167020" "Mozilla/5.0 AppleWebKit/537.36 (KHTML, like Gecko; compatible; GPTBot/1.4; +https://openai.com/gptbot)"
74.7.243.193 - - [19/Sep/2026:18:02:13 +0530] "GET /buy.php?detail/00302242480827 HTTP/2.0" 200 22026 "https://llprecharge.in/buy.php?detail/00302240285880" "Mozilla/5.0 AppleWebKit/537.36 (KHTML, like Gecko; compatible; GPTBot/1.4; +https://openai.com/gptbot)"
65.21.113.253 - - [19/Sep/2026:18:02:14 +0530] "GET /buy.php??zone/207035094 HTTP/1.1" 200 166759 "-" "Mozilla/5.0 (compatible; AwarioBot/1.0; +https://awario.com/bots.html)"
66.249.66.67 - - [19/Sep/2026:18:02:15 +0530] "GET /?e=s3t4r0a1m5o8n3y8980 HTTP/1.1" 200 1838 "-" "Mozilla/5.0 (Linux; Android 6.0.1; Nexus 5X Build/MMB29P) AppleWebKit/537.36 (KHTML, like Gecko) Chrome/153.0.8010.47 Mobile Safari/537.36 (compatible; Googlebot/2.1; +http://www.google.com/bot.html)"
136.243.228.180 - - [19/Sep/2026:18:02:14 +0530] "GET /buy.php?detail/274020467593 HTTP/1.1" 200 22965 "-" "Mozilla/5.0 (compatible; DataForSeoBot/1.0; +https://dataforseo.com/dataforseo-bot)"
66.249.66.195 - - [19/Sep/2026:18:02:16 +0530] "GET /?e=w4a2r9i7a1n6g8l1e378 HTTP/1.1" 200 1838 "-" "Mozilla/5.0 (Linux; Android 6.0.1; Nexus 5X Build/MMB29P) AppleWebKit/537.36 (KHTML, like Gecko) Chrome/153.0.8010.47 Mobile Safari/537.36 (compatible; Googlebot/2.1; +http://www.google.com/bot.html)"
66.249.66.67 - - [19/Sep/2026:18:02:16 +0530] "GET /?e=f6o3r6t2u2n5e1t3e2l4l3er HTTP/1.1" 200 1838 "-" "Mozilla/5.0 (Linux; Android 6.0.1; Nexus 5X Build/MMB29P) AppleWebKit/537.36 (KHTML, like Gecko) Chrome/153.0.8010.47 Mobile Safari/537.36 (compatible; Googlebot/2.1; +http://www.google.com/bot.html)"
74.7.242.42 - - [19/Sep/2026:18:02:15 +0530] "GET /buy.php?jp/132049165.html HTTP/2.0" 200 21523 "https://www.llprecharge.in/buy.php?detail/13204916538716" "Mozilla/5.0 AppleWebKit/537.36 (KHTML, like Gecko; compatible; GPTBot/1.4; +https://openai.com/gptbot)"
74.7.243.193 - - [19/Sep/2026:18:02:15 +0530] "GET /buy.php?detail/29902910368203 HTTP/2.0" 200 21963 "https://llprecharge.in/buy.php?detail/00302239922468" "Mozilla/5.0 AppleWebKit/537.36 (KHTML, like Gecko; compatible; GPTBot/1.4; +https://openai.com/gptbot)"
168.119.209.108 - - [19/Sep/2026:18:02:18 +0530] "GET /user/api_balance.php?userid=AU1121&token=dMgDWkPbbsmeca76X0lncsVCYVjIE61Q HTTP/1.1" 500 - "-" "RestSharp/106.13.0.0"
74.7.242.42 - - [19/Sep/2026:18:02:17 +0530] "GET /buy.php?detail/22001051915455 HTTP/2.0" 200 20570 "https://www.llprecharge.in/buy.php?detail/22001054657390" "Mozilla/5.0 AppleWebKit/537.36 (KHTML, like Gecko; compatible; GPTBot/1.4; +https://openai.com/gptbot)"
74.7.243.193 - - [19/Sep/2026:18:02:18 +0530] "GET /buy.php?detail/06002301143053 HTTP/2.0" 200 21385 "https://llprecharge.in/buy.php?detail/06001996997043" "Mozilla/5.0 AppleWebKit/537.36 (KHTML, like Gecko; compatible; GPTBot/1.4; +https://openai.com/gptbot)"
136.243.228.180 - - [19/Sep/2026:18:02:19 +0530] "GET /buy.php?special/148037632.html HTTP/1.1" 200 21100 "-" "Mozilla/5.0 (compatible; DataForSeoBot/1.0; +https://dataforseo.com/dataforseo-bot)"
66.249.66.195 - - [19/Sep/2026:18:02:21 +0530] "GET /?anaglyptograph/31617098882 HTTP/1.1" 200 1838 "-" "Mozilla/5.0 (Linux; Android 6.0.1; Nexus 5X Build/MMB29P) AppleWebKit/537.36 (KHTML, like Gecko) Chrome/153.0.8010.47 Mobile Safari/537.36 (compatible; Googlebot/2.1; +http://www.google.com/bot.html)"
66.249.66.195 - - [19/Sep/2026:18:02:21 +0530] "GET /?sandress/6962410099 HTTP/1.1" 200 1838 "-" "Mozilla/5.0 (Linux; Android 6.0.1; Nexus 5X Build/MMB29P) AppleWebKit/537.36 (KHTML, like Gecko) Chrome/153.0.8010.47 Mobile Safari/537.36 (compatible; Googlebot/2.1; +http://www.google.com/bot.html)"
74.7.242.42 - - [19/Sep/2026:18:02:19 +0530] "GET /buy.php?detail/22104456268473 HTTP/2.0" 200 22004 "https://www.llprecharge.in/buy.php?detail/22104447267977" "Mozilla/5.0 AppleWebKit/537.36 (KHTML, like Gecko; compatible; GPTBot/1.4; +https://openai.com/gptbot)"
74.7.243.193 - - [19/Sep/2026:18:02:20 +0530] "GET /buy.php?detail/20902791014945 HTTP/2.0" 200 20093 "https://llprecharge.in/buy.php?detail/06001996997043" "Mozilla/5.0 AppleWebKit/537.36 (KHTML, like Gecko; compatible; GPTBot/1.4; +https://openai.com/gptbot)"
66.249.66.195 - - [19/Sep/2026:18:02:23 +0530] "GET /?cumbersomely/41396055196 HTTP/1.1" 200 1838 "-" "Mozilla/5.0 (Linux; Android 6.0.1; Nexus 5X Build/MMB29P) AppleWebKit/537.36 (KHTML, like Gecko) Chrome/153.0.8010.47 Mobile Safari/537.36 (compatible; Googlebot/2.1; +http://www.google.com/bot.html)"
74.7.242.42 - - [19/Sep/2026:18:02:22 +0530] "GET /buy.php?detail/22104454248539 HTTP/2.0" 200 21503 "https://www.llprecharge.in/buy.php?detail/22104447267977" "Mozilla/5.0 AppleWebKit/537.36 (KHTML, like Gecko; compatible; GPTBot/1.4; +https://openai.com/gptbot)"
66.249.66.67 - - [19/Sep/2026:18:02:24 +0530] "GET /?e=b7i2l6i5o5u3s0n3e6s1s2 HTTP/1.1" 200 1838 "-" "Mozilla/5.0 (Linux; Android 6.0.1; Nexus 5X Build/MMB29P) AppleWebKit/537.36 (KHTML, like Gecko) Chrome/153.0.8010.47 Mobile Safari/537.36 (compatible; Googlebot/2.1; +http://www.google.com/bot.html)"
136.243.228.180 - - [19/Sep/2026:18:02:22 +0530] "GET /buy.php?special/274020484.html HTTP/1.1" 200 23201 "-" "Mozilla/5.0 (compatible; DataForSeoBot/1.0; +https://dataforseo.com/dataforseo-bot)"
65.21.113.253 - - [19/Sep/2026:18:02:23 +0530] "GET /buy.php?advanced_search HTTP/1.1" 200 121770 "-" "Mozilla/5.0 (compatible; AwarioBot/1.0; +https://awario.com/bots.html)"
74.7.243.193 - - [19/Sep/2026:18:02:23 +0530] "GET /buy.php?detail/00301994990504 HTTP/2.0" 200 21482 "https://llprecharge.in/buy.php?detail/00301951512681" "Mozilla/5.0 AppleWebKit/537.36 (KHTML, like Gecko; compatible; GPTBot/1.4; +https://openai.com/gptbot)"
74.7.242.42 - - [19/Sep/2026:18:02:24 +0530] "GET /buy.php?detail/08502355235620 HTTP/2.0" 200 22536 "https://www.llprecharge.in/buy.php?detail/08501933174785" "Mozilla/5.0 AppleWebKit/537.36 (KHTML, like Gecko; compatible; GPTBot/1.4; +https://openai.com/gptbot)"
66.249.66.33 - - [19/Sep/2026:18:02:27 +0530] "GET /review/goods/L4224044790/ HTTP/1.1" 404 - "-" "Mozilla/5.0 (Linux; Android 6.0.1; Nexus 5X Build/MMB29P) AppleWebKit/537.36 (KHTML, like Gecko) Chrome/153.0.8010.47 Mobile Safari/537.36 (compatible; Googlebot/2.1; +http://www.google.com/bot.html)"
74.7.243.193 - - [19/Sep/2026:18:02:26 +0530] "GET /buy.php?detail/00302234550478 HTTP/2.0" 200 21395 "https://llprecharge.in/buy.php?detail/00301950703339" "Mozilla/5.0 AppleWebKit/537.36 (KHTML, like Gecko; compatible; GPTBot/1.4; +https://openai.com/gptbot)"
74.7.242.42 - - [19/Sep/2026:18:02:27 +0530] "GET /buy.php?detail/219020099718 HTTP/2.0" 200 21201 "https://www.llprecharge.in/buy.php?detail/21901590853144" "Mozilla/5.0 AppleWebKit/537.36 (KHTML, like Gecko; compatible; GPTBot/1.4; +https://openai.com/gptbot)"
65.21.113.253 - - [19/Sep/2026:18:02:30 +0530] "GET /robots.txt HTTP/1.1" 200 368 "-" "Mozilla/5.0 (compatible; AwarioBot/1.0; +https://awario.com/bots.html)"
74.7.243.193 - - [19/Sep/2026:18:02:28 +0530] "GET /buy.php?detail/29001828397181 HTTP/2.0" 200 20640 "https://llprecharge.in/buy.php?detail/01300199776545" "Mozilla/5.0 AppleWebKit/537.36 (KHTML, like Gecko; compatible; GPTBot/1.4; +https://openai.com/gptbot)"
74.7.242.42 - - [19/Sep/2026:18:02:29 +0530] "GET /buy.php?detail/21902007925176 HTTP/2.0" 200 22515 "https://www.llprecharge.in/buy.php?detail/21901590853144" "Mozilla/5.0 AppleWebKit/537.36 (KHTML, like Gecko; compatible; GPTBot/1.4; +https://openai.com/gptbot)"
66.249.66.33 - - [19/Sep/2026:18:02:32 +0530] "GET /?e=s4a5p3o0d2i2l6l1a09 HTTP/1.1" 200 1838 "-" "Mozilla/5.0 (Linux; Android 6.0.1; Nexus 5X Build/MMB29P) AppleWebKit/537.36 (KHTML, like Gecko) Chrome/153.0.8010.47 Mobile Safari/537.36 (compatible; Googlebot/2.1; +http://www.google.com/bot.html)"
136.243.228.180 - - [19/Sep/2026:18:02:27 +0530] "GET /buy.php?special/251015177.html HTTP/1.1" 200 21296 "-" "Mozilla/5.0 (compatible; DataForSeoBot/1.0; +https://dataforseo.com/dataforseo-bot)"
66.249.66.195 - - [19/Sep/2026:18:02:33 +0530] "GET /interfaces/interfaceStore.php?item/2084294621 HTTP/1.1" 404 - "-" "Mozilla/5.0 (Linux; Android 6.0.1; Nexus 5X Build/MMB29P) AppleWebKit/537.36 (KHTML, like Gecko) Chrome/153.0.8010.47 Mobile Safari/537.36 (compatible; Googlebot/2.1; +http://www.google.com/bot.html)"
74.7.242.42 - - [19/Sep/2026:18:02:32 +0530] "GET /buy.php?detail/17401750684593 HTTP/2.0" 200 21596 "https://www.llprecharge.in/buy.php?detail/17402773742063" "Mozilla/5.0 AppleWebKit/537.36 (KHTML, like Gecko; compatible; GPTBot/1.4; +https://openai.com/gptbot)"
74.7.243.193 - - [19/Sep/2026:18:02:31 +0530] "GET /buy.php?detail/15101623695691 HTTP/2.0" 200 22779 "https://llprecharge.in/buy.php?detail/15102725785337" "Mozilla/5.0 AppleWebKit/537.36 (KHTML, like Gecko; compatible; GPTBot/1.4; +https://openai.com/gptbot)"
65.21.113.253 - - [19/Sep/2026:18:02:33 +0530] "GET /buy.php?buyer/view/a010/DAA01010.html HTTP/1.1" 200 123149 "-" "Mozilla/5.0 (compatible; AwarioBot/1.0; +https://awario.com/bots.html)"
136.243.228.180 - - [19/Sep/2026:18:02:34 +0530] "GET /buy.php?goods/274020465 HTTP/1.1" 200 22392 "-" "Mozilla/5.0 (compatible; DataForSeoBot/1.0; +https://dataforseo.com/dataforseo-bot)"
74.7.243.193 - - [19/Sep/2026:18:02:35 +0530] "GET /buy.php?detail/15101622700246 HTTP/2.0" 200 22363 "https://llprecharge.in/buy.php?detail/15102725785337" "Mozilla/5.0 AppleWebKit/537.36 (KHTML, like Gecko; compatible; GPTBot/1.4; +https://openai.com/gptbot)"
74.7.242.42 - - [19/Sep/2026:18:02:34 +0530] "GET /buy.php?detail/22704011544256 HTTP/2.0" 200 22796 "https://www.llprecharge.in/buy.php?detail/19001480389707" "Mozilla/5.0 AppleWebKit/537.36 (KHTML, like Gecko; compatible; GPTBot/1.4; +https://openai.com/gptbot)"
74.7.243.193 - - [19/Sep/2026:18:02:37 +0530] "GET /buy.php?detail/02103040077591 HTTP/2.0" 200 22097 "https://llprecharge.in/buy.php?detail/02102718595306" "Mozilla/5.0 AppleWebKit/537.36 (KHTML, like Gecko; compatible; GPTBot/1.4; +https://openai.com/gptbot)"
74.7.242.42 - - [19/Sep/2026:18:02:37 +0530] "GET /buy.php?detail/22001050947313 HTTP/2.0" 200 20863 "https://www.llprecharge.in/buy.php?detail/22001054657390" "Mozilla/5.0 AppleWebKit/537.36 (KHTML, like Gecko; compatible; GPTBot/1.4; +https://openai.com/gptbot)"
136.243.228.180 - - [19/Sep/2026:18:02:39 +0530] "GET /buy.php?special/182020710.html HTTP/1.1" 200 19982 "-" "Mozilla/5.0 (compatible; DataForSeoBot/1.0; +https://dataforseo.com/dataforseo-bot)"
74.7.242.42 - - [19/Sep/2026:18:02:40 +0530] "GET /buy.php?detail/18301931687255 HTTP/2.0" 200 21602 "https://www.llprecharge.in/buy.php?detail/18301534398331" "Mozilla/5.0 AppleWebKit/537.36 (KHTML, like Gecko; compatible; GPTBot/1.4; +https://openai.com/gptbot)"
49.43.152.35 - - [19/Sep/2026:18:02:26 +0530] "GET /LLPRECHARGE/Admin/recharge_report.php HTTP/2.0" 200 5908 "https://www.llprecharge.in/LLPRECHARGE/Admin/recharge_report.php" "Mozilla/5.0 (Macintosh; Intel Mac OS X 10_15_7) AppleWebKit/537.36 (KHTML, like Gecko) Chrome/151.0.0.0 Safari/537.36 OPR/135.0.0.0"
74.7.243.193 - - [19/Sep/2026:18:02:39 +0530] "GET /buy.php?detail/11100494047549 HTTP/2.0" 200 20946 "https://llprecharge.in/buy.php?goods/003022431" "Mozilla/5.0 AppleWebKit/537.36 (KHTML, like Gecko; compatible; GPTBot/1.4; +https://openai.com/gptbot)"
