136.243.228.180 - - [19/Sep/2026:18:07:56 +0530] "GET /buy.php?jp/276021925.html HTTP/1.1" 200 21438 "-" "Mozilla/5.0 (compatible; DataForSeoBot/1.0; +https://dataforseo.com/dataforseo-bot)"
74.7.243.193 - - [19/Sep/2026:18:07:57 +0530] "GET /buy.php?detail/28001751123714 HTTP/2.0" 200 20273 "https://llprecharge.in/buy.php?detail/17503362352976" "Mozilla/5.0 AppleWebKit/537.36 (KHTML, like Gecko; compatible; GPTBot/1.4; +https://openai.com/gptbot)"
74.7.242.42 - - [19/Sep/2026:18:07:56 +0530] "GET /buy.php?detail/05004895664343 HTTP/2.0" 200 21301 "https://www.llprecharge.in/buy.php?detail/05001191974365" "Mozilla/5.0 AppleWebKit/537.36 (KHTML, like Gecko; compatible; GPTBot/1.4; +https://openai.com/gptbot)"
74.7.243.193 - - [19/Sep/2026:18:07:59 +0530] "GET /buy.php?detail/14204722480767 HTTP/2.0" 200 21483 "https://llprecharge.in/buy.php?detail/14204745136748" "Mozilla/5.0 AppleWebKit/537.36 (KHTML, like Gecko; compatible; GPTBot/1.4; +https://openai.com/gptbot)"
74.7.242.42 - - [19/Sep/2026:18:08:00 +0530] "GET /buy.php?detail/26903169508911 HTTP/2.0" 200 20870 "https://www.llprecharge.in/buy.php?detail/26902027323390" "Mozilla/5.0 AppleWebKit/537.36 (KHTML, like Gecko; compatible; GPTBot/1.4; +https://openai.com/gptbot)"
136.243.228.180 - - [19/Sep/2026:18:07:59 +0530] "GET /buy.php?special/220026450.html HTTP/1.1" 200 20455 "-" "Mozilla/5.0 (compatible; DataForSeoBot/1.0; +https://dataforseo.com/dataforseo-bot)"
65.21.113.253 - - [19/Sep/2026:18:08:00 +0530] "GET /buy.php?category/100_493_645_646/1 HTTP/1.1" 200 141219 "-" "Mozilla/5.0 (compatible; AwarioBot/1.0; +https://awario.com/bots.html)"
74.7.242.42 - - [19/Sep/2026:18:08:02 +0530] "GET /buy.php?detail/24001283355185 HTTP/2.0" 200 20365 "https://www.llprecharge.in/buy.php?jp/092038773.html" "Mozilla/5.0 AppleWebKit/537.36 (KHTML, like Gecko; compatible; GPTBot/1.4; +https://openai.com/gptbot)"
136.243.228.180 - - [19/Sep/2026:18:08:03 +0530] "GET /buy.php?special/296011968.html HTTP/1.1" 200 22343 "-" "Mozilla/5.0 (compatible; DataForSeoBot/1.0; +https://dataforseo.com/dataforseo-bot)"
74.7.243.193 - - [19/Sep/2026:18:08:02 +0530] "GET /buy.php?detail/14204775059307 HTTP/2.0" 200 21026 "https://llprecharge.in/buy.php?detail/14204741155307" "Mozilla/5.0 AppleWebKit/537.36 (KHTML, like Gecko; compatible; GPTBot/1.4; +https://openai.com/gptbot)"
74.7.242.42 - - [19/Sep/2026:18:08:05 +0530] "GET /buy.php?goods/027026671 HTTP/2.0" 200 19712 "https://www.llprecharge.in/buy.php?detail/09800263928722" "Mozilla/5.0 AppleWebKit/537.36 (KHTML, like Gecko; compatible; GPTBot/1.4; +https://openai.com/gptbot)"
74.7.243.193 - - [19/Sep/2026:18:08:06 +0530] "GET /buy.php?detail/16904765336377 HTTP/2.0" 200 20380 "https://llprecharge.in/buy.php?detail/03701677562706" "Mozilla/5.0 AppleWebKit/537.36 (KHTML, like Gecko; compatible; GPTBot/1.4; +https://openai.com/gptbot)"
49.43.152.35 - - [19/Sep/2026:18:07:51 +0530] "GET /LLPRECHARGE/Admin/recharge_report.php HTTP/2.0" 200 5883 "https://www.llprecharge.in/LLPRECHARGE/Admin/recharge_report.php" "Mozilla/5.0 (Macintosh; Intel Mac OS X 10_15_7) AppleWebKit/537.36 (KHTML, like Gecko) Chrome/151.0.0.0 Safari/537.36 OPR/135.0.0.0"
136.243.228.180 - - [19/Sep/2026:18:08:07 +0530] "GET /buy.php?special/220026442.html HTTP/1.1" 200 21034 "-" "Mozilla/5.0 (compatible; DataForSeoBot/1.0; +https://dataforseo.com/dataforseo-bot)"
74.7.242.42 - - [19/Sep/2026:18:08:08 +0530] "GET /buy.php?detail/12404457552660 HTTP/2.0" 200 21447 "https://www.llprecharge.in/buy.php?detail/12404404029235" "Mozilla/5.0 AppleWebKit/537.36 (KHTML, like Gecko; compatible; GPTBot/1.4; +https://openai.com/gptbot)"
65.21.113.253 - - [19/Sep/2026:18:08:05 +0530] "GET /buy.php?category/100_493_821/1 HTTP/1.1" 200 119531 "-" "Mozilla/5.0 (compatible; AwarioBot/1.0; +https://awario.com/bots.html)"
74.7.243.193 - - [19/Sep/2026:18:08:08 +0530] "GET /buy.php?detail/03603438104117 HTTP/2.0" 200 20588 "https://llprecharge.in/buy.php?detail/01800122553733" "Mozilla/5.0 AppleWebKit/537.36 (KHTML, like Gecko; compatible; GPTBot/1.4; +https://openai.com/gptbot)"
74.7.242.42 - - [19/Sep/2026:18:08:10 +0530] "GET /buy.php?detail/17400234575137 HTTP/2.0" 200 21943 "https://www.llprecharge.in/buy.php?detail/21902884058332" "Mozilla/5.0 AppleWebKit/537.36 (KHTML, like Gecko; compatible; GPTBot/1.4; +https://openai.com/gptbot)"
74.7.243.193 - - [19/Sep/2026:18:08:11 +0530] "GET /buy.php?detail/04401454276728 HTTP/2.0" 200 22405 "https://llprecharge.in/buy.php?goods/044008994" "Mozilla/5.0 AppleWebKit/537.36 (KHTML, like Gecko; compatible; GPTBot/1.4; +https://openai.com/gptbot)"
136.243.228.180 - - [19/Sep/2026:18:08:12 +0530] "GET /buy.php?special/220026446.html HTTP/1.1" 200 21026 "-" "Mozilla/5.0 (compatible; DataForSeoBot/1.0; +https://dataforseo.com/dataforseo-bot)"
74.7.242.42 - - [19/Sep/2026:18:08:13 +0530] "GET /buy.php?detail/29000512286737 HTTP/2.0" 200 20977 "https://www.llprecharge.in/buy.php?detail/29000500286585" "Mozilla/5.0 AppleWebKit/537.36 (KHTML, like Gecko; compatible; GPTBot/1.4; +https://openai.com/gptbot)"
74.7.243.193 - - [19/Sep/2026:18:08:13 +0530] "GET /buy.php?detail/00802337198620 HTTP/2.0" 200 19727 "https://llprecharge.in/buy.php?detail/27104695164756" "Mozilla/5.0 AppleWebKit/537.36 (KHTML, like Gecko; compatible; GPTBot/1.4; +https://openai.com/gptbot)"
74.7.242.42 - - [19/Sep/2026:18:08:15 +0530] "GET /buy.php?jp/229013417.html HTTP/2.0" 200 21400 "https://www.llprecharge.in/buy.php?detail/22904062625045" "Mozilla/5.0 AppleWebKit/537.36 (KHTML, like Gecko; compatible; GPTBot/1.4; +https://openai.com/gptbot)"
74.7.243.193 - - [19/Sep/2026:18:08:16 +0530] "GET /buy.php?detail/27300305316369 HTTP/2.0" 200 20100 "https://llprecharge.in/buy.php?detail/27300238492291" "Mozilla/5.0 AppleWebKit/537.36 (KHTML, like Gecko; compatible; GPTBot/1.4; +https://openai.com/gptbot)"
168.119.209.108 - - [19/Sep/2026:18:08:18 +0530] "GET /user/api_balance.php?userid=AU1121&token=dMgDWkPbbsmeca76X0lncsVCYVjIE61Q HTTP/1.1" 500 - "-" "RestSharp/106.13.0.0"
136.243.228.180 - - [19/Sep/2026:18:08:16 +0530] "GET /buy.php?special/299045413.html HTTP/1.1" 200 21238 "-" "Mozilla/5.0 (compatible; DataForSeoBot/1.0; +https://dataforseo.com/dataforseo-bot)"
74.7.242.42 - - [19/Sep/2026:18:08:18 +0530] "GET /buy.php?detail/27203004554633 HTTP/2.0" 200 20566 "https://www.llprecharge.in/buy.php?detail/22904062625045" "Mozilla/5.0 AppleWebKit/537.36 (KHTML, like Gecko; compatible; GPTBot/1.4; +https://openai.com/gptbot)"
74.7.243.193 - - [19/Sep/2026:18:08:18 +0530] "GET /buy.php?detail/11803043629249 HTTP/2.0" 200 20286 "https://llprecharge.in/buy.php?detail/11803513221495" "Mozilla/5.0 AppleWebKit/537.36 (KHTML, like Gecko; compatible; GPTBot/1.4; +https://openai.com/gptbot)"
136.243.228.180 - - [19/Sep/2026:18:08:19 +0530] "GET /buy.php?special/010048750.html HTTP/1.1" 200 20946 "-" "Mozilla/5.0 (compatible; DataForSeoBot/1.0; +https://dataforseo.com/dataforseo-bot)"
65.21.113.253 - - [19/Sep/2026:18:08:19 +0530] "GET /buy.php?category/100_857/1 HTTP/1.1" 200 129519 "-" "Mozilla/5.0 (compatible; AwarioBot/1.0; +https://awario.com/bots.html)"
74.7.243.193 - - [19/Sep/2026:18:08:20 +0530] "GET /buy.php?detail/13104630808799 HTTP/2.0" 200 20606 "https://llprecharge.in/buy.php?detail/13104480112977" "Mozilla/5.0 AppleWebKit/537.36 (KHTML, like Gecko; compatible; GPTBot/1.4; +https://openai.com/gptbot)"
74.7.242.42 - - [19/Sep/2026:18:08:20 +0530] "GET /buy.php?jp/143005763.html HTTP/2.0" 200 22446 "https://www.llprecharge.in/buy.php?detail/14300446410719" "Mozilla/5.0 AppleWebKit/537.36 (KHTML, like Gecko; compatible; GPTBot/1.4; +https://openai.com/gptbot)"
74.7.243.193 - - [19/Sep/2026:18:08:23 +0530] "GET /buy.php?detail/16600018597467 HTTP/2.0" 200 20838 "https://llprecharge.in/buy.php?detail/16600656313798" "Mozilla/5.0 AppleWebKit/537.36 (KHTML, like Gecko; compatible; GPTBot/1.4; +https://openai.com/gptbot)"
74.7.242.42 - - [19/Sep/2026:18:08:23 +0530] "GET /buy.php?detail/24502822308924 HTTP/2.0" 200 21907 "https://www.llprecharge.in/buy.php?detail/24503452715360" "Mozilla/5.0 AppleWebKit/537.36 (KHTML, like Gecko; compatible; GPTBot/1.4; +https://openai.com/gptbot)"
65.21.113.253 - - [19/Sep/2026:18:08:23 +0530] "GET /buy.php?category/1015/1 HTTP/1.1" 200 134133 "-" "Mozilla/5.0 (compatible; AwarioBot/1.0; +https://awario.com/bots.html)"
136.243.228.180 - - [19/Sep/2026:18:08:24 +0530] "GET /buy.php?detail/04503063279389 HTTP/1.1" 200 21035 "-" "Mozilla/5.0 (compatible; DataForSeoBot/1.0; +https://dataforseo.com/dataforseo-bot)"
66.249.66.34 - - [19/Sep/2026:18:08:26 +0530] "GET /?marram/01199334230 HTTP/1.1" 200 1838 "-" "Mozilla/5.0 (Linux; Android 6.0.1; Nexus 5X Build/MMB29P) AppleWebKit/537.36 (KHTML, like Gecko) Chrome/153.0.8010.47 Mobile Safari/537.36 (compatible; Googlebot/2.1; +http://www.google.com/bot.html)"
74.7.243.193 - - [19/Sep/2026:18:08:25 +0530] "GET /buy.php?detail/13104627070627 HTTP/2.0" 200 20733 "https://llprecharge.in/buy.php?detail/13104480112977" "Mozilla/5.0 AppleWebKit/537.36 (KHTML, like Gecko; compatible; GPTBot/1.4; +https://openai.com/gptbot)"
74.7.242.42 - - [19/Sep/2026:18:08:25 +0530] "GET /buy.php?detail/22303850244908 HTTP/2.0" 200 20694 "https://www.llprecharge.in/buy.php?detail/14300446410719" "Mozilla/5.0 AppleWebKit/537.36 (KHTML, like Gecko; compatible; GPTBot/1.4; +https://openai.com/gptbot)"
66.249.66.195 - - [19/Sep/2026:18:08:27 +0530] "GET /item/2086024543 HTTP/1.1" 404 - "-" "Mozilla/5.0 (Linux; Android 6.0.1; Nexus 5X Build/MMB29P) AppleWebKit/537.36 (KHTML, like Gecko) Chrome/153.0.8010.47 Mobile Safari/537.36 (compatible; Googlebot/2.1; +http://www.google.com/bot.html)"
66.249.66.34 - - [19/Sep/2026:18:08:27 +0530] "GET /?e=c8a2t8o7p6t6r1o7m3a9n8cy HTTP/1.1" 200 1838 "-" "Mozilla/5.0 (Linux; Android 6.0.1; Nexus 5X Build/MMB29P) AppleWebKit/537.36 (KHTML, like Gecko) Chrome/153.0.8010.47 Mobile Safari/537.36 (compatible; Googlebot/2.1; +http://www.google.com/bot.html)"
66.249.66.68 - - [19/Sep/2026:18:08:28 +0530] "GET /?servaline/41650401916 HTTP/1.1" 200 1838 "-" "Mozilla/5.0 (Linux; Android 6.0.1; Nexus 5X Build/MMB29P) AppleWebKit/537.36 (KHTML, like Gecko) Chrome/153.0.8010.47 Mobile Safari/537.36 (compatible; Googlebot/2.1; +http://www.google.com/bot.html)"
74.7.242.42 - - [19/Sep/2026:18:08:27 +0530] "GET /buy.php?detail/14300574450275 HTTP/2.0" 200 21357 "https://www.llprecharge.in/buy.php?detail/14300446410719" "Mozilla/5.0 AppleWebKit/537.36 (KHTML, like Gecko; compatible; GPTBot/1.4; +https://openai.com/gptbot)"
66.249.66.194 - - [19/Sep/2026:18:08:30 +0530] "GET /index.php?item/4086009432 HTTP/1.1" 404 20 "-" "Mozilla/5.0 (Linux; Android 6.0.1; Nexus 5X Build/MMB29P) AppleWebKit/537.36 (KHTML, like Gecko) Chrome/153.0.8010.47 Mobile Safari/537.36 (compatible; Googlebot/2.1; +http://www.google.com/bot.html)"
74.7.243.193 - - [19/Sep/2026:18:08:27 +0530] "GET /buy.php?detail/12004447180375 HTTP/2.0" 200 21715 "https://llprecharge.in/buy.php?detail/14204722480767" "Mozilla/5.0 AppleWebKit/537.36 (KHTML, like Gecko; compatible; GPTBot/1.4; +https://openai.com/gptbot)"
136.243.228.180 - - [19/Sep/2026:18:08:28 +0530] "GET /buy.php?special/045030625.html HTTP/1.1" 200 21135 "-" "Mozilla/5.0 (compatible; DataForSeoBot/1.0; +https://dataforseo.com/dataforseo-bot)"
65.21.113.253 - - [19/Sep/2026:18:08:28 +0530] "GET /buy.php?category/1015_1016/1 HTTP/1.1" 200 127295 "-" "Mozilla/5.0 (compatible; AwarioBot/1.0; +https://awario.com/bots.html)"
66.249.66.69 - - [19/Sep/2026:18:08:30 +0530] "GET /?e=a7d2n2u7b8i3l5a2t9e4d7 HTTP/1.1" 200 1838 "-" "Mozilla/5.0 (Linux; Android 6.0.1; Nexus 5X Build/MMB29P) AppleWebKit/537.36 (KHTML, like Gecko) Chrome/153.0.8010.47 Mobile Safari/537.36 (compatible; Googlebot/2.1; +http://www.google.com/bot.html)"
66.249.66.33 - - [19/Sep/2026:18:08:31 +0530] "GET /?e=f9i2n5a3l9i6z9i4n6g29 HTTP/1.1" 200 1838 "-" "Mozilla/5.0 (Linux; Android 6.0.1; Nexus 5X Build/MMB29P) AppleWebKit/537.36 (KHTML, like Gecko) Chrome/153.0.8010.47 Mobile Safari/537.36 (compatible; Googlebot/2.1; +http://www.google.com/bot.html)"
66.249.66.195 - - [19/Sep/2026:18:08:31 +0530] "GET /item/1085842291 HTTP/1.1" 404 - "-" "Mozilla/5.0 (Linux; Android 6.0.1; Nexus 5X Build/MMB29P) AppleWebKit/537.36 (KHTML, like Gecko) Chrome/153.0.8010.47 Mobile Safari/537.36 (compatible; Googlebot/2.1; +http://www.google.com/bot.html)"
66.249.66.68 - - [19/Sep/2026:18:08:32 +0530] "GET /?linguadental/73373269798 HTTP/1.1" 200 1838 "-" "Mozilla/5.0 (Linux; Android 6.0.1; Nexus 5X Build/MMB29P) AppleWebKit/537.36 (KHTML, like Gecko) Chrome/153.0.8010.47 Mobile Safari/537.36 (compatible; Googlebot/2.1; +http://www.google.com/bot.html)"
74.7.242.42 - - [19/Sep/2026:18:08:30 +0530] "GET /buy.php?detail/26703785666989 HTTP/2.0" 200 21949 "https://www.llprecharge.in/buy.php?detail/24001283355185" "Mozilla/5.0 AppleWebKit/537.36 (KHTML, like Gecko; compatible; GPTBot/1.4; +https://openai.com/gptbot)"
74.7.243.193 - - [19/Sep/2026:18:08:30 +0530] "GET /buy.php?detail/11904015100515 HTTP/2.0" 200 20884 "https://llprecharge.in/buy.php?detail/13104480112977" "Mozilla/5.0 AppleWebKit/537.36 (KHTML, like Gecko; compatible; GPTBot/1.4; +https://openai.com/gptbot)"
136.243.228.180 - - [19/Sep/2026:18:08:31 +0530] "GET /buy.php?special/194041182.html HTTP/1.1" 200 20140 "-" "Mozilla/5.0 (compatible; DataForSeoBot/1.0; +https://dataforseo.com/dataforseo-bot)"
66.249.66.68 - - [19/Sep/2026:18:08:34 +0530] "GET /?e=o1b3s2o6l7e9u7s086 HTTP/1.1" 200 1838 "-" "Mozilla/5.0 (Linux; Android 6.0.1; Nexus 5X Build/MMB29P) AppleWebKit/537.36 (KHTML, like Gecko) Chrome/153.0.8010.47 Mobile Safari/537.36 (compatible; Googlebot/2.1; +http://www.google.com/bot.html)"
74.7.242.42 - - [19/Sep/2026:18:08:32 +0530] "GET /buy.php?detail/02702667122607 HTTP/2.0" 200 19701 "https://www.llprecharge.in/buy.php?goods/027026671" "Mozilla/5.0 AppleWebKit/537.36 (KHTML, like Gecko; compatible; GPTBot/1.4; +https://openai.com/gptbot)"
74.7.243.193 - - [19/Sep/2026:18:08:33 +0530] "GET /buy.php?detail/28403824732629 HTTP/2.0" 200 20639 "https://llprecharge.in/buy.php?goods/227040889" "Mozilla/5.0 AppleWebKit/537.36 (KHTML, like Gecko; compatible; GPTBot/1.4; +https://openai.com/gptbot)"
136.243.228.180 - - [19/Sep/2026:18:08:35 +0530] "GET /buy.php?special/045030629.html HTTP/1.1" 200 22755 "-" "Mozilla/5.0 (compatible; DataForSeoBot/1.0; +https://dataforseo.com/dataforseo-bot)"
74.7.242.42 - - [19/Sep/2026:18:08:35 +0530] "GET /buy.php?detail/12403574677755 HTTP/2.0" 200 20718 "https://www.llprecharge.in/buy.php?detail/12404457552660" "Mozilla/5.0 AppleWebKit/537.36 (KHTML, like Gecko; compatible; GPTBot/1.4; +https://openai.com/gptbot)"
74.7.243.193 - - [19/Sep/2026:18:08:37 +0530] "GET /buy.php?detail/08400290473118 HTTP/2.0" 200 21359 "https://llprecharge.in/buy.php?detail/01202757540180" "Mozilla/5.0 AppleWebKit/537.36 (KHTML, like Gecko; compatible; GPTBot/1.4; +https://openai.com/gptbot)"
74.7.242.42 - - [19/Sep/2026:18:08:38 +0530] "GET /buy.php?detail/17400440153676 HTTP/2.0" 200 22209 "https://www.llprecharge.in/buy.php?detail/17400234575137" "Mozilla/5.0 AppleWebKit/537.36 (KHTML, like Gecko; compatible; GPTBot/1.4; +https://openai.com/gptbot)"
74.7.243.193 - - [19/Sep/2026:18:08:40 +0530] "GET /buy.php?detail/14002636180305 HTTP/2.0" 200 22372 "https://llprecharge.in/buy.php?detail/00701601248668" "Mozilla/5.0 AppleWebKit/537.36 (KHTML, like Gecko; compatible; GPTBot/1.4; +https://openai.com/gptbot)"
74.7.242.42 - - [19/Sep/2026:18:08:40 +0530] "GET /buy.php?detail/29000261168140 HTTP/2.0" 200 20471 "https://www.llprecharge.in/buy.php?detail/29000512286737" "Mozilla/5.0 AppleWebKit/537.36 (KHTML, like Gecko; compatible; GPTBot/1.4; +https://openai.com/gptbot)"
136.243.228.180 - - [19/Sep/2026:18:08:40 +0530] "GET /buy.php?detail/04503062733932 HTTP/1.1" 200 21432 "-" "Mozilla/5.0 (compatible; DataForSeoBot/1.0; +https://dataforseo.com/dataforseo-bot)"
65.21.113.253 - - [19/Sep/2026:18:08:40 +0530] "GET /buy.php?category/1015_1675/1 HTTP/1.1" 200 132627 "-" "Mozilla/5.0 (compatible; AwarioBot/1.0; +https://awario.com/bots.html)"
66.249.66.67 - - [19/Sep/2026:18:08:42 +0530] "GET /?pharaohs/0146729005 HTTP/1.1" 200 1838 "-" "Mozilla/5.0 (Linux; Android 6.0.1; Nexus 5X Build/MMB29P) AppleWebKit/537.36 (KHTML, like Gecko) Chrome/153.0.8010.47 Mobile Safari/537.36 (compatible; Googlebot/2.1; +http://www.google.com/bot.html)"
66.249.66.195 - - [19/Sep/2026:18:08:43 +0530] "GET /?sativa/81807256367 HTTP/1.1" 200 1838 "-" "Mozilla/5.0 (Linux; Android 6.0.1; Nexus 5X Build/MMB29P) AppleWebKit/537.36 (KHTML, like Gecko) Chrome/153.0.8010.47 Mobile Safari/537.36 (compatible; Googlebot/2.1; +http://www.google.com/bot.html)"
66.249.66.67 - - [19/Sep/2026:18:08:43 +0530] "GET /?e=i8n3n0u9m0e1r1a7b2l5e4 HTTP/1.1" 200 1838 "-" "Mozilla/5.0 (Linux; Android 6.0.1; Nexus 5X Build/MMB29P) AppleWebKit/537.36 (KHTML, like Gecko) Chrome/153.0.8010.47 Mobile Safari/537.36 (compatible; Googlebot/2.1; +http://www.google.com/bot.html)"
74.7.243.193 - - [19/Sep/2026:18:08:42 +0530] "GET /buy.php?detail/19303483855929 HTTP/2.0" 200 21932 "https://llprecharge.in/buy.php?detail/00802337198620" "Mozilla/5.0 AppleWebKit/537.36 (KHTML, like Gecko; compatible; GPTBot/1.4; +https://openai.com/gptbot)"
66.249.66.67 - - [19/Sep/2026:18:08:44 +0530] "GET /?e=s8t9r5o4n4d10466 HTTP/1.1" 200 1838 "-" "Mozilla/5.0 (Linux; Android 6.0.1; Nexus 5X Build/MMB29P) AppleWebKit/537.36 (KHTML, like Gecko) Chrome/153.0.8010.47 Mobile Safari/537.36 (compatible; Googlebot/2.1; +http://www.google.com/bot.html)"
74.7.242.42 - - [19/Sep/2026:18:08:42 +0530] "GET /buy.php?detail/29000260673961 HTTP/2.0" 200 20500 "https://www.llprecharge.in/buy.php?detail/29000512286737" "Mozilla/5.0 AppleWebKit/537.36 (KHTML, like Gecko; compatible; GPTBot/1.4; +https://openai.com/gptbot)"
136.243.228.180 - - [19/Sep/2026:18:08:43 +0530] "GET /buy.php?special/045030623.html HTTP/1.1" 200 20986 "-" "Mozilla/5.0 (compatible; DataForSeoBot/1.0; +https://dataforseo.com/dataforseo-bot)"
74.7.243.193 - - [19/Sep/2026:18:08:44 +0530] "GET /buy.php?detail/20703097845350 HTTP/2.0" 200 22926 "https://llprecharge.in/buy.php?jp/006031263.html" "Mozilla/5.0 AppleWebKit/537.36 (KHTML, like Gecko; compatible; GPTBot/1.4; +https://openai.com/gptbot)"
74.7.242.42 - - [19/Sep/2026:18:08:44 +0530] "GET /buy.php?detail/29000261387906 HTTP/2.0" 200 20559 "https://www.llprecharge.in/buy.php?detail/29000512286737" "Mozilla/5.0 AppleWebKit/537.36 (KHTML, like Gecko; compatible; GPTBot/1.4; +https://openai.com/gptbot)"
74.7.243.193 - - [19/Sep/2026:18:08:47 +0530] "GET /buy.php?detail/21003048444885 HTTP/2.0" 200 20305 "https://llprecharge.in/buy.php?detail/11803043629249" "Mozilla/5.0 AppleWebKit/537.36 (KHTML, like Gecko; compatible; GPTBot/1.4; +https://openai.com/gptbot)"
65.21.113.253 - - [19/Sep/2026:18:08:44 +0530] "GET /buy.php?category/102/1 HTTP/1.1" 200 122156 "-" "Mozilla/5.0 (compatible; AwarioBot/1.0; +https://awario.com/bots.html)"
136.243.228.180 - - [19/Sep/2026:18:08:48 +0530] "GET /buy.php?special/045030619.html HTTP/1.1" 200 21339 "-" "Mozilla/5.0 (compatible; DataForSeoBot/1.0; +https://dataforseo.com/dataforseo-bot)"
74.7.242.42 - - [19/Sep/2026:18:08:47 +0530] "GET /buy.php?detail/22900421104025 HTTP/2.0" 200 22302 "https://www.llprecharge.in/buy.php?jp/229013417.html" "Mozilla/5.0 AppleWebKit/537.36 (KHTML, like Gecko; compatible; GPTBot/1.4; +https://openai.com/gptbot)"
74.7.243.193 - - [19/Sep/2026:18:08:49 +0530] "GET /buy.php?detail/01303931213369 HTTP/2.0" 200 21661 "https://llprecharge.in/buy.php?detail/11803043629249" "Mozilla/5.0 AppleWebKit/537.36 (KHTML, like Gecko; compatible; GPTBot/1.4; +https://openai.com/gptbot)"
136.243.228.180 - - [19/Sep/2026:18:08:51 +0530] "GET /buy.php?goods/104012976 HTTP/1.1" 200 21223 "-" "Mozilla/5.0 (compatible; DataForSeoBot/1.0; +https://dataforseo.com/dataforseo-bot)"
74.7.243.193 - - [19/Sep/2026:18:08:51 +0530] "GET /buy.php?detail/13100711159034 HTTP/2.0" 200 20718 "https://llprecharge.in/buy.php?detail/16600018597467" "Mozilla/5.0 AppleWebKit/537.36 (KHTML, like Gecko; compatible; GPTBot/1.4; +https://openai.com/gptbot)"
74.7.242.42 - - [19/Sep/2026:18:08:50 +0530] "GET /buy.php?detail/29000275010549 HTTP/2.0" 200 21027 "https://www.llprecharge.in/buy.php?detail/24502822308924" "Mozilla/5.0 AppleWebKit/537.36 (KHTML, like Gecko; compatible; GPTBot/1.4; +https://openai.com/gptbot)"
66.249.66.67 - - [19/Sep/2026:18:08:54 +0530] "GET /?e=g4a3l7l3i7c2u2s283 HTTP/1.1" 200 1838 "-" "Mozilla/5.0 (Linux; Android 6.0.1; Nexus 5X Build/MMB29P) AppleWebKit/537.36 (KHTML, like Gecko) Chrome/153.0.8010.47 Mobile Safari/537.36 (compatible; Googlebot/2.1; +http://www.google.com/bot.html)"
74.7.243.193 - - [19/Sep/2026:18:08:54 +0530] "GET /buy.php?detail/11803661764950 HTTP/2.0" 200 20382 "https://llprecharge.in/buy.php?detail/11803043629249" "Mozilla/5.0 AppleWebKit/537.36 (KHTML, like Gecko; compatible; GPTBot/1.4; +https://openai.com/gptbot)"
74.7.242.42 - - [19/Sep/2026:18:08:54 +0530] "GET /buy.php?detail/24002217644619 HTTP/2.0" 200 20440 "https://www.llprecharge.in/buy.php?detail/24001283355185" "Mozilla/5.0 AppleWebKit/537.36 (KHTML, like Gecko; compatible; GPTBot/1.4; +https://openai.com/gptbot)"
136.243.228.180 - - [19/Sep/2026:18:08:56 +0530] "GET /buy.php?special/033036775.html HTTP/1.1" 200 23310 "-" "Mozilla/5.0 (compatible; DataForSeoBot/1.0; +https://dataforseo.com/dataforseo-bot)"
74.7.243.193 - - [19/Sep/2026:18:08:56 +0530] "GET /buy.php?detail/24300170728948 HTTP/2.0" 200 20633 "https://llprecharge.in/buy.php?detail/16600018597467" "Mozilla/5.0 AppleWebKit/537.36 (KHTML, like Gecko; compatible; GPTBot/1.4; +https://openai.com/gptbot)"
74.7.242.42 - - [19/Sep/2026:18:08:57 +0530] "GET /buy.php?detail/20701527624685 HTTP/2.0" 200 23256 "https://www.llprecharge.in/buy.php?detail/05004895664343" "Mozilla/5.0 AppleWebKit/537.36 (KHTML, like Gecko; compatible; GPTBot/1.4; +https://openai.com/gptbot)"
65.21.113.253 - - [19/Sep/2026:18:08:57 +0530] "GET /buy.php?category/103/1 HTTP/1.1" 200 135376 "-" "Mozilla/5.0 (compatible; AwarioBot/1.0; +https://awario.com/bots.html)"
74.7.242.42 - - [19/Sep/2026:18:08:59 +0530] "GET /buy.php?detail/23501167297391 HTTP/2.0" 200 23553 "https://www.llprecharge.in/buy.php?detail/26703785666989" "Mozilla/5.0 AppleWebKit/537.36 (KHTML, like Gecko; compatible; GPTBot/1.4; +https://openai.com/gptbot)"
74.7.243.193 - - [19/Sep/2026:18:08:59 +0530] "GET /buy.php?detail/11903833484963 HTTP/2.0" 200 20706 "https://llprecharge.in/buy.php?detail/11904015100515" "Mozilla/5.0 AppleWebKit/537.36 (KHTML, like Gecko; compatible; GPTBot/1.4; +https://openai.com/gptbot)"
136.243.228.180 - - [19/Sep/2026:18:09:00 +0530] "GET /buy.php?special/262009822.html HTTP/1.1" 200 20266 "-" "Mozilla/5.0 (compatible; DataForSeoBot/1.0; +https://dataforseo.com/dataforseo-bot)"
74.7.242.42 - - [19/Sep/2026:18:09:01 +0530] "GET /buy.php?detail/17400439661679 HTTP/2.0" 200 22005 "https://www.llprecharge.in/buy.php?detail/17400234575137" "Mozilla/5.0 AppleWebKit/537.36 (KHTML, like Gecko; compatible; GPTBot/1.4; +https://openai.com/gptbot)"
65.21.113.253 - - [19/Sep/2026:18:09:03 +0530] "GET /buy.php?category/1036/1 HTTP/1.1" 200 119814 "-" "Mozilla/5.0 (compatible; AwarioBot/1.0; +https://awario.com/bots.html)"
136.243.228.180 - - [19/Sep/2026:18:09:04 +0530] "GET /buy.php?special/104012974.html HTTP/1.1" 200 21040 "-" "Mozilla/5.0 (compatible; DataForSeoBot/1.0; +https://dataforseo.com/dataforseo-bot)"
74.7.243.193 - - [19/Sep/2026:18:09:02 +0530] "GET /buy.php?detail/09504475698030 HTTP/2.0" 200 21335 "https://llprecharge.in/buy.php?detail/11203373939514" "Mozilla/5.0 AppleWebKit/537.36 (KHTML, like Gecko; compatible; GPTBot/1.4; +https://openai.com/gptbot)"
66.249.66.195 - - [19/Sep/2026:18:09:08 +0530] "GET /?detail/01101411326116 HTTP/1.1" 200 1838 "-" "Mozilla/5.0 (Linux; Android 6.0.1; Nexus 5X Build/MMB29P) AppleWebKit/537.36 (KHTML, like Gecko) Chrome/153.0.8010.47 Mobile Safari/537.36 (compatible; Googlebot/2.1; +http://www.google.com/bot.html)"
74.7.243.193 - - [19/Sep/2026:18:09:07 +0530] "GET /buy.php?detail/06302234285880 HTTP/2.0" 200 22064 "https://llprecharge.in/buy.php?detail/08400290473118" "Mozilla/5.0 AppleWebKit/537.36 (KHTML, like Gecko; compatible; GPTBot/1.4; +https://openai.com/gptbot)"
136.243.228.180 - - [19/Sep/2026:18:09:08 +0530] "GET /buy.php?jp/104012972.html HTTP/1.1" 200 21200 "-" "Mozilla/5.0 (compatible; DataForSeoBot/1.0; +https://dataforseo.com/dataforseo-bot)"
66.249.66.35 - - [19/Sep/2026:18:09:10 +0530] "GET /shops/sivatherium/l9i2l2i8e7d598604 HTTP/1.1" 404 - "-" "Mozilla/5.0 (Linux; Android 6.0.1; Nexus 5X Build/MMB29P) AppleWebKit/537.36 (KHTML, like Gecko) Chrome/153.0.8010.47 Mobile Safari/537.36 (compatible; Googlebot/2.1; +http://www.google.com/bot.html)"
74.7.243.193 - - [19/Sep/2026:18:09:09 +0530] "GET /buy.php?detail/11800680873988 HTTP/2.0" 200 21360 "https://llprecharge.in/buy.php?detail/14002636180305" "Mozilla/5.0 AppleWebKit/537.36 (KHTML, like Gecko; compatible; GPTBot/1.4; +https://openai.com/gptbot)"
74.7.242.42 - - [19/Sep/2026:18:09:04 +0530] "GET /buy.php?detail/26903805652329 HTTP/2.0" 200 20696 "https://www.llprecharge.in/buy.php?detail/26903169508911" "Mozilla/5.0 AppleWebKit/537.36 (KHTML, like Gecko; compatible; GPTBot/1.4; +https://openai.com/gptbot)"
74.7.243.193 - - [19/Sep/2026:18:09:11 +0530] "GET /buy.php?detail/19303463888224 HTTP/2.0" 200 21444 "https://llprecharge.in/buy.php?detail/19303483855929" "Mozilla/5.0 AppleWebKit/537.36 (KHTML, like Gecko; compatible; GPTBot/1.4; +https://openai.com/gptbot)"
136.243.228.180 - - [19/Sep/2026:18:09:12 +0530] "GET /buy.php?special/104012978.html HTTP/1.1" 200 21352 "-" "Mozilla/5.0 (compatible; DataForSeoBot/1.0; +https://dataforseo.com/dataforseo-bot)"
65.21.113.253 - - [19/Sep/2026:18:09:13 +0530] "GET /buy.php?category/1036_1037/1 HTTP/1.1" 200 120027 "-" "Mozilla/5.0 (compatible; AwarioBot/1.0; +https://awario.com/bots.html)"
74.7.242.42 - - [19/Sep/2026:18:09:14 +0530] "GET /buy.php?detail/17400549619158 HTTP/2.0" 200 21758 "https://www.llprecharge.in/buy.php?detail/17400440153676" "Mozilla/5.0 AppleWebKit/537.36 (KHTML, like Gecko; compatible; GPTBot/1.4; +https://openai.com/gptbot)"
74.7.243.193 - - [19/Sep/2026:18:09:14 +0530] "GET /buy.php?detail/00103313063741 HTTP/2.0" 200 21750 "https://llprecharge.in/buy.php?detail/14002636180305" "Mozilla/5.0 AppleWebKit/537.36 (KHTML, like Gecko; compatible; GPTBot/1.4; +https://openai.com/gptbot)"
136.243.228.180 - - [19/Sep/2026:18:09:15 +0530] "GET /buy.php?special/159005565.html HTTP/1.1" 200 20278 "-" "Mozilla/5.0 (compatible; DataForSeoBot/1.0; +https://dataforseo.com/dataforseo-bot)"
168.119.209.108 - - [19/Sep/2026:18:09:18 +0530] "GET /user/api_balance.php?userid=AU1121&token=dMgDWkPbbsmeca76X0lncsVCYVjIE61Q HTTP/1.1" 500 - "-" "RestSharp/106.13.0.0"
74.7.242.42 - - [19/Sep/2026:18:09:16 +0530] "GET /buy.php?detail/14104331222568 HTTP/2.0" 200 22342 "https://www.llprecharge.in/buy.php?detail/29000261168140" "Mozilla/5.0 AppleWebKit/537.36 (KHTML, like Gecko; compatible; GPTBot/1.4; +https://openai.com/gptbot)"
74.7.243.193 - - [19/Sep/2026:18:09:17 +0530] "GET /buy.php?detail/21003027649631 HTTP/2.0" 200 20243 "https://llprecharge.in/buy.php?detail/21003048444885" "Mozilla/5.0 AppleWebKit/537.36 (KHTML, like Gecko; compatible; GPTBot/1.4; +https://openai.com/gptbot)"
65.21.113.253 - - [19/Sep/2026:18:09:17 +0530] "GET /buy.php?category/1036_3850/1 HTTP/1.1" 200 140998 "-" "Mozilla/5.0 (compatible; AwarioBot/1.0; +https://awario.com/bots.html)"
74.7.242.42 - - [19/Sep/2026:18:09:19 +0530] "GET /buy.php?detail/29000194336876 HTTP/2.0" 200 20303 "https://www.llprecharge.in/buy.php?detail/29000260673961" "Mozilla/5.0 AppleWebKit/537.36 (KHTML, like Gecko; compatible; GPTBot/1.4; +https://openai.com/gptbot)"
74.7.243.193 - - [19/Sep/2026:18:09:19 +0530] "GET /buy.php?detail/01303780241103 HTTP/2.0" 200 22883 "https://llprecharge.in/buy.php?detail/01303931213369" "Mozilla/5.0 AppleWebKit/537.36 (KHTML, like Gecko; compatible; GPTBot/1.4; +https://openai.com/gptbot)"
136.243.228.180 - - [19/Sep/2026:18:09:20 +0530] "GET /buy.php?special/159005557.html HTTP/1.1" 200 20264 "-" "Mozilla/5.0 (compatible; DataForSeoBot/1.0; +https://dataforseo.com/dataforseo-bot)"
66.249.66.195 - - [19/Sep/2026:18:09:22 +0530] "GET /?e=a5c4t1i1n3o7s7t5o9m1e6 HTTP/1.1" 200 1838 "-" "Mozilla/5.0 (Linux; Android 6.0.1; Nexus 5X Build/MMB29P) AppleWebKit/537.36 (KHTML, like Gecko) Chrome/153.0.8010.47 Mobile Safari/537.36 (compatible; Googlebot/2.1; +http://www.google.com/bot.html)"
66.249.66.195 - - [19/Sep/2026:18:09:22 +0530] "GET /?e=j4e3w5s2t8r7u5m4p768 HTTP/1.1" 200 1838 "-" "Mozilla/5.0 (Linux; Android 6.0.1; Nexus 5X Build/MMB29P) AppleWebKit/537.36 (KHTML, like Gecko) Chrome/153.0.8010.47 Mobile Safari/537.36 (compatible; Googlebot/2.1; +http://www.google.com/bot.html)"
66.249.66.34 - - [19/Sep/2026:18:09:23 +0530] "GET /shopdetail/peak/132045262 HTTP/1.1" 404 - "-" "Mozilla/5.0 (Linux; Android 6.0.1; Nexus 5X Build/MMB29P) AppleWebKit/537.36 (KHTML, like Gecko) Chrome/153.0.8010.47 Mobile Safari/537.36 (compatible; Googlebot/2.1; +http://www.google.com/bot.html)"
74.7.242.42 - - [19/Sep/2026:18:09:21 +0530] "GET /buy.php?detail/29000293721903 HTTP/2.0" 200 21006 "https://www.llprecharge.in/buy.php?detail/29000261387906" "Mozilla/5.0 AppleWebKit/537.36 (KHTML, like Gecko; compatible; GPTBot/1.4; +https://openai.com/gptbot)"
66.249.66.34 - - [19/Sep/2026:18:09:23 +0530] "GET /?stinkpot/23422298998 HTTP/1.1" 200 1838 "-" "Mozilla/5.0 (Linux; Android 6.0.1; Nexus 5X Build/MMB29P) AppleWebKit/537.36 (KHTML, like Gecko) Chrome/153.0.8010.47 Mobile Safari/537.36 (compatible; Googlebot/2.1; +http://www.google.com/bot.html)"
74.7.243.193 - - [19/Sep/2026:18:09:22 +0530] "GET /buy.php?detail/27600672519760 HTTP/2.0" 200 20583 "https://llprecharge.in/buy.php?detail/01303931213369" "Mozilla/5.0 AppleWebKit/537.36 (KHTML, like Gecko; compatible; GPTBot/1.4; +https://openai.com/gptbot)"
66.249.66.196 - - [19/Sep/2026:18:09:24 +0530] "GET /?machaeranthera/21653699548 HTTP/1.1" 200 1838 "-" "Mozilla/5.0 (Linux; Android 6.0.1; Nexus 5X Build/MMB29P) AppleWebKit/537.36 (KHTML, like Gecko) Chrome/153.0.8010.47 Mobile Safari/537.36 (compatible; Googlebot/2.1; +http://www.google.com/bot.html)"
65.21.113.253 - - [19/Sep/2026:18:09:22 +0530] "GET /buy.php?category/1036_4652/1 HTTP/1.1" 200 128019 "-" "Mozilla/5.0 (compatible; AwarioBot/1.0; +https://awario.com/bots.html)"
66.249.66.33 - - [19/Sep/2026:18:09:25 +0530] "GET /?e=s0e4n0t8i4m8e9n9t4a4l2ist HTTP/1.1" 200 1838 "-" "Mozilla/5.0 (Linux; Android 6.0.1; Nexus 5X Build/MMB29P) AppleWebKit/537.36 (KHTML, like Gecko) Chrome/153.0.8010.47 Mobile Safari/537.36 (compatible; Googlebot/2.1; +http://www.google.com/bot.html)"
136.243.228.180 - - [19/Sep/2026:18:09:23 +0530] "GET /buy.php?special/111003193.html HTTP/1.1" 200 20618 "-" "Mozilla/5.0 (compatible; DataForSeoBot/1.0; +https://dataforseo.com/dataforseo-bot)"
66.249.66.194 - - [19/Sep/2026:18:09:26 +0530] "GET /review/goods/L3680455425/ HTTP/1.1" 404 - "-" "Mozilla/5.0 (Linux; Android 6.0.1; Nexus 5X Build/MMB29P) AppleWebKit/537.36 (KHTML, like Gecko) Chrome/153.0.8010.47 Mobile Safari/537.36 (compatible; Googlebot/2.1; +http://www.google.com/bot.html)"
66.249.66.194 - - [19/Sep/2026:18:09:26 +0530] "GET /?privateered/11743411664 HTTP/1.1" 200 1838 "-" "Mozilla/5.0 (Linux; Android 6.0.1; Nexus 5X Build/MMB29P) AppleWebKit/537.36 (KHTML, like Gecko) Chrome/153.0.8010.47 Mobile Safari/537.36 (compatible; Googlebot/2.1; +http://www.google.com/bot.html)"
74.7.243.193 - - [19/Sep/2026:18:09:24 +0530] "GET /buy.php?detail/27501860661630 HTTP/2.0" 200 20779 "https://llprecharge.in/buy.php?detail/14002636180305" "Mozilla/5.0 AppleWebKit/537.36 (KHTML, like Gecko; compatible; GPTBot/1.4; +https://openai.com/gptbot)"
74.7.242.42 - - [19/Sep/2026:18:09:24 +0530] "GET /buy.php?detail/29000294075169 HTTP/2.0" 200 20699 "https://www.llprecharge.in/buy.php?detail/29000261387906" "Mozilla/5.0 AppleWebKit/537.36 (KHTML, like Gecko; compatible; GPTBot/1.4; +https://openai.com/gptbot)"
66.249.66.67 - - [19/Sep/2026:18:09:27 +0530] "GET /interfaces/interfaceStore.php?item/3084067515 HTTP/1.1" 404 - "-" "Mozilla/5.0 (Linux; Android 6.0.1; Nexus 5X Build/MMB29P) AppleWebKit/537.36 (KHTML, like Gecko) Chrome/153.0.8010.47 Mobile Safari/537.36 (compatible; Googlebot/2.1; +http://www.google.com/bot.html)"
66.249.66.67 - - [19/Sep/2026:18:09:27 +0530] "GET /?e=d4i2s5s4o8c0i8a3l717 HTTP/1.1" 200 1838 "-" "Mozilla/5.0 (Linux; Android 6.0.1; Nexus 5X Build/MMB29P) AppleWebKit/537.36 (KHTML, like Gecko) Chrome/153.0.8010.47 Mobile Safari/537.36 (compatible; Googlebot/2.1; +http://www.google.com/bot.html)"
74.7.242.42 - - [19/Sep/2026:18:09:27 +0530] "GET /buy.php?detail/29000497428907 HTTP/2.0" 200 21331 "https://www.llprecharge.in/buy.php?detail/29000275010549" "Mozilla/5.0 AppleWebKit/537.36 (KHTML, like Gecko; compatible; GPTBot/1.4; +https://openai.com/gptbot)"
74.7.243.193 - - [19/Sep/2026:18:09:26 +0530] "GET /buy.php?detail/24300331211323 HTTP/2.0" 200 20826 "https://llprecharge.in/buy.php?detail/24300170728948" "Mozilla/5.0 AppleWebKit/537.36 (KHTML, like Gecko; compatible; GPTBot/1.4; +https://openai.com/gptbot)"
66.249.66.67 - - [19/Sep/2026:18:09:29 +0530] "GET /item/5084856270 HTTP/1.1" 404 - "-" "Mozilla/5.0 (Linux; Android 6.0.1; Nexus 5X Build/MMB29P) AppleWebKit/537.36 (KHTML, like Gecko) Chrome/153.0.8010.47 Mobile Safari/537.36 (compatible; Googlebot/2.1; +http://www.google.com/bot.html)"
136.243.228.180 - - [19/Sep/2026:18:09:27 +0530] "GET /buy.php?category/193_5831_5832/1 HTTP/1.1" 200 20629 "-" "Mozilla/5.0 (compatible; DataForSeoBot/1.0; +https://dataforseo.com/dataforseo-bot)"
74.7.242.42 - - [19/Sep/2026:18:09:29 +0530] "GET /buy.php?detail/29000293566179 HTTP/2.0" 200 21093 "https://www.llprecharge.in/buy.php?detail/29000261387906" "Mozilla/5.0 AppleWebKit/537.36 (KHTML, like Gecko; compatible; GPTBot/1.4; +https://openai.com/gptbot)"
74.7.243.193 - - [19/Sep/2026:18:09:29 +0530] "GET /buy.php?detail/25901775515369 HTTP/2.0" 200 20688 "https://llprecharge.in/buy.php?detail/25901691235444" "Mozilla/5.0 AppleWebKit/537.36 (KHTML, like Gecko; compatible; GPTBot/1.4; +https://openai.com/gptbot)"
65.21.113.253 - - [19/Sep/2026:18:09:32 +0530] "GET /robots.txt HTTP/1.1" 200 368 "-" "Mozilla/5.0 (compatible; AwarioBot/1.0; +https://awario.com/bots.html)"
74.7.243.193 - - [19/Sep/2026:18:09:31 +0530] "GET /buy.php?detail/30003211601268 HTTP/2.0" 200 20803 "https://llprecharge.in/buy.php?detail/09504475698030" "Mozilla/5.0 AppleWebKit/537.36 (KHTML, like Gecko; compatible; GPTBot/1.4; +https://openai.com/gptbot)"
74.7.242.42 - - [19/Sep/2026:18:09:31 +0530] "GET /buy.php?detail/24000614806169 HTTP/2.0" 200 20159 "https://www.llprecharge.in/buy.php?detail/24002217644619" "Mozilla/5.0 AppleWebKit/537.36 (KHTML, like Gecko; compatible; GPTBot/1.4; +https://openai.com/gptbot)"
65.21.113.253 - - [19/Sep/2026:18:09:33 +0530] "GET /buy.php?category/103_104/1 HTTP/1.1" 200 129866 "-" "Mozilla/5.0 (compatible; AwarioBot/1.0; +https://awario.com/bots.html)"
74.7.242.42 - - [19/Sep/2026:18:09:34 +0530] "GET /buy.php?detail/23500709559539 HTTP/2.0" 200 22514 "https://www.llprecharge.in/buy.php?detail/23501167297391" "Mozilla/5.0 AppleWebKit/537.36 (KHTML, like Gecko; compatible; GPTBot/1.4; +https://openai.com/gptbot)"
74.7.243.193 - - [19/Sep/2026:18:09:33 +0530] "GET /buy.php?detail/06302174356433 HTTP/2.0" 200 22012 "https://llprecharge.in/buy.php?detail/06302234285880" "Mozilla/5.0 AppleWebKit/537.36 (KHTML, like Gecko; compatible; GPTBot/1.4; +https://openai.com/gptbot)"
74.7.243.193 - - [19/Sep/2026:18:09:37 +0530] "GET /buy.php?detail/23700471540880 HTTP/2.0" 200 21531 "https://llprecharge.in/buy.php?detail/23700474849312" "Mozilla/5.0 AppleWebKit/537.36 (KHTML, like Gecko; compatible; GPTBot/1.4; +https://openai.com/gptbot)"
74.7.242.42 - - [19/Sep/2026:18:09:36 +0530] "GET /buy.php?detail/02202060434187 HTTP/2.0" 200 22148 "https://www.llprecharge.in/buy.php?detail/22900421104025" "Mozilla/5.0 AppleWebKit/537.36 (KHTML, like Gecko; compatible; GPTBot/1.4; +https://openai.com/gptbot)"
65.21.113.253 - - [19/Sep/2026:18:09:38 +0530] "GET /buy.php?category/103_304/1 HTTP/1.1" 200 125025 "-" "Mozilla/5.0 (compatible; AwarioBot/1.0; +https://awario.com/bots.html)"
136.243.228.180 - - [19/Sep/2026:18:09:31 +0530] "GET /buy.php?jp/159005548.html HTTP/1.1" 200 20454 "-" "Mozilla/5.0 (compatible; DataForSeoBot/1.0; +https://dataforseo.com/dataforseo-bot)"
74.7.243.193 - - [19/Sep/2026:18:09:40 +0530] "GET /buy.php?detail/19303465711291 HTTP/2.0" 200 21008 "https://llprecharge.in/buy.php?detail/19303463888224" "Mozilla/5.0 AppleWebKit/537.36 (KHTML, like Gecko; compatible; GPTBot/1.4; +https://openai.com/gptbot)"
74.7.242.42 - - [19/Sep/2026:18:09:40 +0530] "GET /buy.php?detail/22900150894623 HTTP/2.0" 200 21562 "https://www.llprecharge.in/buy.php?detail/22900421104025" "Mozilla/5.0 AppleWebKit/537.36 (KHTML, like Gecko; compatible; GPTBot/1.4; +https://openai.com/gptbot)"
74.7.243.193 - - [19/Sep/2026:18:09:42 +0530] "GET /buy.php?detail/00102796751367 HTTP/2.0" 200 22915 "https://llprecharge.in/buy.php?detail/00103313063741" "Mozilla/5.0 AppleWebKit/537.36 (KHTML, like Gecko; compatible; GPTBot/1.4; +https://openai.com/gptbot)"
74.7.242.42 - - [19/Sep/2026:18:09:42 +0530] "GET /buy.php?detail/17400499444480 HTTP/2.0" 200 21425 "https://www.llprecharge.in/buy.php?detail/17400549619158" "Mozilla/5.0 AppleWebKit/537.36 (KHTML, like Gecko; compatible; GPTBot/1.4; +https://openai.com/gptbot)"
136.243.228.180 - - [19/Sep/2026:18:09:42 +0530] "GET /buy.php?category/193_5831/1 HTTP/1.1" 200 20614 "-" "Mozilla/5.0 (compatible; DataForSeoBot/1.0; +https://dataforseo.com/dataforseo-bot)"
74.7.243.193 - - [19/Sep/2026:18:09:44 +0530] "GET /buy.php?detail/19703287028687 HTTP/2.0" 200 21450 "https://llprecharge.in/buy.php?detail/21003027649631" "Mozilla/5.0 AppleWebKit/537.36 (KHTML, like Gecko; compatible; GPTBot/1.4; +https://openai.com/gptbot)"
74.7.242.42 - - [19/Sep/2026:18:09:46 +0530] "GET /buy.php?detail/22300909743959 HTTP/2.0" 200 22233 "https://www.llprecharge.in/buy.php?detail/14104331222568" "Mozilla/5.0 AppleWebKit/537.36 (KHTML, like Gecko; compatible; GPTBot/1.4; +https://openai.com/gptbot)"
74.7.243.193 - - [19/Sep/2026:18:09:47 +0530] "GET /buy.php?goods/153004019 HTTP/2.0" 200 20314 "https://llprecharge.in/buy.php?detail/21003027649631" "Mozilla/5.0 AppleWebKit/537.36 (KHTML, like Gecko; compatible; GPTBot/1.4; +https://openai.com/gptbot)"
136.243.228.180 - - [19/Sep/2026:18:09:47 +0530] "GET /buy.php?jp/159005537.html HTTP/1.1" 200 20364 "-" "Mozilla/5.0 (compatible; DataForSeoBot/1.0; +https://dataforseo.com/dataforseo-bot)"
74.7.242.42 - - [19/Sep/2026:18:09:48 +0530] "GET /buy.php?detail/29000403750947 HTTP/2.0" 200 20529 "https://www.llprecharge.in/buy.php?detail/29000194336876" "Mozilla/5.0 AppleWebKit/537.36 (KHTML, like Gecko; compatible; GPTBot/1.4; +https://openai.com/gptbot)"
74.7.243.193 - - [19/Sep/2026:18:09:49 +0530] "GET /buy.php?detail/01303768539537 HTTP/2.0" 200 21718 "https://llprecharge.in/buy.php?detail/01303780241103" "Mozilla/5.0 AppleWebKit/537.36 (KHTML, like Gecko; compatible; GPTBot/1.4; +https://openai.com/gptbot)"
74.7.242.42 - - [19/Sep/2026:18:09:50 +0530] "GET /buy.php?detail/29000403674569 HTTP/2.0" 200 20690 "https://www.llprecharge.in/buy.php?detail/29000194336876" "Mozilla/5.0 AppleWebKit/537.36 (KHTML, like Gecko; compatible; GPTBot/1.4; +https://openai.com/gptbot)"
65.21.113.253 - - [19/Sep/2026:18:09:51 +0530] "GET /buy.php?category/103_853/1 HTTP/1.1" 200 133632 "-" "Mozilla/5.0 (compatible; AwarioBot/1.0; +https://awario.com/bots.html)"
136.243.228.180 - - [19/Sep/2026:18:09:51 +0530] "GET /buy.php?special/276032844.html HTTP/1.1" 200 20879 "-" "Mozilla/5.0 (compatible; DataForSeoBot/1.0; +https://dataforseo.com/dataforseo-bot)"
20.65.179.162 - - [19/Sep/2026:18:09:55 +0530] "GET /developmentserver/metadatauploader HTTP/1.1" 404 - "-" "Mozilla/5.0 zgrab/0.x"
74.7.242.42 - - [19/Sep/2026:18:09:53 +0530] "GET /buy.php?detail/29000370291054 HTTP/2.0" 200 20380 "https://www.llprecharge.in/buy.php?detail/29000294075169" "Mozilla/5.0 AppleWebKit/537.36 (KHTML, like Gecko; compatible; GPTBot/1.4; +https://openai.com/gptbot)"
49.43.152.35 - - [19/Sep/2026:18:09:39 +0530] "GET /LLPRECHARGE/Admin/recharge_report.php HTTP/2.0" 200 5883 "https://www.llprecharge.in/LLPRECHARGE/Admin/recharge_report.php" "Mozilla/5.0 (Macintosh; Intel Mac OS X 10_15_7) AppleWebKit/537.36 (KHTML, like Gecko) Chrome/151.0.0.0 Safari/537.36 OPR/135.0.0.0"
74.7.242.42 - - [19/Sep/2026:18:09:56 +0530] "GET /buy.php?detail/10900780694904 HTTP/2.0" 200 21443 "https://www.llprecharge.in/buy.php?detail/17400549619158" "Mozilla/5.0 AppleWebKit/537.36 (KHTML, like Gecko; compatible; GPTBot/1.4; +https://openai.com/gptbot)"
136.243.228.180 - - [19/Sep/2026:18:09:56 +0530] "GET /buy.php?detail/06003702877261 HTTP/1.1" 200 21458 "-" "Mozilla/5.0 (compatible; DataForSeoBot/1.0; +https://dataforseo.com/dataforseo-bot)"
65.21.113.253 - - [19/Sep/2026:18:09:55 +0530] "GET /buy.php?category/1045/1 HTTP/1.1" 200 127207 "-" "Mozilla/5.0 (compatible; AwarioBot/1.0; +https://awario.com/bots.html)"
66.249.66.195 - - [19/Sep/2026:18:09:59 +0530] "GET /?e=e1l2l1i7p0t5i7c3a816 HTTP/1.1" 200 1838 "-" "Mozilla/5.0 (Linux; Android 6.0.1; Nexus 5X Build/MMB29P) AppleWebKit/537.36 (KHTML, like Gecko) Chrome/153.0.8010.47 Mobile Safari/537.36 (compatible; Googlebot/2.1; +http://www.google.com/bot.html)"
74.7.242.42 - - [19/Sep/2026:18:09:58 +0530] "GET /buy.php?detail/29000316607896 HTTP/2.0" 200 21366 "https://www.llprecharge.in/buy.php?detail/29000293566179" "Mozilla/5.0 AppleWebKit/537.36 (KHTML, like Gecko; compatible; GPTBot/1.4; +https://openai.com/gptbot)"
74.7.243.193 - - [19/Sep/2026:18:09:52 +0530] "GET /buy.php?detail/01303768743984 HTTP/2.0" 200 21139 "https://llprecharge.in/buy.php?detail/01303780241103" "Mozilla/5.0 AppleWebKit/537.36 (KHTML, like Gecko; compatible; GPTBot/1.4; +https://openai.com/gptbot)"
66.249.66.67 - - [19/Sep/2026:18:10:01 +0530] "GET /?e=p6a3r8a7t7h7e9s5i2s50 HTTP/1.1" 200 1838 "-" "Mozilla/5.0 (Linux; Android 6.0.1; Nexus 5X Build/MMB29P) AppleWebKit/537.36 (KHTML, like Gecko) Chrome/153.0.8010.47 Mobile Safari/537.36 (compatible; Googlebot/2.1; +http://www.google.com/bot.html)"
74.7.242.42 - - [19/Sep/2026:18:10:01 +0530] "GET /buy.php?detail/14403376342948 HTTP/2.0" 200 23295 "https://www.llprecharge.in/buy.php?detail/29000260673961" "Mozilla/5.0 AppleWebKit/537.36 (KHTML, like Gecko; compatible; GPTBot/1.4; +https://openai.com/gptbot)"
136.243.228.180 - - [19/Sep/2026:18:09:59 +0530] "GET /buy.php?jp/060037008.html HTTP/1.1" 200 20288 "-" "Mozilla/5.0 (compatible; DataForSeoBot/1.0; +https://dataforseo.com/dataforseo-bot)"
74.7.243.193 - - [19/Sep/2026:18:10:02 +0530] "GET /buy.php?detail/24300221336961 HTTP/2.0" 200 21426 "https://llprecharge.in/buy.php?detail/24300331211323" "Mozilla/5.0 AppleWebKit/537.36 (KHTML, like Gecko; compatible; GPTBot/1.4; +https://openai.com/gptbot)"
74.7.243.193 - - [19/Sep/2026:18:10:04 +0530] "GET /buy.php?detail/25901651229944 HTTP/2.0" 200 20078 "https://llprecharge.in/buy.php?detail/25901775515369" "Mozilla/5.0 AppleWebKit/537.36 (KHTML, like Gecko; compatible; GPTBot/1.4; +https://openai.com/gptbot)"
74.7.242.42 - - [19/Sep/2026:18:10:03 +0530] "GET /buy.php?detail/15703025098556 HTTP/2.0" 200 21508 "https://www.llprecharge.in/buy.php?detail/29000294075169" "Mozilla/5.0 AppleWebKit/537.36 (KHTML, like Gecko; compatible; GPTBot/1.4; +https://openai.com/gptbot)"
136.243.228.180 - - [19/Sep/2026:18:10:06 +0530] "GET /buy.php?special/134039274.html HTTP/1.1" 200 20194 "-" "Mozilla/5.0 (compatible; DataForSeoBot/1.0; +https://dataforseo.com/dataforseo-bot)"
74.7.243.193 - - [19/Sep/2026:18:10:07 +0530] "GET /buy.php?detail/10701494488690 HTTP/2.0" 200 19804 "https://llprecharge.in/buy.php?detail/25901775515369" "Mozilla/5.0 AppleWebKit/537.36 (KHTML, like Gecko; compatible; GPTBot/1.4; +https://openai.com/gptbot)"
65.21.113.253 - - [19/Sep/2026:18:10:07 +0530] "GET /buy.php?category/1045_1046/1 HTTP/1.1" 200 154522 "-" "Mozilla/5.0 (compatible; AwarioBot/1.0; +https://awario.com/bots.html)"
74.7.242.42 - - [19/Sep/2026:18:10:08 +0530] "GET /buy.php?detail/17400462208387 HTTP/2.0" 200 21835 "https://www.llprecharge.in/buy.php?detail/17400439661679" "Mozilla/5.0 AppleWebKit/537.36 (KHTML, like Gecko; compatible; GPTBot/1.4; +https://openai.com/gptbot)"
74.7.243.193 - - [19/Sep/2026:18:10:09 +0530] "GET /buy.php?detail/24300220526578 HTTP/2.0" 200 21584 "https://llprecharge.in/buy.php?detail/24300331211323" "Mozilla/5.0 AppleWebKit/537.36 (KHTML, like Gecko; compatible; GPTBot/1.4; +https://openai.com/gptbot)"
136.243.228.180 - - [19/Sep/2026:18:10:09 +0530] "GET /buy.php?special/060037020.html HTTP/1.1" 200 20694 "-" "Mozilla/5.0 (compatible; DataForSeoBot/1.0; +https://dataforseo.com/dataforseo-bot)"
74.7.242.42 - - [19/Sep/2026:18:10:10 +0530] "GET /buy.php?detail/01201958123007 HTTP/2.0" 200 20558 "https://www.llprecharge.in/buy.php?detail/22900150894623" "Mozilla/5.0 AppleWebKit/537.36 (KHTML, like Gecko; compatible; GPTBot/1.4; +https://openai.com/gptbot)"
74.7.243.193 - - [19/Sep/2026:18:10:11 +0530] "GET /buy.php?detail/23700570431259 HTTP/2.0" 200 20856 "https://llprecharge.in/buy.php?detail/23700471540880" "Mozilla/5.0 AppleWebKit/537.36 (KHTML, like Gecko; compatible; GPTBot/1.4; +https://openai.com/gptbot)"
65.21.113.253 - - [19/Sep/2026:18:10:12 +0530] "GET /buy.php?category/1045_1046_1047/1 HTTP/1.1" 200 118982 "-" "Mozilla/5.0 (compatible; AwarioBot/1.0; +https://awario.com/bots.html)"
74.7.242.42 - - [19/Sep/2026:18:10:13 +0530] "GET /buy.php?detail/24801059401974 HTTP/2.0" 200 19954 "https://www.llprecharge.in/buy.php?detail/17400499444480" "Mozilla/5.0 AppleWebKit/537.36 (KHTML, like Gecko; compatible; GPTBot/1.4; +https://openai.com/gptbot)"
136.243.228.180 - - [19/Sep/2026:18:10:13 +0530] "GET /buy.php?special/060037024.html HTTP/1.1" 200 20486 "-" "Mozilla/5.0 (compatible; DataForSeoBot/1.0; +https://dataforseo.com/dataforseo-bot)"
74.7.243.193 - - [19/Sep/2026:18:10:14 +0530] "GET /buy.php?detail/25001702624858 HTTP/2.0" 200 21526 "https://llprecharge.in/buy.php?detail/30003211601268" "Mozilla/5.0 AppleWebKit/537.36 (KHTML, like Gecko; compatible; GPTBot/1.4; +https://openai.com/gptbot)"
74.7.242.42 - - [19/Sep/2026:18:10:15 +0530] "GET /buy.php?detail/07504424814066 HTTP/2.0" 200 22488 "https://www.llprecharge.in/buy.php?detail/22904062625045" "Mozilla/5.0 AppleWebKit/537.36 (KHTML, like Gecko; compatible; GPTBot/1.4; +https://openai.com/gptbot)"
16.216.88.127 - - [19/Sep/2026:18:10:15 +0530] "GET /buy.php??search/089032482 HTTP/2.0" 200 21633 "-" "Mozilla/5.0 AppleWebKit/537.36 (KHTML, like Gecko; compatible; Reflectionbot/1.0; +https://reflection.ai/bot) Chrome/151.0.0.0 Safari/537.36"
168.119.209.108 - - [19/Sep/2026:18:10:18 +0530] "GET /user/api_balance.php?userid=AU1121&token=dMgDWkPbbsmeca76X0lncsVCYVjIE61Q HTTP/1.1" 500 - "-" "RestSharp/106.13.0.0"
65.21.113.253 - - [19/Sep/2026:18:10:17 +0530] "GET /buy.php?category/1045_2163/1 HTTP/1.1" 200 119037 "-" "Mozilla/5.0 (compatible; AwarioBot/1.0; +https://awario.com/bots.html)"
74.7.243.193 - - [19/Sep/2026:18:10:17 +0530] "GET /buy.php?detail/001034878482 HTTP/2.0" 200 20860 "https://llprecharge.in/buy.php?detail/00102796751367" "Mozilla/5.0 AppleWebKit/537.36 (KHTML, like Gecko; compatible; GPTBot/1.4; +https://openai.com/gptbot)"
74.7.242.42 - - [19/Sep/2026:18:10:17 +0530] "GET /buy.php?detail/23004717585740 HTTP/2.0" 200 20283 "https://www.llprecharge.in/buy.php?detail/23003476639129" "Mozilla/5.0 AppleWebKit/537.36 (KHTML, like Gecko; compatible; GPTBot/1.4; +https://openai.com/gptbot)"
136.243.228.180 - - [19/Sep/2026:18:10:18 +0530] "GET /buy.php?special/060037006.html HTTP/1.1" 200 20398 "-" "Mozilla/5.0 (compatible; DataForSeoBot/1.0; +https://dataforseo.com/dataforseo-bot)"
74.7.243.193 - - [19/Sep/2026:18:10:19 +0530] "GET /buy.php?goods/197032870 HTTP/2.0" 200 21381 "https://llprecharge.in/buy.php?detail/19703287028687" "Mozilla/5.0 AppleWebKit/537.36 (KHTML, like Gecko; compatible; GPTBot/1.4; +https://openai.com/gptbot)"
74.7.242.42 - - [19/Sep/2026:18:10:20 +0530] "GET /buy.php?detail/29000476081431 HTTP/2.0" 200 20827 "https://www.llprecharge.in/buy.php?detail/29000403674569" "Mozilla/5.0 AppleWebKit/537.36 (KHTML, like Gecko; compatible; GPTBot/1.4; +https://openai.com/gptbot)"
66.249.66.67 - - [19/Sep/2026:18:10:22 +0530] "GET /?e=f6i3t6c5h9812771 HTTP/1.1" 200 1838 "-" "Mozilla/5.0 (Linux; Android 6.0.1; Nexus 5X Build/MMB29P) AppleWebKit/537.36 (KHTML, like Gecko) Chrome/153.0.8010.47 Mobile Safari/537.36 (compatible; Googlebot/2.1; +http://www.google.com/bot.html)"
66.249.66.195 - - [19/Sep/2026:18:10:23 +0530] "GET /?e=s5o2u5n0d0a4g5e4156 HTTP/1.1" 200 1838 "-" "Mozilla/5.0 (Linux; Android 6.0.1; Nexus 5X Build/MMB29P) AppleWebKit/537.36 (KHTML, like Gecko) Chrome/153.0.8010.47 Mobile Safari/537.36 (compatible; Googlebot/2.1; +http://www.google.com/bot.html)"
66.249.66.195 - - [19/Sep/2026:18:10:23 +0530] "GET /?e=s4i1n9t7o9i5s5t5475 HTTP/1.1" 200 1838 "-" "Mozilla/5.0 (Linux; Android 6.0.1; Nexus 5X Build/MMB29P) AppleWebKit/537.36 (KHTML, like Gecko) Chrome/153.0.8010.47 Mobile Safari/537.36 (compatible; Googlebot/2.1; +http://www.google.com/bot.html)"
136.243.228.180 - - [19/Sep/2026:18:10:21 +0530] "GET /buy.php?special/229042119.html HTTP/1.1" 200 21040 "-" "Mozilla/5.0 (compatible; DataForSeoBot/1.0; +https://dataforseo.com/dataforseo-bot)"
