66.249.66.67 - - [19/Sep/2026:18:53:51 +0530] "GET /?e=n7u2c5l9e8u1s17351 HTTP/1.1" 200 1838 "-" "Mozilla/5.0 (Linux; Android 6.0.1; Nexus 5X Build/MMB29P) AppleWebKit/537.36 (KHTML, like Gecko) Chrome/153.0.8010.47 Mobile Safari/537.36 (compatible; Googlebot/2.1; +http://www.google.com/bot.html)"
74.7.243.193 - - [19/Sep/2026:18:53:49 +0530] "GET /buy.php?detail/27000335106611 HTTP/2.0" 200 20598 "https://llprecharge.in/buy.php?detail/27000327320770" "Mozilla/5.0 AppleWebKit/537.36 (KHTML, like Gecko; compatible; GPTBot/1.4; +https://openai.com/gptbot)"
136.243.228.180 - - [19/Sep/2026:18:53:48 +0530] "GET /buy.php?special/054000544.html HTTP/1.1" 200 22760 "-" "Mozilla/5.0 (compatible; DataForSeoBot/1.0; +https://dataforseo.com/dataforseo-bot)"
66.249.66.195 - - [19/Sep/2026:18:53:53 +0530] "GET /?e=e7x9p5o2r4t4a1b1l4e1 HTTP/1.1" 200 1838 "-" "Mozilla/5.0 (Linux; Android 6.0.1; Nexus 5X Build/MMB29P) AppleWebKit/537.36 (KHTML, like Gecko) Chrome/153.0.8010.47 Mobile Safari/537.36 (compatible; Googlebot/2.1; +http://www.google.com/bot.html)"
74.7.243.193 - - [19/Sep/2026:18:53:51 +0530] "GET /buy.php?detail/01503476421710 HTTP/2.0" 200 23179 "https://llprecharge.in/buy.php?detail/09302610016445" "Mozilla/5.0 AppleWebKit/537.36 (KHTML, like Gecko; compatible; GPTBot/1.4; +https://openai.com/gptbot)"
74.7.242.42 - - [19/Sep/2026:18:53:48 +0530] "GET /buy.php?detail/26900470915605 HTTP/2.0" 200 24318 "https://www.llprecharge.in/buy.php?detail/26900603549108" "Mozilla/5.0 AppleWebKit/537.36 (KHTML, like Gecko; compatible; GPTBot/1.4; +https://openai.com/gptbot)"
74.7.243.193 - - [19/Sep/2026:18:53:54 +0530] "GET /buy.php?detail/18001215195639 HTTP/2.0" 200 22171 "https://llprecharge.in/buy.php?detail/18000528076384" "Mozilla/5.0 AppleWebKit/537.36 (KHTML, like Gecko; compatible; GPTBot/1.4; +https://openai.com/gptbot)"
136.243.228.180 - - [19/Sep/2026:18:53:55 +0530] "GET /buy.php?special/054000560.html HTTP/1.1" 200 22788 "-" "Mozilla/5.0 (compatible; DataForSeoBot/1.0; +https://dataforseo.com/dataforseo-bot)"
45.142.237.107 - - [19/Sep/2026:18:53:52 +0530] "GET /LLPRECHARGE/user/API.php?userid=AU1120&token=COgjiOKqElD][CQ[Dk3rSRChT]73F2NK&partnerid=172243914&opcode=21&mobile=9837015903&amount=349 HTTP/1.1" 200 111 "-" "-"
66.249.66.33 - - [19/Sep/2026:18:53:58 +0530] "GET /?e=p8r1e0c8i9p8i1t7a2t3e5 HTTP/1.1" 200 1838 "-" "Mozilla/5.0 (Linux; Android 6.0.1; Nexus 5X Build/MMB29P) AppleWebKit/537.36 (KHTML, like Gecko) Chrome/153.0.8010.47 Mobile Safari/537.36 (compatible; Googlebot/2.1; +http://www.google.com/bot.html)"
74.7.242.42 - - [19/Sep/2026:18:53:54 +0530] "GET /buy.php?detail/26100850093432 HTTP/2.0" 200 21159 "https://www.llprecharge.in/buy.php?detail/26102416716693" "Mozilla/5.0 AppleWebKit/537.36 (KHTML, like Gecko; compatible; GPTBot/1.4; +https://openai.com/gptbot)"
74.7.243.193 - - [19/Sep/2026:18:53:56 +0530] "GET /buy.php?detail/25901133638032 HTTP/2.0" 200 21491 "https://llprecharge.in/buy.php?detail/09504517600563" "Mozilla/5.0 AppleWebKit/537.36 (KHTML, like Gecko; compatible; GPTBot/1.4; +https://openai.com/gptbot)"
136.243.228.180 - - [19/Sep/2026:18:53:58 +0530] "GET /buy.php?special/054000550.html HTTP/1.1" 200 22831 "-" "Mozilla/5.0 (compatible; DataForSeoBot/1.0; +https://dataforseo.com/dataforseo-bot)"
66.249.66.196 - - [19/Sep/2026:18:54:03 +0530] "GET /?e=p0e2n3t7a6h8e5d4r9i8c7al HTTP/1.1" 200 1838 "-" "Mozilla/5.0 (Linux; Android 6.0.1; Nexus 5X Build/MMB29P) AppleWebKit/537.36 (KHTML, like Gecko) Chrome/153.0.8010.47 Mobile Safari/537.36 (compatible; Googlebot/2.1; +http://www.google.com/bot.html)"
74.7.242.42 - - [19/Sep/2026:18:54:01 +0530] "GET /buy.php?detail/26100850562435 HTTP/2.0" 200 21388 "https://www.llprecharge.in/buy.php?detail/26102416716693" "Mozilla/5.0 AppleWebKit/537.36 (KHTML, like Gecko; compatible; GPTBot/1.4; +https://openai.com/gptbot)"
74.7.243.193 - - [19/Sep/2026:18:54:02 +0530] "GET /buy.php?detail/24004895240776 HTTP/2.0" 200 21464 "https://llprecharge.in/buy.php?detail/24004799267068" "Mozilla/5.0 AppleWebKit/537.36 (KHTML, like Gecko; compatible; GPTBot/1.4; +https://openai.com/gptbot)"
66.249.66.67 - - [19/Sep/2026:18:54:04 +0530] "GET /?financed/04141630420 HTTP/1.1" 200 1838 "-" "Mozilla/5.0 (Linux; Android 6.0.1; Nexus 5X Build/MMB29P) AppleWebKit/537.36 (KHTML, like Gecko) Chrome/153.0.8010.47 Mobile Safari/537.36 (compatible; Googlebot/2.1; +http://www.google.com/bot.html)"
74.7.242.42 - - [19/Sep/2026:18:54:04 +0530] "GET /buy.php?detail/03103327172146 HTTP/2.0" 200 20636 "https://www.llprecharge.in/buy.php?detail/17504970506821" "Mozilla/5.0 AppleWebKit/537.36 (KHTML, like Gecko; compatible; GPTBot/1.4; +https://openai.com/gptbot)"
136.243.228.180 - - [19/Sep/2026:18:54:03 +0530] "GET /buy.php?special/054000552.html HTTP/1.1" 200 23185 "-" "Mozilla/5.0 (compatible; DataForSeoBot/1.0; +https://dataforseo.com/dataforseo-bot)"
74.7.243.193 - - [19/Sep/2026:18:54:05 +0530] "GET /buy.php?detail/05804556281925 HTTP/2.0" 200 20438 "https://llprecharge.in/buy.php?detail/12504213518060" "Mozilla/5.0 AppleWebKit/537.36 (KHTML, like Gecko; compatible; GPTBot/1.4; +https://openai.com/gptbot)"
66.249.66.194 - - [19/Sep/2026:18:54:07 +0530] "GET /index.php?shops/sprite/c9a2m1e2r9l3e8n5g2o55 HTTP/1.1" 404 20 "-" "Mozilla/5.0 (Linux; Android 6.0.1; Nexus 5X Build/MMB29P) AppleWebKit/537.36 (KHTML, like Gecko) Chrome/153.0.8010.47 Mobile Safari/537.36 (compatible; Googlebot/2.1; +http://www.google.com/bot.html)"
74.7.242.42 - - [19/Sep/2026:18:54:06 +0530] "GET /buy.php?detail/12302945394152 HTTP/2.0" 200 21893 "https://www.llprecharge.in/buy.php?detail/12302929954332" "Mozilla/5.0 AppleWebKit/537.36 (KHTML, like Gecko; compatible; GPTBot/1.4; +https://openai.com/gptbot)"
136.243.228.180 - - [19/Sep/2026:18:54:07 +0530] "GET /buy.php?special/145045603.html HTTP/1.1" 200 21138 "-" "Mozilla/5.0 (compatible; DataForSeoBot/1.0; +https://dataforseo.com/dataforseo-bot)"
74.7.243.193 - - [19/Sep/2026:18:54:07 +0530] "GET /buy.php?detail/25304853781150 HTTP/2.0" 200 21101 "https://llprecharge.in/buy.php?detail/25304207712283" "Mozilla/5.0 AppleWebKit/537.36 (KHTML, like Gecko; compatible; GPTBot/1.4; +https://openai.com/gptbot)"
74.7.242.42 - - [19/Sep/2026:18:54:08 +0530] "GET /buy.php?detail/27302304294070 HTTP/2.0" 200 20398 "https://www.llprecharge.in/buy.php?detail/27303098058420" "Mozilla/5.0 AppleWebKit/537.36 (KHTML, like Gecko; compatible; GPTBot/1.4; +https://openai.com/gptbot)"
74.7.242.42 - - [19/Sep/2026:18:54:11 +0530] "GET /buy.php?detail/04603757798369 HTTP/2.0" 200 21034 "https://www.llprecharge.in/buy.php?detail/12302929954332" "Mozilla/5.0 AppleWebKit/537.36 (KHTML, like Gecko; compatible; GPTBot/1.4; +https://openai.com/gptbot)"
136.243.228.180 - - [19/Sep/2026:18:54:11 +0530] "GET /buy.php?special/145045609.html HTTP/1.1" 200 21652 "-" "Mozilla/5.0 (compatible; DataForSeoBot/1.0; +https://dataforseo.com/dataforseo-bot)"
74.7.242.42 - - [19/Sep/2026:18:54:14 +0530] "GET /buy.php?detail/25503381904353 HTTP/2.0" 200 20755 "https://www.llprecharge.in/buy.php?detail/27303098058420" "Mozilla/5.0 AppleWebKit/537.36 (KHTML, like Gecko; compatible; GPTBot/1.4; +https://openai.com/gptbot)"
74.7.243.193 - - [19/Sep/2026:18:54:10 +0530] "GET /buy.php?detail/08700594811064 HTTP/2.0" 200 24063 "https://llprecharge.in/buy.php?detail/08700638246862" "Mozilla/5.0 AppleWebKit/537.36 (KHTML, like Gecko; compatible; GPTBot/1.4; +https://openai.com/gptbot)"
74.7.242.42 - - [19/Sep/2026:18:54:16 +0530] "GET /buy.php?detail/26801265072016 HTTP/2.0" 200 21880 "https://www.llprecharge.in/buy.php?goods/151036270" "Mozilla/5.0 AppleWebKit/537.36 (KHTML, like Gecko; compatible; GPTBot/1.4; +https://openai.com/gptbot)"
136.243.228.180 - - [19/Sep/2026:18:54:16 +0530] "GET /buy.php?special/145045605.html HTTP/1.1" 200 21317 "-" "Mozilla/5.0 (compatible; DataForSeoBot/1.0; +https://dataforseo.com/dataforseo-bot)"
66.249.66.33 - - [19/Sep/2026:18:54:18 +0530] "GET /?e=s3m4a9l7l8i9s4h326 HTTP/1.1" 200 1838 "-" "Mozilla/5.0 (Linux; Android 6.0.1; Nexus 5X Build/MMB29P) AppleWebKit/537.36 (KHTML, like Gecko) Chrome/153.0.8010.47 Mobile Safari/537.36 (compatible; Googlebot/2.1; +http://www.google.com/bot.html)"
74.7.243.193 - - [19/Sep/2026:18:54:16 +0530] "GET /buy.php?detail/22700944530360 HTTP/2.0" 200 22697 "https://llprecharge.in/buy.php?detail/22700984854708" "Mozilla/5.0 AppleWebKit/537.36 (KHTML, like Gecko; compatible; GPTBot/1.4; +https://openai.com/gptbot)"
74.7.242.42 - - [19/Sep/2026:18:54:18 +0530] "GET /buy.php?detail/02604167191173 HTTP/2.0" 200 20521 "https://www.llprecharge.in/buy.php?detail/15103631356519" "Mozilla/5.0 AppleWebKit/537.36 (KHTML, like Gecko; compatible; GPTBot/1.4; +https://openai.com/gptbot)"
74.7.243.193 - - [19/Sep/2026:18:54:19 +0530] "GET /buy.php?detail/16002870644051 HTTP/2.0" 200 21030 "https://llprecharge.in/buy.php?detail/16002687118819" "Mozilla/5.0 AppleWebKit/537.36 (KHTML, like Gecko; compatible; GPTBot/1.4; +https://openai.com/gptbot)"
136.243.228.180 - - [19/Sep/2026:18:54:20 +0530] "GET /buy.php?special/079000671.html HTTP/1.1" 200 20735 "-" "Mozilla/5.0 (compatible; DataForSeoBot/1.0; +https://dataforseo.com/dataforseo-bot)"
74.7.242.42 - - [19/Sep/2026:18:54:21 +0530] "GET /buy.php?detail/28201889565783 HTTP/2.0" 200 20991 "https://www.llprecharge.in/buy.php?detail/25600069165009" "Mozilla/5.0 AppleWebKit/537.36 (KHTML, like Gecko; compatible; GPTBot/1.4; +https://openai.com/gptbot)"
74.7.243.193 - - [19/Sep/2026:18:54:21 +0530] "GET /buy.php?detail/19103450564203 HTTP/2.0" 200 20530 "https://llprecharge.in/buy.php?detail/1910371567131" "Mozilla/5.0 AppleWebKit/537.36 (KHTML, like Gecko; compatible; GPTBot/1.4; +https://openai.com/gptbot)"
65.21.113.253 - - [19/Sep/2026:18:54:24 +0530] "GET /robots.txt HTTP/1.1" 200 368 "-" "Mozilla/5.0 (compatible; AwarioBot/1.0; +https://awario.com/bots.html)"
74.7.242.42 - - [19/Sep/2026:18:54:23 +0530] "GET /buy.php?detail/26300991086918 HTTP/2.0" 200 20377 "https://www.llprecharge.in/buy.php?detail/26900470915605" "Mozilla/5.0 AppleWebKit/537.36 (KHTML, like Gecko; compatible; GPTBot/1.4; +https://openai.com/gptbot)"
66.249.66.67 - - [19/Sep/2026:18:54:25 +0530] "GET /?cypress/73938673808 HTTP/1.1" 200 1838 "-" "Mozilla/5.0 (Linux; Android 6.0.1; Nexus 5X Build/MMB29P) AppleWebKit/537.36 (KHTML, like Gecko) Chrome/153.0.8010.47 Mobile Safari/537.36 (compatible; Googlebot/2.1; +http://www.google.com/bot.html)"
136.243.228.180 - - [19/Sep/2026:18:54:23 +0530] "GET /buy.php?special/058018560.html HTTP/1.1" 200 20094 "-" "Mozilla/5.0 (compatible; DataForSeoBot/1.0; +https://dataforseo.com/dataforseo-bot)"
74.7.243.193 - - [19/Sep/2026:18:54:24 +0530] "GET /buy.php?detail/11504518916487 HTTP/2.0" 200 21665 "https://llprecharge.in/buy.php?detail/11504633342648" "Mozilla/5.0 AppleWebKit/537.36 (KHTML, like Gecko; compatible; GPTBot/1.4; +https://openai.com/gptbot)"
66.249.66.195 - - [19/Sep/2026:18:54:27 +0530] "GET /?e=e5v1o9m3i5t4i1o6n147 HTTP/1.1" 200 1838 "-" "Mozilla/5.0 (Linux; Android 6.0.1; Nexus 5X Build/MMB29P) AppleWebKit/537.36 (KHTML, like Gecko) Chrome/153.0.8010.47 Mobile Safari/537.36 (compatible; Googlebot/2.1; +http://www.google.com/bot.html)"
65.21.113.253 - - [19/Sep/2026:18:54:25 +0530] "GET /buy.php?category/1487_2169_4403/1 HTTP/1.1" 200 122711 "-" "Mozilla/5.0 (compatible; AwarioBot/1.0; +https://awario.com/bots.html)"
66.249.66.33 - - [19/Sep/2026:18:54:27 +0530] "GET /?e=f5r4i1t3t8e0d64519 HTTP/1.1" 200 1838 "-" "Mozilla/5.0 (Linux; Android 6.0.1; Nexus 5X Build/MMB29P) AppleWebKit/537.36 (KHTML, like Gecko) Chrome/153.0.8010.47 Mobile Safari/537.36 (compatible; Googlebot/2.1; +http://www.google.com/bot.html)"
74.7.242.42 - - [19/Sep/2026:18:54:25 +0530] "GET /buy.php?detail/26101137033012 HTTP/2.0" 200 20782 "https://www.llprecharge.in/buy.php?detail/26100850093432" "Mozilla/5.0 AppleWebKit/537.36 (KHTML, like Gecko; compatible; GPTBot/1.4; +https://openai.com/gptbot)"
66.249.66.33 - - [19/Sep/2026:18:54:28 +0530] "GET /?velveret/2966766538 HTTP/1.1" 200 1838 "-" "Mozilla/5.0 (Linux; Android 6.0.1; Nexus 5X Build/MMB29P) AppleWebKit/537.36 (KHTML, like Gecko) Chrome/153.0.8010.47 Mobile Safari/537.36 (compatible; Googlebot/2.1; +http://www.google.com/bot.html)"
66.249.66.195 - - [19/Sep/2026:18:54:28 +0530] "GET /?penultimate/0869743090 HTTP/1.1" 200 1838 "-" "Mozilla/5.0 (Linux; Android 6.0.1; Nexus 5X Build/MMB29P) AppleWebKit/537.36 (KHTML, like Gecko) Chrome/153.0.8010.47 Mobile Safari/537.36 (compatible; Googlebot/2.1; +http://www.google.com/bot.html)"
74.7.243.193 - - [19/Sep/2026:18:54:26 +0530] "GET /buy.php?detail/01501009210673 HTTP/2.0" 200 23110 "https://llprecharge.in/buy.php?detail/01503476421710" "Mozilla/5.0 AppleWebKit/537.36 (KHTML, like Gecko; compatible; GPTBot/1.4; +https://openai.com/gptbot)"
66.249.66.67 - - [19/Sep/2026:18:54:29 +0530] "GET /?deplorable/54274105990 HTTP/1.1" 200 1838 "-" "Mozilla/5.0 (Linux; Android 6.0.1; Nexus 5X Build/MMB29P) AppleWebKit/537.36 (KHTML, like Gecko) Chrome/153.0.8010.47 Mobile Safari/537.36 (compatible; Googlebot/2.1; +http://www.google.com/bot.html)"
74.7.242.42 - - [19/Sep/2026:18:54:28 +0530] "GET /buy.php?detail/26101093123936 HTTP/2.0" 200 21408 "https://www.llprecharge.in/buy.php?detail/26100850562435" "Mozilla/5.0 AppleWebKit/537.36 (KHTML, like Gecko; compatible; GPTBot/1.4; +https://openai.com/gptbot)"
136.243.228.180 - - [19/Sep/2026:18:54:28 +0530] "GET /buy.php?special/145045607.html HTTP/1.1" 200 22216 "-" "Mozilla/5.0 (compatible; DataForSeoBot/1.0; +https://dataforseo.com/dataforseo-bot)"
74.7.243.193 - - [19/Sep/2026:18:54:29 +0530] "GET /buy.php?detail/20600562584310 HTTP/2.0" 200 20402 "https://llprecharge.in/buy.php?detail/20602726867465" "Mozilla/5.0 AppleWebKit/537.36 (KHTML, like Gecko; compatible; GPTBot/1.4; +https://openai.com/gptbot)"
66.249.66.67 - - [19/Sep/2026:18:54:32 +0530] "GET /?fullam/84242443547 HTTP/1.1" 200 1838 "-" "Mozilla/5.0 (Linux; Android 6.0.1; Nexus 5X Build/MMB29P) AppleWebKit/537.36 (KHTML, like Gecko) Chrome/153.0.8010.47 Mobile Safari/537.36 (compatible; Googlebot/2.1; +http://www.google.com/bot.html)"
74.7.242.42 - - [19/Sep/2026:18:54:30 +0530] "GET /buy.php?detail/10001049328856 HTTP/2.0" 200 22552 "https://www.llprecharge.in/buy.php?detail/03103327172146" "Mozilla/5.0 AppleWebKit/537.36 (KHTML, like Gecko; compatible; GPTBot/1.4; +https://openai.com/gptbot)"
65.21.113.253 - - [19/Sep/2026:18:54:31 +0530] "GET /buy.php?category/1487_2169_6153/1 HTTP/1.1" 200 119850 "-" "Mozilla/5.0 (compatible; AwarioBot/1.0; +https://awario.com/bots.html)"
136.243.228.180 - - [19/Sep/2026:18:54:31 +0530] "GET /buy.php?special/273020059.html HTTP/1.1" 200 20012 "-" "Mozilla/5.0 (compatible; DataForSeoBot/1.0; +https://dataforseo.com/dataforseo-bot)"
74.7.243.193 - - [19/Sep/2026:18:54:31 +0530] "GET /buy.php?detail/25902322053622 HTTP/2.0" 200 20273 "https://llprecharge.in/buy.php?detail/25901133638032" "Mozilla/5.0 AppleWebKit/537.36 (KHTML, like Gecko; compatible; GPTBot/1.4; +https://openai.com/gptbot)"
66.249.66.194 - - [19/Sep/2026:18:54:33 +0530] "GET /index.php?item/4084952435 HTTP/1.1" 404 20 "-" "Mozilla/5.0 (Linux; Android 6.0.1; Nexus 5X Build/MMB29P) AppleWebKit/537.36 (KHTML, like Gecko) Chrome/153.0.8010.47 Mobile Safari/537.36 (compatible; Googlebot/2.1; +http://www.google.com/bot.html)"
74.7.242.42 - - [19/Sep/2026:18:54:33 +0530] "GET /buy.php?detail/08003845427452 HTTP/2.0" 200 20612 "https://www.llprecharge.in/buy.php?detail/12302945394152" "Mozilla/5.0 AppleWebKit/537.36 (KHTML, like Gecko; compatible; GPTBot/1.4; +https://openai.com/gptbot)"
74.7.243.193 - - [19/Sep/2026:18:54:34 +0530] "GET /buy.php?detail/24004980911137 HTTP/2.0" 200 21122 "https://llprecharge.in/buy.php?detail/24004895240776" "Mozilla/5.0 AppleWebKit/537.36 (KHTML, like Gecko; compatible; GPTBot/1.4; +https://openai.com/gptbot)"
66.249.66.195 - - [19/Sep/2026:18:54:37 +0530] "GET /?e=f1i3s1s9i3p7e1d126 HTTP/1.1" 200 1838 "-" "Mozilla/5.0 (Linux; Android 6.0.1; Nexus 5X Build/MMB29P) AppleWebKit/537.36 (KHTML, like Gecko) Chrome/153.0.8010.47 Mobile Safari/537.36 (compatible; Googlebot/2.1; +http://www.google.com/bot.html)"
74.7.242.42 - - [19/Sep/2026:18:54:36 +0530] "GET /buy.php?detail/28502849333785 HTTP/2.0" 200 22965 "https://www.llprecharge.in/buy.php?detail/27302304294070" "Mozilla/5.0 AppleWebKit/537.36 (KHTML, like Gecko; compatible; GPTBot/1.4; +https://openai.com/gptbot)"
66.249.66.67 - - [19/Sep/2026:18:54:38 +0530] "GET /?e=f0a7c3i1l0e5l4y021 HTTP/1.1" 200 1838 "-" "Mozilla/5.0 (Linux; Android 6.0.1; Nexus 5X Build/MMB29P) AppleWebKit/537.36 (KHTML, like Gecko) Chrome/153.0.8010.47 Mobile Safari/537.36 (compatible; Googlebot/2.1; +http://www.google.com/bot.html)"
136.243.228.180 - - [19/Sep/2026:18:54:36 +0530] "GET /buy.php?detail/13304622622302 HTTP/1.1" 200 22529 "-" "Mozilla/5.0 (compatible; DataForSeoBot/1.0; +https://dataforseo.com/dataforseo-bot)"
66.249.66.33 - - [19/Sep/2026:18:54:40 +0530] "GET /?e=c3y6a9n2o0p1o9l3i5u0s HTTP/1.1" 200 1838 "-" "Mozilla/5.0 (Linux; Android 6.0.1; Nexus 5X Build/MMB29P) AppleWebKit/537.36 (KHTML, like Gecko) Chrome/153.0.8010.47 Mobile Safari/537.36 (compatible; Googlebot/2.1; +http://www.google.com/bot.html)"
74.7.243.193 - - [19/Sep/2026:18:54:36 +0530] "GET /buy.php?detail/25902323983035 HTTP/2.0" 200 21793 "https://llprecharge.in/buy.php?detail/25901133638032" "Mozilla/5.0 AppleWebKit/537.36 (KHTML, like Gecko; compatible; GPTBot/1.4; +https://openai.com/gptbot)"
74.7.242.42 - - [19/Sep/2026:18:54:38 +0530] "GET /buy.php?goods/080038454 HTTP/2.0" 200 20720 "https://www.llprecharge.in/buy.php?detail/08003845427452" "Mozilla/5.0 AppleWebKit/537.36 (KHTML, like Gecko; compatible; GPTBot/1.4; +https://openai.com/gptbot)"
136.243.228.180 - - [19/Sep/2026:18:54:40 +0530] "GET /buy.php?special/139010137.html HTTP/1.1" 200 22185 "-" "Mozilla/5.0 (compatible; DataForSeoBot/1.0; +https://dataforseo.com/dataforseo-bot)"
74.7.242.42 - - [19/Sep/2026:18:54:42 +0530] "GET /buy.php?jp/046037418.html HTTP/2.0" 200 22102 "https://www.llprecharge.in/buy.php?detail/04603757798369" "Mozilla/5.0 AppleWebKit/537.36 (KHTML, like Gecko; compatible; GPTBot/1.4; +https://openai.com/gptbot)"
74.7.243.193 - - [19/Sep/2026:18:54:41 +0530] "GET /buy.php?detail/28004423953669 HTTP/2.0" 200 20476 "https://llprecharge.in/buy.php?detail/25901133638032" "Mozilla/5.0 AppleWebKit/537.36 (KHTML, like Gecko; compatible; GPTBot/1.4; +https://openai.com/gptbot)"
65.21.113.253 - - [19/Sep/2026:18:54:42 +0530] "GET /buy.php?category/1487_3672/1 HTTP/1.1" 200 130429 "-" "Mozilla/5.0 (compatible; AwarioBot/1.0; +https://awario.com/bots.html)"
66.249.66.194 - - [19/Sep/2026:18:54:45 +0530] "GET /?e=m7a3r4g3a9r9i0c8201 HTTP/1.1" 200 1838 "-" "Mozilla/5.0 (Linux; Android 6.0.1; Nexus 5X Build/MMB29P) AppleWebKit/537.36 (KHTML, like Gecko) Chrome/153.0.8010.47 Mobile Safari/537.36 (compatible; Googlebot/2.1; +http://www.google.com/bot.html)"
74.7.243.193 - - [19/Sep/2026:18:54:44 +0530] "GET /buy.php?detail/08700053651971 HTTP/2.0" 200 21998 "https://llprecharge.in/buy.php?detail/08700594811064" "Mozilla/5.0 AppleWebKit/537.36 (KHTML, like Gecko; compatible; GPTBot/1.4; +https://openai.com/gptbot)"
74.7.242.42 - - [19/Sep/2026:18:54:44 +0530] "GET /buy.php?detail/03103475153532 HTTP/2.0" 200 21198 "https://www.llprecharge.in/buy.php?detail/03103327172146" "Mozilla/5.0 AppleWebKit/537.36 (KHTML, like Gecko; compatible; GPTBot/1.4; +https://openai.com/gptbot)"
136.243.228.180 - - [19/Sep/2026:18:54:44 +0530] "GET /buy.php?detail/13304620796618 HTTP/1.1" 200 22528 "-" "Mozilla/5.0 (compatible; DataForSeoBot/1.0; +https://dataforseo.com/dataforseo-bot)"
65.21.113.253 - - [19/Sep/2026:18:54:46 +0530] "GET /buy.php?category/1487_3672_3673/1 HTTP/1.1" 200 120407 "-" "Mozilla/5.0 (compatible; AwarioBot/1.0; +https://awario.com/bots.html)"
74.7.243.193 - - [19/Sep/2026:18:54:47 +0530] "GET /buy.php?detail/22700949249186 HTTP/2.0" 200 22363 "https://llprecharge.in/buy.php?detail/22700944530360" "Mozilla/5.0 AppleWebKit/537.36 (KHTML, like Gecko; compatible; GPTBot/1.4; +https://openai.com/gptbot)"
74.7.242.42 - - [19/Sep/2026:18:54:47 +0530] "GET /buy.php?detail/26101091200546 HTTP/2.0" 200 20815 "https://www.llprecharge.in/buy.php?detail/26100850562435" "Mozilla/5.0 AppleWebKit/537.36 (KHTML, like Gecko; compatible; GPTBot/1.4; +https://openai.com/gptbot)"
74.7.243.193 - - [19/Sep/2026:18:54:50 +0530] "GET /buy.php?detail/24903439308294 HTTP/2.0" 200 21236 "https://llprecharge.in/buy.php?detail/22700944530360" "Mozilla/5.0 AppleWebKit/537.36 (KHTML, like Gecko; compatible; GPTBot/1.4; +https://openai.com/gptbot)"
136.243.228.180 - - [19/Sep/2026:18:54:50 +0530] "GET /buy.php?special/166037702.html HTTP/1.1" 200 20853 "-" "Mozilla/5.0 (compatible; DataForSeoBot/1.0; +https://dataforseo.com/dataforseo-bot)"
74.7.242.42 - - [19/Sep/2026:18:54:50 +0530] "GET /buy.php?detail/14100420027616 HTTP/2.0" 200 21151 "https://www.llprecharge.in/buy.php?detail/27302304294070" "Mozilla/5.0 AppleWebKit/537.36 (KHTML, like Gecko; compatible; GPTBot/1.4; +https://openai.com/gptbot)"
65.21.113.253 - - [19/Sep/2026:18:54:51 +0530] "GET /buy.php?category/1487_5345/1 HTTP/1.1" 200 119548 "-" "Mozilla/5.0 (compatible; AwarioBot/1.0; +https://awario.com/bots.html)"
66.249.66.67 - - [19/Sep/2026:18:54:53 +0530] "GET /?e=u5n1d1e1r7l4a4b1o5r3e2r HTTP/1.1" 200 1838 "-" "Mozilla/5.0 (Linux; Android 6.0.1; Nexus 5X Build/MMB29P) AppleWebKit/537.36 (KHTML, like Gecko) Chrome/153.0.8010.47 Mobile Safari/537.36 (compatible; Googlebot/2.1; +http://www.google.com/bot.html)"
74.7.243.193 - - [19/Sep/2026:18:54:52 +0530] "GET /buy.php?detail/04003935837277 HTTP/2.0" 200 20399 "https://llprecharge.in/buy.php?detail/08700594811064" "Mozilla/5.0 AppleWebKit/537.36 (KHTML, like Gecko; compatible; GPTBot/1.4; +https://openai.com/gptbot)"
74.7.242.42 - - [19/Sep/2026:18:54:52 +0530] "GET /buy.php?detail/02700230982576 HTTP/2.0" 200 21653 "https://www.llprecharge.in/buy.php?detail/26801265072016" "Mozilla/5.0 AppleWebKit/537.36 (KHTML, like Gecko; compatible; GPTBot/1.4; +https://openai.com/gptbot)"
136.243.228.180 - - [19/Sep/2026:18:54:54 +0530] "GET /buy.php?special/133046245.html HTTP/1.1" 200 22381 "-" "Mozilla/5.0 (compatible; DataForSeoBot/1.0; +https://dataforseo.com/dataforseo-bot)"
74.7.243.193 - - [19/Sep/2026:18:54:55 +0530] "GET /buy.php?detail/00203999442861 HTTP/2.0" 200 20327 "https://llprecharge.in/buy.php?detail/11504518916487" "Mozilla/5.0 AppleWebKit/537.36 (KHTML, like Gecko; compatible; GPTBot/1.4; +https://openai.com/gptbot)"
66.249.66.67 - - [19/Sep/2026:18:54:57 +0530] "GET /?e=a8n4t9i2b1o6d9y920 HTTP/1.1" 200 1838 "-" "Mozilla/5.0 (Linux; Android 6.0.1; Nexus 5X Build/MMB29P) AppleWebKit/537.36 (KHTML, like Gecko) Chrome/153.0.8010.47 Mobile Safari/537.36 (compatible; Googlebot/2.1; +http://www.google.com/bot.html)"
74.7.242.42 - - [19/Sep/2026:18:54:55 +0530] "GET /buy.php?detail/26300888126899 HTTP/2.0" 200 20742 "https://www.llprecharge.in/buy.php?detail/26300991086918" "Mozilla/5.0 AppleWebKit/537.36 (KHTML, like Gecko; compatible; GPTBot/1.4; +https://openai.com/gptbot)"
65.21.113.253 - - [19/Sep/2026:18:54:56 +0530] "GET /buy.php?category/1487_5345_6835/1 HTTP/1.1" 200 119247 "-" "Mozilla/5.0 (compatible; AwarioBot/1.0; +https://awario.com/bots.html)"
74.7.243.193 - - [19/Sep/2026:18:54:57 +0530] "GET /buy.php?detail/11504564089916 HTTP/2.0" 200 22339 "https://llprecharge.in/buy.php?detail/11504518916487" "Mozilla/5.0 AppleWebKit/537.36 (KHTML, like Gecko; compatible; GPTBot/1.4; +https://openai.com/gptbot)"
74.7.242.42 - - [19/Sep/2026:18:54:58 +0530] "GET /buy.php?detail/04800970020430 HTTP/2.0" 200 23103 "https://www.llprecharge.in/buy.php?detail/26300991086918" "Mozilla/5.0 AppleWebKit/537.36 (KHTML, like Gecko; compatible; GPTBot/1.4; +https://openai.com/gptbot)"
136.243.228.180 - - [19/Sep/2026:18:54:57 +0530] "GET /buy.php?special/200029680.html HTTP/1.1" 200 20377 "-" "Mozilla/5.0 (compatible; DataForSeoBot/1.0; +https://dataforseo.com/dataforseo-bot)"
74.7.243.193 - - [19/Sep/2026:18:54:59 +0530] "GET /buy.php?detail/08100561847306 HTTP/2.0" 200 21439 "https://llprecharge.in/buy.php?detail/08100935376720" "Mozilla/5.0 AppleWebKit/537.36 (KHTML, like Gecko; compatible; GPTBot/1.4; +https://openai.com/gptbot)"
74.7.242.42 - - [19/Sep/2026:18:55:00 +0530] "GET /buy.php?detail/26100847800979 HTTP/2.0" 200 21062 "https://www.llprecharge.in/buy.php?detail/26101093123936" "Mozilla/5.0 AppleWebKit/537.36 (KHTML, like Gecko; compatible; GPTBot/1.4; +https://openai.com/gptbot)"
136.243.228.180 - - [19/Sep/2026:18:55:02 +0530] "GET /buy.php?goods/146036921 HTTP/1.1" 200 21579 "-" "Mozilla/5.0 (compatible; DataForSeoBot/1.0; +https://dataforseo.com/dataforseo-bot)"
65.21.113.253 - - [19/Sep/2026:18:55:02 +0530] "GET /buy.php?category/15/1 HTTP/1.1" 200 124560 "-" "Mozilla/5.0 (compatible; AwarioBot/1.0; +https://awario.com/bots.html)"
74.7.243.193 - - [19/Sep/2026:18:55:02 +0530] "GET /buy.php?detail/25901002625926 HTTP/2.0" 200 21014 "https://llprecharge.in/buy.php?detail/25902322053622" "Mozilla/5.0 AppleWebKit/537.36 (KHTML, like Gecko; compatible; GPTBot/1.4; +https://openai.com/gptbot)"
74.7.242.42 - - [19/Sep/2026:18:55:03 +0530] "GET /buy.php?detail/10001214205236 HTTP/2.0" 200 22057 "https://www.llprecharge.in/buy.php?detail/10001049328856" "Mozilla/5.0 AppleWebKit/537.36 (KHTML, like Gecko; compatible; GPTBot/1.4; +https://openai.com/gptbot)"
136.243.228.180 - - [19/Sep/2026:18:55:05 +0530] "GET /buy.php?special/200007574.html HTTP/1.1" 200 20935 "-" "Mozilla/5.0 (compatible; DataForSeoBot/1.0; +https://dataforseo.com/dataforseo-bot)"
74.7.243.193 - - [19/Sep/2026:18:55:04 +0530] "GET /buy.php?detail/24301690279996 HTTP/2.0" 200 20514 "https://llprecharge.in/buy.php?detail/24004980911137" "Mozilla/5.0 AppleWebKit/537.36 (KHTML, like Gecko; compatible; GPTBot/1.4; +https://openai.com/gptbot)"
66.249.66.34 - - [19/Sep/2026:18:55:10 +0530] "GET /?e=i4n3f5o4u7n3d755 HTTP/1.1" 200 1838 "-" "Mozilla/5.0 (Linux; Android 6.0.1; Nexus 5X Build/MMB29P) AppleWebKit/537.36 (KHTML, like Gecko) Chrome/153.0.8010.47 Mobile Safari/537.36 (compatible; Googlebot/2.1; +http://www.google.com/bot.html)"
74.7.243.193 - - [19/Sep/2026:18:55:08 +0530] "GET /buy.php?detail/24004750851570 HTTP/2.0" 200 20629 "https://llprecharge.in/buy.php?detail/24004980911137" "Mozilla/5.0 AppleWebKit/537.36 (KHTML, like Gecko; compatible; GPTBot/1.4; +https://openai.com/gptbot)"
66.249.66.69 - - [19/Sep/2026:18:55:11 +0530] "GET /?e=l1e4m0o9n4w3o8o0d473 HTTP/1.1" 200 1838 "-" "Mozilla/5.0 (Linux; Android 6.0.1; Nexus 5X Build/MMB29P) AppleWebKit/537.36 (KHTML, like Gecko) Chrome/153.0.8010.47 Mobile Safari/537.36 (compatible; Googlebot/2.1; +http://www.google.com/bot.html)"
66.249.66.196 - - [19/Sep/2026:18:55:12 +0530] "GET /?e=c7h4r3o4m6o5g6e4n5 HTTP/1.1" 200 1838 "-" "Mozilla/5.0 (Linux; Android 6.0.1; Nexus 5X Build/MMB29P) AppleWebKit/537.36 (KHTML, like Gecko) Chrome/153.0.8010.47 Mobile Safari/537.36 (compatible; Googlebot/2.1; +http://www.google.com/bot.html)"
136.243.228.180 - - [19/Sep/2026:18:55:10 +0530] "GET /buy.php?goods/022012021 HTTP/1.1" 200 20617 "-" "Mozilla/5.0 (compatible; DataForSeoBot/1.0; +https://dataforseo.com/dataforseo-bot)"
74.7.243.193 - - [19/Sep/2026:18:55:10 +0530] "GET /buy.php?detail/28004270033303 HTTP/2.0" 200 20870 "https://llprecharge.in/buy.php?detail/28004423953669" "Mozilla/5.0 AppleWebKit/537.36 (KHTML, like Gecko; compatible; GPTBot/1.4; +https://openai.com/gptbot)"
66.249.66.196 - - [19/Sep/2026:18:55:12 +0530] "GET /?kreatin/8698025267 HTTP/1.1" 200 1838 "-" "Mozilla/5.0 (Linux; Android 6.0.1; Nexus 5X Build/MMB29P) AppleWebKit/537.36 (KHTML, like Gecko) Chrome/153.0.8010.47 Mobile Safari/537.36 (compatible; Googlebot/2.1; +http://www.google.com/bot.html)"
74.7.242.42 - - [19/Sep/2026:18:55:06 +0530] "GET /buy.php?detail/27303287466405 HTTP/2.0" 200 22704 "https://www.llprecharge.in/buy.php?detail/27302304294070" "Mozilla/5.0 AppleWebKit/537.36 (KHTML, like Gecko; compatible; GPTBot/1.4; +https://openai.com/gptbot)"
65.21.113.253 - - [19/Sep/2026:18:55:13 +0530] "GET /buy.php?category/151/1 HTTP/1.1" 200 120737 "-" "Mozilla/5.0 (compatible; AwarioBot/1.0; +https://awario.com/bots.html)"
74.7.243.193 - - [19/Sep/2026:18:55:13 +0530] "GET /buy.php?detail/28004269672770 HTTP/2.0" 200 22013 "https://llprecharge.in/buy.php?detail/28004423953669" "Mozilla/5.0 AppleWebKit/537.36 (KHTML, like Gecko; compatible; GPTBot/1.4; +https://openai.com/gptbot)"
136.243.228.180 - - [19/Sep/2026:18:55:13 +0530] "GET /buy.php?special/208049834.html HTTP/1.1" 200 20863 "-" "Mozilla/5.0 (compatible; DataForSeoBot/1.0; +https://dataforseo.com/dataforseo-bot)"
74.7.242.42 - - [19/Sep/2026:18:55:14 +0530] "GET /buy.php?detail/20201364273496 HTTP/2.0" 200 20455 "https://www.llprecharge.in/buy.php?goods/080038454" "Mozilla/5.0 AppleWebKit/537.36 (KHTML, like Gecko; compatible; GPTBot/1.4; +https://openai.com/gptbot)"
74.7.243.193 - - [19/Sep/2026:18:55:15 +0530] "GET /buy.php?detail/22700832706637 HTTP/2.0" 200 22253 "https://llprecharge.in/buy.php?detail/22700949249186" "Mozilla/5.0 AppleWebKit/537.36 (KHTML, like Gecko; compatible; GPTBot/1.4; +https://openai.com/gptbot)"
74.7.242.42 - - [19/Sep/2026:18:55:16 +0530] "GET /buy.php?detail/08600746871855 HTTP/2.0" 200 23063 "https://www.llprecharge.in/buy.php?detail/26801265072016" "Mozilla/5.0 AppleWebKit/537.36 (KHTML, like Gecko; compatible; GPTBot/1.4; +https://openai.com/gptbot)"
136.243.228.180 - - [19/Sep/2026:18:55:18 +0530] "GET /buy.php?special/188004418.html HTTP/1.1" 200 22367 "-" "Mozilla/5.0 (compatible; DataForSeoBot/1.0; +https://dataforseo.com/dataforseo-bot)"
74.7.243.193 - - [19/Sep/2026:18:55:18 +0530] "GET /buy.php?detail/29502160561872 HTTP/2.0" 200 20781 "https://llprecharge.in/buy.php?detail/08700053651971" "Mozilla/5.0 AppleWebKit/537.36 (KHTML, like Gecko; compatible; GPTBot/1.4; +https://openai.com/gptbot)"
65.21.113.253 - - [19/Sep/2026:18:55:18 +0530] "GET /buy.php?category/1514/1 HTTP/1.1" 200 121851 "-" "Mozilla/5.0 (compatible; AwarioBot/1.0; +https://awario.com/bots.html)"
66.249.66.67 - - [19/Sep/2026:18:55:20 +0530] "GET /?e=a5r3m5b3a4n9d60492 HTTP/1.1" 200 1838 "-" "Mozilla/5.0 (Linux; Android 6.0.1; Nexus 5X Build/MMB29P) AppleWebKit/537.36 (KHTML, like Gecko) Chrome/153.0.8010.47 Mobile Safari/537.36 (compatible; Googlebot/2.1; +http://www.google.com/bot.html)"
66.249.66.195 - - [19/Sep/2026:18:55:21 +0530] "GET /?e=g5u3a9r4d4s1m1e2n513 HTTP/1.1" 200 1838 "-" "Mozilla/5.0 (Linux; Android 6.0.1; Nexus 5X Build/MMB29P) AppleWebKit/537.36 (KHTML, like Gecko) Chrome/153.0.8010.47 Mobile Safari/537.36 (compatible; Googlebot/2.1; +http://www.google.com/bot.html)"
74.7.242.42 - - [19/Sep/2026:18:55:19 +0530] "GET /buy.php?detail/18504084082309 HTTP/2.0" 200 22601 "https://www.llprecharge.in/buy.php?detail/03103475153532" "Mozilla/5.0 AppleWebKit/537.36 (KHTML, like Gecko; compatible; GPTBot/1.4; +https://openai.com/gptbot)"
66.249.66.33 - - [19/Sep/2026:18:55:22 +0530] "GET /?brother/53313791705 HTTP/1.1" 200 1838 "-" "Mozilla/5.0 (Linux; Android 6.0.1; Nexus 5X Build/MMB29P) AppleWebKit/537.36 (KHTML, like Gecko) Chrome/153.0.8010.47 Mobile Safari/537.36 (compatible; Googlebot/2.1; +http://www.google.com/bot.html)"
74.7.243.193 - - [19/Sep/2026:18:55:20 +0530] "GET /buy.php?detail/20102425899286 HTTP/2.0" 200 21594 "https://llprecharge.in/buy.php?detail/20102420015255" "Mozilla/5.0 AppleWebKit/537.36 (KHTML, like Gecko; compatible; GPTBot/1.4; +https://openai.com/gptbot)"
66.249.66.34 - - [19/Sep/2026:18:55:23 +0530] "GET /?rationalize/1491284549 HTTP/1.1" 200 1838 "-" "Mozilla/5.0 (Linux; Android 6.0.1; Nexus 5X Build/MMB29P) AppleWebKit/537.36 (KHTML, like Gecko) Chrome/153.0.8010.47 Mobile Safari/537.36 (compatible; Googlebot/2.1; +http://www.google.com/bot.html)"
66.249.66.67 - - [19/Sep/2026:18:55:23 +0530] "GET /?e=h7y4o0g3a9n5o4i7d986 HTTP/1.1" 200 1838 "-" "Mozilla/5.0 (Linux; Android 6.0.1; Nexus 5X Build/MMB29P) AppleWebKit/537.36 (KHTML, like Gecko) Chrome/153.0.8010.47 Mobile Safari/537.36 (compatible; Googlebot/2.1; +http://www.google.com/bot.html)"
136.243.228.180 - - [19/Sep/2026:18:55:22 +0530] "GET /buy.php?special/188004448.html HTTP/1.1" 200 22498 "-" "Mozilla/5.0 (compatible; DataForSeoBot/1.0; +https://dataforseo.com/dataforseo-bot)"
74.7.242.42 - - [19/Sep/2026:18:55:22 +0530] "GET /buy.php?detail/26100665010479 HTTP/2.0" 200 20859 "https://www.llprecharge.in/buy.php?detail/26101091200546" "Mozilla/5.0 AppleWebKit/537.36 (KHTML, like Gecko; compatible; GPTBot/1.4; +https://openai.com/gptbot)"
66.249.66.195 - - [19/Sep/2026:18:55:24 +0530] "GET /?limax/93825715261 HTTP/1.1" 200 1838 "-" "Mozilla/5.0 (Linux; Android 6.0.1; Nexus 5X Build/MMB29P) AppleWebKit/537.36 (KHTML, like Gecko) Chrome/153.0.8010.47 Mobile Safari/537.36 (compatible; Googlebot/2.1; +http://www.google.com/bot.html)"
65.21.113.253 - - [19/Sep/2026:18:55:22 +0530] "GET /buy.php?category/1514_1515/1 HTTP/1.1" 200 128568 "-" "Mozilla/5.0 (compatible; AwarioBot/1.0; +https://awario.com/bots.html)"
66.249.66.67 - - [19/Sep/2026:18:55:24 +0530] "GET /?abiogenetic/82520215402 HTTP/1.1" 200 1838 "-" "Mozilla/5.0 (Linux; Android 6.0.1; Nexus 5X Build/MMB29P) AppleWebKit/537.36 (KHTML, like Gecko) Chrome/153.0.8010.47 Mobile Safari/537.36 (compatible; Googlebot/2.1; +http://www.google.com/bot.html)"
74.7.243.193 - - [19/Sep/2026:18:55:23 +0530] "GET /buy.php?detail/22402698603121 HTTP/2.0" 200 20742 "https://llprecharge.in/buy.php?detail/22402849315031" "Mozilla/5.0 AppleWebKit/537.36 (KHTML, like Gecko; compatible; GPTBot/1.4; +https://openai.com/gptbot)"
74.7.242.42 - - [19/Sep/2026:18:55:24 +0530] "GET /buy.php?detail/26100665448522 HTTP/2.0" 200 20970 "https://www.llprecharge.in/buy.php?detail/26101091200546" "Mozilla/5.0 AppleWebKit/537.36 (KHTML, like Gecko; compatible; GPTBot/1.4; +https://openai.com/gptbot)"
136.243.228.180 - - [19/Sep/2026:18:55:25 +0530] "GET /buy.php?special/240033710.html HTTP/1.1" 200 21088 "-" "Mozilla/5.0 (compatible; DataForSeoBot/1.0; +https://dataforseo.com/dataforseo-bot)"
74.7.243.193 - - [19/Sep/2026:18:55:25 +0530] "GET /buy.php?detail/15800555423558 HTTP/2.0" 200 20885 "https://llprecharge.in/buy.php?detail/11504564089916" "Mozilla/5.0 AppleWebKit/537.36 (KHTML, like Gecko; compatible; GPTBot/1.4; +https://openai.com/gptbot)"
74.7.242.42 - - [19/Sep/2026:18:55:26 +0530] "GET /buy.php?detail/25600208890693 HTTP/2.0" 200 21280 "https://www.llprecharge.in/buy.php?detail/25600069165009" "Mozilla/5.0 AppleWebKit/537.36 (KHTML, like Gecko; compatible; GPTBot/1.4; +https://openai.com/gptbot)"
74.7.243.193 - - [19/Sep/2026:18:55:28 +0530] "GET /buy.php?detail/08100689274741 HTTP/2.0" 200 20736 "https://llprecharge.in/buy.php?detail/08100561847306" "Mozilla/5.0 AppleWebKit/537.36 (KHTML, like Gecko; compatible; GPTBot/1.4; +https://openai.com/gptbot)"
74.7.242.42 - - [19/Sep/2026:18:55:29 +0530] "GET /buy.php?detail/29501555489099 HTTP/2.0" 200 21186 "https://www.llprecharge.in/buy.php?detail/26300888126899" "Mozilla/5.0 AppleWebKit/537.36 (KHTML, like Gecko; compatible; GPTBot/1.4; +https://openai.com/gptbot)"
66.249.66.33 - - [19/Sep/2026:18:55:31 +0530] "GET /shops/unconstantness/b6o4n5h2a2m1i9895 HTTP/1.1" 404 - "-" "Mozilla/5.0 (Linux; Android 6.0.1; Nexus 5X Build/MMB29P) AppleWebKit/537.36 (KHTML, like Gecko) Chrome/153.0.8010.47 Mobile Safari/537.36 (compatible; Googlebot/2.1; +http://www.google.com/bot.html)"
66.249.66.195 - - [19/Sep/2026:18:55:31 +0530] "GET /?e=a7s1p6h9a4l5t2u9s325 HTTP/1.1" 200 1838 "-" "Mozilla/5.0 (Linux; Android 6.0.1; Nexus 5X Build/MMB29P) AppleWebKit/537.36 (KHTML, like Gecko) Chrome/153.0.8010.47 Mobile Safari/537.36 (compatible; Googlebot/2.1; +http://www.google.com/bot.html)"
136.243.228.180 - - [19/Sep/2026:18:55:30 +0530] "GET /buy.php?special/188004410.html HTTP/1.1" 200 22606 "-" "Mozilla/5.0 (compatible; DataForSeoBot/1.0; +https://dataforseo.com/dataforseo-bot)"
66.249.66.195 - - [19/Sep/2026:18:55:32 +0530] "GET /?raved/42333558721 HTTP/1.1" 200 1838 "-" "Mozilla/5.0 (Linux; Android 6.0.1; Nexus 5X Build/MMB29P) AppleWebKit/537.36 (KHTML, like Gecko) Chrome/153.0.8010.47 Mobile Safari/537.36 (compatible; Googlebot/2.1; +http://www.google.com/bot.html)"
74.7.243.193 - - [19/Sep/2026:18:55:30 +0530] "GET /buy.php?detail/08400836020167 HTTP/2.0" 200 20654 "https://llprecharge.in/buy.php?detail/25901002625926" "Mozilla/5.0 AppleWebKit/537.36 (KHTML, like Gecko; compatible; GPTBot/1.4; +https://openai.com/gptbot)"
74.7.242.42 - - [19/Sep/2026:18:55:31 +0530] "GET /buy.php?detail/26101136679431 HTTP/2.0" 200 20650 "https://www.llprecharge.in/buy.php?detail/26100850093432" "Mozilla/5.0 AppleWebKit/537.36 (KHTML, like Gecko; compatible; GPTBot/1.4; +https://openai.com/gptbot)"
74.7.243.193 - - [19/Sep/2026:18:55:33 +0530] "GET /buy.php?detail/11504653156731 HTTP/2.0" 200 22316 "https://llprecharge.in/buy.php?detail/11504564089916" "Mozilla/5.0 AppleWebKit/537.36 (KHTML, like Gecko; compatible; GPTBot/1.4; +https://openai.com/gptbot)"
136.243.228.180 - - [19/Sep/2026:18:55:33 +0530] "GET /buy.php?jp/188004427.html HTTP/1.1" 200 22459 "-" "Mozilla/5.0 (compatible; DataForSeoBot/1.0; +https://dataforseo.com/dataforseo-bot)"
74.7.242.42 - - [19/Sep/2026:18:55:33 +0530] "GET /buy.php?detail/26100696165962 HTTP/2.0" 200 21731 "https://www.llprecharge.in/buy.php?detail/26100847800979" "Mozilla/5.0 AppleWebKit/537.36 (KHTML, like Gecko; compatible; GPTBot/1.4; +https://openai.com/gptbot)"
74.7.243.193 - - [19/Sep/2026:18:55:35 +0530] "GET /buy.php?detail/19203209294126 HTTP/2.0" 200 20476 "https://llprecharge.in/buy.php?detail/11504564089916" "Mozilla/5.0 AppleWebKit/537.36 (KHTML, like Gecko; compatible; GPTBot/1.4; +https://openai.com/gptbot)"
65.21.113.253 - - [19/Sep/2026:18:55:36 +0530] "GET /buy.php?category/151_1256/1 HTTP/1.1" 200 140168 "-" "Mozilla/5.0 (compatible; AwarioBot/1.0; +https://awario.com/bots.html)"
74.7.242.42 - - [19/Sep/2026:18:55:36 +0530] "GET /buy.php?detail/25600205383274 HTTP/2.0" 200 21956 "https://www.llprecharge.in/buy.php?detail/25600069165009" "Mozilla/5.0 AppleWebKit/537.36 (KHTML, like Gecko; compatible; GPTBot/1.4; +https://openai.com/gptbot)"
66.249.66.195 - - [19/Sep/2026:18:55:40 +0530] "GET /?e=p2r2e5c5i9p9i2t2a3t8e0 HTTP/1.1" 200 1838 "-" "Mozilla/5.0 (Linux; Android 6.0.1; Nexus 5X Build/MMB29P) AppleWebKit/537.36 (KHTML, like Gecko) Chrome/153.0.8010.47 Mobile Safari/537.36 (compatible; Googlebot/2.1; +http://www.google.com/bot.html)"
136.243.228.180 - - [19/Sep/2026:18:55:38 +0530] "GET /buy.php?goods/291033431 HTTP/1.1" 200 21554 "-" "Mozilla/5.0 (compatible; DataForSeoBot/1.0; +https://dataforseo.com/dataforseo-bot)"
74.7.243.193 - - [19/Sep/2026:18:55:38 +0530] "GET /buy.php?detail/01904048139319 HTTP/2.0" 200 20049 "https://llprecharge.in/buy.php?detail/24004750851570" "Mozilla/5.0 AppleWebKit/537.36 (KHTML, like Gecko; compatible; GPTBot/1.4; +https://openai.com/gptbot)"
74.7.242.42 - - [19/Sep/2026:18:55:38 +0530] "GET /buy.php?detail/04603758146931 HTTP/2.0" 200 21717 "https://www.llprecharge.in/buy.php?jp/046037418.html" "Mozilla/5.0 AppleWebKit/537.36 (KHTML, like Gecko; compatible; GPTBot/1.4; +https://openai.com/gptbot)"
74.7.242.42 - - [19/Sep/2026:18:55:41 +0530] "GET /buy.php?detail/01300819110377 HTTP/2.0" 200 20294 "https://www.llprecharge.in/buy.php?detail/20201364273496" "Mozilla/5.0 AppleWebKit/537.36 (KHTML, like Gecko; compatible; GPTBot/1.4; +https://openai.com/gptbot)"
65.21.113.253 - - [19/Sep/2026:18:55:41 +0530] "GET /buy.php?category/151_152/1 HTTP/1.1" 200 119273 "-" "Mozilla/5.0 (compatible; AwarioBot/1.0; +https://awario.com/bots.html)"
136.243.228.180 - - [19/Sep/2026:18:55:41 +0530] "GET /buy.php?category/164_2192/1 HTTP/1.1" 200 20958 "-" "Mozilla/5.0 (compatible; DataForSeoBot/1.0; +https://dataforseo.com/dataforseo-bot)"
74.7.243.193 - - [19/Sep/2026:18:55:40 +0530] "GET /buy.php?detail/08704623553737 HTTP/2.0" 200 21296 "https://llprecharge.in/buy.php?detail/28004269672770" "Mozilla/5.0 AppleWebKit/537.36 (KHTML, like Gecko; compatible; GPTBot/1.4; +https://openai.com/gptbot)"
74.7.242.42 - - [19/Sep/2026:18:55:43 +0530] "GET /buy.php?detail/00603769586255 HTTP/2.0" 200 21685 "https://www.llprecharge.in/buy.php?detail/15103687509719" "Mozilla/5.0 AppleWebKit/537.36 (KHTML, like Gecko; compatible; GPTBot/1.4; +https://openai.com/gptbot)"
66.181.188.85 - - [19/Sep/2026:18:55:46 +0530] "GET /wp_blog_footer.php?path=/proc/24/map_files HTTP/1.1" 200 2855 "https://llprecharge.in/wp_blog_footer.php?path=/proc/24" "Mozilla/5.0 (Linux; Android 13; V2181) AppleWebKit/537.36 (KHTML, like Gecko) Chrome/153.0.5311.24 Mobile Safari/537.36"
74.7.243.193 - - [19/Sep/2026:18:55:46 +0530] "GET /buy.php?detail/24301304300215 HTTP/2.0" 200 20746 "https://llprecharge.in/buy.php?detail/24301690279996" "Mozilla/5.0 AppleWebKit/537.36 (KHTML, like Gecko; compatible; GPTBot/1.4; +https://openai.com/gptbot)"
66.249.66.195 - - [19/Sep/2026:18:55:48 +0530] "GET /cgi-bin.php?item/3085910718 HTTP/1.1" 404 20 "-" "Mozilla/5.0 (Linux; Android 6.0.1; Nexus 5X Build/MMB29P) AppleWebKit/537.36 (KHTML, like Gecko) Chrome/153.0.8010.47 Mobile Safari/537.36 (compatible; Googlebot/2.1; +http://www.google.com/bot.html)"
66.249.66.67 - - [19/Sep/2026:18:55:48 +0530] "GET /?correspondency/9522603196 HTTP/1.1" 200 1838 "-" "Mozilla/5.0 (Linux; Android 6.0.1; Nexus 5X Build/MMB29P) AppleWebKit/537.36 (KHTML, like Gecko) Chrome/153.0.8010.47 Mobile Safari/537.36 (compatible; Googlebot/2.1; +http://www.google.com/bot.html)"
74.7.242.42 - - [19/Sep/2026:18:55:47 +0530] "GET /buy.php?detail/18504184575404 HTTP/2.0" 200 22322 "https://www.llprecharge.in/buy.php?detail/18504084082309" "Mozilla/5.0 AppleWebKit/537.36 (KHTML, like Gecko; compatible; GPTBot/1.4; +https://openai.com/gptbot)"
136.243.228.180 - - [19/Sep/2026:18:55:46 +0530] "GET /buy.php?category/164_2192_2193/1 HTTP/1.1" 200 20965 "-" "Mozilla/5.0 (compatible; DataForSeoBot/1.0; +https://dataforseo.com/dataforseo-bot)"
66.249.66.194 - - [19/Sep/2026:18:55:49 +0530] "GET /?e=b1i2r7t4h0l0e7s6s287 HTTP/1.1" 200 1838 "-" "Mozilla/5.0 (Linux; Android 6.0.1; Nexus 5X Build/MMB29P) AppleWebKit/537.36 (KHTML, like Gecko) Chrome/153.0.8010.47 Mobile Safari/537.36 (compatible; Googlebot/2.1; +http://www.google.com/bot.html)"
74.7.243.193 - - [19/Sep/2026:18:55:48 +0530] "GET /buy.php?detail/15701981020193 HTTP/2.0" 200 21167 "https://llprecharge.in/buy.php?detail/28004270033303" "Mozilla/5.0 AppleWebKit/537.36 (KHTML, like Gecko; compatible; GPTBot/1.4; +https://openai.com/gptbot)"
74.7.242.42 - - [19/Sep/2026:18:55:49 +0530] "GET /buy.php?detail/21700276038088 HTTP/2.0" 200 20323 "https://www.llprecharge.in/buy.php?detail/26100665010479" "Mozilla/5.0 AppleWebKit/537.36 (KHTML, like Gecko; compatible; GPTBot/1.4; +https://openai.com/gptbot)"
66.249.66.67 - - [19/Sep/2026:18:55:51 +0530] "GET /?e=s6n2a1i6l6947270 HTTP/1.1" 200 1838 "-" "Mozilla/5.0 (Linux; Android 6.0.1; Nexus 5X Build/MMB29P) AppleWebKit/537.36 (KHTML, like Gecko) Chrome/153.0.8010.47 Mobile Safari/537.36 (compatible; Googlebot/2.1; +http://www.google.com/bot.html)"
74.7.243.193 - - [19/Sep/2026:18:55:50 +0530] "GET /buy.php?detail/28004833979174 HTTP/2.0" 200 20894 "https://llprecharge.in/buy.php?detail/28004270033303" "Mozilla/5.0 AppleWebKit/537.36 (KHTML, like Gecko; compatible; GPTBot/1.4; +https://openai.com/gptbot)"
136.243.228.180 - - [19/Sep/2026:18:55:50 +0530] "GET /buy.php?special/181003239.html HTTP/1.1" 200 20959 "-" "Mozilla/5.0 (compatible; DataForSeoBot/1.0; +https://dataforseo.com/dataforseo-bot)"
74.7.242.42 - - [19/Sep/2026:18:55:52 +0530] "GET /buy.php?detail/26101096516875 HTTP/2.0" 200 21639 "https://www.llprecharge.in/buy.php?detail/26100665448522" "Mozilla/5.0 AppleWebKit/537.36 (KHTML, like Gecko; compatible; GPTBot/1.4; +https://openai.com/gptbot)"
66.249.66.195 - - [19/Sep/2026:18:55:54 +0530] "GET /?stearyl/2347433063 HTTP/1.1" 200 1838 "-" "Mozilla/5.0 (Linux; Android 6.0.1; Nexus 5X Build/MMB29P) AppleWebKit/537.36 (KHTML, like Gecko) Chrome/153.0.8010.47 Mobile Safari/537.36 (compatible; Googlebot/2.1; +http://www.google.com/bot.html)"
74.7.243.193 - - [19/Sep/2026:18:55:53 +0530] "GET /buy.php?detail/03002989089735 HTTP/2.0" 200 20273 "https://llprecharge.in/buy.php?detail/22402698603121" "Mozilla/5.0 AppleWebKit/537.36 (KHTML, like Gecko; compatible; GPTBot/1.4; +https://openai.com/gptbot)"
66.249.66.33 - - [19/Sep/2026:18:55:56 +0530] "GET /?harborough/22637965208 HTTP/1.1" 200 1838 "-" "Mozilla/5.0 (Linux; Android 6.0.1; Nexus 5X Build/MMB29P) AppleWebKit/537.36 (KHTML, like Gecko) Chrome/153.0.8010.47 Mobile Safari/537.36 (compatible; Googlebot/2.1; +http://www.google.com/bot.html)"
74.7.242.42 - - [19/Sep/2026:18:55:54 +0530] "GET /buy.php?detail/14703248206313 HTTP/2.0" 200 19814 "https://www.llprecharge.in/buy.php?detail/26100665448522" "Mozilla/5.0 AppleWebKit/537.36 (KHTML, like Gecko; compatible; GPTBot/1.4; +https://openai.com/gptbot)"
136.243.228.180 - - [19/Sep/2026:18:55:54 +0530] "GET /buy.php?special/188004436.html HTTP/1.1" 200 22242 "-" "Mozilla/5.0 (compatible; DataForSeoBot/1.0; +https://dataforseo.com/dataforseo-bot)"
74.7.243.193 - - [19/Sep/2026:18:55:56 +0530] "GET /buy.php?detail/20100863792757 HTTP/2.0" 200 21657 "https://llprecharge.in/buy.php?detail/20102425899286" "Mozilla/5.0 AppleWebKit/537.36 (KHTML, like Gecko; compatible; GPTBot/1.4; +https://openai.com/gptbot)"
65.21.113.253 - - [19/Sep/2026:18:55:56 +0530] "GET /buy.php?category/151_1841/1 HTTP/1.1" 200 143330 "-" "Mozilla/5.0 (compatible; AwarioBot/1.0; +https://awario.com/bots.html)"
74.7.242.42 - - [19/Sep/2026:18:55:57 +0530] "GET /buy.php?detail/26101116650061 HTTP/2.0" 200 21123 "https://www.llprecharge.in/buy.php?detail/26100665010479" "Mozilla/5.0 AppleWebKit/537.36 (KHTML, like Gecko; compatible; GPTBot/1.4; +https://openai.com/gptbot)"
136.243.228.180 - - [19/Sep/2026:18:55:58 +0530] "GET /buy.php?special/188004428.html HTTP/1.1" 200 22514 "-" "Mozilla/5.0 (compatible; DataForSeoBot/1.0; +https://dataforseo.com/dataforseo-bot)"
74.7.243.193 - - [19/Sep/2026:18:55:58 +0530] "GET /buy.php?detail/08100688100541 HTTP/2.0" 200 20471 "https://llprecharge.in/buy.php?detail/08100561847306" "Mozilla/5.0 AppleWebKit/537.36 (KHTML, like Gecko; compatible; GPTBot/1.4; +https://openai.com/gptbot)"
74.7.242.42 - - [19/Sep/2026:18:56:00 +0530] "GET /buy.php?detail/26100591561122 HTTP/2.0" 200 21535 "https://www.llprecharge.in/buy.php?detail/26101136679431" "Mozilla/5.0 AppleWebKit/537.36 (KHTML, like Gecko; compatible; GPTBot/1.4; +https://openai.com/gptbot)"
66.249.66.195 - - [19/Sep/2026:18:56:02 +0530] "GET /review/goods/L2274243557/ HTTP/1.1" 404 - "-" "Mozilla/5.0 (Linux; Android 6.0.1; Nexus 5X Build/MMB29P) AppleWebKit/537.36 (KHTML, like Gecko) Chrome/153.0.8010.47 Mobile Safari/537.36 (compatible; Googlebot/2.1; +http://www.google.com/bot.html)"
74.7.243.193 - - [19/Sep/2026:18:56:02 +0530] "GET /buy.php?detail/28004707178233 HTTP/2.0" 200 21465 "https://llprecharge.in/buy.php?detail/28004269672770" "Mozilla/5.0 AppleWebKit/537.36 (KHTML, like Gecko; compatible; GPTBot/1.4; +https://openai.com/gptbot)"
65.21.113.253 - - [19/Sep/2026:18:56:03 +0530] "GET /buy.php?category/151_2605/1 HTTP/1.1" 200 145067 "-" "Mozilla/5.0 (compatible; AwarioBot/1.0; +https://awario.com/bots.html)"
136.243.228.180 - - [19/Sep/2026:18:56:04 +0530] "GET /buy.php?special/125037763.html HTTP/1.1" 200 20737 "-" "Mozilla/5.0 (compatible; DataForSeoBot/1.0; +https://dataforseo.com/dataforseo-bot)"
74.7.242.42 - - [19/Sep/2026:18:56:03 +0530] "GET /buy.php?detail/21104503114545 HTTP/2.0" 200 19923 "https://www.llprecharge.in/buy.php?detail/26100696165962" "Mozilla/5.0 AppleWebKit/537.36 (KHTML, like Gecko; compatible; GPTBot/1.4; +https://openai.com/gptbot)"
66.249.66.68 - - [19/Sep/2026:18:56:07 +0530] "GET /?confirmedness/2822081393 HTTP/1.1" 200 1838 "-" "Mozilla/5.0 (Linux; Android 6.0.1; Nexus 5X Build/MMB29P) AppleWebKit/537.36 (KHTML, like Gecko) Chrome/153.0.8010.47 Mobile Safari/537.36 (compatible; Googlebot/2.1; +http://www.google.com/bot.html)"
74.7.243.193 - - [19/Sep/2026:18:56:05 +0530] "GET /buy.php?detail/11502444478891 HTTP/2.0" 200 21872 "https://llprecharge.in/buy.php?detail/11504653156731" "Mozilla/5.0 AppleWebKit/537.36 (KHTML, like Gecko; compatible; GPTBot/1.4; +https://openai.com/gptbot)"
74.7.242.42 - - [19/Sep/2026:18:56:06 +0530] "GET /buy.php?detail/20904216090506 HTTP/2.0" 200 20495 "https://www.llprecharge.in/buy.php?detail/26101136679431" "Mozilla/5.0 AppleWebKit/537.36 (KHTML, like Gecko; compatible; GPTBot/1.4; +https://openai.com/gptbot)"
136.243.228.180 - - [19/Sep/2026:18:56:07 +0530] "GET /buy.php?special/194010358.html HTTP/1.1" 200 22143 "-" "Mozilla/5.0 (compatible; DataForSeoBot/1.0; +https://dataforseo.com/dataforseo-bot)"
74.7.243.193 - - [19/Sep/2026:18:56:08 +0530] "GET /buy.php?detail/20202237290640 HTTP/2.0" 200 20323 "https://llprecharge.in/buy.php?detail/19203209294126" "Mozilla/5.0 AppleWebKit/537.36 (KHTML, like Gecko; compatible; GPTBot/1.4; +https://openai.com/gptbot)"
65.21.113.253 - - [19/Sep/2026:18:56:08 +0530] "GET /buy.php?category/151_2828/1 HTTP/1.1" 200 118454 "-" "Mozilla/5.0 (compatible; AwarioBot/1.0; +https://awario.com/bots.html)"
74.7.242.42 - - [19/Sep/2026:18:56:08 +0530] "GET /buy.php?jp/046037401.html HTTP/2.0" 200 20819 "https://www.llprecharge.in/buy.php?detail/04603758146931" "Mozilla/5.0 AppleWebKit/537.36 (KHTML, like Gecko; compatible; GPTBot/1.4; +https://openai.com/gptbot)"
74.7.243.193 - - [19/Sep/2026:18:56:10 +0530] "GET /buy.php?detail/26700625534641 HTTP/2.0" 200 20512 "https://llprecharge.in/buy.php?detail/29502160561872" "Mozilla/5.0 AppleWebKit/537.36 (KHTML, like Gecko; compatible; GPTBot/1.4; +https://openai.com/gptbot)"
