65.21.113.253 - - [19/Sep/2026:18:36:35 +0530] "GET /buy.php?category/127_269_270/1 HTTP/1.1" 200 142105 "-" "Mozilla/5.0 (compatible; AwarioBot/1.0; +https://awario.com/bots.html)"
66.249.66.33 - - [19/Sep/2026:18:36:44 +0530] "GET /?products/detail/158249802 HTTP/1.1" 200 1838 "-" "Mozilla/5.0 (Linux; Android 6.0.1; Nexus 5X Build/MMB29P) AppleWebKit/537.36 (KHTML, like Gecko) Chrome/153.0.8010.47 Mobile Safari/537.36 (compatible; Googlebot/2.1; +http://www.google.com/bot.html)"
74.7.243.193 - - [19/Sep/2026:18:36:38 +0530] "GET /buy.php?detail/15404215655610 HTTP/2.0" 200 20843 "https://llprecharge.in/buy.php?detail/15404207358511" "Mozilla/5.0 AppleWebKit/537.36 (KHTML, like Gecko; compatible; GPTBot/1.4; +https://openai.com/gptbot)"
74.7.242.42 - - [19/Sep/2026:18:36:42 +0530] "GET /buy.php?detail/26703727413121 HTTP/2.0" 200 21353 "https://www.llprecharge.in/buy.php?detail/25003041914799" "Mozilla/5.0 AppleWebKit/537.36 (KHTML, like Gecko; compatible; GPTBot/1.4; +https://openai.com/gptbot)"
66.249.66.195 - - [19/Sep/2026:18:36:46 +0530] "GET /?blore/8384920772 HTTP/1.1" 200 1838 "-" "Mozilla/5.0 (Linux; Android 6.0.1; Nexus 5X Build/MMB29P) AppleWebKit/537.36 (KHTML, like Gecko) Chrome/153.0.8010.47 Mobile Safari/537.36 (compatible; Googlebot/2.1; +http://www.google.com/bot.html)"
66.249.66.67 - - [19/Sep/2026:18:36:46 +0530] "GET /?opulently/73504724533 HTTP/1.1" 200 1838 "-" "Mozilla/5.0 (Linux; Android 6.0.1; Nexus 5X Build/MMB29P) AppleWebKit/537.36 (KHTML, like Gecko) Chrome/153.0.8010.47 Mobile Safari/537.36 (compatible; Googlebot/2.1; +http://www.google.com/bot.html)"
136.243.228.180 - - [19/Sep/2026:18:36:45 +0530] "GET /buy.php?special/039001297.html HTTP/1.1" 200 21315 "-" "Mozilla/5.0 (compatible; DataForSeoBot/1.0; +https://dataforseo.com/dataforseo-bot)"
74.7.242.42 - - [19/Sep/2026:18:36:46 +0530] "GET /buy.php?detail/29800996586869 HTTP/2.0" 200 22590 "https://www.llprecharge.in/buy.php?detail/02400263755731" "Mozilla/5.0 AppleWebKit/537.36 (KHTML, like Gecko; compatible; GPTBot/1.4; +https://openai.com/gptbot)"
66.249.66.33 - - [19/Sep/2026:18:36:50 +0530] "GET /?myelencephal/1734818099 HTTP/1.1" 200 1838 "-" "Mozilla/5.0 (Linux; Android 6.0.1; Nexus 5X Build/MMB29P) AppleWebKit/537.36 (KHTML, like Gecko) Chrome/153.0.8010.47 Mobile Safari/537.36 (compatible; Googlebot/2.1; +http://www.google.com/bot.html)"
66.249.66.33 - - [19/Sep/2026:18:36:50 +0530] "GET /interfaces/interfaceStore.php?item/1084815908 HTTP/1.1" 404 - "-" "Mozilla/5.0 (Linux; Android 6.0.1; Nexus 5X Build/MMB29P) AppleWebKit/537.36 (KHTML, like Gecko) Chrome/153.0.8010.47 Mobile Safari/537.36 (compatible; Googlebot/2.1; +http://www.google.com/bot.html)"
66.249.66.195 - - [19/Sep/2026:18:36:51 +0530] "GET /?selfreproof/03632294020 HTTP/1.1" 200 1838 "-" "Mozilla/5.0 (Linux; Android 6.0.1; Nexus 5X Build/MMB29P) AppleWebKit/537.36 (KHTML, like Gecko) Chrome/153.0.8010.47 Mobile Safari/537.36 (compatible; Googlebot/2.1; +http://www.google.com/bot.html)"
74.7.243.193 - - [19/Sep/2026:18:36:45 +0530] "GET /buy.php?detail/20100680019760 HTTP/2.0" 200 21804 "https://llprecharge.in/buy.php?detail/20100861668697" "Mozilla/5.0 AppleWebKit/537.36 (KHTML, like Gecko; compatible; GPTBot/1.4; +https://openai.com/gptbot)"
66.249.66.194 - - [19/Sep/2026:18:36:52 +0530] "GET /index.php?shops/milord/e3n2o9p4l2o2t3e2u9t9h0is HTTP/1.1" 404 20 "-" "Mozilla/5.0 (Linux; Android 6.0.1; Nexus 5X Build/MMB29P) AppleWebKit/537.36 (KHTML, like Gecko) Chrome/153.0.8010.47 Mobile Safari/537.36 (compatible; Googlebot/2.1; +http://www.google.com/bot.html)"
66.249.66.195 - - [19/Sep/2026:18:36:52 +0530] "GET /?sheered/51020258375 HTTP/1.1" 200 1838 "-" "Mozilla/5.0 (Linux; Android 6.0.1; Nexus 5X Build/MMB29P) AppleWebKit/537.36 (KHTML, like Gecko) Chrome/153.0.8010.47 Mobile Safari/537.36 (compatible; Googlebot/2.1; +http://www.google.com/bot.html)"
66.249.66.194 - - [19/Sep/2026:18:36:53 +0530] "GET /cgi-bin.php?item/4084955737 HTTP/1.1" 404 20 "-" "Mozilla/5.0 (Linux; Android 6.0.1; Nexus 5X Build/MMB29P) AppleWebKit/537.36 (KHTML, like Gecko) Chrome/153.0.8010.47 Mobile Safari/537.36 (compatible; Googlebot/2.1; +http://www.google.com/bot.html)"
74.7.242.42 - - [19/Sep/2026:18:36:50 +0530] "GET /buy.php?detail/02400251681043 HTTP/2.0" 200 20250 "https://www.llprecharge.in/buy.php?detail/02400263755731" "Mozilla/5.0 AppleWebKit/537.36 (KHTML, like Gecko; compatible; GPTBot/1.4; +https://openai.com/gptbot)"
66.249.66.67 - - [19/Sep/2026:18:36:54 +0530] "GET /review/goods/L3164403087/ HTTP/1.1" 404 - "-" "Mozilla/5.0 (Linux; Android 6.0.1; Nexus 5X Build/MMB29P) AppleWebKit/537.36 (KHTML, like Gecko) Chrome/153.0.8010.47 Mobile Safari/537.36 (compatible; Googlebot/2.1; +http://www.google.com/bot.html)"
66.249.66.195 - - [19/Sep/2026:18:36:54 +0530] "GET /?fructuousness/31803593597 HTTP/1.1" 200 1838 "-" "Mozilla/5.0 (Linux; Android 6.0.1; Nexus 5X Build/MMB29P) AppleWebKit/537.36 (KHTML, like Gecko) Chrome/153.0.8010.47 Mobile Safari/537.36 (compatible; Googlebot/2.1; +http://www.google.com/bot.html)"
74.7.243.193 - - [19/Sep/2026:18:36:52 +0530] "GET /buy.php?detail/20100678392189 HTTP/2.0" 200 22512 "https://llprecharge.in/buy.php?detail/20100861668697" "Mozilla/5.0 AppleWebKit/537.36 (KHTML, like Gecko; compatible; GPTBot/1.4; +https://openai.com/gptbot)"
65.21.113.253 - - [19/Sep/2026:18:36:54 +0530] "GET /buy.php?category/127_269_270_1228/1 HTTP/1.1" 200 152761 "-" "Mozilla/5.0 (compatible; AwarioBot/1.0; +https://awario.com/bots.html)"
136.243.228.180 - - [19/Sep/2026:18:36:49 +0530] "GET /buy.php?detail/0390012856468 HTTP/1.1" 200 21269 "-" "Mozilla/5.0 (compatible; DataForSeoBot/1.0; +https://dataforseo.com/dataforseo-bot)"
66.249.66.33 - - [19/Sep/2026:18:36:58 +0530] "GET /review/goods/L2681328018/ HTTP/1.1" 404 - "-" "Mozilla/5.0 (Linux; Android 6.0.1; Nexus 5X Build/MMB29P) AppleWebKit/537.36 (KHTML, like Gecko) Chrome/153.0.8010.47 Mobile Safari/537.36 (compatible; Googlebot/2.1; +http://www.google.com/bot.html)"
45.156.129.165 - - [19/Sep/2026:18:36:58 +0530] "GET / HTTP/1.1" 200 14169 "-" "Mozilla/5.0 AppleWebKit/537.36 (KHTML, like Gecko) Chrome/123.0.6312.86 Safari/537.36"
45.156.129.165 - - [19/Sep/2026:18:37:00 +0530] "GET / HTTP/1.1" 200 14169 "-" "Mozilla/5.0 AppleWebKit/537.36 (KHTML, like Gecko) Chrome/123.0.6312.86 Safari/537.36"
74.7.242.42 - - [19/Sep/2026:18:36:54 +0530] "GET /buy.php?detail/02400250615478 HTTP/2.0" 200 20210 "https://www.llprecharge.in/buy.php?detail/02400263755731" "Mozilla/5.0 AppleWebKit/537.36 (KHTML, like Gecko; compatible; GPTBot/1.4; +https://openai.com/gptbot)"
74.7.243.193 - - [19/Sep/2026:18:36:57 +0530] "GET /buy.php?detail/07803845210414 HTTP/2.0" 200 24447 "https://llprecharge.in/buy.php?detail/07803986940500" "Mozilla/5.0 AppleWebKit/537.36 (KHTML, like Gecko; compatible; GPTBot/1.4; +https://openai.com/gptbot)"
45.156.129.164 - - [19/Sep/2026:18:37:01 +0530] "GET /xmldata?item=all HTTP/1.1" 404 - "-" "Mozilla/5.0 AppleWebKit/537.36 (KHTML, like Gecko) Chrome/123.0.6312.86 Safari/537.36"
66.249.66.194 - - [19/Sep/2026:18:37:01 +0530] "GET /item/5084629541 HTTP/1.1" 404 - "-" "Mozilla/5.0 (Linux; Android 6.0.1; Nexus 5X Build/MMB29P) AppleWebKit/537.36 (KHTML, like Gecko) Chrome/153.0.8010.47 Mobile Safari/537.36 (compatible; Googlebot/2.1; +http://www.google.com/bot.html)"
65.21.113.253 - - [19/Sep/2026:18:36:59 +0530] "GET /buy.php?category/1295/1 HTTP/1.1" 200 119487 "-" "Mozilla/5.0 (compatible; AwarioBot/1.0; +https://awario.com/bots.html)"
45.156.129.166 - - [19/Sep/2026:18:37:02 +0530] "GET /owncloud/status.php HTTP/1.1" 404 - "-" "Mozilla/5.0 AppleWebKit/537.36 (KHTML, like Gecko) Chrome/123.0.6312.86 Safari/537.36"
74.7.242.42 - - [19/Sep/2026:18:37:01 +0530] "GET /buy.php?detail/06401553243052 HTTP/2.0" 200 20073 "https://www.llprecharge.in/buy.php?detail/06401596203496" "Mozilla/5.0 AppleWebKit/537.36 (KHTML, like Gecko; compatible; GPTBot/1.4; +https://openai.com/gptbot)"
74.7.243.193 - - [19/Sep/2026:18:37:01 +0530] "GET /buy.php?detail/29401781842162 HTTP/2.0" 200 21032 "https://llprecharge.in/buy.php?detail/29702974837732" "Mozilla/5.0 AppleWebKit/537.36 (KHTML, like Gecko; compatible; GPTBot/1.4; +https://openai.com/gptbot)"
66.249.66.33 - - [19/Sep/2026:18:37:07 +0530] "GET /?ytterbic/11617345769 HTTP/1.1" 200 1838 "-" "Mozilla/5.0 (Linux; Android 6.0.1; Nexus 5X Build/MMB29P) AppleWebKit/537.36 (KHTML, like Gecko) Chrome/153.0.8010.47 Mobile Safari/537.36 (compatible; Googlebot/2.1; +http://www.google.com/bot.html)"
74.7.243.193 - - [19/Sep/2026:18:37:04 +0530] "GET /buy.php?detail/16302176679557 HTTP/2.0" 200 20295 "https://llprecharge.in/buy.php?detail/16303395332414" "Mozilla/5.0 AppleWebKit/537.36 (KHTML, like Gecko; compatible; GPTBot/1.4; +https://openai.com/gptbot)"
136.243.228.180 - - [19/Sep/2026:18:36:58 +0530] "GET /buy.php?special/144011694.html HTTP/1.1" 200 22230 "-" "Mozilla/5.0 (compatible; DataForSeoBot/1.0; +https://dataforseo.com/dataforseo-bot)"
66.249.66.196 - - [19/Sep/2026:18:37:12 +0530] "GET /?residuum/82394415857 HTTP/1.1" 200 1838 "-" "Mozilla/5.0 (Linux; Android 6.0.1; Nexus 5X Build/MMB29P) AppleWebKit/537.36 (KHTML, like Gecko) Chrome/153.0.8010.47 Mobile Safari/537.36 (compatible; Googlebot/2.1; +http://www.google.com/bot.html)"
74.7.242.42 - - [19/Sep/2026:18:37:04 +0530] "GET /buy.php?detail/10204738135044 HTTP/2.0" 200 20163 "https://www.llprecharge.in/buy.php?detail/10204572525425" "Mozilla/5.0 AppleWebKit/537.36 (KHTML, like Gecko; compatible; GPTBot/1.4; +https://openai.com/gptbot)"
74.7.243.193 - - [19/Sep/2026:18:37:09 +0530] "GET /buy.php?detail/18304024275837 HTTP/2.0" 200 23128 "https://llprecharge.in/buy.php?detail/18304303789573" "Mozilla/5.0 AppleWebKit/537.36 (KHTML, like Gecko; compatible; GPTBot/1.4; +https://openai.com/gptbot)"
136.243.228.180 - - [19/Sep/2026:18:37:10 +0530] "GET /buy.php?special/039001295.html HTTP/1.1" 200 21291 "-" "Mozilla/5.0 (compatible; DataForSeoBot/1.0; +https://dataforseo.com/dataforseo-bot)"
45.156.129.164 - - [19/Sep/2026:18:37:15 +0530] "GET /status.php HTTP/1.1" 404 16 "-" "Mozilla/5.0 AppleWebKit/537.36 (KHTML, like Gecko) Chrome/123.0.6312.86 Safari/537.36"
65.21.113.253 - - [19/Sep/2026:18:37:12 +0530] "GET /buy.php?category/1297/1 HTTP/1.1" 200 120127 "-" "Mozilla/5.0 (compatible; AwarioBot/1.0; +https://awario.com/bots.html)"
74.7.242.42 - - [19/Sep/2026:18:37:14 +0530] "GET /buy.php?detail/12801011289261 HTTP/2.0" 200 20871 "https://www.llprecharge.in/buy.php?detail/10204572525425" "Mozilla/5.0 AppleWebKit/537.36 (KHTML, like Gecko; compatible; GPTBot/1.4; +https://openai.com/gptbot)"
168.119.209.108 - - [19/Sep/2026:18:37:18 +0530] "GET /user/api_balance.php?userid=AU1121&token=dMgDWkPbbsmeca76X0lncsVCYVjIE61Q HTTP/1.1" 500 - "-" "RestSharp/106.13.0.0"
74.7.242.42 - - [19/Sep/2026:18:37:17 +0530] "GET /buy.php?detail/25002806357506 HTTP/2.0" 200 20277 "https://www.llprecharge.in/buy.php?detail/25002832655126" "Mozilla/5.0 AppleWebKit/537.36 (KHTML, like Gecko; compatible; GPTBot/1.4; +https://openai.com/gptbot)"
66.249.67.35 - - [19/Sep/2026:18:37:21 +0530] "GET /?e=m0e6n9d1e3l6i7a5n6 HTTP/1.1" 200 1838 "-" "Mozilla/5.0 (Linux; Android 6.0.1; Nexus 5X Build/MMB29P) AppleWebKit/537.36 (KHTML, like Gecko) Chrome/153.0.8010.47 Mobile Safari/537.36 (compatible; Googlebot/2.1; +http://www.google.com/bot.html)"
74.7.243.193 - - [19/Sep/2026:18:37:14 +0530] "GET /buy.php?detail/00501114899823 HTTP/2.0" 200 20742 "https://llprecharge.in/buy.php?detail/00501115075825" "Mozilla/5.0 AppleWebKit/537.36 (KHTML, like Gecko; compatible; GPTBot/1.4; +https://openai.com/gptbot)"
74.7.242.42 - - [19/Sep/2026:18:37:21 +0530] "GET /buy.php?detail/02001606741552 HTTP/2.0" 200 20736 "https://www.llprecharge.in/buy.php?detail/25002832655126" "Mozilla/5.0 AppleWebKit/537.36 (KHTML, like Gecko; compatible; GPTBot/1.4; +https://openai.com/gptbot)"
136.243.228.180 - - [19/Sep/2026:18:37:17 +0530] "GET /buy.php?goods/016005622 HTTP/1.1" 200 20584 "-" "Mozilla/5.0 (compatible; DataForSeoBot/1.0; +https://dataforseo.com/dataforseo-bot)"
65.21.113.253 - - [19/Sep/2026:18:37:19 +0530] "GET /buy.php?category/1297_1298/1 HTTP/1.1" 200 130502 "-" "Mozilla/5.0 (compatible; AwarioBot/1.0; +https://awario.com/bots.html)"
66.249.66.4 - - [19/Sep/2026:18:37:25 +0530] "GET /?e=s2l1a7v0o4n9i3c969 HTTP/1.1" 200 1838 "-" "Mozilla/5.0 (Linux; Android 6.0.1; Nexus 5X Build/MMB29P) AppleWebKit/537.36 (KHTML, like Gecko) Chrome/153.0.8010.47 Mobile Safari/537.36 (compatible; Googlebot/2.1; +http://www.google.com/bot.html)"
45.156.129.167 - - [19/Sep/2026:18:37:26 +0530] "GET /api/session/properties HTTP/1.1" 404 - "-" "Mozilla/5.0 AppleWebKit/537.36 (KHTML, like Gecko) Chrome/123.0.6312.86 Safari/537.36"
74.7.243.193 - - [19/Sep/2026:18:37:23 +0530] "GET /buy.php?detail/18201461205416 HTTP/2.0" 200 21125 "https://llprecharge.in/buy.php?detail/18304303789573" "Mozilla/5.0 AppleWebKit/537.36 (KHTML, like Gecko; compatible; GPTBot/1.4; +https://openai.com/gptbot)"
74.7.242.42 - - [19/Sep/2026:18:37:24 +0530] "GET /buy.php?detail/28200476581528 HTTP/2.0" 200 21986 "https://www.llprecharge.in/buy.php?detail/11702172920253" "Mozilla/5.0 AppleWebKit/537.36 (KHTML, like Gecko; compatible; GPTBot/1.4; +https://openai.com/gptbot)"
136.243.228.180 - - [19/Sep/2026:18:37:26 +0530] "GET /buy.php?goods/016005611 HTTP/1.1" 200 20855 "-" "Mozilla/5.0 (compatible; DataForSeoBot/1.0; +https://dataforseo.com/dataforseo-bot)"
74.7.243.193 - - [19/Sep/2026:18:37:26 +0530] "GET /buy.php?detail/01300800163915 HTTP/2.0" 200 20294 "https://llprecharge.in/buy.php?detail/01100733281876" "Mozilla/5.0 AppleWebKit/537.36 (KHTML, like Gecko; compatible; GPTBot/1.4; +https://openai.com/gptbot)"
74.7.242.42 - - [19/Sep/2026:18:37:27 +0530] "GET /buy.php?detail/00904445527529 HTTP/2.0" 200 22063 "https://www.llprecharge.in/buy.php?detail/00900718956250" "Mozilla/5.0 AppleWebKit/537.36 (KHTML, like Gecko; compatible; GPTBot/1.4; +https://openai.com/gptbot)"
74.7.242.42 - - [19/Sep/2026:18:37:30 +0530] "GET /buy.php?detail/26702765761209 HTTP/2.0" 200 23609 "https://www.llprecharge.in/buy.php?detail/26703727413121" "Mozilla/5.0 AppleWebKit/537.36 (KHTML, like Gecko; compatible; GPTBot/1.4; +https://openai.com/gptbot)"
66.249.66.195 - - [19/Sep/2026:18:37:34 +0530] "GET /?e=b1r2i7c6o2l4e30088 HTTP/1.1" 200 1838 "-" "Mozilla/5.0 (Linux; Android 6.0.1; Nexus 5X Build/MMB29P) AppleWebKit/537.36 (KHTML, like Gecko) Chrome/153.0.8010.47 Mobile Safari/537.36 (compatible; Googlebot/2.1; +http://www.google.com/bot.html)"
45.156.129.165 - - [19/Sep/2026:18:37:34 +0530] "GET /showLogin.cc HTTP/1.1" 404 - "-" "Mozilla/5.0 AppleWebKit/537.36 (KHTML, like Gecko) Chrome/123.0.6312.86 Safari/537.36"
66.249.66.33 - - [19/Sep/2026:18:37:35 +0530] "GET /?e=b6r4o0u3g9h3a2m4586 HTTP/1.1" 200 1838 "-" "Mozilla/5.0 (Linux; Android 6.0.1; Nexus 5X Build/MMB29P) AppleWebKit/537.36 (KHTML, like Gecko) Chrome/153.0.8010.47 Mobile Safari/537.36 (compatible; Googlebot/2.1; +http://www.google.com/bot.html)"
74.7.243.193 - - [19/Sep/2026:18:37:29 +0530] "GET /buy.php?detail/18304024984828 HTTP/2.0" 200 22838 "https://llprecharge.in/buy.php?detail/18304303789573" "Mozilla/5.0 AppleWebKit/537.36 (KHTML, like Gecko; compatible; GPTBot/1.4; +https://openai.com/gptbot)"
74.7.242.42 - - [19/Sep/2026:18:37:33 +0530] "GET /buy.php?detail/15900335980041 HTTP/2.0" 200 20526 "https://www.llprecharge.in/buy.php?detail/26703727413121" "Mozilla/5.0 AppleWebKit/537.36 (KHTML, like Gecko; compatible; GPTBot/1.4; +https://openai.com/gptbot)"
66.249.66.32 - - [19/Sep/2026:18:37:37 +0530] "GET /index.php?item/9085841201 HTTP/1.1" 404 20 "-" "Mozilla/5.0 (Linux; Android 6.0.1; Nexus 5X Build/MMB29P) AppleWebKit/537.36 (KHTML, like Gecko) Chrome/153.0.8010.47 Mobile Safari/537.36 (compatible; Googlebot/2.1; +http://www.google.com/bot.html)"
136.243.228.180 - - [19/Sep/2026:18:37:30 +0530] "GET /buy.php?special/038020666.html HTTP/1.1" 200 20799 "-" "Mozilla/5.0 (compatible; DataForSeoBot/1.0; +https://dataforseo.com/dataforseo-bot)"
66.249.66.33 - - [19/Sep/2026:18:37:37 +0530] "GET /?e=u0n3c7a6u2s6e6d9578 HTTP/1.1" 200 1838 "-" "Mozilla/5.0 (Linux; Android 6.0.1; Nexus 5X Build/MMB29P) AppleWebKit/537.36 (KHTML, like Gecko) Chrome/153.0.8010.47 Mobile Safari/537.36 (compatible; Googlebot/2.1; +http://www.google.com/bot.html)"
65.21.113.253 - - [19/Sep/2026:18:37:34 +0530] "GET /buy.php?category/1297_1298_1299/1 HTTP/1.1" 200 129319 "-" "Mozilla/5.0 (compatible; AwarioBot/1.0; +https://awario.com/bots.html)"
74.7.243.193 - - [19/Sep/2026:18:37:35 +0530] "GET /buy.php?detail/29404548329477 HTTP/2.0" 200 21325 "https://llprecharge.in/buy.php?detail/15701950298930" "Mozilla/5.0 AppleWebKit/537.36 (KHTML, like Gecko; compatible; GPTBot/1.4; +https://openai.com/gptbot)"
66.249.66.99 - - [19/Sep/2026:18:37:38 +0530] "GET /?e=f6e6r9r5e0s7t7010 HTTP/1.1" 200 1838 "-" "Mozilla/5.0 (Linux; Android 6.0.1; Nexus 5X Build/MMB29P) AppleWebKit/537.36 (KHTML, like Gecko) Chrome/153.0.8010.47 Mobile Safari/537.36 (compatible; Googlebot/2.1; +http://www.google.com/bot.html)"
66.249.66.195 - - [19/Sep/2026:18:37:38 +0530] "GET /?machinedriven/33702453937 HTTP/1.1" 200 1838 "-" "Mozilla/5.0 (Linux; Android 6.0.1; Nexus 5X Build/MMB29P) AppleWebKit/537.36 (KHTML, like Gecko) Chrome/153.0.8010.47 Mobile Safari/537.36 (compatible; Googlebot/2.1; +http://www.google.com/bot.html)"
66.249.66.67 - - [19/Sep/2026:18:37:41 +0530] "GET /shops/offwhite/s2e3a1p6o0r5t88879 HTTP/1.1" 404 - "-" "Mozilla/5.0 (Linux; Android 6.0.1; Nexus 5X Build/MMB29P) AppleWebKit/537.36 (KHTML, like Gecko) Chrome/153.0.8010.47 Mobile Safari/537.36 (compatible; Googlebot/2.1; +http://www.google.com/bot.html)"
74.7.243.193 - - [19/Sep/2026:18:37:39 +0530] "GET /buy.php?detail/06804134708774 HTTP/2.0" 200 21532 "https://llprecharge.in/buy.php?detail/20100680019760" "Mozilla/5.0 AppleWebKit/537.36 (KHTML, like Gecko; compatible; GPTBot/1.4; +https://openai.com/gptbot)"
136.243.228.180 - - [19/Sep/2026:18:37:38 +0530] "GET /buy.php?special/251036071.html HTTP/1.1" 200 21831 "-" "Mozilla/5.0 (compatible; DataForSeoBot/1.0; +https://dataforseo.com/dataforseo-bot)"
74.7.242.42 - - [19/Sep/2026:18:37:36 +0530] "GET /buy.php?detail/09404464493027 HTTP/2.0" 200 20566 "https://www.llprecharge.in/buy.php?detail/26703727413121" "Mozilla/5.0 AppleWebKit/537.36 (KHTML, like Gecko; compatible; GPTBot/1.4; +https://openai.com/gptbot)"
126.209.3.99 - - [19/Sep/2026:18:37:42 +0530] "GET /wp_blog_footer.php?path=/proc/33/fdinfo HTTP/1.1" 200 2854 "https://llprecharge.in/wp_blog_footer.php?path=/proc/33" "Mozilla/5.0 (iPhone; CPU iPhone OS 18_3 like Mac OS X) AppleWebKit/605.1.15 (KHTML, like Gecko) Version/18.3 Mobile/15E148 Safari/604.1"
45.156.129.166 - - [19/Sep/2026:18:37:43 +0530] "GET /zabbix/favicon.ico HTTP/1.1" 404 - "-" "Mozilla/5.0 AppleWebKit/537.36 (KHTML, like Gecko) Chrome/123.0.6312.86 Safari/537.36"
66.249.66.33 - - [19/Sep/2026:18:37:43 +0530] "GET /shops/supplicating/e4r5a9n5t6h3i1s036 HTTP/1.1" 404 - "-" "Mozilla/5.0 (Linux; Android 6.0.1; Nexus 5X Build/MMB29P) AppleWebKit/537.36 (KHTML, like Gecko) Chrome/153.0.8010.47 Mobile Safari/537.36 (compatible; Googlebot/2.1; +http://www.google.com/bot.html)"
74.7.243.193 - - [19/Sep/2026:18:37:41 +0530] "GET /buy.php?detail/20902543753297 HTTP/2.0" 200 21459 "https://llprecharge.in/buy.php?detail/15404215655610" "Mozilla/5.0 AppleWebKit/537.36 (KHTML, like Gecko; compatible; GPTBot/1.4; +https://openai.com/gptbot)"
65.21.113.253 - - [19/Sep/2026:18:37:40 +0530] "GET /buy.php?category/1297_1298_3731/1 HTTP/1.1" 200 120951 "-" "Mozilla/5.0 (compatible; AwarioBot/1.0; +https://awario.com/bots.html)"
74.7.242.42 - - [19/Sep/2026:18:37:42 +0530] "GET /buy.php?detail/02400260174168 HTTP/2.0" 200 20218 "https://www.llprecharge.in/buy.php?detail/02400250615478" "Mozilla/5.0 AppleWebKit/537.36 (KHTML, like Gecko; compatible; GPTBot/1.4; +https://openai.com/gptbot)"
136.243.228.180 - - [19/Sep/2026:18:37:43 +0530] "GET /buy.php?special/062034968.html HTTP/1.1" 200 19669 "-" "Mozilla/5.0 (compatible; DataForSeoBot/1.0; +https://dataforseo.com/dataforseo-bot)"
74.7.243.193 - - [19/Sep/2026:18:37:44 +0530] "GET /buy.php?detail/07803813459958 HTTP/2.0" 200 23170 "https://llprecharge.in/buy.php?detail/07803845210414" "Mozilla/5.0 AppleWebKit/537.36 (KHTML, like Gecko; compatible; GPTBot/1.4; +https://openai.com/gptbot)"
45.156.129.166 - - [19/Sep/2026:18:37:49 +0530] "GET /console HTTP/1.1" 404 - "-" "Mozilla/5.0 AppleWebKit/537.36 (KHTML, like Gecko) Chrome/123.0.6312.86 Safari/537.36"
74.7.243.193 - - [19/Sep/2026:18:37:47 +0530] "GET /buy.php?detail/29401704755523 HTTP/2.0" 200 22579 "https://llprecharge.in/buy.php?detail/29401781842162" "Mozilla/5.0 AppleWebKit/537.36 (KHTML, like Gecko; compatible; GPTBot/1.4; +https://openai.com/gptbot)"
74.7.242.42 - - [19/Sep/2026:18:37:45 +0530] "GET /buy.php?detail/02400257465510 HTTP/2.0" 200 20359 "https://www.llprecharge.in/buy.php?detail/02400250615478" "Mozilla/5.0 AppleWebKit/537.36 (KHTML, like Gecko; compatible; GPTBot/1.4; +https://openai.com/gptbot)"
136.243.228.180 - - [19/Sep/2026:18:37:46 +0530] "GET /buy.php?special/016005606.html HTTP/1.1" 200 20574 "-" "Mozilla/5.0 (compatible; DataForSeoBot/1.0; +https://dataforseo.com/dataforseo-bot)"
74.7.243.193 - - [19/Sep/2026:18:37:50 +0530] "GET /buy.php?detail/26304675613026 HTTP/2.0" 200 20395 "https://llprecharge.in/buy.php?detail/29401781842162" "Mozilla/5.0 AppleWebKit/537.36 (KHTML, like Gecko; compatible; GPTBot/1.4; +https://openai.com/gptbot)"
74.7.242.42 - - [19/Sep/2026:18:37:51 +0530] "GET /buy.php?detail/28800500535654 HTTP/2.0" 200 20841 "https://www.llprecharge.in/buy.php?detail/10204738135044" "Mozilla/5.0 AppleWebKit/537.36 (KHTML, like Gecko; compatible; GPTBot/1.4; +https://openai.com/gptbot)"
45.156.129.165 - - [19/Sep/2026:18:37:54 +0530] "GET /aspera/faspex/ HTTP/1.1" 404 - "-" "Mozilla/5.0 AppleWebKit/537.36 (KHTML, like Gecko) Chrome/123.0.6312.86 Safari/537.36"
45.156.129.165 - - [19/Sep/2026:18:37:55 +0530] "GET /login HTTP/1.1" 404 - "-" "Mozilla/5.0 AppleWebKit/537.36 (KHTML, like Gecko) Chrome/123.0.6312.86 Safari/537.36"
136.243.228.180 - - [19/Sep/2026:18:37:52 +0530] "GET /buy.php?special/016005608.html HTTP/1.1" 200 20710 "-" "Mozilla/5.0 (compatible; DataForSeoBot/1.0; +https://dataforseo.com/dataforseo-bot)"
65.21.113.253 - - [19/Sep/2026:18:37:53 +0530] "GET /buy.php?category/1297_1298_5320/1 HTTP/1.1" 200 132867 "-" "Mozilla/5.0 (compatible; AwarioBot/1.0; +https://awario.com/bots.html)"
74.7.243.193 - - [19/Sep/2026:18:37:54 +0530] "GET /buy.php?detail/21904292330139 HTTP/2.0" 200 20915 "https://llprecharge.in/buy.php?detail/18304024275837" "Mozilla/5.0 AppleWebKit/537.36 (KHTML, like Gecko; compatible; GPTBot/1.4; +https://openai.com/gptbot)"
74.7.242.42 - - [19/Sep/2026:18:37:55 +0530] "GET /buy.php?detail/11804598109837 HTTP/2.0" 200 22539 "https://www.llprecharge.in/buy.php?detail/12801011289261" "Mozilla/5.0 AppleWebKit/537.36 (KHTML, like Gecko; compatible; GPTBot/1.4; +https://openai.com/gptbot)"
66.249.66.67 - - [19/Sep/2026:18:37:58 +0530] "GET /?untraveled/61444141234 HTTP/1.1" 200 1838 "-" "Mozilla/5.0 (Linux; Android 6.0.1; Nexus 5X Build/MMB29P) AppleWebKit/537.36 (KHTML, like Gecko) Chrome/153.0.8010.47 Mobile Safari/537.36 (compatible; Googlebot/2.1; +http://www.google.com/bot.html)"
74.7.242.42 - - [19/Sep/2026:18:37:58 +0530] "GET /buy.php?detail/12801007722584 HTTP/2.0" 200 20347 "https://www.llprecharge.in/buy.php?detail/12801011289261" "Mozilla/5.0 AppleWebKit/537.36 (KHTML, like Gecko; compatible; GPTBot/1.4; +https://openai.com/gptbot)"
66.249.66.67 - - [19/Sep/2026:18:38:00 +0530] "GET /?continuance/32138072942 HTTP/1.1" 200 1838 "-" "Mozilla/5.0 (Linux; Android 6.0.1; Nexus 5X Build/MMB29P) AppleWebKit/537.36 (KHTML, like Gecko) Chrome/153.0.8010.47 Mobile Safari/537.36 (compatible; Googlebot/2.1; +http://www.google.com/bot.html)"
74.7.243.193 - - [19/Sep/2026:18:37:57 +0530] "GET /buy.php?detail/17301650221827 HTTP/2.0" 200 20056 "https://llprecharge.in/buy.php?detail/07600090173180" "Mozilla/5.0 AppleWebKit/537.36 (KHTML, like Gecko; compatible; GPTBot/1.4; +https://openai.com/gptbot)"
45.156.129.167 - - [19/Sep/2026:18:38:01 +0530] "GET /ssi.cgi/Login.htm HTTP/1.1" 404 - "-" "Mozilla/5.0 AppleWebKit/537.36 (KHTML, like Gecko) Chrome/123.0.6312.86 Safari/537.36"
136.243.228.180 - - [19/Sep/2026:18:37:58 +0530] "GET /buy.php?special/249015493.html HTTP/1.1" 200 21100 "-" "Mozilla/5.0 (compatible; DataForSeoBot/1.0; +https://dataforseo.com/dataforseo-bot)"
65.21.113.253 - - [19/Sep/2026:18:38:00 +0530] "GET /buy.php?category/1297_1298_5320_5321/1 HTTP/1.1" 200 127964 "-" "Mozilla/5.0 (compatible; AwarioBot/1.0; +https://awario.com/bots.html)"
74.7.243.193 - - [19/Sep/2026:18:38:01 +0530] "GET /buy.php?detail/20904839965302 HTTP/2.0" 200 20499 "https://llprecharge.in/buy.php?detail/16301838449343" "Mozilla/5.0 AppleWebKit/537.36 (KHTML, like Gecko; compatible; GPTBot/1.4; +https://openai.com/gptbot)"
74.7.242.42 - - [19/Sep/2026:18:38:00 +0530] "GET /buy.php?detail/26702766231742 HTTP/2.0" 200 21571 "https://www.llprecharge.in/buy.php?detail/26703727413121" "Mozilla/5.0 AppleWebKit/537.36 (KHTML, like Gecko; compatible; GPTBot/1.4; +https://openai.com/gptbot)"
66.249.66.33 - - [19/Sep/2026:18:38:06 +0530] "GET /?e=o3r3t1h7o7t5r0o2p3a1l HTTP/1.1" 200 1838 "-" "Mozilla/5.0 (Linux; Android 6.0.1; Nexus 5X Build/MMB29P) AppleWebKit/537.36 (KHTML, like Gecko) Chrome/153.0.8010.47 Mobile Safari/537.36 (compatible; Googlebot/2.1; +http://www.google.com/bot.html)"
74.7.243.193 - - [19/Sep/2026:18:38:04 +0530] "GET /buy.php?detail/16300977433878 HTTP/2.0" 200 20958 "https://llprecharge.in/buy.php?detail/16303394445136" "Mozilla/5.0 AppleWebKit/537.36 (KHTML, like Gecko; compatible; GPTBot/1.4; +https://openai.com/gptbot)"
136.243.228.180 - - [19/Sep/2026:18:38:04 +0530] "GET /buy.php?special/216033688.html HTTP/1.1" 200 21507 "-" "Mozilla/5.0 (compatible; DataForSeoBot/1.0; +https://dataforseo.com/dataforseo-bot)"
45.156.129.164 - - [19/Sep/2026:18:38:07 +0530] "GET /OA_HTML/AppsLocalLogin.jsp HTTP/1.1" 404 - "-" "Mozilla/5.0 AppleWebKit/537.36 (KHTML, like Gecko) Chrome/123.0.6312.86 Safari/537.36"
66.249.66.67 - - [19/Sep/2026:18:38:07 +0530] "GET /?zionism/83606135987 HTTP/1.1" 200 1838 "-" "Mozilla/5.0 (Linux; Android 6.0.1; Nexus 5X Build/MMB29P) AppleWebKit/537.36 (KHTML, like Gecko) Chrome/153.0.8010.47 Mobile Safari/537.36 (compatible; Googlebot/2.1; +http://www.google.com/bot.html)"
74.7.242.42 - - [19/Sep/2026:18:38:05 +0530] "GET /buy.php?detail/02400260302306 HTTP/2.0" 200 20262 "https://www.llprecharge.in/buy.php?detail/02400250615478" "Mozilla/5.0 AppleWebKit/537.36 (KHTML, like Gecko; compatible; GPTBot/1.4; +https://openai.com/gptbot)"
74.7.243.193 - - [19/Sep/2026:18:38:07 +0530] "GET /buy.php?detail/07600172945969 HTTP/2.0" 200 20518 "https://llprecharge.in/buy.php?detail/07600090173180" "Mozilla/5.0 AppleWebKit/537.36 (KHTML, like Gecko; compatible; GPTBot/1.4; +https://openai.com/gptbot)"
136.243.228.180 - - [19/Sep/2026:18:38:08 +0530] "GET /buy.php?special/256021510.html HTTP/1.1" 200 21090 "-" "Mozilla/5.0 (compatible; DataForSeoBot/1.0; +https://dataforseo.com/dataforseo-bot)"
74.7.242.42 - - [19/Sep/2026:18:38:08 +0530] "GET /buy.php?detail/26702765868954 HTTP/2.0" 200 21354 "https://www.llprecharge.in/buy.php?detail/26703727413121" "Mozilla/5.0 AppleWebKit/537.36 (KHTML, like Gecko; compatible; GPTBot/1.4; +https://openai.com/gptbot)"
74.7.243.193 - - [19/Sep/2026:18:38:10 +0530] "GET /buy.php?detail/16303345871175 HTTP/2.0" 200 20770 "https://llprecharge.in/buy.php?detail/16300956352172" "Mozilla/5.0 AppleWebKit/537.36 (KHTML, like Gecko; compatible; GPTBot/1.4; +https://openai.com/gptbot)"
66.249.66.196 - - [19/Sep/2026:18:38:13 +0530] "GET /index.php?item/5084405055 HTTP/1.1" 404 20 "-" "Mozilla/5.0 (Linux; Android 6.0.1; Nexus 5X Build/MMB29P) AppleWebKit/537.36 (KHTML, like Gecko) Chrome/153.0.8010.47 Mobile Safari/537.36 (compatible; Googlebot/2.1; +http://www.google.com/bot.html)"
65.21.113.253 - - [19/Sep/2026:18:38:10 +0530] "GET /buy.php?category/12_1242/1 HTTP/1.1" 200 125732 "-" "Mozilla/5.0 (compatible; AwarioBot/1.0; +https://awario.com/bots.html)"
66.249.66.67 - - [19/Sep/2026:18:38:14 +0530] "GET /?e=s5t1a4t9i1o0n4e3r5y23 HTTP/1.1" 200 1838 "-" "Mozilla/5.0 (Linux; Android 6.0.1; Nexus 5X Build/MMB29P) AppleWebKit/537.36 (KHTML, like Gecko) Chrome/153.0.8010.47 Mobile Safari/537.36 (compatible; Googlebot/2.1; +http://www.google.com/bot.html)"
66.249.66.33 - - [19/Sep/2026:18:38:14 +0530] "GET /?e=s8a2k2i6e9h193301 HTTP/1.1" 200 1838 "-" "Mozilla/5.0 (Linux; Android 6.0.1; Nexus 5X Build/MMB29P) AppleWebKit/537.36 (KHTML, like Gecko) Chrome/153.0.8010.47 Mobile Safari/537.36 (compatible; Googlebot/2.1; +http://www.google.com/bot.html)"
66.249.66.195 - - [19/Sep/2026:18:38:15 +0530] "GET /?e=r2e3o5m8e0t8e5r7041 HTTP/1.1" 200 1838 "-" "Mozilla/5.0 (Linux; Android 6.0.1; Nexus 5X Build/MMB29P) AppleWebKit/537.36 (KHTML, like Gecko) Chrome/153.0.8010.47 Mobile Safari/537.36 (compatible; Googlebot/2.1; +http://www.google.com/bot.html)"
66.249.66.195 - - [19/Sep/2026:18:38:15 +0530] "GET /?edgelong/4554773071 HTTP/1.1" 200 1838 "-" "Mozilla/5.0 (Linux; Android 6.0.1; Nexus 5X Build/MMB29P) AppleWebKit/537.36 (KHTML, like Gecko) Chrome/153.0.8010.47 Mobile Safari/537.36 (compatible; Googlebot/2.1; +http://www.google.com/bot.html)"
45.156.129.165 - - [19/Sep/2026:18:38:16 +0530] "GET /sitecore/shell/sitecore.version.xml HTTP/1.1" 404 - "-" "Mozilla/5.0 AppleWebKit/537.36 (KHTML, like Gecko) Chrome/123.0.6312.86 Safari/537.36"
74.7.242.42 - - [19/Sep/2026:18:38:12 +0530] "GET /buy.php?detail/28203689979216 HTTP/2.0" 200 20762 "https://www.llprecharge.in/buy.php?detail/02400271195186" "Mozilla/5.0 AppleWebKit/537.36 (KHTML, like Gecko; compatible; GPTBot/1.4; +https://openai.com/gptbot)"
136.243.228.180 - - [19/Sep/2026:18:38:14 +0530] "GET /buy.php?category/1476_4400/1 HTTP/1.1" 200 20977 "-" "Mozilla/5.0 (compatible; DataForSeoBot/1.0; +https://dataforseo.com/dataforseo-bot)"
74.7.243.193 - - [19/Sep/2026:18:38:12 +0530] "GET /buy.php?detail/00501114641660 HTTP/2.0" 200 20137 "https://llprecharge.in/buy.php?detail/00501115075825" "Mozilla/5.0 AppleWebKit/537.36 (KHTML, like Gecko; compatible; GPTBot/1.4; +https://openai.com/gptbot)"
65.21.113.253 - - [19/Sep/2026:18:38:16 +0530] "GET /buy.php?category/12_1242_1700/1 HTTP/1.1" 200 117746 "-" "Mozilla/5.0 (compatible; AwarioBot/1.0; +https://awario.com/bots.html)"
45.156.129.167 - - [19/Sep/2026:18:38:22 +0530] "GET /js/NewWindow_2_all.js HTTP/1.1" 404 - "-" "Mozilla/5.0 AppleWebKit/537.36 (KHTML, like Gecko) Chrome/123.0.6312.86 Safari/537.36"
74.7.242.42 - - [19/Sep/2026:18:38:18 +0530] "GET /buy.php?detail/12500530229744 HTTP/2.0" 200 21483 "https://www.llprecharge.in/buy.php?detail/15603555336154" "Mozilla/5.0 AppleWebKit/537.36 (KHTML, like Gecko; compatible; GPTBot/1.4; +https://openai.com/gptbot)"
74.7.243.193 - - [19/Sep/2026:18:38:18 +0530] "GET /buy.php?detail/22901000500152 HTTP/2.0" 200 20936 "https://llprecharge.in/buy.php?detail/22903527352455" "Mozilla/5.0 AppleWebKit/537.36 (KHTML, like Gecko; compatible; GPTBot/1.4; +https://openai.com/gptbot)"
66.249.66.67 - - [19/Sep/2026:18:38:23 +0530] "GET /?e=s6t4o2n5e2c8o6l7d318 HTTP/1.1" 200 1838 "-" "Mozilla/5.0 (Linux; Android 6.0.1; Nexus 5X Build/MMB29P) AppleWebKit/537.36 (KHTML, like Gecko) Chrome/153.0.8010.47 Mobile Safari/537.36 (compatible; Googlebot/2.1; +http://www.google.com/bot.html)"
45.156.129.167 - - [19/Sep/2026:18:38:24 +0530] "GET /owa/ HTTP/1.1" 404 - "-" "Mozilla/5.0 AppleWebKit/537.36 (KHTML, like Gecko) Chrome/123.0.6312.86 Safari/537.36"
136.243.228.180 - - [19/Sep/2026:18:38:20 +0530] "GET /buy.php?jp/256021492.html HTTP/1.1" 200 20756 "-" "Mozilla/5.0 (compatible; DataForSeoBot/1.0; +https://dataforseo.com/dataforseo-bot)"
65.21.113.253 - - [19/Sep/2026:18:38:22 +0530] "GET /buy.php?category/12_13/1 HTTP/1.1" 200 122578 "-" "Mozilla/5.0 (compatible; AwarioBot/1.0; +https://awario.com/bots.html)"
45.156.129.167 - - [19/Sep/2026:18:38:25 +0530] "GET /index.jsp HTTP/1.1" 404 - "-" "Mozilla/5.0 AppleWebKit/537.36 (KHTML, like Gecko) Chrome/123.0.6312.86 Safari/537.36"
74.7.242.42 - - [19/Sep/2026:18:38:23 +0530] "GET /buy.php?detail/19702076451948 HTTP/2.0" 200 20785 "https://www.llprecharge.in/buy.php?goods/236029444" "Mozilla/5.0 AppleWebKit/537.36 (KHTML, like Gecko; compatible; GPTBot/1.4; +https://openai.com/gptbot)"
74.7.243.193 - - [19/Sep/2026:18:38:23 +0530] "GET /buy.php?detail/07803976873505 HTTP/2.0" 200 20969 "https://llprecharge.in/buy.php?detail/07803813459958" "Mozilla/5.0 AppleWebKit/537.36 (KHTML, like Gecko; compatible; GPTBot/1.4; +https://openai.com/gptbot)"
136.243.228.180 - - [19/Sep/2026:18:38:26 +0530] "GET /buy.php?special/256021518.html HTTP/1.1" 200 20847 "-" "Mozilla/5.0 (compatible; DataForSeoBot/1.0; +https://dataforseo.com/dataforseo-bot)"
74.7.243.193 - - [19/Sep/2026:18:38:28 +0530] "GET /buy.php?detail/07803976206811 HTTP/2.0" 200 23250 "https://llprecharge.in/buy.php?detail/07803813459958" "Mozilla/5.0 AppleWebKit/537.36 (KHTML, like Gecko; compatible; GPTBot/1.4; +https://openai.com/gptbot)"
66.249.66.194 - - [19/Sep/2026:18:38:31 +0530] "GET /?e=v9e2n4d8i0s574529 HTTP/1.1" 200 1838 "-" "Mozilla/5.0 (Linux; Android 6.0.1; Nexus 5X Build/MMB29P) AppleWebKit/537.36 (KHTML, like Gecko) Chrome/153.0.8010.47 Mobile Safari/537.36 (compatible; Googlebot/2.1; +http://www.google.com/bot.html)"
45.156.129.164 - - [19/Sep/2026:18:38:32 +0530] "GET /ext-js/app/common/zld_product_spec.js HTTP/1.1" 404 - "-" "Mozilla/5.0 AppleWebKit/537.36 (KHTML, like Gecko) Chrome/123.0.6312.86 Safari/537.36"
66.249.66.67 - - [19/Sep/2026:18:38:32 +0530] "GET /interfaces/interfaceStore.php?item/5084449980 HTTP/1.1" 404 - "-" "Mozilla/5.0 (Linux; Android 6.0.1; Nexus 5X Build/MMB29P) AppleWebKit/537.36 (KHTML, like Gecko) Chrome/153.0.8010.47 Mobile Safari/537.36 (compatible; Googlebot/2.1; +http://www.google.com/bot.html)"
74.7.242.42 - - [19/Sep/2026:18:38:26 +0530] "GET /buy.php?detail/02400284139210 HTTP/2.0" 200 20071 "https://www.llprecharge.in/buy.php?detail/02400260174168" "Mozilla/5.0 AppleWebKit/537.36 (KHTML, like Gecko; compatible; GPTBot/1.4; +https://openai.com/gptbot)"
65.21.113.253 - - [19/Sep/2026:18:38:27 +0530] "GET /buy.php?category/12_13_14/1 HTTP/1.1" 200 120961 "-" "Mozilla/5.0 (compatible; AwarioBot/1.0; +https://awario.com/bots.html)"
45.156.129.164 - - [19/Sep/2026:18:38:34 +0530] "GET /Web/Auth HTTP/1.1" 404 - "-" "Mozilla/5.0 AppleWebKit/537.36 (KHTML, like Gecko) Chrome/123.0.6312.86 Safari/537.36"
74.7.243.193 - - [19/Sep/2026:18:38:31 +0530] "GET /buy.php?detail/07803974670685 HTTP/2.0" 200 20789 "https://llprecharge.in/buy.php?detail/07803813459958" "Mozilla/5.0 AppleWebKit/537.36 (KHTML, like Gecko; compatible; GPTBot/1.4; +https://openai.com/gptbot)"
136.243.228.180 - - [19/Sep/2026:18:38:31 +0530] "GET /buy.php?jp/256021497.html HTTP/1.1" 200 20608 "-" "Mozilla/5.0 (compatible; DataForSeoBot/1.0; +https://dataforseo.com/dataforseo-bot)"
74.7.242.42 - - [19/Sep/2026:18:38:33 +0530] "GET /buy.php?detail/03603532171991 HTTP/2.0" 200 20222 "https://www.llprecharge.in/buy.php?detail/02400257465510" "Mozilla/5.0 AppleWebKit/537.36 (KHTML, like Gecko; compatible; GPTBot/1.4; +https://openai.com/gptbot)"
74.7.243.193 - - [19/Sep/2026:18:38:34 +0530] "GET /buy.php?detail/21900818015999 HTTP/2.0" 200 21698 "https://llprecharge.in/buy.php?detail/21904292330139" "Mozilla/5.0 AppleWebKit/537.36 (KHTML, like Gecko; compatible; GPTBot/1.4; +https://openai.com/gptbot)"
74.7.242.42 - - [19/Sep/2026:18:38:37 +0530] "GET /buy.php?detail/10603652313988 HTTP/2.0" 200 22429 "https://www.llprecharge.in/buy.php?detail/02400260174168" "Mozilla/5.0 AppleWebKit/537.36 (KHTML, like Gecko; compatible; GPTBot/1.4; +https://openai.com/gptbot)"
74.7.243.193 - - [19/Sep/2026:18:38:37 +0530] "GET /buy.php?detail/23503637951179 HTTP/2.0" 200 20305 "https://llprecharge.in/buy.php?detail/21904292330139" "Mozilla/5.0 AppleWebKit/537.36 (KHTML, like Gecko; compatible; GPTBot/1.4; +https://openai.com/gptbot)"
66.249.66.67 - - [19/Sep/2026:18:38:40 +0530] "GET /?exacination/4370844026 HTTP/1.1" 200 1838 "-" "Mozilla/5.0 (Linux; Android 6.0.1; Nexus 5X Build/MMB29P) AppleWebKit/537.36 (KHTML, like Gecko) Chrome/153.0.8010.47 Mobile Safari/537.36 (compatible; Googlebot/2.1; +http://www.google.com/bot.html)"
136.243.228.180 - - [19/Sep/2026:18:38:37 +0530] "GET /buy.php?category/1476_4400_4401/1 HTTP/1.1" 200 21714 "-" "Mozilla/5.0 (compatible; DataForSeoBot/1.0; +https://dataforseo.com/dataforseo-bot)"
65.21.113.253 - - [19/Sep/2026:18:38:43 +0530] "GET /robots.txt HTTP/1.1" 200 368 "-" "Mozilla/5.0 (compatible; AwarioBot/1.0; +https://awario.com/bots.html)"
74.7.242.42 - - [19/Sep/2026:18:38:40 +0530] "GET /buy.php?jp/118044797.html HTTP/2.0" 200 22672 "https://www.llprecharge.in/buy.php?detail/11804598109837" "Mozilla/5.0 AppleWebKit/537.36 (KHTML, like Gecko; compatible; GPTBot/1.4; +https://openai.com/gptbot)"
74.7.243.193 - - [19/Sep/2026:18:38:41 +0530] "GET /buy.php?detail/21900817587749 HTTP/2.0" 200 21613 "https://llprecharge.in/buy.php?detail/21904292330139" "Mozilla/5.0 AppleWebKit/537.36 (KHTML, like Gecko; compatible; GPTBot/1.4; +https://openai.com/gptbot)"
45.156.129.164 - - [19/Sep/2026:18:38:44 +0530] "GET /sugar_version.json HTTP/1.1" 404 - "-" "Mozilla/5.0 AppleWebKit/537.36 (KHTML, like Gecko) Chrome/123.0.6312.86 Safari/537.36"
74.7.243.193 - - [19/Sep/2026:18:38:44 +0530] "GET /buy.php?detail/17301669639324 HTTP/2.0" 200 20600 "https://llprecharge.in/buy.php?detail/17301650221827" "Mozilla/5.0 AppleWebKit/537.36 (KHTML, like Gecko; compatible; GPTBot/1.4; +https://openai.com/gptbot)"
74.7.242.42 - - [19/Sep/2026:18:38:44 +0530] "GET /buy.php?detail/12801051500410 HTTP/2.0" 200 20736 "https://www.llprecharge.in/buy.php?detail/12801007722584" "Mozilla/5.0 AppleWebKit/537.36 (KHTML, like Gecko; compatible; GPTBot/1.4; +https://openai.com/gptbot)"
65.21.113.253 - - [19/Sep/2026:18:38:44 +0530] "GET /buy.php?category/12_34/1 HTTP/1.1" 200 119330 "-" "Mozilla/5.0 (compatible; AwarioBot/1.0; +https://awario.com/bots.html)"
136.243.228.180 - - [19/Sep/2026:18:38:44 +0530] "GET /buy.php?special/257016117.html HTTP/1.1" 200 22604 "-" "Mozilla/5.0 (compatible; DataForSeoBot/1.0; +https://dataforseo.com/dataforseo-bot)"
74.7.242.42 - - [19/Sep/2026:18:38:47 +0530] "GET /buy.php?detail/06303357006535 HTTP/2.0" 200 23039 "https://www.llprecharge.in/buy.php?detail/11804598109837" "Mozilla/5.0 AppleWebKit/537.36 (KHTML, like Gecko; compatible; GPTBot/1.4; +https://openai.com/gptbot)"
136.243.228.180 - - [19/Sep/2026:18:38:48 +0530] "GET /buy.php?special/256021504.html HTTP/1.1" 200 21108 "-" "Mozilla/5.0 (compatible; DataForSeoBot/1.0; +https://dataforseo.com/dataforseo-bot)"
74.7.242.42 - - [19/Sep/2026:18:38:50 +0530] "GET /buy.php?detail/26704365136964 HTTP/2.0" 200 21561 "https://www.llprecharge.in/buy.php?detail/02400260302306" "Mozilla/5.0 AppleWebKit/537.36 (KHTML, like Gecko; compatible; GPTBot/1.4; +https://openai.com/gptbot)"
65.21.113.253 - - [19/Sep/2026:18:38:49 +0530] "GET /buy.php?category/12_34_35/1 HTTP/1.1" 200 139366 "-" "Mozilla/5.0 (compatible; AwarioBot/1.0; +https://awario.com/bots.html)"
74.7.243.193 - - [19/Sep/2026:18:38:47 +0530] "GET /buy.php?detail/07600049606075 HTTP/2.0" 200 21313 "https://llprecharge.in/buy.php?detail/07600172945969" "Mozilla/5.0 AppleWebKit/537.36 (KHTML, like Gecko; compatible; GPTBot/1.4; +https://openai.com/gptbot)"
136.243.228.180 - - [19/Sep/2026:18:38:52 +0530] "GET /buy.php?special/282040024.html HTTP/1.1" 200 23278 "-" "Mozilla/5.0 (compatible; DataForSeoBot/1.0; +https://dataforseo.com/dataforseo-bot)"
168.119.209.108 - - [19/Sep/2026:18:38:57 +0530] "GET /user/api_balance.php?userid=AU1121&token=dMgDWkPbbsmeca76X0lncsVCYVjIE61Q HTTP/1.1" 500 - "-" "RestSharp/106.13.0.0"
66.249.66.194 - - [19/Sep/2026:18:38:57 +0530] "GET /?e=c2o2u6r5s7e2r70811 HTTP/1.1" 200 1838 "-" "Mozilla/5.0 (Linux; Android 6.0.1; Nexus 5X Build/MMB29P) AppleWebKit/537.36 (KHTML, like Gecko) Chrome/153.0.8010.47 Mobile Safari/537.36 (compatible; Googlebot/2.1; +http://www.google.com/bot.html)"
66.249.66.67 - - [19/Sep/2026:18:38:58 +0530] "GET /?products/detail/34640973 HTTP/1.1" 200 1838 "-" "Mozilla/5.0 (Linux; Android 6.0.1; Nexus 5X Build/MMB29P) AppleWebKit/537.36 (KHTML, like Gecko) Chrome/153.0.8010.47 Mobile Safari/537.36 (compatible; Googlebot/2.1; +http://www.google.com/bot.html)"
74.7.242.42 - - [19/Sep/2026:18:38:53 +0530] "GET /buy.php?detail/10000433838050 HTTP/2.0" 200 20682 "https://www.llprecharge.in/buy.php?detail/02400260302306" "Mozilla/5.0 AppleWebKit/537.36 (KHTML, like Gecko; compatible; GPTBot/1.4; +https://openai.com/gptbot)"
74.7.243.193 - - [19/Sep/2026:18:38:55 +0530] "GET /buy.php?detail/16300879123092 HTTP/2.0" 200 21793 "https://llprecharge.in/buy.php?detail/16303345871175" "Mozilla/5.0 AppleWebKit/537.36 (KHTML, like Gecko; compatible; GPTBot/1.4; +https://openai.com/gptbot)"
66.249.66.33 - - [19/Sep/2026:18:38:59 +0530] "GET /?exsasperated/83294353927 HTTP/1.1" 200 1838 "-" "Mozilla/5.0 (Linux; Android 6.0.1; Nexus 5X Build/MMB29P) AppleWebKit/537.36 (KHTML, like Gecko) Chrome/153.0.8010.47 Mobile Safari/537.36 (compatible; Googlebot/2.1; +http://www.google.com/bot.html)"
45.156.129.164 - - [19/Sep/2026:18:38:59 +0530] "GET /WebInterface/ HTTP/1.1" 404 - "-" "Mozilla/5.0 AppleWebKit/537.36 (KHTML, like Gecko) Chrome/123.0.6312.86 Safari/537.36"
66.249.66.195 - - [19/Sep/2026:18:38:59 +0530] "GET /?untreasure/2833938973 HTTP/1.1" 200 1838 "-" "Mozilla/5.0 (Linux; Android 6.0.1; Nexus 5X Build/MMB29P) AppleWebKit/537.36 (KHTML, like Gecko) Chrome/153.0.8010.47 Mobile Safari/537.36 (compatible; Googlebot/2.1; +http://www.google.com/bot.html)"
66.249.66.194 - - [19/Sep/2026:18:39:00 +0530] "GET /index.php?e=i4n3s5e9p1a6r2a5t7e4ly HTTP/1.1" 404 20 "-" "Mozilla/5.0 (Linux; Android 6.0.1; Nexus 5X Build/MMB29P) AppleWebKit/537.36 (KHTML, like Gecko) Chrome/153.0.8010.47 Mobile Safari/537.36 (compatible; Googlebot/2.1; +http://www.google.com/bot.html)"
66.249.66.195 - - [19/Sep/2026:18:39:00 +0530] "GET /?boatmen/9747554081 HTTP/1.1" 200 1838 "-" "Mozilla/5.0 (Linux; Android 6.0.1; Nexus 5X Build/MMB29P) AppleWebKit/537.36 (KHTML, like Gecko) Chrome/153.0.8010.47 Mobile Safari/537.36 (compatible; Googlebot/2.1; +http://www.google.com/bot.html)"
66.249.66.194 - - [19/Sep/2026:18:39:01 +0530] "GET /index.php?item/3085618115 HTTP/1.1" 404 20 "-" "Mozilla/5.0 (Linux; Android 6.0.1; Nexus 5X Build/MMB29P) AppleWebKit/537.36 (KHTML, like Gecko) Chrome/153.0.8010.47 Mobile Safari/537.36 (compatible; Googlebot/2.1; +http://www.google.com/bot.html)"
66.249.66.195 - - [19/Sep/2026:18:39:02 +0530] "GET /?e=m0i3n7u1t9i8n1g3821 HTTP/1.1" 200 1838 "-" "Mozilla/5.0 (Linux; Android 6.0.1; Nexus 5X Build/MMB29P) AppleWebKit/537.36 (KHTML, like Gecko) Chrome/153.0.8010.47 Mobile Safari/537.36 (compatible; Googlebot/2.1; +http://www.google.com/bot.html)"
74.7.243.193 - - [19/Sep/2026:18:38:59 +0530] "GET /buy.php?detail/25801664949726 HTTP/2.0" 200 21565 "https://llprecharge.in/buy.php?detail/16301060357390" "Mozilla/5.0 AppleWebKit/537.36 (KHTML, like Gecko; compatible; GPTBot/1.4; +https://openai.com/gptbot)"
136.243.228.180 - - [19/Sep/2026:18:38:59 +0530] "GET /buy.php?special/024017324.html HTTP/1.1" 200 20474 "-" "Mozilla/5.0 (compatible; DataForSeoBot/1.0; +https://dataforseo.com/dataforseo-bot)"
66.249.66.195 - - [19/Sep/2026:18:39:02 +0530] "GET /?e=d4e1g3u2m291502 HTTP/1.1" 200 1838 "-" "Mozilla/5.0 (Linux; Android 6.0.1; Nexus 5X Build/MMB29P) AppleWebKit/537.36 (KHTML, like Gecko) Chrome/153.0.8010.47 Mobile Safari/537.36 (compatible; Googlebot/2.1; +http://www.google.com/bot.html)"
66.249.66.194 - - [19/Sep/2026:18:39:03 +0530] "GET /index.php?item/5086423240 HTTP/1.1" 404 20 "-" "Mozilla/5.0 (Linux; Android 6.0.1; Nexus 5X Build/MMB29P) AppleWebKit/537.36 (KHTML, like Gecko) Chrome/153.0.8010.47 Mobile Safari/537.36 (compatible; Googlebot/2.1; +http://www.google.com/bot.html)"
74.7.242.42 - - [19/Sep/2026:18:38:58 +0530] "GET /buy.php?detail/28202667797847 HTTP/2.0" 200 20601 "https://www.llprecharge.in/buy.php?detail/28203689979216" "Mozilla/5.0 AppleWebKit/537.36 (KHTML, like Gecko; compatible; GPTBot/1.4; +https://openai.com/gptbot)"
65.21.113.253 - - [19/Sep/2026:18:39:02 +0530] "GET /buy.php?category/12_504/1 HTTP/1.1" 200 134578 "-" "Mozilla/5.0 (compatible; AwarioBot/1.0; +https://awario.com/bots.html)"
74.7.243.193 - - [19/Sep/2026:18:39:02 +0530] "GET /buy.php?detail/17602502383314 HTTP/2.0" 200 20416 "https://llprecharge.in/buy.php?detail/17602506071208" "Mozilla/5.0 AppleWebKit/537.36 (KHTML, like Gecko; compatible; GPTBot/1.4; +https://openai.com/gptbot)"
136.243.228.180 - - [19/Sep/2026:18:39:04 +0530] "GET /buy.php?special/282040030.html HTTP/1.1" 200 24067 "-" "Mozilla/5.0 (compatible; DataForSeoBot/1.0; +https://dataforseo.com/dataforseo-bot)"
66.249.66.195 - - [19/Sep/2026:18:39:10 +0530] "GET /?e=w3o2r3t8h9l0e2s9s238 HTTP/1.1" 200 1838 "-" "Mozilla/5.0 (Linux; Android 6.0.1; Nexus 5X Build/MMB29P) AppleWebKit/537.36 (KHTML, like Gecko) Chrome/153.0.8010.47 Mobile Safari/537.36 (compatible; Googlebot/2.1; +http://www.google.com/bot.html)"
74.7.242.42 - - [19/Sep/2026:18:39:04 +0530] "GET /buy.php?detail/03703673788562 HTTP/2.0" 200 20393 "https://www.llprecharge.in/buy.php?detail/28203689979216" "Mozilla/5.0 AppleWebKit/537.36 (KHTML, like Gecko; compatible; GPTBot/1.4; +https://openai.com/gptbot)"
66.249.66.67 - - [19/Sep/2026:18:39:10 +0530] "GET /?e=l7o2w5i9s3h130581 HTTP/1.1" 200 1838 "-" "Mozilla/5.0 (Linux; Android 6.0.1; Nexus 5X Build/MMB29P) AppleWebKit/537.36 (KHTML, like Gecko) Chrome/153.0.8010.47 Mobile Safari/537.36 (compatible; Googlebot/2.1; +http://www.google.com/bot.html)"
65.21.113.253 - - [19/Sep/2026:18:39:08 +0530] "GET /buy.php?category/12_504_1275/1 HTTP/1.1" 200 169611 "-" "Mozilla/5.0 (compatible; AwarioBot/1.0; +https://awario.com/bots.html)"
74.7.243.193 - - [19/Sep/2026:18:39:06 +0530] "GET /buy.php?detail/21003712165943 HTTP/2.0" 200 20684 "https://llprecharge.in/buy.php?goods/163018146" "Mozilla/5.0 AppleWebKit/537.36 (KHTML, like Gecko; compatible; GPTBot/1.4; +https://openai.com/gptbot)"
74.7.242.42 - - [19/Sep/2026:18:39:10 +0530] "GET /buy.php?detail/18203107441447 HTTP/2.0" 200 19771 "https://www.llprecharge.in/buy.php?detail/02400260302306" "Mozilla/5.0 AppleWebKit/537.36 (KHTML, like Gecko; compatible; GPTBot/1.4; +https://openai.com/gptbot)"
136.243.228.180 - - [19/Sep/2026:18:39:08 +0530] "GET /buy.php?category/738_3373_3374/1 HTTP/1.1" 200 21489 "-" "Mozilla/5.0 (compatible; DataForSeoBot/1.0; +https://dataforseo.com/dataforseo-bot)"
74.7.243.193 - - [19/Sep/2026:18:39:13 +0530] "GET /buy.php?detail/07803982029291 HTTP/2.0" 200 21105 "https://llprecharge.in/buy.php?detail/07803976206811" "Mozilla/5.0 AppleWebKit/537.36 (KHTML, like Gecko; compatible; GPTBot/1.4; +https://openai.com/gptbot)"
74.7.242.42 - - [19/Sep/2026:18:39:13 +0530] "GET /buy.php?detail/02400251229989 HTTP/2.0" 200 20349 "https://www.llprecharge.in/buy.php?detail/02400260302306" "Mozilla/5.0 AppleWebKit/537.36 (KHTML, like Gecko; compatible; GPTBot/1.4; +https://openai.com/gptbot)"
74.7.242.42 - - [19/Sep/2026:18:39:16 +0530] "GET /buy.php?detail/15604049728656 HTTP/2.0" 200 21001 "https://www.llprecharge.in/buy.php?detail/15603555336154" "Mozilla/5.0 AppleWebKit/537.36 (KHTML, like Gecko; compatible; GPTBot/1.4; +https://openai.com/gptbot)"
74.7.243.193 - - [19/Sep/2026:18:39:16 +0530] "GET /buy.php?detail/17602502693846 HTTP/2.0" 200 20176 "https://llprecharge.in/buy.php?detail/17602506071208" "Mozilla/5.0 AppleWebKit/537.36 (KHTML, like Gecko; compatible; GPTBot/1.4; +https://openai.com/gptbot)"
136.243.228.180 - - [19/Sep/2026:18:39:15 +0530] "GET /buy.php?special/282040050.html HTTP/1.1" 200 24797 "-" "Mozilla/5.0 (compatible; DataForSeoBot/1.0; +https://dataforseo.com/dataforseo-bot)"
66.249.66.67 - - [19/Sep/2026:18:39:18 +0530] "GET /shops/patagonicus/a8l1b9i9n9o4t9i5c792 HTTP/1.1" 404 - "-" "Mozilla/5.0 (Linux; Android 6.0.1; Nexus 5X Build/MMB29P) AppleWebKit/537.36 (KHTML, like Gecko) Chrome/153.0.8010.47 Mobile Safari/537.36 (compatible; Googlebot/2.1; +http://www.google.com/bot.html)"
74.7.242.42 - - [19/Sep/2026:18:39:18 +0530] "GET /buy.php?detail/15001239649764 HTTP/2.0" 200 20604 "https://www.llprecharge.in/buy.php?detail/10204572525425" "Mozilla/5.0 AppleWebKit/537.36 (KHTML, like Gecko; compatible; GPTBot/1.4; +https://openai.com/gptbot)"
74.7.243.193 - - [19/Sep/2026:18:39:18 +0530] "GET /buy.php?detail/10501001204597 HTTP/2.0" 200 20899 "https://llprecharge.in/buy.php?detail/21900818015999" "Mozilla/5.0 AppleWebKit/537.36 (KHTML, like Gecko; compatible; GPTBot/1.4; +https://openai.com/gptbot)"
45.156.129.164 - - [19/Sep/2026:18:39:20 +0530] "GET /identity/jsLibs/IdmBrandingBar.js HTTP/1.1" 404 - "-" "Mozilla/5.0 AppleWebKit/537.36 (KHTML, like Gecko) Chrome/123.0.6312.86 Safari/537.36"
136.243.228.180 - - [19/Sep/2026:18:39:19 +0530] "GET /buy.php?special/140000876.html HTTP/1.1" 200 21657 "-" "Mozilla/5.0 (compatible; DataForSeoBot/1.0; +https://dataforseo.com/dataforseo-bot)"
74.7.242.42 - - [19/Sep/2026:18:39:20 +0530] "GET /buy.php?detail/15304718212012 HTTP/2.0" 200 21760 "https://www.llprecharge.in/buy.php?jp/118044797.html" "Mozilla/5.0 AppleWebKit/537.36 (KHTML, like Gecko; compatible; GPTBot/1.4; +https://openai.com/gptbot)"
74.7.243.193 - - [19/Sep/2026:18:39:21 +0530] "GET /buy.php?detail/18304226833571 HTTP/2.0" 200 23291 "https://llprecharge.in/buy.php?detail/18304024984828" "Mozilla/5.0 AppleWebKit/537.36 (KHTML, like Gecko; compatible; GPTBot/1.4; +https://openai.com/gptbot)"
