74.7.243.193 - - [19/Sep/2026:18:22:42 +0530] "GET /buy.php?detail/20602890839168 HTTP/2.0" 200 20840 "https://llprecharge.in/buy.php?detail/06402446791916" "Mozilla/5.0 AppleWebKit/537.36 (KHTML, like Gecko; compatible; GPTBot/1.4; +https://openai.com/gptbot)"
74.7.242.42 - - [19/Sep/2026:18:22:43 +0530] "GET /buy.php?detail/27502358885132 HTTP/2.0" 200 20400 "https://www.llprecharge.in/buy.php?jp/275023588.html" "Mozilla/5.0 AppleWebKit/537.36 (KHTML, like Gecko; compatible; GPTBot/1.4; +https://openai.com/gptbot)"
74.7.243.193 - - [19/Sep/2026:18:22:44 +0530] "GET /buy.php?detail/23200043431689 HTTP/2.0" 200 21170 "https://llprecharge.in/buy.php?detail/23200184806018" "Mozilla/5.0 AppleWebKit/537.36 (KHTML, like Gecko; compatible; GPTBot/1.4; +https://openai.com/gptbot)"
66.249.66.194 - - [19/Sep/2026:18:22:47 +0530] "GET /?weald/91581626731 HTTP/1.1" 200 1838 "-" "Mozilla/5.0 (Linux; Android 6.0.1; Nexus 5X Build/MMB29P) AppleWebKit/537.36 (KHTML, like Gecko) Chrome/153.0.8010.47 Mobile Safari/537.36 (compatible; Googlebot/2.1; +http://www.google.com/bot.html)"
66.249.66.33 - - [19/Sep/2026:18:22:48 +0530] "GET /?e=v4i2r5i4d5i6s7s2i5ma HTTP/1.1" 200 1838 "-" "Mozilla/5.0 (Linux; Android 6.0.1; Nexus 5X Build/MMB29P) AppleWebKit/537.36 (KHTML, like Gecko) Chrome/153.0.8010.47 Mobile Safari/537.36 (compatible; Googlebot/2.1; +http://www.google.com/bot.html)"
136.243.228.180 - - [19/Sep/2026:18:22:46 +0530] "GET /buy.php?special/286007254.html HTTP/1.1" 200 21001 "-" "Mozilla/5.0 (compatible; DataForSeoBot/1.0; +https://dataforseo.com/dataforseo-bot)"
74.7.242.42 - - [19/Sep/2026:18:22:46 +0530] "GET /buy.php?detail/07600793218171 HTTP/2.0" 200 22673 "https://www.llprecharge.in/buy.php?detail/07600304286391" "Mozilla/5.0 AppleWebKit/537.36 (KHTML, like Gecko; compatible; GPTBot/1.4; +https://openai.com/gptbot)"
66.249.66.194 - - [19/Sep/2026:18:22:48 +0530] "GET /shops/entoil/r9e2n5t9a8g1e06698 HTTP/1.1" 404 - "-" "Mozilla/5.0 (Linux; Android 6.0.1; Nexus 5X Build/MMB29P) AppleWebKit/537.36 (KHTML, like Gecko) Chrome/153.0.8010.47 Mobile Safari/537.36 (compatible; Googlebot/2.1; +http://www.google.com/bot.html)"
74.7.243.193 - - [19/Sep/2026:18:22:46 +0530] "GET /buy.php?detail/29701220812039 HTTP/2.0" 200 22908 "https://llprecharge.in/buy.php?detail/23200184806018" "Mozilla/5.0 AppleWebKit/537.36 (KHTML, like Gecko; compatible; GPTBot/1.4; +https://openai.com/gptbot)"
66.249.66.67 - - [19/Sep/2026:18:22:49 +0530] "GET /?e=h3a4t0e8m9o9n9g3e9r53 HTTP/1.1" 200 1838 "-" "Mozilla/5.0 (Linux; Android 6.0.1; Nexus 5X Build/MMB29P) AppleWebKit/537.36 (KHTML, like Gecko) Chrome/153.0.8010.47 Mobile Safari/537.36 (compatible; Googlebot/2.1; +http://www.google.com/bot.html)"
66.249.66.67 - - [19/Sep/2026:18:22:49 +0530] "GET /?e=v9a1r4i9e4s728560 HTTP/1.1" 200 1838 "-" "Mozilla/5.0 (Linux; Android 6.0.1; Nexus 5X Build/MMB29P) AppleWebKit/537.36 (KHTML, like Gecko) Chrome/153.0.8010.47 Mobile Safari/537.36 (compatible; Googlebot/2.1; +http://www.google.com/bot.html)"
66.249.66.67 - - [19/Sep/2026:18:22:50 +0530] "GET /?e=f4i5e0r2c0e0r0924 HTTP/1.1" 200 1838 "-" "Mozilla/5.0 (Linux; Android 6.0.1; Nexus 5X Build/MMB29P) AppleWebKit/537.36 (KHTML, like Gecko) Chrome/153.0.8010.47 Mobile Safari/537.36 (compatible; Googlebot/2.1; +http://www.google.com/bot.html)"
74.7.242.42 - - [19/Sep/2026:18:22:48 +0530] "GET /buy.php?detail/27502381984922 HTTP/2.0" 200 20496 "https://www.llprecharge.in/buy.php?jp/275023588.html" "Mozilla/5.0 AppleWebKit/537.36 (KHTML, like Gecko; compatible; GPTBot/1.4; +https://openai.com/gptbot)"
74.7.243.193 - - [19/Sep/2026:18:22:49 +0530] "GET /buy.php?detail/23200185812652 HTTP/2.0" 200 22073 "https://llprecharge.in/buy.php?detail/23200824633458" "Mozilla/5.0 AppleWebKit/537.36 (KHTML, like Gecko; compatible; GPTBot/1.4; +https://openai.com/gptbot)"
66.249.66.67 - - [19/Sep/2026:18:22:51 +0530] "GET /?e=p5a3r7f5i6t0l7y1501 HTTP/1.1" 200 1838 "-" "Mozilla/5.0 (Linux; Android 6.0.1; Nexus 5X Build/MMB29P) AppleWebKit/537.36 (KHTML, like Gecko) Chrome/153.0.8010.47 Mobile Safari/537.36 (compatible; Googlebot/2.1; +http://www.google.com/bot.html)"
136.243.228.180 - - [19/Sep/2026:18:22:49 +0530] "GET /buy.php?special/194033396.html HTTP/1.1" 200 20437 "-" "Mozilla/5.0 (compatible; DataForSeoBot/1.0; +https://dataforseo.com/dataforseo-bot)"
66.249.66.33 - - [19/Sep/2026:18:22:52 +0530] "GET /?verse/62442956549 HTTP/1.1" 200 1838 "-" "Mozilla/5.0 (Linux; Android 6.0.1; Nexus 5X Build/MMB29P) AppleWebKit/537.36 (KHTML, like Gecko) Chrome/153.0.8010.47 Mobile Safari/537.36 (compatible; Googlebot/2.1; +http://www.google.com/bot.html)"
74.7.242.42 - - [19/Sep/2026:18:22:51 +0530] "GET /buy.php?detail/24704170338507 HTTP/2.0" 200 19940 "https://www.llprecharge.in/buy.php?detail/09700281077481" "Mozilla/5.0 AppleWebKit/537.36 (KHTML, like Gecko; compatible; GPTBot/1.4; +https://openai.com/gptbot)"
74.7.243.193 - - [19/Sep/2026:18:22:51 +0530] "GET /buy.php?detail/03803141052968 HTTP/2.0" 200 21255 "https://llprecharge.in/buy.php?detail/03803822023903" "Mozilla/5.0 AppleWebKit/537.36 (KHTML, like Gecko; compatible; GPTBot/1.4; +https://openai.com/gptbot)"
136.243.228.180 - - [19/Sep/2026:18:22:53 +0530] "GET /buy.php?jp/286007250.html HTTP/1.1" 200 21817 "-" "Mozilla/5.0 (compatible; DataForSeoBot/1.0; +https://dataforseo.com/dataforseo-bot)"
74.7.242.42 - - [19/Sep/2026:18:22:53 +0530] "GET /buy.php?detail/05600280325289 HTTP/2.0" 200 20534 "https://www.llprecharge.in/buy.php?detail/05600300849819" "Mozilla/5.0 AppleWebKit/537.36 (KHTML, like Gecko; compatible; GPTBot/1.4; +https://openai.com/gptbot)"
74.7.243.193 - - [19/Sep/2026:18:22:54 +0530] "GET /buy.php?detail/01904423336083 HTTP/2.0" 200 20086 "https://llprecharge.in/buy.php?detail/22800762338824" "Mozilla/5.0 AppleWebKit/537.36 (KHTML, like Gecko; compatible; GPTBot/1.4; +https://openai.com/gptbot)"
74.7.242.42 - - [19/Sep/2026:18:22:56 +0530] "GET /buy.php?detail/16901212617801 HTTP/2.0" 200 22700 "https://www.llprecharge.in/buy.php?detail/16901209032679" "Mozilla/5.0 AppleWebKit/537.36 (KHTML, like Gecko; compatible; GPTBot/1.4; +https://openai.com/gptbot)"
74.7.243.193 - - [19/Sep/2026:18:22:56 +0530] "GET /buy.php?detail/22800680576922 HTTP/2.0" 200 21044 "https://llprecharge.in/buy.php?detail/22800762338824" "Mozilla/5.0 AppleWebKit/537.36 (KHTML, like Gecko; compatible; GPTBot/1.4; +https://openai.com/gptbot)"
136.243.228.180 - - [19/Sep/2026:18:22:57 +0530] "GET /buy.php?jp/286007247.html HTTP/1.1" 200 21408 "-" "Mozilla/5.0 (compatible; DataForSeoBot/1.0; +https://dataforseo.com/dataforseo-bot)"
74.7.242.42 - - [19/Sep/2026:18:22:59 +0530] "GET /buy.php?detail/25602468698368 HTTP/2.0" 200 20562 "https://www.llprecharge.in/buy.php?detail/05600300849819" "Mozilla/5.0 AppleWebKit/537.36 (KHTML, like Gecko; compatible; GPTBot/1.4; +https://openai.com/gptbot)"
66.249.66.68 - - [19/Sep/2026:18:23:01 +0530] "GET /?e=s7u3b1n4o8t7a7t7i2o4n5 HTTP/1.1" 200 1838 "-" "Mozilla/5.0 (Linux; Android 6.0.1; Nexus 5X Build/MMB29P) AppleWebKit/537.36 (KHTML, like Gecko) Chrome/153.0.8010.47 Mobile Safari/537.36 (compatible; Googlebot/2.1; +http://www.google.com/bot.html)"
74.7.242.42 - - [19/Sep/2026:18:23:01 +0530] "GET /buy.php?detail/14303600559387 HTTP/2.0" 200 20236 "https://www.llprecharge.in/buy.php?detail/05600300849819" "Mozilla/5.0 AppleWebKit/537.36 (KHTML, like Gecko; compatible; GPTBot/1.4; +https://openai.com/gptbot)"
136.243.228.180 - - [19/Sep/2026:18:23:01 +0530] "GET /buy.php?special/082018784.html HTTP/1.1" 200 20144 "-" "Mozilla/5.0 (compatible; DataForSeoBot/1.0; +https://dataforseo.com/dataforseo-bot)"
74.7.243.193 - - [19/Sep/2026:18:22:59 +0530] "GET /buy.php?detail/19301414775075 HTTP/2.0" 200 21919 "https://llprecharge.in/buy.php?detail/19301093705317" "Mozilla/5.0 AppleWebKit/537.36 (KHTML, like Gecko; compatible; GPTBot/1.4; +https://openai.com/gptbot)"
74.7.242.42 - - [19/Sep/2026:18:23:03 +0530] "GET /buy.php?jp/275020157.html HTTP/2.0" 200 21616 "https://www.llprecharge.in/buy.php?detail/27501842201748" "Mozilla/5.0 AppleWebKit/537.36 (KHTML, like Gecko; compatible; GPTBot/1.4; +https://openai.com/gptbot)"
74.7.243.193 - - [19/Sep/2026:18:23:04 +0530] "GET /buy.php?detail/22800683984066 HTTP/2.0" 200 21925 "https://llprecharge.in/buy.php?detail/22800762338824" "Mozilla/5.0 AppleWebKit/537.36 (KHTML, like Gecko; compatible; GPTBot/1.4; +https://openai.com/gptbot)"
74.7.242.42 - - [19/Sep/2026:18:23:05 +0530] "GET /buy.php?detail/10002294979477 HTTP/2.0" 200 21588 "https://www.llprecharge.in/buy.php?detail/22600648424358" "Mozilla/5.0 AppleWebKit/537.36 (KHTML, like Gecko; compatible; GPTBot/1.4; +https://openai.com/gptbot)"
136.243.228.180 - - [19/Sep/2026:18:23:05 +0530] "GET /buy.php?special/286007262.html HTTP/1.1" 200 22089 "-" "Mozilla/5.0 (compatible; DataForSeoBot/1.0; +https://dataforseo.com/dataforseo-bot)"
74.7.243.193 - - [19/Sep/2026:18:23:07 +0530] "GET /buy.php?detail/03804059529549 HTTP/2.0" 200 20897 "https://llprecharge.in/buy.php?detail/03803138292262" "Mozilla/5.0 AppleWebKit/537.36 (KHTML, like Gecko; compatible; GPTBot/1.4; +https://openai.com/gptbot)"
74.7.242.42 - - [19/Sep/2026:18:23:08 +0530] "GET /buy.php?detail/22600200736876 HTTP/2.0" 200 20757 "https://www.llprecharge.in/buy.php?detail/22600648424358" "Mozilla/5.0 AppleWebKit/537.36 (KHTML, like Gecko; compatible; GPTBot/1.4; +https://openai.com/gptbot)"
74.7.242.42 - - [19/Sep/2026:18:23:10 +0530] "GET /buy.php?goods/275023873 HTTP/2.0" 200 20511 "https://www.llprecharge.in/buy.php?detail/27502358885132" "Mozilla/5.0 AppleWebKit/537.36 (KHTML, like Gecko; compatible; GPTBot/1.4; +https://openai.com/gptbot)"
136.243.228.180 - - [19/Sep/2026:18:23:11 +0530] "GET /buy.php?special/286007266.html HTTP/1.1" 200 21047 "-" "Mozilla/5.0 (compatible; DataForSeoBot/1.0; +https://dataforseo.com/dataforseo-bot)"
74.7.243.193 - - [19/Sep/2026:18:23:09 +0530] "GET /buy.php?detail/03803322432855 HTTP/2.0" 200 21345 "https://llprecharge.in/buy.php?detail/03803137204816" "Mozilla/5.0 AppleWebKit/537.36 (KHTML, like Gecko; compatible; GPTBot/1.4; +https://openai.com/gptbot)"
74.7.242.42 - - [19/Sep/2026:18:23:13 +0530] "GET /buy.php?jp/275023867.html HTTP/2.0" 200 20624 "https://www.llprecharge.in/buy.php?detail/27502358885132" "Mozilla/5.0 AppleWebKit/537.36 (KHTML, like Gecko; compatible; GPTBot/1.4; +https://openai.com/gptbot)"
74.7.243.193 - - [19/Sep/2026:18:23:14 +0530] "GET /buy.php?detail/20602952518518 HTTP/2.0" 200 21042 "https://llprecharge.in/buy.php?detail/20602890839168" "Mozilla/5.0 AppleWebKit/537.36 (KHTML, like Gecko; compatible; GPTBot/1.4; +https://openai.com/gptbot)"
136.243.228.180 - - [19/Sep/2026:18:23:14 +0530] "GET /buy.php?special/238038202.html HTTP/1.1" 200 19967 "-" "Mozilla/5.0 (compatible; DataForSeoBot/1.0; +https://dataforseo.com/dataforseo-bot)"
66.249.66.195 - - [19/Sep/2026:18:23:17 +0530] "GET /?e=p7a1g7e3h4o8o0d2990 HTTP/1.1" 200 1838 "-" "Mozilla/5.0 (Linux; Android 6.0.1; Nexus 5X Build/MMB29P) AppleWebKit/537.36 (KHTML, like Gecko) Chrome/153.0.8010.47 Mobile Safari/537.36 (compatible; Googlebot/2.1; +http://www.google.com/bot.html)"
74.7.242.42 - - [19/Sep/2026:18:23:15 +0530] "GET /buy.php?detail/27502016627424 HTTP/2.0" 200 20442 "https://www.llprecharge.in/buy.php?detail/27501842201748" "Mozilla/5.0 AppleWebKit/537.36 (KHTML, like Gecko; compatible; GPTBot/1.4; +https://openai.com/gptbot)"
74.7.243.193 - - [19/Sep/2026:18:23:16 +0530] "GET /buy.php?detail/05602753140180 HTTP/2.0" 200 19811 "https://llprecharge.in/buy.php?detail/20602890839168" "Mozilla/5.0 AppleWebKit/537.36 (KHTML, like Gecko; compatible; GPTBot/1.4; +https://openai.com/gptbot)"
168.119.209.108 - - [19/Sep/2026:18:23:18 +0530] "GET /user/api_balance.php?userid=AU1121&token=dMgDWkPbbsmeca76X0lncsVCYVjIE61Q HTTP/1.1" 500 - "-" "RestSharp/106.13.0.0"
66.249.66.195 - - [19/Sep/2026:18:23:19 +0530] "GET /shops/appointive/h9u3m8a1r5e857056 HTTP/1.1" 404 - "-" "Mozilla/5.0 (Linux; Android 6.0.1; Nexus 5X Build/MMB29P) AppleWebKit/537.36 (KHTML, like Gecko) Chrome/153.0.8010.47 Mobile Safari/537.36 (compatible; Googlebot/2.1; +http://www.google.com/bot.html)"
74.7.242.42 - - [19/Sep/2026:18:23:18 +0530] "GET /buy.php?detail/22600200108935 HTTP/2.0" 200 21065 "https://www.llprecharge.in/buy.php?detail/22600648424358" "Mozilla/5.0 AppleWebKit/537.36 (KHTML, like Gecko; compatible; GPTBot/1.4; +https://openai.com/gptbot)"
136.243.228.180 - - [19/Sep/2026:18:23:18 +0530] "GET /buy.php?special/127044367.html HTTP/1.1" 200 21852 "-" "Mozilla/5.0 (compatible; DataForSeoBot/1.0; +https://dataforseo.com/dataforseo-bot)"
74.7.243.193 - - [19/Sep/2026:18:23:19 +0530] "GET /buy.php?detail/29701232436431 HTTP/2.0" 200 21701 "https://llprecharge.in/buy.php?detail/29701220812039" "Mozilla/5.0 AppleWebKit/537.36 (KHTML, like Gecko; compatible; GPTBot/1.4; +https://openai.com/gptbot)"
65.21.113.253 - - [19/Sep/2026:18:23:19 +0530] "GET /buy.php?category/113_2040/1 HTTP/1.1" 200 151849 "-" "Mozilla/5.0 (compatible; AwarioBot/1.0; +https://awario.com/bots.html)"
74.7.242.42 - - [19/Sep/2026:18:23:20 +0530] "GET /buy.php?detail/27502349027441 HTTP/2.0" 200 20540 "https://www.llprecharge.in/buy.php?detail/27502381984922" "Mozilla/5.0 AppleWebKit/537.36 (KHTML, like Gecko; compatible; GPTBot/1.4; +https://openai.com/gptbot)"
66.249.66.33 - - [19/Sep/2026:18:23:23 +0530] "GET /?e=a9m1b8i0g4u5i6t6y130 HTTP/1.1" 200 1838 "-" "Mozilla/5.0 (Linux; Android 6.0.1; Nexus 5X Build/MMB29P) AppleWebKit/537.36 (KHTML, like Gecko) Chrome/153.0.8010.47 Mobile Safari/537.36 (compatible; Googlebot/2.1; +http://www.google.com/bot.html)"
74.7.243.193 - - [19/Sep/2026:18:23:21 +0530] "GET /buy.php?detail/23202961278783 HTTP/2.0" 200 20772 "https://llprecharge.in/buy.php?detail/23200185812652" "Mozilla/5.0 AppleWebKit/537.36 (KHTML, like Gecko; compatible; GPTBot/1.4; +https://openai.com/gptbot)"
136.243.228.180 - - [19/Sep/2026:18:23:22 +0530] "GET /buy.php?special/003032541.html HTTP/1.1" 200 20969 "-" "Mozilla/5.0 (compatible; DataForSeoBot/1.0; +https://dataforseo.com/dataforseo-bot)"
74.7.242.42 - - [19/Sep/2026:18:23:22 +0530] "GET /buy.php?detail/00601028328076 HTTP/2.0" 200 20751 "https://www.llprecharge.in/buy.php?detail/16901212617801" "Mozilla/5.0 AppleWebKit/537.36 (KHTML, like Gecko; compatible; GPTBot/1.4; +https://openai.com/gptbot)"
74.7.243.193 - - [19/Sep/2026:18:23:24 +0530] "GET /buy.php?detail/03803420543355 HTTP/2.0" 200 21268 "https://llprecharge.in/buy.php?detail/03803141052968" "Mozilla/5.0 AppleWebKit/537.36 (KHTML, like Gecko; compatible; GPTBot/1.4; +https://openai.com/gptbot)"
66.249.66.33 - - [19/Sep/2026:18:23:27 +0530] "GET /?hydrogenize/51646405895 HTTP/1.1" 200 1838 "-" "Mozilla/5.0 (Linux; Android 6.0.1; Nexus 5X Build/MMB29P) AppleWebKit/537.36 (KHTML, like Gecko) Chrome/153.0.8010.47 Mobile Safari/537.36 (compatible; Googlebot/2.1; +http://www.google.com/bot.html)"
65.21.113.253 - - [19/Sep/2026:18:23:26 +0530] "GET /buy.php?category/113_3050/1 HTTP/1.1" 200 129794 "-" "Mozilla/5.0 (compatible; AwarioBot/1.0; +https://awario.com/bots.html)"
136.243.228.180 - - [19/Sep/2026:18:23:27 +0530] "GET /buy.php?special/187048053.html HTTP/1.1" 200 20788 "-" "Mozilla/5.0 (compatible; DataForSeoBot/1.0; +https://dataforseo.com/dataforseo-bot)"
74.7.243.193 - - [19/Sep/2026:18:23:27 +0530] "GET /buy.php?detail/29701234025760 HTTP/2.0" 200 21499 "https://llprecharge.in/buy.php?detail/29701220812039" "Mozilla/5.0 AppleWebKit/537.36 (KHTML, like Gecko; compatible; GPTBot/1.4; +https://openai.com/gptbot)"
74.7.242.42 - - [19/Sep/2026:18:23:25 +0530] "GET /buy.php?detail/24200621600607 HTTP/2.0" 200 21429 "https://www.llprecharge.in/buy.php?detail/07600793218171" "Mozilla/5.0 AppleWebKit/537.36 (KHTML, like Gecko; compatible; GPTBot/1.4; +https://openai.com/gptbot)"
74.7.243.193 - - [19/Sep/2026:18:23:29 +0530] "GET /buy.php?detail/19301416294060 HTTP/2.0" 200 22094 "https://llprecharge.in/buy.php?detail/19301093705317" "Mozilla/5.0 AppleWebKit/537.36 (KHTML, like Gecko; compatible; GPTBot/1.4; +https://openai.com/gptbot)"
66.249.66.67 - - [19/Sep/2026:18:23:31 +0530] "GET /?e=c8e1r6v2i0d920213 HTTP/1.1" 200 1838 "-" "Mozilla/5.0 (Linux; Android 6.0.1; Nexus 5X Build/MMB29P) AppleWebKit/537.36 (KHTML, like Gecko) Chrome/153.0.8010.47 Mobile Safari/537.36 (compatible; Googlebot/2.1; +http://www.google.com/bot.html)"
74.7.242.42 - - [19/Sep/2026:18:23:30 +0530] "GET /buy.php?detail/14303727632373 HTTP/2.0" 200 20193 "https://www.llprecharge.in/buy.php?detail/14303600559387" "Mozilla/5.0 AppleWebKit/537.36 (KHTML, like Gecko; compatible; GPTBot/1.4; +https://openai.com/gptbot)"
66.249.66.67 - - [19/Sep/2026:18:23:32 +0530] "GET /?e=z7a2i9m2e7t684209 HTTP/1.1" 200 1838 "-" "Mozilla/5.0 (Linux; Android 6.0.1; Nexus 5X Build/MMB29P) AppleWebKit/537.36 (KHTML, like Gecko) Chrome/153.0.8010.47 Mobile Safari/537.36 (compatible; Googlebot/2.1; +http://www.google.com/bot.html)"
136.243.228.180 - - [19/Sep/2026:18:23:31 +0530] "GET /buy.php?special/274038086.html HTTP/1.1" 200 22095 "-" "Mozilla/5.0 (compatible; DataForSeoBot/1.0; +https://dataforseo.com/dataforseo-bot)"
66.249.66.194 - - [19/Sep/2026:18:23:33 +0530] "GET /cgi-bin.php?item/4085312974 HTTP/1.1" 404 20 "-" "Mozilla/5.0 (Linux; Android 6.0.1; Nexus 5X Build/MMB29P) AppleWebKit/537.36 (KHTML, like Gecko) Chrome/153.0.8010.47 Mobile Safari/537.36 (compatible; Googlebot/2.1; +http://www.google.com/bot.html)"
74.7.243.193 - - [19/Sep/2026:18:23:32 +0530] "GET /buy.php?detail/14501377434036 HTTP/2.0" 200 21940 "https://llprecharge.in/buy.php?detail/22800762338824" "Mozilla/5.0 AppleWebKit/537.36 (KHTML, like Gecko; compatible; GPTBot/1.4; +https://openai.com/gptbot)"
66.249.66.195 - - [19/Sep/2026:18:23:34 +0530] "GET /?catechistical/22371828878 HTTP/1.1" 200 1838 "-" "Mozilla/5.0 (Linux; Android 6.0.1; Nexus 5X Build/MMB29P) AppleWebKit/537.36 (KHTML, like Gecko) Chrome/153.0.8010.47 Mobile Safari/537.36 (compatible; Googlebot/2.1; +http://www.google.com/bot.html)"
66.249.66.195 - - [19/Sep/2026:18:23:34 +0530] "GET /?e=t5r5a2g4i0c7a3l2l5y7 HTTP/1.1" 200 1838 "-" "Mozilla/5.0 (Linux; Android 6.0.1; Nexus 5X Build/MMB29P) AppleWebKit/537.36 (KHTML, like Gecko) Chrome/153.0.8010.47 Mobile Safari/537.36 (compatible; Googlebot/2.1; +http://www.google.com/bot.html)"
74.7.242.42 - - [19/Sep/2026:18:23:33 +0530] "GET /buy.php?detail/14303727167281 HTTP/2.0" 200 20288 "https://www.llprecharge.in/buy.php?detail/14303600559387" "Mozilla/5.0 AppleWebKit/537.36 (KHTML, like Gecko; compatible; GPTBot/1.4; +https://openai.com/gptbot)"
74.7.243.193 - - [19/Sep/2026:18:23:34 +0530] "GET /buy.php?detail/22800756464025 HTTP/2.0" 200 21066 "https://llprecharge.in/buy.php?detail/22800683984066" "Mozilla/5.0 AppleWebKit/537.36 (KHTML, like Gecko; compatible; GPTBot/1.4; +https://openai.com/gptbot)"
136.243.228.180 - - [19/Sep/2026:18:23:34 +0530] "GET /buy.php?special/274038080.html HTTP/1.1" 200 21841 "-" "Mozilla/5.0 (compatible; DataForSeoBot/1.0; +https://dataforseo.com/dataforseo-bot)"
74.7.242.42 - - [19/Sep/2026:18:23:35 +0530] "GET /buy.php?detail/10004339951635 HTTP/2.0" 200 21616 "https://www.llprecharge.in/buy.php?detail/10002294979477" "Mozilla/5.0 AppleWebKit/537.36 (KHTML, like Gecko; compatible; GPTBot/1.4; +https://openai.com/gptbot)"
66.249.66.67 - - [19/Sep/2026:18:23:37 +0530] "GET /?e=g7e3n9e1t0i9c3a1l2l3y5 HTTP/1.1" 200 1838 "-" "Mozilla/5.0 (Linux; Android 6.0.1; Nexus 5X Build/MMB29P) AppleWebKit/537.36 (KHTML, like Gecko) Chrome/153.0.8010.47 Mobile Safari/537.36 (compatible; Googlebot/2.1; +http://www.google.com/bot.html)"
66.249.66.195 - - [19/Sep/2026:18:23:38 +0530] "GET /?e=b4r3o6w6s8998062 HTTP/1.1" 200 1838 "-" "Mozilla/5.0 (Linux; Android 6.0.1; Nexus 5X Build/MMB29P) AppleWebKit/537.36 (KHTML, like Gecko) Chrome/153.0.8010.47 Mobile Safari/537.36 (compatible; Googlebot/2.1; +http://www.google.com/bot.html)"
65.21.113.253 - - [19/Sep/2026:18:23:36 +0530] "GET /buy.php?category/113_3050_4317/1 HTTP/1.1" 200 132514 "-" "Mozilla/5.0 (compatible; AwarioBot/1.0; +https://awario.com/bots.html)"
74.7.243.193 - - [19/Sep/2026:18:23:36 +0530] "GET /buy.php?detail/08401691546688 HTTP/2.0" 200 20392 "https://llprecharge.in/buy.php?detail/03804059529549" "Mozilla/5.0 AppleWebKit/537.36 (KHTML, like Gecko; compatible; GPTBot/1.4; +https://openai.com/gptbot)"
74.7.242.42 - - [19/Sep/2026:18:23:37 +0530] "GET /buy.php?detail/10004338245680 HTTP/2.0" 200 21625 "https://www.llprecharge.in/buy.php?detail/10002294979477" "Mozilla/5.0 AppleWebKit/537.36 (KHTML, like Gecko; compatible; GPTBot/1.4; +https://openai.com/gptbot)"
136.243.228.180 - - [19/Sep/2026:18:23:38 +0530] "GET /buy.php?special/274038072.html HTTP/1.1" 200 21904 "-" "Mozilla/5.0 (compatible; DataForSeoBot/1.0; +https://dataforseo.com/dataforseo-bot)"
74.7.243.193 - - [19/Sep/2026:18:23:39 +0530] "GET /buy.php?detail/03803338278130 HTTP/2.0" 200 21232 "https://llprecharge.in/buy.php?detail/03803322432855" "Mozilla/5.0 AppleWebKit/537.36 (KHTML, like Gecko; compatible; GPTBot/1.4; +https://openai.com/gptbot)"
74.7.242.42 - - [19/Sep/2026:18:23:40 +0530] "GET /buy.php?detail/23902690196699 HTTP/2.0" 200 20587 "https://www.llprecharge.in/buy.php?goods/275023873" "Mozilla/5.0 AppleWebKit/537.36 (KHTML, like Gecko; compatible; GPTBot/1.4; +https://openai.com/gptbot)"
65.21.113.253 - - [19/Sep/2026:18:23:40 +0530] "GET /buy.php?category/113_3562/1 HTTP/1.1" 200 119328 "-" "Mozilla/5.0 (compatible; AwarioBot/1.0; +https://awario.com/bots.html)"
74.7.243.193 - - [19/Sep/2026:18:23:41 +0530] "GET /buy.php?detail/07200031982642 HTTP/2.0" 200 20796 "https://llprecharge.in/buy.php?detail/20602952518518" "Mozilla/5.0 AppleWebKit/537.36 (KHTML, like Gecko; compatible; GPTBot/1.4; +https://openai.com/gptbot)"
66.249.66.195 - - [19/Sep/2026:18:23:44 +0530] "GET /?e=s6p3u9r4i2o4u8s2n2e1s5s HTTP/1.1" 200 1838 "-" "Mozilla/5.0 (Linux; Android 6.0.1; Nexus 5X Build/MMB29P) AppleWebKit/537.36 (KHTML, like Gecko) Chrome/153.0.8010.47 Mobile Safari/537.36 (compatible; Googlebot/2.1; +http://www.google.com/bot.html)"
74.7.242.42 - - [19/Sep/2026:18:23:42 +0530] "GET /buy.php?detail/24804189598082 HTTP/2.0" 200 20237 "https://www.llprecharge.in/buy.php?detail/22600200736876" "Mozilla/5.0 AppleWebKit/537.36 (KHTML, like Gecko; compatible; GPTBot/1.4; +https://openai.com/gptbot)"
136.243.228.180 - - [19/Sep/2026:18:23:43 +0530] "GET /buy.php?special/274038068.html HTTP/1.1" 200 22053 "-" "Mozilla/5.0 (compatible; DataForSeoBot/1.0; +https://dataforseo.com/dataforseo-bot)"
74.7.243.193 - - [19/Sep/2026:18:23:44 +0530] "GET /buy.php?detail/03803336551551 HTTP/2.0" 200 21072 "https://llprecharge.in/buy.php?detail/03803322432855" "Mozilla/5.0 AppleWebKit/537.36 (KHTML, like Gecko; compatible; GPTBot/1.4; +https://openai.com/gptbot)"
74.7.242.42 - - [19/Sep/2026:18:23:45 +0530] "GET /buy.php?detail/27502375115607 HTTP/2.0" 200 20537 "https://www.llprecharge.in/buy.php?goods/275023873" "Mozilla/5.0 AppleWebKit/537.36 (KHTML, like Gecko; compatible; GPTBot/1.4; +https://openai.com/gptbot)"
65.21.113.253 - - [19/Sep/2026:18:23:45 +0530] "GET /buy.php?category/113_3562_3563/1 HTTP/1.1" 200 118685 "-" "Mozilla/5.0 (compatible; AwarioBot/1.0; +https://awario.com/bots.html)"
74.7.243.193 - - [19/Sep/2026:18:23:46 +0530] "GET /buy.php?detail/10702509662851 HTTP/2.0" 200 20904 "https://llprecharge.in/buy.php?detail/22800683984066" "Mozilla/5.0 AppleWebKit/537.36 (KHTML, like Gecko; compatible; GPTBot/1.4; +https://openai.com/gptbot)"
136.243.228.180 - - [19/Sep/2026:18:23:46 +0530] "GET /buy.php?special/174019920.html HTTP/1.1" 200 20760 "-" "Mozilla/5.0 (compatible; DataForSeoBot/1.0; +https://dataforseo.com/dataforseo-bot)"
74.7.242.42 - - [19/Sep/2026:18:23:47 +0530] "GET /buy.php?detail/22300337027970 HTTP/2.0" 200 20350 "https://www.llprecharge.in/buy.php?detail/22600200108935" "Mozilla/5.0 AppleWebKit/537.36 (KHTML, like Gecko; compatible; GPTBot/1.4; +https://openai.com/gptbot)"
74.7.243.193 - - [19/Sep/2026:18:23:48 +0530] "GET /buy.php?detail/07402946341269 HTTP/2.0" 200 20419 "https://llprecharge.in/buy.php?detail/20602952518518" "Mozilla/5.0 AppleWebKit/537.36 (KHTML, like Gecko; compatible; GPTBot/1.4; +https://openai.com/gptbot)"
74.7.242.42 - - [19/Sep/2026:18:23:50 +0530] "GET /buy.php?detail/16301671389642 HTTP/2.0" 200 21053 "https://www.llprecharge.in/buy.php?detail/27502349027441" "Mozilla/5.0 AppleWebKit/537.36 (KHTML, like Gecko; compatible; GPTBot/1.4; +https://openai.com/gptbot)"
136.243.228.180 - - [19/Sep/2026:18:23:51 +0530] "GET /buy.php?jp/274038090.html HTTP/1.1" 200 21953 "-" "Mozilla/5.0 (compatible; DataForSeoBot/1.0; +https://dataforseo.com/dataforseo-bot)"
74.7.243.193 - - [19/Sep/2026:18:23:51 +0530] "GET /buy.php?detail/17200812149250 HTTP/2.0" 200 21960 "https://llprecharge.in/buy.php?jp/293034839.html" "Mozilla/5.0 AppleWebKit/537.36 (KHTML, like Gecko; compatible; GPTBot/1.4; +https://openai.com/gptbot)"
74.7.242.42 - - [19/Sep/2026:18:23:52 +0530] "GET /buy.php?detail/28601305658329 HTTP/2.0" 200 20325 "https://www.llprecharge.in/buy.php?detail/27502358885132" "Mozilla/5.0 AppleWebKit/537.36 (KHTML, like Gecko; compatible; GPTBot/1.4; +https://openai.com/gptbot)"
65.21.113.253 - - [19/Sep/2026:18:23:54 +0530] "GET /robots.txt HTTP/1.1" 200 368 "-" "Mozilla/5.0 (compatible; AwarioBot/1.0; +https://awario.com/bots.html)"
74.7.242.42 - - [19/Sep/2026:18:23:54 +0530] "GET /buy.php?detail/22600410501577 HTTP/2.0" 200 20628 "https://www.llprecharge.in/buy.php?detail/22600200736876" "Mozilla/5.0 AppleWebKit/537.36 (KHTML, like Gecko; compatible; GPTBot/1.4; +https://openai.com/gptbot)"
136.243.228.180 - - [19/Sep/2026:18:23:55 +0530] "GET /buy.php?special/090002782.html HTTP/1.1" 200 20873 "-" "Mozilla/5.0 (compatible; DataForSeoBot/1.0; +https://dataforseo.com/dataforseo-bot)"
65.21.113.253 - - [19/Sep/2026:18:23:55 +0530] "GET /buy.php?category/113_3562_5932/1 HTTP/1.1" 200 135427 "-" "Mozilla/5.0 (compatible; AwarioBot/1.0; +https://awario.com/bots.html)"
74.7.243.193 - - [19/Sep/2026:18:23:53 +0530] "GET /buy.php?detail/27502542858368 HTTP/2.0" 200 21989 "https://llprecharge.in/buy.php?detail/27502610222200" "Mozilla/5.0 AppleWebKit/537.36 (KHTML, like Gecko; compatible; GPTBot/1.4; +https://openai.com/gptbot)"
74.7.242.42 - - [19/Sep/2026:18:23:56 +0530] "GET /buy.php?detail/00601211863137 HTTP/2.0" 200 20983 "https://www.llprecharge.in/buy.php?detail/00601028328076" "Mozilla/5.0 AppleWebKit/537.36 (KHTML, like Gecko; compatible; GPTBot/1.4; +https://openai.com/gptbot)"
74.7.243.193 - - [19/Sep/2026:18:23:58 +0530] "GET /buy.php?detail/24502830726872 HTTP/2.0" 200 20654 "https://llprecharge.in/buy.php?detail/19301416294060" "Mozilla/5.0 AppleWebKit/537.36 (KHTML, like Gecko; compatible; GPTBot/1.4; +https://openai.com/gptbot)"
136.243.228.180 - - [19/Sep/2026:18:23:58 +0530] "GET /buy.php?special/015046453.html HTTP/1.1" 200 22144 "-" "Mozilla/5.0 (compatible; DataForSeoBot/1.0; +https://dataforseo.com/dataforseo-bot)"
66.249.66.196 - - [19/Sep/2026:18:24:01 +0530] "GET /?e=c8l2a4n2j1a7m6f7r6i1e9 HTTP/1.1" 200 1838 "-" "Mozilla/5.0 (Linux; Android 6.0.1; Nexus 5X Build/MMB29P) AppleWebKit/537.36 (KHTML, like Gecko) Chrome/153.0.8010.47 Mobile Safari/537.36 (compatible; Googlebot/2.1; +http://www.google.com/bot.html)"
66.249.66.195 - - [19/Sep/2026:18:24:02 +0530] "GET /?e=p2a2r5a1c4o5n2i8c776 HTTP/1.1" 200 1838 "-" "Mozilla/5.0 (Linux; Android 6.0.1; Nexus 5X Build/MMB29P) AppleWebKit/537.36 (KHTML, like Gecko) Chrome/153.0.8010.47 Mobile Safari/537.36 (compatible; Googlebot/2.1; +http://www.google.com/bot.html)"
74.7.243.193 - - [19/Sep/2026:18:24:00 +0530] "GET /buy.php?detail/09800368429350 HTTP/2.0" 200 21662 "https://llprecharge.in/buy.php?detail/09800359793938" "Mozilla/5.0 AppleWebKit/537.36 (KHTML, like Gecko; compatible; GPTBot/1.4; +https://openai.com/gptbot)"
65.21.113.253 - - [19/Sep/2026:18:24:02 +0530] "GET /buy.php?category/113_386/1 HTTP/1.1" 200 141089 "-" "Mozilla/5.0 (compatible; AwarioBot/1.0; +https://awario.com/bots.html)"
136.243.228.180 - - [19/Sep/2026:18:24:02 +0530] "GET /buy.php?detail/1100095185264 HTTP/1.1" 200 20654 "-" "Mozilla/5.0 (compatible; DataForSeoBot/1.0; +https://dataforseo.com/dataforseo-bot)"
74.7.243.193 - - [19/Sep/2026:18:24:03 +0530] "GET /buy.php?detail/05503625747528 HTTP/2.0" 200 21140 "https://llprecharge.in/buy.php?detail/23602082667994" "Mozilla/5.0 AppleWebKit/537.36 (KHTML, like Gecko; compatible; GPTBot/1.4; +https://openai.com/gptbot)"
74.7.242.42 - - [19/Sep/2026:18:23:59 +0530] "GET /buy.php?detail/0600469837481 HTTP/2.0" 200 21002 "https://www.llprecharge.in/buy.php?detail/14303727167281" "Mozilla/5.0 AppleWebKit/537.36 (KHTML, like Gecko; compatible; GPTBot/1.4; +https://openai.com/gptbot)"
66.249.66.34 - - [19/Sep/2026:18:24:06 +0530] "GET /?e=i7n1c3o8n9s9i7d2e8r5a6ble HTTP/1.1" 200 1838 "-" "Mozilla/5.0 (Linux; Android 6.0.1; Nexus 5X Build/MMB29P) AppleWebKit/537.36 (KHTML, like Gecko) Chrome/153.0.8010.47 Mobile Safari/537.36 (compatible; Googlebot/2.1; +http://www.google.com/bot.html)"
74.7.243.193 - - [19/Sep/2026:18:24:05 +0530] "GET /buy.php?detail/25402806029802 HTTP/2.0" 200 20273 "https://llprecharge.in/buy.php?detail/08401691546688" "Mozilla/5.0 AppleWebKit/537.36 (KHTML, like Gecko; compatible; GPTBot/1.4; +https://openai.com/gptbot)"
66.249.66.196 - - [19/Sep/2026:18:24:07 +0530] "GET /?e=c7o1r8r7a1s1i0o9n294 HTTP/1.1" 200 1838 "-" "Mozilla/5.0 (Linux; Android 6.0.1; Nexus 5X Build/MMB29P) AppleWebKit/537.36 (KHTML, like Gecko) Chrome/153.0.8010.47 Mobile Safari/537.36 (compatible; Googlebot/2.1; +http://www.google.com/bot.html)"
74.7.242.42 - - [19/Sep/2026:18:24:06 +0530] "GET /buy.php?detail/08104354283602 HTTP/2.0" 200 19477 "https://www.llprecharge.in/buy.php?detail/00601028328076" "Mozilla/5.0 AppleWebKit/537.36 (KHTML, like Gecko; compatible; GPTBot/1.4; +https://openai.com/gptbot)"
136.243.228.180 - - [19/Sep/2026:18:24:07 +0530] "GET /buy.php?special/110009516.html HTTP/1.1" 200 20780 "-" "Mozilla/5.0 (compatible; DataForSeoBot/1.0; +https://dataforseo.com/dataforseo-bot)"
66.249.66.195 - - [19/Sep/2026:18:24:10 +0530] "GET /?invitation/04195444270 HTTP/1.1" 200 1838 "-" "Mozilla/5.0 (Linux; Android 6.0.1; Nexus 5X Build/MMB29P) AppleWebKit/537.36 (KHTML, like Gecko) Chrome/153.0.8010.47 Mobile Safari/537.36 (compatible; Googlebot/2.1; +http://www.google.com/bot.html)"
74.7.242.42 - - [19/Sep/2026:18:24:08 +0530] "GET /buy.php?detail/10002431677202 HTTP/2.0" 200 22865 "https://www.llprecharge.in/buy.php?detail/10004338245680" "Mozilla/5.0 AppleWebKit/537.36 (KHTML, like Gecko; compatible; GPTBot/1.4; +https://openai.com/gptbot)"
66.249.66.67 - - [19/Sep/2026:18:24:11 +0530] "GET /?e=s9h2a7r9e4b5r3o5k7e2r HTTP/1.1" 200 1838 "-" "Mozilla/5.0 (Linux; Android 6.0.1; Nexus 5X Build/MMB29P) AppleWebKit/537.36 (KHTML, like Gecko) Chrome/153.0.8010.47 Mobile Safari/537.36 (compatible; Googlebot/2.1; +http://www.google.com/bot.html)"
74.7.243.193 - - [19/Sep/2026:18:24:07 +0530] "GET /buy.php?detail/04600830321772 HTTP/2.0" 200 21320 "https://llprecharge.in/buy.php?detail/02001263920890" "Mozilla/5.0 AppleWebKit/537.36 (KHTML, like Gecko; compatible; GPTBot/1.4; +https://openai.com/gptbot)"
66.249.66.195 - - [19/Sep/2026:18:24:11 +0530] "GET /shops/tormentress/s2e1d2i3t5i2o1n6545 HTTP/1.1" 404 - "-" "Mozilla/5.0 (Linux; Android 6.0.1; Nexus 5X Build/MMB29P) AppleWebKit/537.36 (KHTML, like Gecko) Chrome/153.0.8010.47 Mobile Safari/537.36 (compatible; Googlebot/2.1; +http://www.google.com/bot.html)"
136.243.228.180 - - [19/Sep/2026:18:24:11 +0530] "GET /buy.php?special/158022592.html HTTP/1.1" 200 20952 "-" "Mozilla/5.0 (compatible; DataForSeoBot/1.0; +https://dataforseo.com/dataforseo-bot)"
74.7.243.193 - - [19/Sep/2026:18:24:12 +0530] "GET /buy.php?detail/07200817510821 HTTP/2.0" 200 20536 "https://llprecharge.in/buy.php?detail/07200031982642" "Mozilla/5.0 AppleWebKit/537.36 (KHTML, like Gecko; compatible; GPTBot/1.4; +https://openai.com/gptbot)"
74.7.242.42 - - [19/Sep/2026:18:24:11 +0530] "GET /buy.php?detail/10002429934035 HTTP/2.0" 200 22912 "https://www.llprecharge.in/buy.php?detail/10004338245680" "Mozilla/5.0 AppleWebKit/537.36 (KHTML, like Gecko; compatible; GPTBot/1.4; +https://openai.com/gptbot)"
66.249.66.195 - - [19/Sep/2026:18:24:15 +0530] "GET /index.php?shops/threadiness/r7e6f4o9r1t2i1f1i5cation HTTP/1.1" 404 20 "-" "Mozilla/5.0 (Linux; Android 6.0.1; Nexus 5X Build/MMB29P) AppleWebKit/537.36 (KHTML, like Gecko) Chrome/153.0.8010.47 Mobile Safari/537.36 (compatible; Googlebot/2.1; +http://www.google.com/bot.html)"
66.249.66.195 - - [19/Sep/2026:18:24:15 +0530] "GET /?e=t1u2l5i4p3s5h5e3l1l18 HTTP/1.1" 200 1838 "-" "Mozilla/5.0 (Linux; Android 6.0.1; Nexus 5X Build/MMB29P) AppleWebKit/537.36 (KHTML, like Gecko) Chrome/153.0.8010.47 Mobile Safari/537.36 (compatible; Googlebot/2.1; +http://www.google.com/bot.html)"
66.249.66.67 - - [19/Sep/2026:18:24:16 +0530] "GET /?jubatus/04265178695 HTTP/1.1" 200 1838 "-" "Mozilla/5.0 (Linux; Android 6.0.1; Nexus 5X Build/MMB29P) AppleWebKit/537.36 (KHTML, like Gecko) Chrome/153.0.8010.47 Mobile Safari/537.36 (compatible; Googlebot/2.1; +http://www.google.com/bot.html)"
74.7.243.193 - - [19/Sep/2026:18:24:14 +0530] "GET /buy.php?detail/07200816492549 HTTP/2.0" 200 20654 "https://llprecharge.in/buy.php?detail/07200031982642" "Mozilla/5.0 AppleWebKit/537.36 (KHTML, like Gecko; compatible; GPTBot/1.4; +https://openai.com/gptbot)"
66.249.66.67 - - [19/Sep/2026:18:24:17 +0530] "GET /?codding/62413062659 HTTP/1.1" 200 1838 "-" "Mozilla/5.0 (Linux; Android 6.0.1; Nexus 5X Build/MMB29P) AppleWebKit/537.36 (KHTML, like Gecko) Chrome/153.0.8010.47 Mobile Safari/537.36 (compatible; Googlebot/2.1; +http://www.google.com/bot.html)"
168.119.209.108 - - [19/Sep/2026:18:24:18 +0530] "GET /user/api_balance.php?userid=AU1121&token=dMgDWkPbbsmeca76X0lncsVCYVjIE61Q HTTP/1.1" 500 - "-" "RestSharp/106.13.0.0"
66.249.66.194 - - [19/Sep/2026:18:24:18 +0530] "GET /item/2086413992 HTTP/1.1" 404 - "-" "Mozilla/5.0 (Linux; Android 6.0.1; Nexus 5X Build/MMB29P) AppleWebKit/537.36 (KHTML, like Gecko) Chrome/153.0.8010.47 Mobile Safari/537.36 (compatible; Googlebot/2.1; +http://www.google.com/bot.html)"
74.7.242.42 - - [19/Sep/2026:18:24:14 +0530] "GET /buy.php?detail/10002429445436 HTTP/2.0" 200 23011 "https://www.llprecharge.in/buy.php?detail/10004338245680" "Mozilla/5.0 AppleWebKit/537.36 (KHTML, like Gecko; compatible; GPTBot/1.4; +https://openai.com/gptbot)"
66.249.66.195 - - [19/Sep/2026:18:24:19 +0530] "GET /?laquear/73934497178 HTTP/1.1" 200 1838 "-" "Mozilla/5.0 (Linux; Android 6.0.1; Nexus 5X Build/MMB29P) AppleWebKit/537.36 (KHTML, like Gecko) Chrome/153.0.8010.47 Mobile Safari/537.36 (compatible; Googlebot/2.1; +http://www.google.com/bot.html)"
74.7.243.193 - - [19/Sep/2026:18:24:17 +0530] "GET /buy.php?detail/02801720896570 HTTP/2.0" 200 21004 "https://llprecharge.in/buy.php?detail/02801646138063" "Mozilla/5.0 AppleWebKit/537.36 (KHTML, like Gecko; compatible; GPTBot/1.4; +https://openai.com/gptbot)"
66.249.66.33 - - [19/Sep/2026:18:24:20 +0530] "GET /?fistulous/0644912435 HTTP/1.1" 200 1838 "-" "Mozilla/5.0 (Linux; Android 6.0.1; Nexus 5X Build/MMB29P) AppleWebKit/537.36 (KHTML, like Gecko) Chrome/153.0.8010.47 Mobile Safari/537.36 (compatible; Googlebot/2.1; +http://www.google.com/bot.html)"
136.243.228.180 - - [19/Sep/2026:18:24:16 +0530] "GET /buy.php?jp/203049539.html HTTP/1.1" 200 20904 "-" "Mozilla/5.0 (compatible; DataForSeoBot/1.0; +https://dataforseo.com/dataforseo-bot)"
66.249.66.33 - - [19/Sep/2026:18:24:21 +0530] "GET /?e=a3b7u5n3d1a1n5c6e88 HTTP/1.1" 200 1838 "-" "Mozilla/5.0 (Linux; Android 6.0.1; Nexus 5X Build/MMB29P) AppleWebKit/537.36 (KHTML, like Gecko) Chrome/153.0.8010.47 Mobile Safari/537.36 (compatible; Googlebot/2.1; +http://www.google.com/bot.html)"
66.249.66.195 - - [19/Sep/2026:18:24:21 +0530] "GET /?e=r0e2t2r9a4i2t25029 HTTP/1.1" 200 1838 "-" "Mozilla/5.0 (Linux; Android 6.0.1; Nexus 5X Build/MMB29P) AppleWebKit/537.36 (KHTML, like Gecko) Chrome/153.0.8010.47 Mobile Safari/537.36 (compatible; Googlebot/2.1; +http://www.google.com/bot.html)"
74.7.242.42 - - [19/Sep/2026:18:24:19 +0530] "GET /buy.php?detail/10002430638713 HTTP/2.0" 200 23274 "https://www.llprecharge.in/buy.php?detail/10004338245680" "Mozilla/5.0 AppleWebKit/537.36 (KHTML, like Gecko; compatible; GPTBot/1.4; +https://openai.com/gptbot)"
74.7.243.193 - - [19/Sep/2026:18:24:20 +0530] "GET /buy.php?detail/06902069465673 HTTP/2.0" 200 21500 "https://llprecharge.in/buy.php?detail/07402946341269" "Mozilla/5.0 AppleWebKit/537.36 (KHTML, like Gecko; compatible; GPTBot/1.4; +https://openai.com/gptbot)"
136.243.228.180 - - [19/Sep/2026:18:24:21 +0530] "GET /buy.php?special/145022863.html HTTP/1.1" 200 20689 "-" "Mozilla/5.0 (compatible; DataForSeoBot/1.0; +https://dataforseo.com/dataforseo-bot)"
74.7.242.42 - - [19/Sep/2026:18:24:22 +0530] "GET /buy.php?detail/23903286050303 HTTP/2.0" 200 20374 "https://www.llprecharge.in/buy.php?detail/23902690196699" "Mozilla/5.0 AppleWebKit/537.36 (KHTML, like Gecko; compatible; GPTBot/1.4; +https://openai.com/gptbot)"
74.7.243.193 - - [19/Sep/2026:18:24:22 +0530] "GET /buy.php?detail/15300279349903 HTTP/2.0" 200 21154 "https://llprecharge.in/buy.php?detail/15300186490340" "Mozilla/5.0 AppleWebKit/537.36 (KHTML, like Gecko; compatible; GPTBot/1.4; +https://openai.com/gptbot)"
74.7.243.193 - - [19/Sep/2026:18:24:25 +0530] "GET /buy.php?detail/27502607249374 HTTP/2.0" 200 20706 "https://llprecharge.in/buy.php?detail/27502542858368" "Mozilla/5.0 AppleWebKit/537.36 (KHTML, like Gecko; compatible; GPTBot/1.4; +https://openai.com/gptbot)"
136.243.228.180 - - [19/Sep/2026:18:24:25 +0530] "GET /buy.php?special/110009514.html HTTP/1.1" 200 20684 "-" "Mozilla/5.0 (compatible; DataForSeoBot/1.0; +https://dataforseo.com/dataforseo-bot)"
74.7.242.42 - - [19/Sep/2026:18:24:24 +0530] "GET /buy.php?detail/16301615705618 HTTP/2.0" 200 21296 "https://www.llprecharge.in/buy.php?detail/16301671389642" "Mozilla/5.0 AppleWebKit/537.36 (KHTML, like Gecko; compatible; GPTBot/1.4; +https://openai.com/gptbot)"
66.249.66.33 - - [19/Sep/2026:18:24:28 +0530] "GET /interfaces/interfaceStore.php?item/1086113421 HTTP/1.1" 404 - "-" "Mozilla/5.0 (Linux; Android 6.0.1; Nexus 5X Build/MMB29P) AppleWebKit/537.36 (KHTML, like Gecko) Chrome/153.0.8010.47 Mobile Safari/537.36 (compatible; Googlebot/2.1; +http://www.google.com/bot.html)"
66.249.66.195 - - [19/Sep/2026:18:24:29 +0530] "GET /interfaces/interfaceStore.php?item/4084012651 HTTP/1.1" 404 - "-" "Mozilla/5.0 (Linux; Android 6.0.1; Nexus 5X Build/MMB29P) AppleWebKit/537.36 (KHTML, like Gecko) Chrome/153.0.8010.47 Mobile Safari/537.36 (compatible; Googlebot/2.1; +http://www.google.com/bot.html)"
66.249.66.33 - - [19/Sep/2026:18:24:29 +0530] "GET /?e=s0p4i4r4i8t3u7a1l0n4ess HTTP/1.1" 200 1838 "-" "Mozilla/5.0 (Linux; Android 6.0.1; Nexus 5X Build/MMB29P) AppleWebKit/537.36 (KHTML, like Gecko) Chrome/153.0.8010.47 Mobile Safari/537.36 (compatible; Googlebot/2.1; +http://www.google.com/bot.html)"
74.7.243.193 - - [19/Sep/2026:18:24:27 +0530] "GET /buy.php?goods/070039855 HTTP/2.0" 200 20671 "https://llprecharge.in/buy.php?detail/24502830726872" "Mozilla/5.0 AppleWebKit/537.36 (KHTML, like Gecko; compatible; GPTBot/1.4; +https://openai.com/gptbot)"
16.216.88.134 - - [19/Sep/2026:18:24:27 +0530] "GET /buy.php??effort/067000302 HTTP/2.0" 200 20495 "-" "Mozilla/5.0 AppleWebKit/537.36 (KHTML, like Gecko; compatible; Reflectionbot/1.0; +https://reflection.ai/bot) Chrome/151.0.0.0 Safari/537.36"
74.7.242.42 - - [19/Sep/2026:18:24:28 +0530] "GET /buy.php?goods/286013333 HTTP/2.0" 200 21826 "https://www.llprecharge.in/buy.php?detail/28601305658329" "Mozilla/5.0 AppleWebKit/537.36 (KHTML, like Gecko; compatible; GPTBot/1.4; +https://openai.com/gptbot)"
74.7.243.193 - - [19/Sep/2026:18:24:29 +0530] "GET /buy.php?detail/09800486781725 HTTP/2.0" 200 20701 "https://llprecharge.in/buy.php?detail/09800368429350" "Mozilla/5.0 AppleWebKit/537.36 (KHTML, like Gecko; compatible; GPTBot/1.4; +https://openai.com/gptbot)"
136.243.228.180 - - [19/Sep/2026:18:24:30 +0530] "GET /buy.php?special/110009520.html HTTP/1.1" 200 21067 "-" "Mozilla/5.0 (compatible; DataForSeoBot/1.0; +https://dataforseo.com/dataforseo-bot)"
74.7.242.42 - - [19/Sep/2026:18:24:31 +0530] "GET /buy.php?detail/07000481626279 HTTP/2.0" 200 20447 "https://www.llprecharge.in/buy.php?detail/28601305658329" "Mozilla/5.0 AppleWebKit/537.36 (KHTML, like Gecko; compatible; GPTBot/1.4; +https://openai.com/gptbot)"
74.7.243.193 - - [19/Sep/2026:18:24:32 +0530] "GET /buy.php?detail/24502815621080 HTTP/2.0" 200 21043 "https://llprecharge.in/buy.php?detail/24502830726872" "Mozilla/5.0 AppleWebKit/537.36 (KHTML, like Gecko; compatible; GPTBot/1.4; +https://openai.com/gptbot)"
74.7.242.42 - - [19/Sep/2026:18:24:34 +0530] "GET /buy.php?detail/16301615522017 HTTP/2.0" 200 21513 "https://www.llprecharge.in/buy.php?detail/16301671389642" "Mozilla/5.0 AppleWebKit/537.36 (KHTML, like Gecko; compatible; GPTBot/1.4; +https://openai.com/gptbot)"
74.7.243.193 - - [19/Sep/2026:18:24:35 +0530] "GET /buy.php?detail/27204144764356 HTTP/2.0" 200 21157 "https://llprecharge.in/buy.php?detail/24502830726872" "Mozilla/5.0 AppleWebKit/537.36 (KHTML, like Gecko; compatible; GPTBot/1.4; +https://openai.com/gptbot)"
136.243.228.180 - - [19/Sep/2026:18:24:35 +0530] "GET /buy.php?special/146029750.html HTTP/1.1" 200 22080 "-" "Mozilla/5.0 (compatible; DataForSeoBot/1.0; +https://dataforseo.com/dataforseo-bot)"
74.7.242.42 - - [19/Sep/2026:18:24:37 +0530] "GET /buy.php?detail/06003620739898 HTTP/2.0" 200 21167 "https://www.llprecharge.in/buy.php?detail/0600469837481" "Mozilla/5.0 AppleWebKit/537.36 (KHTML, like Gecko; compatible; GPTBot/1.4; +https://openai.com/gptbot)"
74.7.243.193 - - [19/Sep/2026:18:24:37 +0530] "GET /buy.php?jp/046008303.html HTTP/2.0" 200 21396 "https://llprecharge.in/buy.php?detail/04600830321772" "Mozilla/5.0 AppleWebKit/537.36 (KHTML, like Gecko; compatible; GPTBot/1.4; +https://openai.com/gptbot)"
74.7.242.42 - - [19/Sep/2026:18:24:39 +0530] "GET /buy.php?detail/25000922294648 HTTP/2.0" 200 20269 "https://www.llprecharge.in/buy.php?detail/08104354283602" "Mozilla/5.0 AppleWebKit/537.36 (KHTML, like Gecko; compatible; GPTBot/1.4; +https://openai.com/gptbot)"
74.7.243.193 - - [19/Sep/2026:18:24:40 +0530] "GET /buy.php?detail/04600847295874 HTTP/2.0" 200 20892 "https://llprecharge.in/buy.php?detail/04600830321772" "Mozilla/5.0 AppleWebKit/537.36 (KHTML, like Gecko; compatible; GPTBot/1.4; +https://openai.com/gptbot)"
136.243.228.180 - - [19/Sep/2026:18:24:40 +0530] "GET /buy.php?special/146029748.html HTTP/1.1" 200 21157 "-" "Mozilla/5.0 (compatible; DataForSeoBot/1.0; +https://dataforseo.com/dataforseo-bot)"
74.7.242.42 - - [19/Sep/2026:18:24:41 +0530] "GET /buy.php?detail/10002400978980 HTTP/2.0" 200 20706 "https://www.llprecharge.in/buy.php?detail/10002431677202" "Mozilla/5.0 AppleWebKit/537.36 (KHTML, like Gecko; compatible; GPTBot/1.4; +https://openai.com/gptbot)"
74.7.243.193 - - [19/Sep/2026:18:24:42 +0530] "GET /buy.php?detail/13503610789080 HTTP/2.0" 200 21444 "https://llprecharge.in/buy.php?detail/13503508844277" "Mozilla/5.0 AppleWebKit/537.36 (KHTML, like Gecko; compatible; GPTBot/1.4; +https://openai.com/gptbot)"
136.243.228.180 - - [19/Sep/2026:18:24:43 +0530] "GET /buy.php?detail/1460297607331 HTTP/1.1" 200 21425 "-" "Mozilla/5.0 (compatible; DataForSeoBot/1.0; +https://dataforseo.com/dataforseo-bot)"
74.7.242.42 - - [19/Sep/2026:18:24:43 +0530] "GET /buy.php?detail/10002401641599 HTTP/2.0" 200 21750 "https://www.llprecharge.in/buy.php?detail/10002431677202" "Mozilla/5.0 AppleWebKit/537.36 (KHTML, like Gecko; compatible; GPTBot/1.4; +https://openai.com/gptbot)"
66.249.66.67 - - [19/Sep/2026:18:24:46 +0530] "GET /?e=l5u1t7e4d1193748 HTTP/1.1" 200 1838 "-" "Mozilla/5.0 (Linux; Android 6.0.1; Nexus 5X Build/MMB29P) AppleWebKit/537.36 (KHTML, like Gecko) Chrome/153.0.8010.47 Mobile Safari/537.36 (compatible; Googlebot/2.1; +http://www.google.com/bot.html)"
74.7.243.193 - - [19/Sep/2026:18:24:45 +0530] "GET /buy.php?detail/27103056582520 HTTP/2.0" 200 20435 "https://llprecharge.in/buy.php?detail/02801720896570" "Mozilla/5.0 AppleWebKit/537.36 (KHTML, like Gecko; compatible; GPTBot/1.4; +https://openai.com/gptbot)"
74.7.242.42 - - [19/Sep/2026:18:24:46 +0530] "GET /buy.php?detail/02400987770255 HTTP/2.0" 200 21136 "https://www.llprecharge.in/buy.php?detail/10002429445436" "Mozilla/5.0 AppleWebKit/537.36 (KHTML, like Gecko; compatible; GPTBot/1.4; +https://openai.com/gptbot)"
66.249.66.67 - - [19/Sep/2026:18:24:49 +0530] "GET /?huyghenian/5281935535 HTTP/1.1" 200 1838 "-" "Mozilla/5.0 (Linux; Android 6.0.1; Nexus 5X Build/MMB29P) AppleWebKit/537.36 (KHTML, like Gecko) Chrome/153.0.8010.47 Mobile Safari/537.36 (compatible; Googlebot/2.1; +http://www.google.com/bot.html)"
74.7.243.193 - - [19/Sep/2026:18:24:47 +0530] "GET /buy.php?detail/06104208696722 HTTP/2.0" 200 21283 "https://llprecharge.in/buy.php?detail/29502995125994" "Mozilla/5.0 AppleWebKit/537.36 (KHTML, like Gecko; compatible; GPTBot/1.4; +https://openai.com/gptbot)"
136.243.228.180 - - [19/Sep/2026:18:24:47 +0530] "GET /buy.php?special/146029758.html HTTP/1.1" 200 21503 "-" "Mozilla/5.0 (compatible; DataForSeoBot/1.0; +https://dataforseo.com/dataforseo-bot)"
66.249.66.66 - - [19/Sep/2026:18:24:50 +0530] "GET /daguerreotyper/p3y1r5o9p3h3o8n3e047 HTTP/1.1" 404 - "-" "Mozilla/5.0 (Linux; Android 6.0.1; Nexus 5X Build/MMB29P) AppleWebKit/537.36 (KHTML, like Gecko) Chrome/153.0.8010.47 Mobile Safari/537.36 (compatible; Googlebot/2.1; +http://www.google.com/bot.html)"
66.249.66.67 - - [19/Sep/2026:18:24:50 +0530] "GET /tryst/inunction/d8i2s8c8r4i4m3i7n6a6l0 HTTP/1.1" 404 - "-" "Mozilla/5.0 (Linux; Android 6.0.1; Nexus 5X Build/MMB29P) AppleWebKit/537.36 (KHTML, like Gecko) Chrome/153.0.8010.47 Mobile Safari/537.36 (compatible; Googlebot/2.1; +http://www.google.com/bot.html)"
74.7.242.42 - - [19/Sep/2026:18:24:48 +0530] "GET /buy.php?detail/10002334448176 HTTP/2.0" 200 23195 "https://www.llprecharge.in/buy.php?detail/10002429445436" "Mozilla/5.0 AppleWebKit/537.36 (KHTML, like Gecko; compatible; GPTBot/1.4; +https://openai.com/gptbot)"
66.249.66.66 - - [19/Sep/2026:18:24:51 +0530] "GET /index.php?horrisonant/cavorilievo/81846990865 HTTP/1.1" 404 20 "-" "Mozilla/5.0 (Linux; Android 6.0.1; Nexus 5X Build/MMB29P) AppleWebKit/537.36 (KHTML, like Gecko) Chrome/153.0.8010.47 Mobile Safari/537.36 (compatible; Googlebot/2.1; +http://www.google.com/bot.html)"
74.7.243.193 - - [19/Sep/2026:18:24:49 +0530] "GET /buy.php?detail/07002804552143 HTTP/2.0" 200 20957 "https://llprecharge.in/buy.php?detail/29103261550146" "Mozilla/5.0 AppleWebKit/537.36 (KHTML, like Gecko; compatible; GPTBot/1.4; +https://openai.com/gptbot)"
136.243.228.180 - - [19/Sep/2026:18:24:51 +0530] "GET /buy.php?special/004011304.html HTTP/1.1" 200 20145 "-" "Mozilla/5.0 (compatible; DataForSeoBot/1.0; +https://dataforseo.com/dataforseo-bot)"
74.7.242.42 - - [19/Sep/2026:18:24:51 +0530] "GET /buy.php?detail/14904177111006 HTTP/2.0" 200 21590 "https://www.llprecharge.in/buy.php?detail/23903286050303" "Mozilla/5.0 AppleWebKit/537.36 (KHTML, like Gecko; compatible; GPTBot/1.4; +https://openai.com/gptbot)"
74.7.243.193 - - [19/Sep/2026:18:24:52 +0530] "GET /buy.php?detail/21600242757929 HTTP/2.0" 200 20347 "https://llprecharge.in/buy.php?detail/21600165443938" "Mozilla/5.0 AppleWebKit/537.36 (KHTML, like Gecko; compatible; GPTBot/1.4; +https://openai.com/gptbot)"
74.7.242.42 - - [19/Sep/2026:18:24:54 +0530] "GET /buy.php?detail/16301679730835 HTTP/2.0" 200 21059 "https://www.llprecharge.in/buy.php?detail/16301615705618" "Mozilla/5.0 AppleWebKit/537.36 (KHTML, like Gecko; compatible; GPTBot/1.4; +https://openai.com/gptbot)"
65.21.113.253 - - [19/Sep/2026:18:24:54 +0530] "GET /buy.php?category/113_386_387/1 HTTP/1.1" 200 160545 "-" "Mozilla/5.0 (compatible; AwarioBot/1.0; +https://awario.com/bots.html)"
74.7.243.193 - - [19/Sep/2026:18:24:55 +0530] "GET /buy.php?detail/25204626473927 HTTP/2.0" 200 22545 "https://llprecharge.in/buy.php?detail/25204757355842" "Mozilla/5.0 AppleWebKit/537.36 (KHTML, like Gecko; compatible; GPTBot/1.4; +https://openai.com/gptbot)"
136.243.228.180 - - [19/Sep/2026:18:24:56 +0530] "GET /buy.php?jp/146029765.html HTTP/1.1" 200 20938 "-" "Mozilla/5.0 (compatible; DataForSeoBot/1.0; +https://dataforseo.com/dataforseo-bot)"
66.249.66.67 - - [19/Sep/2026:18:24:58 +0530] "GET /?e=q0u1i2n8t9a4i6n3904 HTTP/1.1" 200 1838 "-" "Mozilla/5.0 (Linux; Android 6.0.1; Nexus 5X Build/MMB29P) AppleWebKit/537.36 (KHTML, like Gecko) Chrome/153.0.8010.47 Mobile Safari/537.36 (compatible; Googlebot/2.1; +http://www.google.com/bot.html)"
74.7.242.42 - - [19/Sep/2026:18:24:56 +0530] "GET /buy.php?detail/28601334180628 HTTP/2.0" 200 21442 "https://www.llprecharge.in/buy.php?detail/28601305658329" "Mozilla/5.0 AppleWebKit/537.36 (KHTML, like Gecko; compatible; GPTBot/1.4; +https://openai.com/gptbot)"
66.249.66.67 - - [19/Sep/2026:18:24:58 +0530] "GET /?femoralis/4812825226 HTTP/1.1" 200 1838 "-" "Mozilla/5.0 (Linux; Android 6.0.1; Nexus 5X Build/MMB29P) AppleWebKit/537.36 (KHTML, like Gecko) Chrome/153.0.8010.47 Mobile Safari/537.36 (compatible; Googlebot/2.1; +http://www.google.com/bot.html)"
66.249.66.67 - - [19/Sep/2026:18:24:59 +0530] "GET /?e=t3h3o9m1i2s3m05591 HTTP/1.1" 200 1838 "-" "Mozilla/5.0 (Linux; Android 6.0.1; Nexus 5X Build/MMB29P) AppleWebKit/537.36 (KHTML, like Gecko) Chrome/153.0.8010.47 Mobile Safari/537.36 (compatible; Googlebot/2.1; +http://www.google.com/bot.html)"
74.7.243.193 - - [19/Sep/2026:18:24:57 +0530] "GET /buy.php?detail/09800487324906 HTTP/2.0" 200 20670 "https://llprecharge.in/buy.php?detail/09800486781725" "Mozilla/5.0 AppleWebKit/537.36 (KHTML, like Gecko; compatible; GPTBot/1.4; +https://openai.com/gptbot)"
