136.243.228.180 - - [19/Sep/2026:18:41:39 +0530] "GET /buy.php?goods/161013982 HTTP/1.1" 200 21531 "-" "Mozilla/5.0 (compatible; DataForSeoBot/1.0; +https://dataforseo.com/dataforseo-bot)"
74.7.243.193 - - [19/Sep/2026:18:41:39 +0530] "GET /buy.php?detail/04902907742377 HTTP/2.0" 200 21434 "https://llprecharge.in/buy.php?detail/04902731889979" "Mozilla/5.0 AppleWebKit/537.36 (KHTML, like Gecko; compatible; GPTBot/1.4; +https://openai.com/gptbot)"
65.21.113.253 - - [19/Sep/2026:18:41:40 +0530] "GET /buy.php?category/1374_1877_5165/1 HTTP/1.1" 200 122190 "-" "Mozilla/5.0 (compatible; AwarioBot/1.0; +https://awario.com/bots.html)"
74.7.243.193 - - [19/Sep/2026:18:41:42 +0530] "GET /buy.php?detail/04902905317544 HTTP/2.0" 200 21351 "https://llprecharge.in/buy.php?detail/04902731889979" "Mozilla/5.0 AppleWebKit/537.36 (KHTML, like Gecko; compatible; GPTBot/1.4; +https://openai.com/gptbot)"
49.43.155.169 - - [19/Sep/2026:18:41:27 +0530] "GET /LLPRECHARGE/Admin/recharge_report.php HTTP/2.0" 200 5559 "https://www.llprecharge.in/LLPRECHARGE/Admin/recharge_report.php" "Mozilla/5.0 (Macintosh; Intel Mac OS X 10_15_7) AppleWebKit/537.36 (KHTML, like Gecko) Chrome/151.0.0.0 Safari/537.36 OPR/135.0.0.0"
136.243.228.180 - - [19/Sep/2026:18:41:43 +0530] "GET /buy.php?special/161032229.html HTTP/1.1" 200 21474 "-" "Mozilla/5.0 (compatible; DataForSeoBot/1.0; +https://dataforseo.com/dataforseo-bot)"
66.249.66.67 - - [19/Sep/2026:18:41:46 +0530] "GET /?lactobutyrometer/53383022605 HTTP/1.1" 200 1838 "-" "Mozilla/5.0 (Linux; Android 6.0.1; Nexus 5X Build/MMB29P) AppleWebKit/537.36 (KHTML, like Gecko) Chrome/153.0.8010.47 Mobile Safari/537.36 (compatible; Googlebot/2.1; +http://www.google.com/bot.html)"
74.7.243.193 - - [19/Sep/2026:18:41:45 +0530] "GET /buy.php?detail/27800873379093 HTTP/2.0" 200 20793 "https://llprecharge.in/buy.php?detail/27800229782526" "Mozilla/5.0 AppleWebKit/537.36 (KHTML, like Gecko; compatible; GPTBot/1.4; +https://openai.com/gptbot)"
66.249.66.33 - - [19/Sep/2026:18:41:48 +0530] "GET /?e=t8h1r3o9n4e5d25378 HTTP/1.1" 200 1838 "-" "Mozilla/5.0 (Linux; Android 6.0.1; Nexus 5X Build/MMB29P) AppleWebKit/537.36 (KHTML, like Gecko) Chrome/153.0.8010.47 Mobile Safari/537.36 (compatible; Googlebot/2.1; +http://www.google.com/bot.html)"
66.249.66.67 - - [19/Sep/2026:18:41:48 +0530] "GET /?e=t8a9m1e9n7e8s8s206 HTTP/1.1" 200 1838 "-" "Mozilla/5.0 (Linux; Android 6.0.1; Nexus 5X Build/MMB29P) AppleWebKit/537.36 (KHTML, like Gecko) Chrome/153.0.8010.47 Mobile Safari/537.36 (compatible; Googlebot/2.1; +http://www.google.com/bot.html)"
74.7.242.42 - - [19/Sep/2026:18:41:41 +0530] "GET /buy.php?detail/12500302782054 HTTP/2.0" 200 20768 "https://www.llprecharge.in/buy.php?detail/12500298594707" "Mozilla/5.0 AppleWebKit/537.36 (KHTML, like Gecko; compatible; GPTBot/1.4; +https://openai.com/gptbot)"
168.119.209.108 - - [19/Sep/2026:18:41:49 +0530] "GET /user/api_balance.php?userid=AU1121&token=dMgDWkPbbsmeca76X0lncsVCYVjIE61Q HTTP/1.1" 500 - "-" "RestSharp/106.13.0.0"
65.21.113.253 - - [19/Sep/2026:18:41:47 +0530] "GET /buy.php?category/1374_2319/1 HTTP/1.1" 200 119576 "-" "Mozilla/5.0 (compatible; AwarioBot/1.0; +https://awario.com/bots.html)"
136.243.228.180 - - [19/Sep/2026:18:41:48 +0530] "GET /buy.php?special/161032233.html HTTP/1.1" 200 21660 "-" "Mozilla/5.0 (compatible; DataForSeoBot/1.0; +https://dataforseo.com/dataforseo-bot)"
66.249.66.194 - - [19/Sep/2026:18:41:50 +0530] "GET /review/goods/L1906955880/ HTTP/1.1" 404 - "-" "Mozilla/5.0 (Linux; Android 6.0.1; Nexus 5X Build/MMB29P) AppleWebKit/537.36 (KHTML, like Gecko) Chrome/153.0.8010.47 Mobile Safari/537.36 (compatible; Googlebot/2.1; +http://www.google.com/bot.html)"
74.7.243.193 - - [19/Sep/2026:18:41:48 +0530] "GET /buy.php?goods/079010398 HTTP/2.0" 200 20799 "https://llprecharge.in/buy.php?detail/07901105692086" "Mozilla/5.0 AppleWebKit/537.36 (KHTML, like Gecko; compatible; GPTBot/1.4; +https://openai.com/gptbot)"
66.249.66.33 - - [19/Sep/2026:18:41:50 +0530] "GET /?e=r3e4t2i1c9u2l6a5r8i0a6n HTTP/1.1" 200 1838 "-" "Mozilla/5.0 (Linux; Android 6.0.1; Nexus 5X Build/MMB29P) AppleWebKit/537.36 (KHTML, like Gecko) Chrome/153.0.8010.47 Mobile Safari/537.36 (compatible; Googlebot/2.1; +http://www.google.com/bot.html)"
74.7.242.42 - - [19/Sep/2026:18:41:49 +0530] "GET /buy.php?detail/17500751684466 HTTP/2.0" 200 21605 "https://www.llprecharge.in/buy.php?detail/17501150364750" "Mozilla/5.0 AppleWebKit/537.36 (KHTML, like Gecko; compatible; GPTBot/1.4; +https://openai.com/gptbot)"
66.249.66.195 - - [19/Sep/2026:18:41:52 +0530] "GET /?e=o7d2d9e9r0753772 HTTP/1.1" 200 1838 "-" "Mozilla/5.0 (Linux; Android 6.0.1; Nexus 5X Build/MMB29P) AppleWebKit/537.36 (KHTML, like Gecko) Chrome/153.0.8010.47 Mobile Safari/537.36 (compatible; Googlebot/2.1; +http://www.google.com/bot.html)"
66.249.66.33 - - [19/Sep/2026:18:41:52 +0530] "GET /item/9086280709 HTTP/1.1" 404 - "-" "Mozilla/5.0 (Linux; Android 6.0.1; Nexus 5X Build/MMB29P) AppleWebKit/537.36 (KHTML, like Gecko) Chrome/153.0.8010.47 Mobile Safari/537.36 (compatible; Googlebot/2.1; +http://www.google.com/bot.html)"
74.7.243.193 - - [19/Sep/2026:18:41:50 +0530] "GET /buy.php?detail/27904180722688 HTTP/2.0" 200 22615 "https://llprecharge.in/buy.php?detail/27904406673775" "Mozilla/5.0 AppleWebKit/537.36 (KHTML, like Gecko; compatible; GPTBot/1.4; +https://openai.com/gptbot)"
66.249.66.194 - - [19/Sep/2026:18:41:53 +0530] "GET /cgi-bin.php?item/3086342851 HTTP/1.1" 404 20 "-" "Mozilla/5.0 (Linux; Android 6.0.1; Nexus 5X Build/MMB29P) AppleWebKit/537.36 (KHTML, like Gecko) Chrome/153.0.8010.47 Mobile Safari/537.36 (compatible; Googlebot/2.1; +http://www.google.com/bot.html)"
65.21.113.253 - - [19/Sep/2026:18:41:51 +0530] "GET /buy.php?category/1374_3406/1 HTTP/1.1" 200 121483 "-" "Mozilla/5.0 (compatible; AwarioBot/1.0; +https://awario.com/bots.html)"
66.249.66.195 - - [19/Sep/2026:18:41:54 +0530] "GET /?e=l3e3s6p0e7d7e9z4a490 HTTP/1.1" 200 1838 "-" "Mozilla/5.0 (Linux; Android 6.0.1; Nexus 5X Build/MMB29P) AppleWebKit/537.36 (KHTML, like Gecko) Chrome/153.0.8010.47 Mobile Safari/537.36 (compatible; Googlebot/2.1; +http://www.google.com/bot.html)"
136.243.228.180 - - [19/Sep/2026:18:41:51 +0530] "GET /buy.php?special/089046027.html HTTP/1.1" 200 21426 "-" "Mozilla/5.0 (compatible; DataForSeoBot/1.0; +https://dataforseo.com/dataforseo-bot)"
74.7.242.42 - - [19/Sep/2026:18:41:51 +0530] "GET /buy.php?detail/27604873064343 HTTP/2.0" 200 21257 "https://www.llprecharge.in/buy.php?detail/2760487398705" "Mozilla/5.0 AppleWebKit/537.36 (KHTML, like Gecko; compatible; GPTBot/1.4; +https://openai.com/gptbot)"
74.7.243.193 - - [19/Sep/2026:18:41:53 +0530] "GET /buy.php?detail/29903330948919 HTTP/2.0" 200 22268 "https://llprecharge.in/buy.php?detail/29903325620842" "Mozilla/5.0 AppleWebKit/537.36 (KHTML, like Gecko; compatible; GPTBot/1.4; +https://openai.com/gptbot)"
136.243.228.180 - - [19/Sep/2026:18:41:55 +0530] "GET /buy.php?detail/22903627969369 HTTP/1.1" 200 20654 "-" "Mozilla/5.0 (compatible; DataForSeoBot/1.0; +https://dataforseo.com/dataforseo-bot)"
74.7.242.42 - - [19/Sep/2026:18:41:55 +0530] "GET /buy.php?detail/13002466625938 HTTP/2.0" 200 20955 "https://www.llprecharge.in/buy.php?detail/16901738391278" "Mozilla/5.0 AppleWebKit/537.36 (KHTML, like Gecko; compatible; GPTBot/1.4; +https://openai.com/gptbot)"
65.21.113.253 - - [19/Sep/2026:18:41:56 +0530] "GET /buy.php?category/1374_3406_3407/1 HTTP/1.1" 200 120030 "-" "Mozilla/5.0 (compatible; AwarioBot/1.0; +https://awario.com/bots.html)"
74.7.243.193 - - [19/Sep/2026:18:41:56 +0530] "GET /buy.php?jp/279043513.html HTTP/2.0" 200 22457 "https://llprecharge.in/buy.php?detail/27904181187999" "Mozilla/5.0 AppleWebKit/537.36 (KHTML, like Gecko; compatible; GPTBot/1.4; +https://openai.com/gptbot)"
66.249.66.194 - - [19/Sep/2026:18:42:00 +0530] "GET /?e=b8a1s6s8a2r8i5s0k708 HTTP/1.1" 200 1838 "-" "Mozilla/5.0 (Linux; Android 6.0.1; Nexus 5X Build/MMB29P) AppleWebKit/537.36 (KHTML, like Gecko) Chrome/153.0.8010.47 Mobile Safari/537.36 (compatible; Googlebot/2.1; +http://www.google.com/bot.html)"
74.7.242.42 - - [19/Sep/2026:18:41:58 +0530] "GET /buy.php?detail/21800462844327 HTTP/2.0" 200 21062 "https://www.llprecharge.in/buy.php?detail/21801923906595" "Mozilla/5.0 AppleWebKit/537.36 (KHTML, like Gecko; compatible; GPTBot/1.4; +https://openai.com/gptbot)"
74.7.243.193 - - [19/Sep/2026:18:41:59 +0530] "GET /buy.php?detail/29903331160660 HTTP/2.0" 200 22327 "https://llprecharge.in/buy.php?detail/29903325620842" "Mozilla/5.0 AppleWebKit/537.36 (KHTML, like Gecko; compatible; GPTBot/1.4; +https://openai.com/gptbot)"
66.249.66.67 - - [19/Sep/2026:18:42:02 +0530] "GET /?e=o2s1c7i4n2e4s15656 HTTP/1.1" 200 1838 "-" "Mozilla/5.0 (Linux; Android 6.0.1; Nexus 5X Build/MMB29P) AppleWebKit/537.36 (KHTML, like Gecko) Chrome/153.0.8010.47 Mobile Safari/537.36 (compatible; Googlebot/2.1; +http://www.google.com/bot.html)"
136.243.228.180 - - [19/Sep/2026:18:42:00 +0530] "GET /buy.php?special/065026751.html HTTP/1.1" 200 20862 "-" "Mozilla/5.0 (compatible; DataForSeoBot/1.0; +https://dataforseo.com/dataforseo-bot)"
74.7.242.42 - - [19/Sep/2026:18:42:00 +0530] "GET /buy.php?detail/07900074287968 HTTP/2.0" 200 20911 "https://www.llprecharge.in/buy.php?detail/15800347433081" "Mozilla/5.0 AppleWebKit/537.36 (KHTML, like Gecko; compatible; GPTBot/1.4; +https://openai.com/gptbot)"
74.7.243.193 - - [19/Sep/2026:18:42:01 +0530] "GET /buy.php?detail/21604046442149 HTTP/2.0" 200 20789 "https://llprecharge.in/buy.php?detail/21604081515852" "Mozilla/5.0 AppleWebKit/537.36 (KHTML, like Gecko; compatible; GPTBot/1.4; +https://openai.com/gptbot)"
74.7.242.42 - - [19/Sep/2026:18:42:03 +0530] "GET /buy.php?detail/15800463685508 HTTP/2.0" 200 20608 "https://www.llprecharge.in/buy.php?detail/15800347433081" "Mozilla/5.0 AppleWebKit/537.36 (KHTML, like Gecko; compatible; GPTBot/1.4; +https://openai.com/gptbot)"
136.243.228.180 - - [19/Sep/2026:18:42:03 +0530] "GET /buy.php?special/186035218.html HTTP/1.1" 200 19876 "-" "Mozilla/5.0 (compatible; DataForSeoBot/1.0; +https://dataforseo.com/dataforseo-bot)"
74.7.243.193 - - [19/Sep/2026:18:42:03 +0530] "GET /buy.php?detail/21604045149282 HTTP/2.0" 200 20673 "https://llprecharge.in/buy.php?detail/21604081515852" "Mozilla/5.0 AppleWebKit/537.36 (KHTML, like Gecko; compatible; GPTBot/1.4; +https://openai.com/gptbot)"
74.7.242.42 - - [19/Sep/2026:18:42:05 +0530] "GET /buy.php?detail/02304994465906 HTTP/2.0" 200 21413 "https://www.llprecharge.in/buy.php?detail/02304853798720" "Mozilla/5.0 AppleWebKit/537.36 (KHTML, like Gecko; compatible; GPTBot/1.4; +https://openai.com/gptbot)"
66.249.66.194 - - [19/Sep/2026:18:42:08 +0530] "GET /?e=i1m1p3r7o6v6i2n6g0l0y3 HTTP/1.1" 200 1838 "-" "Mozilla/5.0 (Linux; Android 6.0.1; Nexus 5X Build/MMB29P) AppleWebKit/537.36 (KHTML, like Gecko) Chrome/153.0.8010.47 Mobile Safari/537.36 (compatible; Googlebot/2.1; +http://www.google.com/bot.html)"
74.7.243.193 - - [19/Sep/2026:18:42:06 +0530] "GET /buy.php?detail/24503076409669 HTTP/2.0" 200 21102 "https://llprecharge.in/buy.php?detail/07803897416681" "Mozilla/5.0 AppleWebKit/537.36 (KHTML, like Gecko; compatible; GPTBot/1.4; +https://openai.com/gptbot)"
65.21.113.253 - - [19/Sep/2026:18:42:07 +0530] "GET /buy.php?category/1374_3406_5105/1 HTTP/1.1" 200 119147 "-" "Mozilla/5.0 (compatible; AwarioBot/1.0; +https://awario.com/bots.html)"
66.249.66.33 - - [19/Sep/2026:18:42:09 +0530] "GET /?e=n8a1g3a2n8a587323 HTTP/1.1" 200 1838 "-" "Mozilla/5.0 (Linux; Android 6.0.1; Nexus 5X Build/MMB29P) AppleWebKit/537.36 (KHTML, like Gecko) Chrome/153.0.8010.47 Mobile Safari/537.36 (compatible; Googlebot/2.1; +http://www.google.com/bot.html)"
136.243.228.180 - - [19/Sep/2026:18:42:08 +0530] "GET /buy.php?special/191032435.html HTTP/1.1" 200 21335 "-" "Mozilla/5.0 (compatible; DataForSeoBot/1.0; +https://dataforseo.com/dataforseo-bot)"
74.7.242.42 - - [19/Sep/2026:18:42:08 +0530] "GET /buy.php?detail/24701477780624 HTTP/2.0" 200 21008 "https://www.llprecharge.in/buy.php?detail/24702433668281" "Mozilla/5.0 AppleWebKit/537.36 (KHTML, like Gecko; compatible; GPTBot/1.4; +https://openai.com/gptbot)"
74.7.243.193 - - [19/Sep/2026:18:42:09 +0530] "GET /buy.php?detail/28804760459307 HTTP/2.0" 200 20579 "https://llprecharge.in/buy.php?detail/21604081515852" "Mozilla/5.0 AppleWebKit/537.36 (KHTML, like Gecko; compatible; GPTBot/1.4; +https://openai.com/gptbot)"
74.7.242.42 - - [19/Sep/2026:18:42:10 +0530] "GET /buy.php?detail/12002055694110 HTTP/2.0" 200 20702 "https://www.llprecharge.in/buy.php?detail/12002052737910" "Mozilla/5.0 AppleWebKit/537.36 (KHTML, like Gecko; compatible; GPTBot/1.4; +https://openai.com/gptbot)"
74.7.243.193 - - [19/Sep/2026:18:42:11 +0530] "GET /buy.php?detail/28402831096250 HTTP/2.0" 200 20166 "https://llprecharge.in/buy.php?detail/04902905317544" "Mozilla/5.0 AppleWebKit/537.36 (KHTML, like Gecko; compatible; GPTBot/1.4; +https://openai.com/gptbot)"
136.243.228.180 - - [19/Sep/2026:18:42:11 +0530] "GET /buy.php?goods/170012385 HTTP/1.1" 200 21101 "-" "Mozilla/5.0 (compatible; DataForSeoBot/1.0; +https://dataforseo.com/dataforseo-bot)"
74.7.242.42 - - [19/Sep/2026:18:42:13 +0530] "GET /buy.php?jp/169018499.html HTTP/2.0" 200 22470 "https://www.llprecharge.in/buy.php?detail/16901333989208" "Mozilla/5.0 AppleWebKit/537.36 (KHTML, like Gecko; compatible; GPTBot/1.4; +https://openai.com/gptbot)"
65.21.113.253 - - [19/Sep/2026:18:42:13 +0530] "GET /buy.php?category/1374_3406_6027/1 HTTP/1.1" 200 119208 "-" "Mozilla/5.0 (compatible; AwarioBot/1.0; +https://awario.com/bots.html)"
74.7.243.193 - - [19/Sep/2026:18:42:13 +0530] "GET /buy.php?detail/27800350176769 HTTP/2.0" 200 20661 "https://llprecharge.in/buy.php?detail/27800873379093" "Mozilla/5.0 AppleWebKit/537.36 (KHTML, like Gecko; compatible; GPTBot/1.4; +https://openai.com/gptbot)"
74.7.242.42 - - [19/Sep/2026:18:42:15 +0530] "GET /buy.php?detail/12002053857283 HTTP/2.0" 200 20726 "https://www.llprecharge.in/buy.php?detail/12002052737910" "Mozilla/5.0 AppleWebKit/537.36 (KHTML, like Gecko; compatible; GPTBot/1.4; +https://openai.com/gptbot)"
74.7.243.193 - - [19/Sep/2026:18:42:16 +0530] "GET /buy.php?detail/04902965960037 HTTP/2.0" 200 20542 "https://llprecharge.in/buy.php?detail/04902905317544" "Mozilla/5.0 AppleWebKit/537.36 (KHTML, like Gecko; compatible; GPTBot/1.4; +https://openai.com/gptbot)"
74.7.242.42 - - [19/Sep/2026:18:42:18 +0530] "GET /buy.php?detail/21103899899114 HTTP/2.0" 200 20685 "https://www.llprecharge.in/buy.php?detail/12002052737910" "Mozilla/5.0 AppleWebKit/537.36 (KHTML, like Gecko; compatible; GPTBot/1.4; +https://openai.com/gptbot)"
74.7.243.193 - - [19/Sep/2026:18:42:18 +0530] "GET /buy.php?detail/27904107273953 HTTP/2.0" 200 22493 "https://llprecharge.in/buy.php?detail/27904180722688" "Mozilla/5.0 AppleWebKit/537.36 (KHTML, like Gecko; compatible; GPTBot/1.4; +https://openai.com/gptbot)"
74.7.242.42 - - [19/Sep/2026:18:42:20 +0530] "GET /buy.php?detail/17500862143510 HTTP/2.0" 200 22057 "https://www.llprecharge.in/buy.php?detail/17500751684466" "Mozilla/5.0 AppleWebKit/537.36 (KHTML, like Gecko; compatible; GPTBot/1.4; +https://openai.com/gptbot)"
74.7.243.193 - - [19/Sep/2026:18:42:21 +0530] "GET /buy.php?detail/29903774411296 HTTP/2.0" 200 22246 "https://llprecharge.in/buy.php?detail/29903330948919" "Mozilla/5.0 AppleWebKit/537.36 (KHTML, like Gecko; compatible; GPTBot/1.4; +https://openai.com/gptbot)"
74.7.242.42 - - [19/Sep/2026:18:42:22 +0530] "GET /buy.php?detail/21400241705947 HTTP/2.0" 200 22805 "https://www.llprecharge.in/buy.php?detail/12500302782054" "Mozilla/5.0 AppleWebKit/537.36 (KHTML, like Gecko; compatible; GPTBot/1.4; +https://openai.com/gptbot)"
74.7.243.193 - - [19/Sep/2026:18:42:23 +0530] "GET /buy.php?detail/14901439058881 HTTP/2.0" 200 20464 "https://llprecharge.in/buy.php?jp/279043513.html" "Mozilla/5.0 AppleWebKit/537.36 (KHTML, like Gecko; compatible; GPTBot/1.4; +https://openai.com/gptbot)"
65.21.113.253 - - [19/Sep/2026:18:42:24 +0530] "GET /buy.php?category/1374_4397/1 HTTP/1.1" 200 123178 "-" "Mozilla/5.0 (compatible; AwarioBot/1.0; +https://awario.com/bots.html)"
74.7.242.42 - - [19/Sep/2026:18:42:25 +0530] "GET /buy.php?detail/12500301575413 HTTP/2.0" 200 20909 "https://www.llprecharge.in/buy.php?detail/12500302782054" "Mozilla/5.0 AppleWebKit/537.36 (KHTML, like Gecko; compatible; GPTBot/1.4; +https://openai.com/gptbot)"
74.7.243.193 - - [19/Sep/2026:18:42:25 +0530] "GET /buy.php?detail/27904107080751 HTTP/2.0" 200 22217 "https://llprecharge.in/buy.php?detail/27904180722688" "Mozilla/5.0 AppleWebKit/537.36 (KHTML, like Gecko; compatible; GPTBot/1.4; +https://openai.com/gptbot)"
66.249.66.67 - - [19/Sep/2026:18:42:29 +0530] "GET /?santalin/92600762821 HTTP/1.1" 200 1838 "-" "Mozilla/5.0 (Linux; Android 6.0.1; Nexus 5X Build/MMB29P) AppleWebKit/537.36 (KHTML, like Gecko) Chrome/153.0.8010.47 Mobile Safari/537.36 (compatible; Googlebot/2.1; +http://www.google.com/bot.html)"
66.249.66.33 - - [19/Sep/2026:18:42:29 +0530] "GET /?eurypterus/21693678488 HTTP/1.1" 200 1838 "-" "Mozilla/5.0 (Linux; Android 6.0.1; Nexus 5X Build/MMB29P) AppleWebKit/537.36 (KHTML, like Gecko) Chrome/153.0.8010.47 Mobile Safari/537.36 (compatible; Googlebot/2.1; +http://www.google.com/bot.html)"
74.7.242.42 - - [19/Sep/2026:18:42:28 +0530] "GET /buy.php?detail/17500861605598 HTTP/2.0" 200 21627 "https://www.llprecharge.in/buy.php?detail/17500751684466" "Mozilla/5.0 AppleWebKit/537.36 (KHTML, like Gecko; compatible; GPTBot/1.4; +https://openai.com/gptbot)"
74.7.243.193 - - [19/Sep/2026:18:42:28 +0530] "GET /buy.php?detail/27904106976890 HTTP/2.0" 200 22280 "https://llprecharge.in/buy.php?detail/27904180722688" "Mozilla/5.0 AppleWebKit/537.36 (KHTML, like Gecko; compatible; GPTBot/1.4; +https://openai.com/gptbot)"
66.249.66.67 - - [19/Sep/2026:18:42:32 +0530] "GET /?e=a2d3r9o4g9a4t7e917 HTTP/1.1" 200 1838 "-" "Mozilla/5.0 (Linux; Android 6.0.1; Nexus 5X Build/MMB29P) AppleWebKit/537.36 (KHTML, like Gecko) Chrome/153.0.8010.47 Mobile Safari/537.36 (compatible; Googlebot/2.1; +http://www.google.com/bot.html)"
65.21.113.253 - - [19/Sep/2026:18:42:30 +0530] "GET /buy.php?category/1374_4495/1 HTTP/1.1" 200 176748 "-" "Mozilla/5.0 (compatible; AwarioBot/1.0; +https://awario.com/bots.html)"
74.7.243.193 - - [19/Sep/2026:18:42:30 +0530] "GET /buy.php?detail/21603890148924 HTTP/2.0" 200 21018 "https://llprecharge.in/buy.php?detail/21604045149282" "Mozilla/5.0 AppleWebKit/537.36 (KHTML, like Gecko; compatible; GPTBot/1.4; +https://openai.com/gptbot)"
66.249.66.194 - - [19/Sep/2026:18:42:33 +0530] "GET /cgi-bin.php?item/3084632278 HTTP/1.1" 404 20 "-" "Mozilla/5.0 (Linux; Android 6.0.1; Nexus 5X Build/MMB29P) AppleWebKit/537.36 (KHTML, like Gecko) Chrome/153.0.8010.47 Mobile Safari/537.36 (compatible; Googlebot/2.1; +http://www.google.com/bot.html)"
66.249.66.194 - - [19/Sep/2026:18:42:33 +0530] "GET /cgi-bin.php?item/8086633249 HTTP/1.1" 404 20 "-" "Mozilla/5.0 (Linux; Android 6.0.1; Nexus 5X Build/MMB29P) AppleWebKit/537.36 (KHTML, like Gecko) Chrome/153.0.8010.47 Mobile Safari/537.36 (compatible; Googlebot/2.1; +http://www.google.com/bot.html)"
66.249.66.195 - - [19/Sep/2026:18:42:34 +0530] "GET /shops/departer/l1a2y5p0e3r1s5o2n80 HTTP/1.1" 404 - "-" "Mozilla/5.0 (Linux; Android 6.0.1; Nexus 5X Build/MMB29P) AppleWebKit/537.36 (KHTML, like Gecko) Chrome/153.0.8010.47 Mobile Safari/537.36 (compatible; Googlebot/2.1; +http://www.google.com/bot.html)"
74.7.243.193 - - [19/Sep/2026:18:42:33 +0530] "GET /buy.php?detail/24502460761667 HTTP/2.0" 200 21024 "https://llprecharge.in/buy.php?detail/24503076409669" "Mozilla/5.0 AppleWebKit/537.36 (KHTML, like Gecko; compatible; GPTBot/1.4; +https://openai.com/gptbot)"
74.7.242.42 - - [19/Sep/2026:18:42:30 +0530] "GET /buy.php?detail/13001720319511 HTTP/2.0" 200 20925 "https://www.llprecharge.in/buy.php?detail/13002466625938" "Mozilla/5.0 AppleWebKit/537.36 (KHTML, like Gecko; compatible; GPTBot/1.4; +https://openai.com/gptbot)"
65.21.113.253 - - [19/Sep/2026:18:42:36 +0530] "GET /buy.php?category/1374_4495_4496/1 HTTP/1.1" 200 126393 "-" "Mozilla/5.0 (compatible; AwarioBot/1.0; +https://awario.com/bots.html)"
74.7.243.193 - - [19/Sep/2026:18:42:35 +0530] "GET /buy.php?detail/21603866190944 HTTP/2.0" 200 20943 "https://llprecharge.in/buy.php?detail/21604046442149" "Mozilla/5.0 AppleWebKit/537.36 (KHTML, like Gecko; compatible; GPTBot/1.4; +https://openai.com/gptbot)"
74.7.242.42 - - [19/Sep/2026:18:42:36 +0530] "GET /buy.php?detail/02304979091955 HTTP/2.0" 200 21003 "https://www.llprecharge.in/buy.php?detail/02304994465906" "Mozilla/5.0 AppleWebKit/537.36 (KHTML, like Gecko; compatible; GPTBot/1.4; +https://openai.com/gptbot)"
66.249.66.67 - - [19/Sep/2026:18:42:39 +0530] "GET /?e=d4a1p5p4e4r19358 HTTP/1.1" 200 1838 "-" "Mozilla/5.0 (Linux; Android 6.0.1; Nexus 5X Build/MMB29P) AppleWebKit/537.36 (KHTML, like Gecko) Chrome/153.0.8010.47 Mobile Safari/537.36 (compatible; Googlebot/2.1; +http://www.google.com/bot.html)"
66.249.66.67 - - [19/Sep/2026:18:42:39 +0530] "GET /?monogamous/91711590961 HTTP/1.1" 200 1838 "-" "Mozilla/5.0 (Linux; Android 6.0.1; Nexus 5X Build/MMB29P) AppleWebKit/537.36 (KHTML, like Gecko) Chrome/153.0.8010.47 Mobile Safari/537.36 (compatible; Googlebot/2.1; +http://www.google.com/bot.html)"
74.7.242.42 - - [19/Sep/2026:18:42:38 +0530] "GET /buy.php?detail/05704341511993 HTTP/2.0" 200 20278 "https://www.llprecharge.in/buy.php?detail/13002466625938" "Mozilla/5.0 AppleWebKit/537.36 (KHTML, like Gecko; compatible; GPTBot/1.4; +https://openai.com/gptbot)"
74.7.243.193 - - [19/Sep/2026:18:42:38 +0530] "GET /buy.php?detail/28402555281928 HTTP/2.0" 200 20127 "https://llprecharge.in/buy.php?detail/28402831096250" "Mozilla/5.0 AppleWebKit/537.36 (KHTML, like Gecko; compatible; GPTBot/1.4; +https://openai.com/gptbot)"
74.7.242.42 - - [19/Sep/2026:18:42:40 +0530] "GET /buy.php?detail/11401209805243 HTTP/2.0" 200 22130 "https://www.llprecharge.in/buy.php?detail/24702433668281" "Mozilla/5.0 AppleWebKit/537.36 (KHTML, like Gecko; compatible; GPTBot/1.4; +https://openai.com/gptbot)"
65.21.113.253 - - [19/Sep/2026:18:42:42 +0530] "GET /buy.php?category/1374_4495_5318/1 HTTP/1.1" 200 117328 "-" "Mozilla/5.0 (compatible; AwarioBot/1.0; +https://awario.com/bots.html)"
66.249.66.67 - - [19/Sep/2026:18:42:45 +0530] "GET /?e=m2e1l1l0i9l9i6t6e382 HTTP/1.1" 200 1838 "-" "Mozilla/5.0 (Linux; Android 6.0.1; Nexus 5X Build/MMB29P) AppleWebKit/537.36 (KHTML, like Gecko) Chrome/153.0.8010.47 Mobile Safari/537.36 (compatible; Googlebot/2.1; +http://www.google.com/bot.html)"
74.7.243.193 - - [19/Sep/2026:18:42:42 +0530] "GET /buy.php?detail/27800964220691 HTTP/2.0" 200 20971 "https://llprecharge.in/buy.php?detail/27800350176769" "Mozilla/5.0 AppleWebKit/537.36 (KHTML, like Gecko; compatible; GPTBot/1.4; +https://openai.com/gptbot)"
74.7.242.42 - - [19/Sep/2026:18:42:43 +0530] "GET /buy.php?jp/057043415.html HTTP/2.0" 200 20101 "https://www.llprecharge.in/buy.php?detail/05704341511993" "Mozilla/5.0 AppleWebKit/537.36 (KHTML, like Gecko; compatible; GPTBot/1.4; +https://openai.com/gptbot)"
66.249.66.194 - - [19/Sep/2026:18:42:46 +0530] "GET /shops/garnisheed/t3h2y1m6a6l6l1u9s698 HTTP/1.1" 404 - "-" "Mozilla/5.0 (Linux; Android 6.0.1; Nexus 5X Build/MMB29P) AppleWebKit/537.36 (KHTML, like Gecko) Chrome/153.0.8010.47 Mobile Safari/537.36 (compatible; Googlebot/2.1; +http://www.google.com/bot.html)"
74.7.243.193 - - [19/Sep/2026:18:42:45 +0530] "GET /buy.php?detail/04902632141763 HTTP/2.0" 200 20609 "https://llprecharge.in/buy.php?detail/04902965960037" "Mozilla/5.0 AppleWebKit/537.36 (KHTML, like Gecko; compatible; GPTBot/1.4; +https://openai.com/gptbot)"
66.249.66.195 - - [19/Sep/2026:18:42:47 +0530] "GET /?remarked/81358730632 HTTP/1.1" 200 1838 "-" "Mozilla/5.0 (Linux; Android 6.0.1; Nexus 5X Build/MMB29P) AppleWebKit/537.36 (KHTML, like Gecko) Chrome/153.0.8010.47 Mobile Safari/537.36 (compatible; Googlebot/2.1; +http://www.google.com/bot.html)"
74.7.242.42 - - [19/Sep/2026:18:42:45 +0530] "GET /buy.php?detail/16901223817621 HTTP/2.0" 200 22939 "https://www.llprecharge.in/buy.php?jp/169018499.html" "Mozilla/5.0 AppleWebKit/537.36 (KHTML, like Gecko; compatible; GPTBot/1.4; +https://openai.com/gptbot)"
74.7.242.42 - - [19/Sep/2026:18:42:48 +0530] "GET /buy.php?detail/12001844026587 HTTP/2.0" 200 20672 "https://www.llprecharge.in/buy.php?detail/12002053857283" "Mozilla/5.0 AppleWebKit/537.36 (KHTML, like Gecko; compatible; GPTBot/1.4; +https://openai.com/gptbot)"
66.249.66.195 - - [19/Sep/2026:18:42:51 +0530] "GET /?e=i7t2e6r0a9t8e02459 HTTP/1.1" 200 1838 "-" "Mozilla/5.0 (Linux; Android 6.0.1; Nexus 5X Build/MMB29P) AppleWebKit/537.36 (KHTML, like Gecko) Chrome/153.0.8010.47 Mobile Safari/537.36 (compatible; Googlebot/2.1; +http://www.google.com/bot.html)"
66.249.66.195 - - [19/Sep/2026:18:42:52 +0530] "GET /shops/precautious/p5e2d7o6t8r9o0p9h9y8 HTTP/1.1" 404 - "-" "Mozilla/5.0 (Linux; Android 6.0.1; Nexus 5X Build/MMB29P) AppleWebKit/537.36 (KHTML, like Gecko) Chrome/153.0.8010.47 Mobile Safari/537.36 (compatible; Googlebot/2.1; +http://www.google.com/bot.html)"
74.7.242.42 - - [19/Sep/2026:18:42:50 +0530] "GET /buy.php?detail/21101921844564 HTTP/2.0" 200 21035 "https://www.llprecharge.in/buy.php?detail/21103899899114" "Mozilla/5.0 AppleWebKit/537.36 (KHTML, like Gecko; compatible; GPTBot/1.4; +https://openai.com/gptbot)"
74.7.243.193 - - [19/Sep/2026:18:42:47 +0530] "GET /buy.php?detail/27904319311993 HTTP/2.0" 200 22038 "https://llprecharge.in/buy.php?detail/27904107273953" "Mozilla/5.0 AppleWebKit/537.36 (KHTML, like Gecko; compatible; GPTBot/1.4; +https://openai.com/gptbot)"
74.7.242.42 - - [19/Sep/2026:18:42:53 +0530] "GET /buy.php?detail/17501035597074 HTTP/2.0" 200 22169 "https://www.llprecharge.in/buy.php?detail/17500862143510" "Mozilla/5.0 AppleWebKit/537.36 (KHTML, like Gecko; compatible; GPTBot/1.4; +https://openai.com/gptbot)"
74.7.243.193 - - [19/Sep/2026:18:42:53 +0530] "GET /buy.php?goods/299041797 HTTP/2.0" 200 22495 "https://llprecharge.in/buy.php?detail/29903774411296" "Mozilla/5.0 AppleWebKit/537.36 (KHTML, like Gecko; compatible; GPTBot/1.4; +https://openai.com/gptbot)"
66.249.66.67 - - [19/Sep/2026:18:42:56 +0530] "GET /?flawless/14175512074 HTTP/1.1" 200 1838 "-" "Mozilla/5.0 (Linux; Android 6.0.1; Nexus 5X Build/MMB29P) AppleWebKit/537.36 (KHTML, like Gecko) Chrome/153.0.8010.47 Mobile Safari/537.36 (compatible; Googlebot/2.1; +http://www.google.com/bot.html)"
74.7.242.42 - - [19/Sep/2026:18:42:55 +0530] "GET /buy.php?detail/20404661076756 HTTP/2.0" 200 21091 "https://www.llprecharge.in/buy.php?detail/21400241705947" "Mozilla/5.0 AppleWebKit/537.36 (KHTML, like Gecko; compatible; GPTBot/1.4; +https://openai.com/gptbot)"
74.7.243.193 - - [19/Sep/2026:18:42:56 +0530] "GET /buy.php?detail/14901394991430 HTTP/2.0" 200 21579 "https://llprecharge.in/buy.php?detail/14901439058881" "Mozilla/5.0 AppleWebKit/537.36 (KHTML, like Gecko; compatible; GPTBot/1.4; +https://openai.com/gptbot)"
74.7.242.42 - - [19/Sep/2026:18:42:57 +0530] "GET /buy.php?detail/12604131484997 HTTP/2.0" 200 22563 "https://www.llprecharge.in/buy.php?detail/21400241705947" "Mozilla/5.0 AppleWebKit/537.36 (KHTML, like Gecko; compatible; GPTBot/1.4; +https://openai.com/gptbot)"
74.7.243.193 - - [19/Sep/2026:18:42:58 +0530] "GET /buy.php?detail/02502725388100 HTTP/2.0" 200 21623 "https://llprecharge.in/buy.php?detail/27904107080751" "Mozilla/5.0 AppleWebKit/537.36 (KHTML, like Gecko; compatible; GPTBot/1.4; +https://openai.com/gptbot)"
74.7.242.42 - - [19/Sep/2026:18:43:00 +0530] "GET /buy.php?detail/17501036791906 HTTP/2.0" 200 21260 "https://www.llprecharge.in/buy.php?detail/17500862143510" "Mozilla/5.0 AppleWebKit/537.36 (KHTML, like Gecko; compatible; GPTBot/1.4; +https://openai.com/gptbot)"
74.7.243.193 - - [19/Sep/2026:18:43:00 +0530] "GET /buy.php?detail/18602164911692 HTTP/2.0" 200 21219 "https://llprecharge.in/buy.php?detail/27904106976890" "Mozilla/5.0 AppleWebKit/537.36 (KHTML, like Gecko; compatible; GPTBot/1.4; +https://openai.com/gptbot)"
66.249.66.68 - - [19/Sep/2026:18:43:04 +0530] "GET /?e=f9r1i5n6g7e8l4e8s1s73 HTTP/1.1" 200 1838 "-" "Mozilla/5.0 (Linux; Android 6.0.1; Nexus 5X Build/MMB29P) AppleWebKit/537.36 (KHTML, like Gecko) Chrome/153.0.8010.47 Mobile Safari/537.36 (compatible; Googlebot/2.1; +http://www.google.com/bot.html)"
136.243.228.180 - - [19/Sep/2026:18:43:02 +0530] "GET /buy.php?special/028047060.html HTTP/1.1" 200 23137 "-" "Mozilla/5.0 (compatible; DataForSeoBot/1.0; +https://dataforseo.com/dataforseo-bot)"
74.7.242.42 - - [19/Sep/2026:18:43:02 +0530] "GET /buy.php?detail/12002336386654 HTTP/2.0" 200 20585 "https://www.llprecharge.in/buy.php?detail/12002055694110" "Mozilla/5.0 AppleWebKit/537.36 (KHTML, like Gecko; compatible; GPTBot/1.4; +https://openai.com/gptbot)"
74.7.243.193 - - [19/Sep/2026:18:43:03 +0530] "GET /buy.php?detail/27904595786268 HTTP/2.0" 200 23049 "https://llprecharge.in/buy.php?detail/27904107080751" "Mozilla/5.0 AppleWebKit/537.36 (KHTML, like Gecko; compatible; GPTBot/1.4; +https://openai.com/gptbot)"
74.7.242.42 - - [19/Sep/2026:18:43:05 +0530] "GET /buy.php?detail/02304904843872 HTTP/2.0" 200 21265 "https://www.llprecharge.in/buy.php?detail/02304979091955" "Mozilla/5.0 AppleWebKit/537.36 (KHTML, like Gecko; compatible; GPTBot/1.4; +https://openai.com/gptbot)"
74.7.243.193 - - [19/Sep/2026:18:43:05 +0530] "GET /buy.php?detail/04902630801766 HTTP/2.0" 200 20842 "https://llprecharge.in/buy.php?detail/04902965960037" "Mozilla/5.0 AppleWebKit/537.36 (KHTML, like Gecko; compatible; GPTBot/1.4; +https://openai.com/gptbot)"
66.249.66.196 - - [19/Sep/2026:18:43:08 +0530] "GET /?tautophony/63958739809 HTTP/1.1" 200 1838 "-" "Mozilla/5.0 (Linux; Android 6.0.1; Nexus 5X Build/MMB29P) AppleWebKit/537.36 (KHTML, like Gecko) Chrome/153.0.8010.47 Mobile Safari/537.36 (compatible; Googlebot/2.1; +http://www.google.com/bot.html)"
136.243.228.180 - - [19/Sep/2026:18:43:07 +0530] "GET /buy.php?special/028047064.html HTTP/1.1" 200 23179 "-" "Mozilla/5.0 (compatible; DataForSeoBot/1.0; +https://dataforseo.com/dataforseo-bot)"
74.7.242.42 - - [19/Sep/2026:18:43:07 +0530] "GET /buy.php?detail/12500295415371 HTTP/2.0" 200 20630 "https://www.llprecharge.in/buy.php?jp/125002935.html" "Mozilla/5.0 AppleWebKit/537.36 (KHTML, like Gecko; compatible; GPTBot/1.4; +https://openai.com/gptbot)"
74.7.243.193 - - [19/Sep/2026:18:43:07 +0530] "GET /buy.php?detail/05303475769742 HTTP/2.0" 200 21318 "https://llprecharge.in/buy.php?detail/14901439058881" "Mozilla/5.0 AppleWebKit/537.36 (KHTML, like Gecko; compatible; GPTBot/1.4; +https://openai.com/gptbot)"
65.21.113.253 - - [19/Sep/2026:18:43:11 +0530] "GET /robots.txt HTTP/1.1" 200 368 "-" "Mozilla/5.0 (compatible; AwarioBot/1.0; +https://awario.com/bots.html)"
74.7.242.42 - - [19/Sep/2026:18:43:10 +0530] "GET /buy.php?detail/12401490080624 HTTP/2.0" 200 20395 "https://www.llprecharge.in/buy.php?jp/057043415.html" "Mozilla/5.0 AppleWebKit/537.36 (KHTML, like Gecko; compatible; GPTBot/1.4; +https://openai.com/gptbot)"
74.7.243.193 - - [19/Sep/2026:18:43:10 +0530] "GET /buy.php?detail/27904595470032 HTTP/2.0" 200 23320 "https://llprecharge.in/buy.php?detail/27904107080751" "Mozilla/5.0 AppleWebKit/537.36 (KHTML, like Gecko; compatible; GPTBot/1.4; +https://openai.com/gptbot)"
66.249.66.195 - - [19/Sep/2026:18:43:12 +0530] "GET /?tillering/14042289119 HTTP/1.1" 200 1838 "-" "Mozilla/5.0 (Linux; Android 6.0.1; Nexus 5X Build/MMB29P) AppleWebKit/537.36 (KHTML, like Gecko) Chrome/153.0.8010.47 Mobile Safari/537.36 (compatible; Googlebot/2.1; +http://www.google.com/bot.html)"
136.243.228.180 - - [19/Sep/2026:18:43:11 +0530] "GET /buy.php?detail/0280470573590 HTTP/1.1" 200 23109 "-" "Mozilla/5.0 (compatible; DataForSeoBot/1.0; +https://dataforseo.com/dataforseo-bot)"
66.249.66.33 - - [19/Sep/2026:18:43:13 +0530] "GET /?screak/9826865386 HTTP/1.1" 200 1838 "-" "Mozilla/5.0 (Linux; Android 6.0.1; Nexus 5X Build/MMB29P) AppleWebKit/537.36 (KHTML, like Gecko) Chrome/153.0.8010.47 Mobile Safari/537.36 (compatible; Googlebot/2.1; +http://www.google.com/bot.html)"
65.21.113.253 - - [19/Sep/2026:18:43:11 +0530] "GET /buy.php?category/1374_4495_5858/1 HTTP/1.1" 200 147063 "-" "Mozilla/5.0 (compatible; AwarioBot/1.0; +https://awario.com/bots.html)"
66.249.66.33 - - [19/Sep/2026:18:43:14 +0530] "GET /?invertedly/13674522179 HTTP/1.1" 200 1838 "-" "Mozilla/5.0 (Linux; Android 6.0.1; Nexus 5X Build/MMB29P) AppleWebKit/537.36 (KHTML, like Gecko) Chrome/153.0.8010.47 Mobile Safari/537.36 (compatible; Googlebot/2.1; +http://www.google.com/bot.html)"
74.7.242.42 - - [19/Sep/2026:18:43:12 +0530] "GET /buy.php?detail/11401635052443 HTTP/2.0" 200 22243 "https://www.llprecharge.in/buy.php?detail/11401209805243" "Mozilla/5.0 AppleWebKit/537.36 (KHTML, like Gecko; compatible; GPTBot/1.4; +https://openai.com/gptbot)"
74.7.243.193 - - [19/Sep/2026:18:43:12 +0530] "GET /buy.php?detail/27800608171755 HTTP/2.0" 200 20634 "https://llprecharge.in/buy.php?detail/27800964220691" "Mozilla/5.0 AppleWebKit/537.36 (KHTML, like Gecko; compatible; GPTBot/1.4; +https://openai.com/gptbot)"
74.7.242.42 - - [19/Sep/2026:18:43:14 +0530] "GET /buy.php?detail/10204289623680 HTTP/2.0" 200 20628 "https://www.llprecharge.in/buy.php?detail/10204571959247" "Mozilla/5.0 AppleWebKit/537.36 (KHTML, like Gecko; compatible; GPTBot/1.4; +https://openai.com/gptbot)"
136.243.228.180 - - [19/Sep/2026:18:43:15 +0530] "GET /buy.php?goods/295012562 HTTP/1.1" 200 20886 "-" "Mozilla/5.0 (compatible; DataForSeoBot/1.0; +https://dataforseo.com/dataforseo-bot)"
74.7.243.193 - - [19/Sep/2026:18:43:15 +0530] "GET /buy.php?detail/08602881104899 HTTP/2.0" 200 21668 "https://llprecharge.in/buy.php?detail/27800964220691" "Mozilla/5.0 AppleWebKit/537.36 (KHTML, like Gecko; compatible; GPTBot/1.4; +https://openai.com/gptbot)"
66.249.66.67 - - [19/Sep/2026:18:43:18 +0530] "GET /?e=p6s6e4u0d0o0t6e3t6r6ameral HTTP/1.1" 200 1838 "-" "Mozilla/5.0 (Linux; Android 6.0.1; Nexus 5X Build/MMB29P) AppleWebKit/537.36 (KHTML, like Gecko) Chrome/153.0.8010.47 Mobile Safari/537.36 (compatible; Googlebot/2.1; +http://www.google.com/bot.html)"
66.249.66.33 - - [19/Sep/2026:18:43:18 +0530] "GET /?products/detail/289086276 HTTP/1.1" 200 1838 "-" "Mozilla/5.0 (Linux; Android 6.0.1; Nexus 5X Build/MMB29P) AppleWebKit/537.36 (KHTML, like Gecko) Chrome/153.0.8010.47 Mobile Safari/537.36 (compatible; Googlebot/2.1; +http://www.google.com/bot.html)"
74.7.242.42 - - [19/Sep/2026:18:43:17 +0530] "GET /buy.php?detail/16700066775060 HTTP/2.0" 200 21015 "https://www.llprecharge.in/buy.php?detail/16801605204642" "Mozilla/5.0 AppleWebKit/537.36 (KHTML, like Gecko; compatible; GPTBot/1.4; +https://openai.com/gptbot)"
74.7.243.193 - - [19/Sep/2026:18:43:17 +0530] "GET /buy.php?detail/27904649240547 HTTP/2.0" 200 21588 "https://llprecharge.in/buy.php?detail/27904319311993" "Mozilla/5.0 AppleWebKit/537.36 (KHTML, like Gecko; compatible; GPTBot/1.4; +https://openai.com/gptbot)"
136.243.228.180 - - [19/Sep/2026:18:43:18 +0530] "GET /buy.php?special/295012559.html HTTP/1.1" 200 19982 "-" "Mozilla/5.0 (compatible; DataForSeoBot/1.0; +https://dataforseo.com/dataforseo-bot)"
74.7.242.42 - - [19/Sep/2026:18:43:19 +0530] "GET /buy.php?detail/16202950569298 HTTP/2.0" 200 20412 "https://www.llprecharge.in/buy.php?detail/17501035597074" "Mozilla/5.0 AppleWebKit/537.36 (KHTML, like Gecko; compatible; GPTBot/1.4; +https://openai.com/gptbot)"
74.7.243.193 - - [19/Sep/2026:18:43:20 +0530] "GET /buy.php?detail/14504961400000 HTTP/2.0" 200 21134 "https://llprecharge.in/buy.php?goods/299041797" "Mozilla/5.0 AppleWebKit/537.36 (KHTML, like Gecko; compatible; GPTBot/1.4; +https://openai.com/gptbot)"
65.21.113.253 - - [19/Sep/2026:18:43:18 +0530] "GET /buy.php?category/138/1 HTTP/1.1" 200 123726 "-" "Mozilla/5.0 (compatible; AwarioBot/1.0; +https://awario.com/bots.html)"
74.7.242.42 - - [19/Sep/2026:18:43:22 +0530] "GET /buy.php?detail/26000800641513 HTTP/2.0" 200 21811 "https://www.llprecharge.in/buy.php?detail/20404661076756" "Mozilla/5.0 AppleWebKit/537.36 (KHTML, like Gecko; compatible; GPTBot/1.4; +https://openai.com/gptbot)"
74.7.243.193 - - [19/Sep/2026:18:43:22 +0530] "GET /buy.php?detail/05001131366816 HTTP/2.0" 200 20810 "https://llprecharge.in/buy.php?detail/14901394991430" "Mozilla/5.0 AppleWebKit/537.36 (KHTML, like Gecko; compatible; GPTBot/1.4; +https://openai.com/gptbot)"
136.243.228.180 - - [19/Sep/2026:18:43:23 +0530] "GET /buy.php?jp/295012547.html HTTP/1.1" 200 20889 "-" "Mozilla/5.0 (compatible; DataForSeoBot/1.0; +https://dataforseo.com/dataforseo-bot)"
74.7.242.42 - - [19/Sep/2026:18:43:24 +0530] "GET /buy.php?detail/12604061062896 HTTP/2.0" 200 22298 "https://www.llprecharge.in/buy.php?detail/12604131484997" "Mozilla/5.0 AppleWebKit/537.36 (KHTML, like Gecko; compatible; GPTBot/1.4; +https://openai.com/gptbot)"
66.249.66.195 - - [19/Sep/2026:18:43:28 +0530] "GET /?e=d2e3r3i6d3e001371 HTTP/1.1" 200 1838 "-" "Mozilla/5.0 (Linux; Android 6.0.1; Nexus 5X Build/MMB29P) AppleWebKit/537.36 (KHTML, like Gecko) Chrome/153.0.8010.47 Mobile Safari/537.36 (compatible; Googlebot/2.1; +http://www.google.com/bot.html)"
66.249.66.195 - - [19/Sep/2026:18:43:28 +0530] "GET /?e=c0r1y9p6t2a0n8a6l5y8s2is HTTP/1.1" 200 1838 "-" "Mozilla/5.0 (Linux; Android 6.0.1; Nexus 5X Build/MMB29P) AppleWebKit/537.36 (KHTML, like Gecko) Chrome/153.0.8010.47 Mobile Safari/537.36 (compatible; Googlebot/2.1; +http://www.google.com/bot.html)"
65.21.113.253 - - [19/Sep/2026:18:43:26 +0530] "GET /buy.php?category/1381/1 HTTP/1.1" 200 131028 "-" "Mozilla/5.0 (compatible; AwarioBot/1.0; +https://awario.com/bots.html)"
74.7.242.42 - - [19/Sep/2026:18:43:27 +0530] "GET /buy.php?detail/17500654004205 HTTP/2.0" 200 21740 "https://www.llprecharge.in/buy.php?detail/17501036791906" "Mozilla/5.0 AppleWebKit/537.36 (KHTML, like Gecko; compatible; GPTBot/1.4; +https://openai.com/gptbot)"
66.249.66.33 - - [19/Sep/2026:18:43:29 +0530] "GET /?e=i8n3t2e3r7s3p0e6r4s2i0on HTTP/1.1" 200 1838 "-" "Mozilla/5.0 (Linux; Android 6.0.1; Nexus 5X Build/MMB29P) AppleWebKit/537.36 (KHTML, like Gecko) Chrome/153.0.8010.47 Mobile Safari/537.36 (compatible; Googlebot/2.1; +http://www.google.com/bot.html)"
66.249.66.195 - - [19/Sep/2026:18:43:29 +0530] "GET /?alchemically/42755667821 HTTP/1.1" 200 1838 "-" "Mozilla/5.0 (Linux; Android 6.0.1; Nexus 5X Build/MMB29P) AppleWebKit/537.36 (KHTML, like Gecko) Chrome/153.0.8010.47 Mobile Safari/537.36 (compatible; Googlebot/2.1; +http://www.google.com/bot.html)"
136.243.228.180 - - [19/Sep/2026:18:43:26 +0530] "GET /buy.php?special/295012557.html HTTP/1.1" 200 20210 "-" "Mozilla/5.0 (compatible; DataForSeoBot/1.0; +https://dataforseo.com/dataforseo-bot)"
74.7.243.193 - - [19/Sep/2026:18:43:24 +0530] "GET /buy.php?detail/29903453646963 HTTP/2.0" 200 22319 "https://llprecharge.in/buy.php?goods/299041797" "Mozilla/5.0 AppleWebKit/537.36 (KHTML, like Gecko; compatible; GPTBot/1.4; +https://openai.com/gptbot)"
66.249.66.195 - - [19/Sep/2026:18:43:32 +0530] "GET /?maladroitly/52672033165 HTTP/1.1" 200 1838 "-" "Mozilla/5.0 (Linux; Android 6.0.1; Nexus 5X Build/MMB29P) AppleWebKit/537.36 (KHTML, like Gecko) Chrome/153.0.8010.47 Mobile Safari/537.36 (compatible; Googlebot/2.1; +http://www.google.com/bot.html)"
74.7.242.42 - - [19/Sep/2026:18:43:29 +0530] "GET /buy.php?detail/12604066165696 HTTP/2.0" 200 22703 "https://www.llprecharge.in/buy.php?detail/12604131484997" "Mozilla/5.0 AppleWebKit/537.36 (KHTML, like Gecko; compatible; GPTBot/1.4; +https://openai.com/gptbot)"
66.249.66.67 - - [19/Sep/2026:18:43:33 +0530] "GET /?e=o8v1i9c2y1s1t35169 HTTP/1.1" 200 1838 "-" "Mozilla/5.0 (Linux; Android 6.0.1; Nexus 5X Build/MMB29P) AppleWebKit/537.36 (KHTML, like Gecko) Chrome/153.0.8010.47 Mobile Safari/537.36 (compatible; Googlebot/2.1; +http://www.google.com/bot.html)"
65.21.113.253 - - [19/Sep/2026:18:43:32 +0530] "GET /buy.php?category/1381_3554/1 HTTP/1.1" 200 118220 "-" "Mozilla/5.0 (compatible; AwarioBot/1.0; +https://awario.com/bots.html)"
66.249.66.195 - - [19/Sep/2026:18:43:34 +0530] "GET /item/3086411988 HTTP/1.1" 404 - "-" "Mozilla/5.0 (Linux; Android 6.0.1; Nexus 5X Build/MMB29P) AppleWebKit/537.36 (KHTML, like Gecko) Chrome/153.0.8010.47 Mobile Safari/537.36 (compatible; Googlebot/2.1; +http://www.google.com/bot.html)"
74.7.243.193 - - [19/Sep/2026:18:43:32 +0530] "GET /buy.php?detail/04900927876479 HTTP/2.0" 200 22303 "https://llprecharge.in/buy.php?detail/14901394991430" "Mozilla/5.0 AppleWebKit/537.36 (KHTML, like Gecko; compatible; GPTBot/1.4; +https://openai.com/gptbot)"
136.243.228.180 - - [19/Sep/2026:18:43:33 +0530] "GET /buy.php?special/295012551.html HTTP/1.1" 200 20200 "-" "Mozilla/5.0 (compatible; DataForSeoBot/1.0; +https://dataforseo.com/dataforseo-bot)"
66.249.66.33 - - [19/Sep/2026:18:43:35 +0530] "GET /?sciaenidae/12103892674 HTTP/1.1" 200 1838 "-" "Mozilla/5.0 (Linux; Android 6.0.1; Nexus 5X Build/MMB29P) AppleWebKit/537.36 (KHTML, like Gecko) Chrome/153.0.8010.47 Mobile Safari/537.36 (compatible; Googlebot/2.1; +http://www.google.com/bot.html)"
74.7.242.42 - - [19/Sep/2026:18:43:34 +0530] "GET /buy.php?detail/17500651097914 HTTP/2.0" 200 21661 "https://www.llprecharge.in/buy.php?detail/17501036791906" "Mozilla/5.0 AppleWebKit/537.36 (KHTML, like Gecko; compatible; GPTBot/1.4; +https://openai.com/gptbot)"
74.7.243.193 - - [19/Sep/2026:18:43:35 +0530] "GET /buy.php?detail/00202911864902 HTTP/2.0" 200 21149 "https://llprecharge.in/buy.php?detail/27904595786268" "Mozilla/5.0 AppleWebKit/537.36 (KHTML, like Gecko; compatible; GPTBot/1.4; +https://openai.com/gptbot)"
136.243.228.180 - - [19/Sep/2026:18:43:36 +0530] "GET /buy.php?special/091044183.html HTTP/1.1" 200 20413 "-" "Mozilla/5.0 (compatible; DataForSeoBot/1.0; +https://dataforseo.com/dataforseo-bot)"
74.7.242.42 - - [19/Sep/2026:18:43:36 +0530] "GET /buy.php?detail/12500300048301 HTTP/2.0" 200 20848 "https://www.llprecharge.in/buy.php?detail/12500295415371" "Mozilla/5.0 AppleWebKit/537.36 (KHTML, like Gecko; compatible; GPTBot/1.4; +https://openai.com/gptbot)"
65.21.113.253 - - [19/Sep/2026:18:43:37 +0530] "GET /buy.php?category/1381_3554_3555/1 HTTP/1.1" 200 139653 "-" "Mozilla/5.0 (compatible; AwarioBot/1.0; +https://awario.com/bots.html)"
74.7.243.193 - - [19/Sep/2026:18:43:37 +0530] "GET /buy.php?detail/27904649367309 HTTP/2.0" 200 21734 "https://llprecharge.in/buy.php?detail/27904319311993" "Mozilla/5.0 AppleWebKit/537.36 (KHTML, like Gecko; compatible; GPTBot/1.4; +https://openai.com/gptbot)"
136.243.228.180 - - [19/Sep/2026:18:43:41 +0530] "GET /buy.php?special/295020757.html HTTP/1.1" 200 20977 "-" "Mozilla/5.0 (compatible; DataForSeoBot/1.0; +https://dataforseo.com/dataforseo-bot)"
74.7.243.193 - - [19/Sep/2026:18:43:40 +0530] "GET /buy.php?detail/04303774487263 HTTP/2.0" 200 21100 "https://llprecharge.in/buy.php?detail/05303475769742" "Mozilla/5.0 AppleWebKit/537.36 (KHTML, like Gecko; compatible; GPTBot/1.4; +https://openai.com/gptbot)"
66.249.66.67 - - [19/Sep/2026:18:43:45 +0530] "GET /?e=j7a1t7r7o0p1h6a2040 HTTP/1.1" 200 1838 "-" "Mozilla/5.0 (Linux; Android 6.0.1; Nexus 5X Build/MMB29P) AppleWebKit/537.36 (KHTML, like Gecko) Chrome/153.0.8010.47 Mobile Safari/537.36 (compatible; Googlebot/2.1; +http://www.google.com/bot.html)"
74.7.242.42 - - [19/Sep/2026:18:43:39 +0530] "GET /buy.php?detail/12500298023954 HTTP/2.0" 200 20806 "https://www.llprecharge.in/buy.php?detail/12500295415371" "Mozilla/5.0 AppleWebKit/537.36 (KHTML, like Gecko; compatible; GPTBot/1.4; +https://openai.com/gptbot)"
136.243.228.180 - - [19/Sep/2026:18:43:45 +0530] "GET /buy.php?special/267018443.html HTTP/1.1" 200 21235 "-" "Mozilla/5.0 (compatible; DataForSeoBot/1.0; +https://dataforseo.com/dataforseo-bot)"
74.7.243.193 - - [19/Sep/2026:18:43:44 +0530] "GET /buy.php?detail/27904160905471 HTTP/2.0" 200 22684 "https://llprecharge.in/buy.php?detail/27904595470032" "Mozilla/5.0 AppleWebKit/537.36 (KHTML, like Gecko; compatible; GPTBot/1.4; +https://openai.com/gptbot)"
74.7.242.42 - - [19/Sep/2026:18:43:46 +0530] "GET /buy.php?detail/15800362176769 HTTP/2.0" 200 23575 "https://www.llprecharge.in/buy.php?jp/158003865.html" "Mozilla/5.0 AppleWebKit/537.36 (KHTML, like Gecko; compatible; GPTBot/1.4; +https://openai.com/gptbot)"
74.7.243.193 - - [19/Sep/2026:18:43:48 +0530] "GET /buy.php?detail/27800819527113 HTTP/2.0" 200 20088 "https://llprecharge.in/buy.php?detail/27800608171755" "Mozilla/5.0 AppleWebKit/537.36 (KHTML, like Gecko; compatible; GPTBot/1.4; +https://openai.com/gptbot)"
45.142.237.107 - - [19/Sep/2026:18:43:48 +0530] "GET /LLPRECHARGE/user/API.php?userid=AU1120&token=COgjiOKqElD][CQ[Dk3rSRChT]73F2NK&partnerid=172241217&opcode=26&mobile=8791963146&amount=349 HTTP/1.1" 200 124 "-" "-"
66.249.66.67 - - [19/Sep/2026:18:43:51 +0530] "GET /?e=a1g4i0t8a4t5i5o4n768 HTTP/1.1" 200 1838 "-" "Mozilla/5.0 (Linux; Android 6.0.1; Nexus 5X Build/MMB29P) AppleWebKit/537.36 (KHTML, like Gecko) Chrome/153.0.8010.47 Mobile Safari/537.36 (compatible; Googlebot/2.1; +http://www.google.com/bot.html)"
65.21.113.253 - - [19/Sep/2026:18:43:48 +0530] "GET /buy.php?category/1389/1 HTTP/1.1" 200 120975 "-" "Mozilla/5.0 (compatible; AwarioBot/1.0; +https://awario.com/bots.html)"
74.7.242.42 - - [19/Sep/2026:18:43:48 +0530] "GET /buy.php?detail/11404132588544 HTTP/2.0" 200 21031 "https://www.llprecharge.in/buy.php?detail/10204289623680" "Mozilla/5.0 AppleWebKit/537.36 (KHTML, like Gecko; compatible; GPTBot/1.4; +https://openai.com/gptbot)"
136.243.228.180 - - [19/Sep/2026:18:43:49 +0530] "GET /buy.php?special/097039323.html HTTP/1.1" 200 21202 "-" "Mozilla/5.0 (compatible; DataForSeoBot/1.0; +https://dataforseo.com/dataforseo-bot)"
74.7.243.193 - - [19/Sep/2026:18:43:50 +0530] "GET /buy.php?detail/17201869411699 HTTP/2.0" 200 20779 "https://llprecharge.in/buy.php?detail/08602881104899" "Mozilla/5.0 AppleWebKit/537.36 (KHTML, like Gecko; compatible; GPTBot/1.4; +https://openai.com/gptbot)"
74.7.242.42 - - [19/Sep/2026:18:43:51 +0530] "GET /buy.php?detail/16700059187997 HTTP/2.0" 200 21435 "https://www.llprecharge.in/buy.php?detail/16700066775060" "Mozilla/5.0 AppleWebKit/537.36 (KHTML, like Gecko; compatible; GPTBot/1.4; +https://openai.com/gptbot)"
74.7.243.193 - - [19/Sep/2026:18:43:53 +0530] "GET /buy.php?detail/27904660020386 HTTP/2.0" 200 22037 "https://llprecharge.in/buy.php?detail/27904649240547" "Mozilla/5.0 AppleWebKit/537.36 (KHTML, like Gecko; compatible; GPTBot/1.4; +https://openai.com/gptbot)"
136.243.228.180 - - [19/Sep/2026:18:43:54 +0530] "GET /buy.php?goods/079011063 HTTP/1.1" 200 21226 "-" "Mozilla/5.0 (compatible; DataForSeoBot/1.0; +https://dataforseo.com/dataforseo-bot)"
65.21.113.253 - - [19/Sep/2026:18:43:53 +0530] "GET /buy.php?category/1389_4653/1 HTTP/1.1" 200 131908 "-" "Mozilla/5.0 (compatible; AwarioBot/1.0; +https://awario.com/bots.html)"
66.249.66.67 - - [19/Sep/2026:18:43:56 +0530] "GET /?e=b8a1c9t6r4i1s1253 HTTP/1.1" 200 1838 "-" "Mozilla/5.0 (Linux; Android 6.0.1; Nexus 5X Build/MMB29P) AppleWebKit/537.36 (KHTML, like Gecko) Chrome/153.0.8010.47 Mobile Safari/537.36 (compatible; Googlebot/2.1; +http://www.google.com/bot.html)"
74.7.242.42 - - [19/Sep/2026:18:43:55 +0530] "GET /buy.php?detail/162028657721 HTTP/2.0" 200 20490 "https://www.llprecharge.in/buy.php?detail/16202950569298" "Mozilla/5.0 AppleWebKit/537.36 (KHTML, like Gecko; compatible; GPTBot/1.4; +https://openai.com/gptbot)"
66.249.66.67 - - [19/Sep/2026:18:43:57 +0530] "GET /shops/workmen/a5u1t5o7f0e8c6u4n7d7a4tion HTTP/1.1" 404 - "-" "Mozilla/5.0 (Linux; Android 6.0.1; Nexus 5X Build/MMB29P) AppleWebKit/537.36 (KHTML, like Gecko) Chrome/153.0.8010.47 Mobile Safari/537.36 (compatible; Googlebot/2.1; +http://www.google.com/bot.html)"
66.249.66.67 - - [19/Sep/2026:18:43:57 +0530] "GET /?products/detail/56225569 HTTP/1.1" 200 1838 "-" "Mozilla/5.0 (Linux; Android 6.0.1; Nexus 5X Build/MMB29P) AppleWebKit/537.36 (KHTML, like Gecko) Chrome/153.0.8010.47 Mobile Safari/537.36 (compatible; Googlebot/2.1; +http://www.google.com/bot.html)"
136.243.228.180 - - [19/Sep/2026:18:43:57 +0530] "GET /buy.php?special/145032627.html HTTP/1.1" 200 22831 "-" "Mozilla/5.0 (compatible; DataForSeoBot/1.0; +https://dataforseo.com/dataforseo-bot)"
74.7.242.42 - - [19/Sep/2026:18:43:57 +0530] "GET /buy.php?detail/16202865108788 HTTP/2.0" 200 20586 "https://www.llprecharge.in/buy.php?detail/16202950569298" "Mozilla/5.0 AppleWebKit/537.36 (KHTML, like Gecko; compatible; GPTBot/1.4; +https://openai.com/gptbot)"
74.7.243.193 - - [19/Sep/2026:18:43:55 +0530] "GET /buy.php?detail/14504774096911 HTTP/2.0" 200 20679 "https://llprecharge.in/buy.php?detail/14504961400000" "Mozilla/5.0 AppleWebKit/537.36 (KHTML, like Gecko; compatible; GPTBot/1.4; +https://openai.com/gptbot)"
74.7.243.193 - - [19/Sep/2026:18:44:00 +0530] "GET /buy.php?detail/05000172129818 HTTP/2.0" 200 20984 "https://llprecharge.in/buy.php?detail/05001131366816" "Mozilla/5.0 AppleWebKit/537.36 (KHTML, like Gecko; compatible; GPTBot/1.4; +https://openai.com/gptbot)"
66.249.66.33 - - [19/Sep/2026:18:44:02 +0530] "GET /?e=e0q3u7i0v5o1c9a5t0o6r8y HTTP/1.1" 200 1838 "-" "Mozilla/5.0 (Linux; Android 6.0.1; Nexus 5X Build/MMB29P) AppleWebKit/537.36 (KHTML, like Gecko) Chrome/153.0.8010.47 Mobile Safari/537.36 (compatible; Googlebot/2.1; +http://www.google.com/bot.html)"
74.7.242.42 - - [19/Sep/2026:18:44:00 +0530] "GET /buy.php?detail/13602098066026 HTTP/2.0" 200 22869 "https://www.llprecharge.in/buy.php?detail/16202950569298" "Mozilla/5.0 AppleWebKit/537.36 (KHTML, like Gecko; compatible; GPTBot/1.4; +https://openai.com/gptbot)"
136.243.228.180 - - [19/Sep/2026:18:44:02 +0530] "GET /buy.php?category/224_225_226_227/1 HTTP/1.1" 200 22316 "-" "Mozilla/5.0 (compatible; DataForSeoBot/1.0; +https://dataforseo.com/dataforseo-bot)"
74.7.243.193 - - [19/Sep/2026:18:44:02 +0530] "GET /buy.php?detail/29900308533048 HTTP/2.0" 200 20619 "https://llprecharge.in/buy.php?detail/29903453646963" "Mozilla/5.0 AppleWebKit/537.36 (KHTML, like Gecko; compatible; GPTBot/1.4; +https://openai.com/gptbot)"
