74.7.243.193 - - [19/Sep/2026:18:12:44 +0530] "GET /buy.php?detail/02503098207547 HTTP/2.0" 200 20302 "https://llprecharge.in/buy.php?detail/13400233713462" "Mozilla/5.0 AppleWebKit/537.36 (KHTML, like Gecko; compatible; GPTBot/1.4; +https://openai.com/gptbot)"
74.7.242.42 - - [19/Sep/2026:18:12:48 +0530] "GET /buy.php?detail/15702825008925 HTTP/2.0" 200 20245 "https://www.llprecharge.in/buy.php?detail/22901342368448" "Mozilla/5.0 AppleWebKit/537.36 (KHTML, like Gecko; compatible; GPTBot/1.4; +https://openai.com/gptbot)"
136.243.228.180 - - [19/Sep/2026:18:12:49 +0530] "GET /buy.php?goods/132031723 HTTP/1.1" 200 20967 "-" "Mozilla/5.0 (compatible; DataForSeoBot/1.0; +https://dataforseo.com/dataforseo-bot)"
74.7.243.193 - - [19/Sep/2026:18:12:49 +0530] "GET /buy.php?goods/235010862 HTTP/2.0" 200 20604 "https://llprecharge.in/buy.php?detail/25001674131558" "Mozilla/5.0 AppleWebKit/537.36 (KHTML, like Gecko; compatible; GPTBot/1.4; +https://openai.com/gptbot)"
74.7.242.42 - - [19/Sep/2026:18:12:50 +0530] "GET /buy.php?detail/29802529792085 HTTP/2.0" 200 20546 "https://www.llprecharge.in/buy.php?detail/29802086534899" "Mozilla/5.0 AppleWebKit/537.36 (KHTML, like Gecko; compatible; GPTBot/1.4; +https://openai.com/gptbot)"
74.7.243.193 - - [19/Sep/2026:18:12:52 +0530] "GET /buy.php?detail/26100311688197 HTTP/2.0" 200 20909 "https://llprecharge.in/buy.php?detail/26100342062230" "Mozilla/5.0 AppleWebKit/537.36 (KHTML, like Gecko; compatible; GPTBot/1.4; +https://openai.com/gptbot)"
74.7.242.42 - - [19/Sep/2026:18:12:53 +0530] "GET /buy.php?goods/187024931 HTTP/2.0" 200 20443 "https://www.llprecharge.in/buy.php?detail/18702620671366" "Mozilla/5.0 AppleWebKit/537.36 (KHTML, like Gecko; compatible; GPTBot/1.4; +https://openai.com/gptbot)"
74.7.243.193 - - [19/Sep/2026:18:12:54 +0530] "GET /buy.php?detail/25001574125546 HTTP/2.0" 200 21413 "https://llprecharge.in/buy.php?detail/25001671183126" "Mozilla/5.0 AppleWebKit/537.36 (KHTML, like Gecko; compatible; GPTBot/1.4; +https://openai.com/gptbot)"
136.243.228.180 - - [19/Sep/2026:18:12:54 +0530] "GET /buy.php?special/039029425.html HTTP/1.1" 200 21745 "-" "Mozilla/5.0 (compatible; DataForSeoBot/1.0; +https://dataforseo.com/dataforseo-bot)"
74.7.242.42 - - [19/Sep/2026:18:12:55 +0530] "GET /buy.php?detail/19002524290513 HTTP/2.0" 200 21841 "https://www.llprecharge.in/buy.php?detail/14300390984857" "Mozilla/5.0 AppleWebKit/537.36 (KHTML, like Gecko; compatible; GPTBot/1.4; +https://openai.com/gptbot)"
65.21.113.253 - - [19/Sep/2026:18:12:54 +0530] "GET /buy.php?category/1063_1064/1 HTTP/1.1" 200 138552 "-" "Mozilla/5.0 (compatible; AwarioBot/1.0; +https://awario.com/bots.html)"
74.7.243.193 - - [19/Sep/2026:18:12:57 +0530] "GET /buy.php?detail/14704758136214 HTTP/2.0" 200 19916 "https://llprecharge.in/buy.php?detail/00501838165099" "Mozilla/5.0 AppleWebKit/537.36 (KHTML, like Gecko; compatible; GPTBot/1.4; +https://openai.com/gptbot)"
74.7.242.42 - - [19/Sep/2026:18:12:57 +0530] "GET /buy.php?detail/26504394557019 HTTP/2.0" 200 20872 "https://www.llprecharge.in/buy.php?detail/14201924179780" "Mozilla/5.0 AppleWebKit/537.36 (KHTML, like Gecko; compatible; GPTBot/1.4; +https://openai.com/gptbot)"
136.243.228.180 - - [19/Sep/2026:18:12:58 +0530] "GET /buy.php?special/132031760.html HTTP/1.1" 200 21284 "-" "Mozilla/5.0 (compatible; DataForSeoBot/1.0; +https://dataforseo.com/dataforseo-bot)"
74.7.243.193 - - [19/Sep/2026:18:12:59 +0530] "GET /buy.php?detail/11300266077744 HTTP/2.0" 200 20778 "https://llprecharge.in/buy.php?detail/08504487999996" "Mozilla/5.0 AppleWebKit/537.36 (KHTML, like Gecko; compatible; GPTBot/1.4; +https://openai.com/gptbot)"
74.7.242.42 - - [19/Sep/2026:18:13:00 +0530] "GET /buy.php?detail/26500270228901 HTTP/2.0" 200 20851 "https://www.llprecharge.in/buy.php?detail/26501386696962" "Mozilla/5.0 AppleWebKit/537.36 (KHTML, like Gecko; compatible; GPTBot/1.4; +https://openai.com/gptbot)"
65.21.113.253 - - [19/Sep/2026:18:13:01 +0530] "GET /buy.php?category/1063_1897/1 HTTP/1.1" 200 143088 "-" "Mozilla/5.0 (compatible; AwarioBot/1.0; +https://awario.com/bots.html)"
74.7.243.193 - - [19/Sep/2026:18:13:01 +0530] "GET /buy.php?detail/04203903622855 HTTP/2.0" 200 20616 "https://llprecharge.in/buy.php?detail/00501838165099" "Mozilla/5.0 AppleWebKit/537.36 (KHTML, like Gecko; compatible; GPTBot/1.4; +https://openai.com/gptbot)"
136.243.228.180 - - [19/Sep/2026:18:13:02 +0530] "GET /buy.php?special/132031886.html HTTP/1.1" 200 20995 "-" "Mozilla/5.0 (compatible; DataForSeoBot/1.0; +https://dataforseo.com/dataforseo-bot)"
74.7.242.42 - - [19/Sep/2026:18:13:02 +0530] "GET /buy.php?jp/227006858.html HTTP/2.0" 200 22515 "https://www.llprecharge.in/buy.php?detail/22700226090408" "Mozilla/5.0 AppleWebKit/537.36 (KHTML, like Gecko; compatible; GPTBot/1.4; +https://openai.com/gptbot)"
74.7.243.193 - - [19/Sep/2026:18:13:04 +0530] "GET /buy.php?detail/00501899215398 HTTP/2.0" 200 20790 "https://llprecharge.in/buy.php?detail/00501838165099" "Mozilla/5.0 AppleWebKit/537.36 (KHTML, like Gecko; compatible; GPTBot/1.4; +https://openai.com/gptbot)"
74.7.243.193 - - [19/Sep/2026:18:13:06 +0530] "GET /buy.php?detail/25001573233056 HTTP/2.0" 200 21097 "https://llprecharge.in/buy.php?detail/25001671183126" "Mozilla/5.0 AppleWebKit/537.36 (KHTML, like Gecko; compatible; GPTBot/1.4; +https://openai.com/gptbot)"
136.243.228.180 - - [19/Sep/2026:18:13:07 +0530] "GET /buy.php?jp/233029641.html HTTP/1.1" 200 21888 "-" "Mozilla/5.0 (compatible; DataForSeoBot/1.0; +https://dataforseo.com/dataforseo-bot)"
74.7.243.193 - - [19/Sep/2026:18:13:08 +0530] "GET /buy.php?detail/16802419971881 HTTP/2.0" 200 20954 "https://llprecharge.in/buy.php?detail/16802549185245" "Mozilla/5.0 AppleWebKit/537.36 (KHTML, like Gecko; compatible; GPTBot/1.4; +https://openai.com/gptbot)"
74.7.242.42 - - [19/Sep/2026:18:13:04 +0530] "GET /buy.php?jp/227006781.html HTTP/2.0" 200 22661 "https://www.llprecharge.in/buy.php?detail/22700301086820" "Mozilla/5.0 AppleWebKit/537.36 (KHTML, like Gecko; compatible; GPTBot/1.4; +https://openai.com/gptbot)"
66.249.66.33 - - [19/Sep/2026:18:13:11 +0530] "GET /?e=p3a2u7l2d2r6o8n4763 HTTP/1.1" 200 1838 "-" "Mozilla/5.0 (Linux; Android 6.0.1; Nexus 5X Build/MMB29P) AppleWebKit/537.36 (KHTML, like Gecko) Chrome/153.0.8010.47 Mobile Safari/537.36 (compatible; Googlebot/2.1; +http://www.google.com/bot.html)"
74.7.242.42 - - [19/Sep/2026:18:13:11 +0530] "GET /buy.php?detail/01601481807695 HTTP/2.0" 200 21380 "https://www.llprecharge.in/buy.php?detail/22700301086820" "Mozilla/5.0 AppleWebKit/537.36 (KHTML, like Gecko; compatible; GPTBot/1.4; +https://openai.com/gptbot)"
136.243.228.180 - - [19/Sep/2026:18:13:10 +0530] "GET /buy.php?special/132031690.html HTTP/1.1" 200 22025 "-" "Mozilla/5.0 (compatible; DataForSeoBot/1.0; +https://dataforseo.com/dataforseo-bot)"
65.21.113.253 - - [19/Sep/2026:18:13:13 +0530] "GET /buy.php?category/107/1 HTTP/1.1" 200 120736 "-" "Mozilla/5.0 (compatible; AwarioBot/1.0; +https://awario.com/bots.html)"
74.7.242.42 - - [19/Sep/2026:18:13:14 +0530] "GET /buy.php?detail/15000737277130 HTTP/2.0" 200 20199 "https://www.llprecharge.in/buy.php?goods/271014586" "Mozilla/5.0 AppleWebKit/537.36 (KHTML, like Gecko; compatible; GPTBot/1.4; +https://openai.com/gptbot)"
74.7.243.193 - - [19/Sep/2026:18:13:11 +0530] "GET /buy.php?detail/14004282168677 HTTP/2.0" 200 20665 "https://llprecharge.in/buy.php?detail/14004248635304" "Mozilla/5.0 AppleWebKit/537.36 (KHTML, like Gecko; compatible; GPTBot/1.4; +https://openai.com/gptbot)"
168.119.209.108 - - [19/Sep/2026:18:13:18 +0530] "GET /user/api_balance.php?userid=AU1121&token=dMgDWkPbbsmeca76X0lncsVCYVjIE61Q HTTP/1.1" 500 - "-" "RestSharp/106.13.0.0"
74.7.242.42 - - [19/Sep/2026:18:13:16 +0530] "GET /buy.php?detail/1780230557555 HTTP/2.0" 200 22043 "https://www.llprecharge.in/buy.php?goods/221044597" "Mozilla/5.0 AppleWebKit/537.36 (KHTML, like Gecko; compatible; GPTBot/1.4; +https://openai.com/gptbot)"
136.243.228.180 - - [19/Sep/2026:18:13:18 +0530] "GET /buy.php?special/132031696.html HTTP/1.1" 200 21177 "-" "Mozilla/5.0 (compatible; DataForSeoBot/1.0; +https://dataforseo.com/dataforseo-bot)"
74.7.243.193 - - [19/Sep/2026:18:13:18 +0530] "GET /buy.php?detail/22800150765406 HTTP/2.0" 200 21923 "https://llprecharge.in/buy.php?detail/22800165381001" "Mozilla/5.0 AppleWebKit/537.36 (KHTML, like Gecko; compatible; GPTBot/1.4; +https://openai.com/gptbot)"
65.21.113.253 - - [19/Sep/2026:18:13:18 +0530] "GET /buy.php?category/107_1014/1 HTTP/1.1" 200 143903 "-" "Mozilla/5.0 (compatible; AwarioBot/1.0; +https://awario.com/bots.html)"
74.7.242.42 - - [19/Sep/2026:18:13:18 +0530] "GET /buy.php?detail/22104433721459 HTTP/2.0" 200 20840 "https://www.llprecharge.in/buy.php?goods/221044597" "Mozilla/5.0 AppleWebKit/537.36 (KHTML, like Gecko; compatible; GPTBot/1.4; +https://openai.com/gptbot)"
74.7.243.193 - - [19/Sep/2026:18:13:20 +0530] "GET /buy.php?detail/27704434924017 HTTP/2.0" 200 22084 "https://llprecharge.in/buy.php?goods/235010862" "Mozilla/5.0 AppleWebKit/537.36 (KHTML, like Gecko; compatible; GPTBot/1.4; +https://openai.com/gptbot)"
74.7.242.42 - - [19/Sep/2026:18:13:21 +0530] "GET /buy.php?detail/18600744216484 HTTP/2.0" 200 23061 "https://www.llprecharge.in/buy.php?goods/221044597" "Mozilla/5.0 AppleWebKit/537.36 (KHTML, like Gecko; compatible; GPTBot/1.4; +https://openai.com/gptbot)"
136.243.228.180 - - [19/Sep/2026:18:13:21 +0530] "GET /buy.php?category/110_111_1019/1 HTTP/1.1" 200 23369 "-" "Mozilla/5.0 (compatible; DataForSeoBot/1.0; +https://dataforseo.com/dataforseo-bot)"
74.7.243.193 - - [19/Sep/2026:18:13:22 +0530] "GET /buy.php?detail/03401787105309 HTTP/2.0" 200 22238 "https://llprecharge.in/buy.php?detail/13202970379459" "Mozilla/5.0 AppleWebKit/537.36 (KHTML, like Gecko; compatible; GPTBot/1.4; +https://openai.com/gptbot)"
74.7.242.42 - - [19/Sep/2026:18:13:23 +0530] "GET /buy.php?detail/06703026397144 HTTP/2.0" 200 20740 "https://www.llprecharge.in/buy.php?detail/06702872745295" "Mozilla/5.0 AppleWebKit/537.36 (KHTML, like Gecko; compatible; GPTBot/1.4; +https://openai.com/gptbot)"
66.249.66.68 - - [19/Sep/2026:18:13:25 +0530] "GET /?imrich/81564205867 HTTP/1.1" 200 1838 "-" "Mozilla/5.0 (Linux; Android 6.0.1; Nexus 5X Build/MMB29P) AppleWebKit/537.36 (KHTML, like Gecko) Chrome/153.0.8010.47 Mobile Safari/537.36 (compatible; Googlebot/2.1; +http://www.google.com/bot.html)"
74.7.243.193 - - [19/Sep/2026:18:13:25 +0530] "GET /buy.php?detail/00504789280339 HTTP/2.0" 200 20960 "https://llprecharge.in/buy.php?detail/00504538825756" "Mozilla/5.0 AppleWebKit/537.36 (KHTML, like Gecko; compatible; GPTBot/1.4; +https://openai.com/gptbot)"
136.243.228.180 - - [19/Sep/2026:18:13:25 +0530] "GET /buy.php?special/201005235.html HTTP/1.1" 200 22324 "-" "Mozilla/5.0 (compatible; DataForSeoBot/1.0; +https://dataforseo.com/dataforseo-bot)"
74.7.242.42 - - [19/Sep/2026:18:13:25 +0530] "GET /buy.php?detail/14300286407827 HTTP/2.0" 200 22332 "https://www.llprecharge.in/buy.php?detail/14300390984857" "Mozilla/5.0 AppleWebKit/537.36 (KHTML, like Gecko; compatible; GPTBot/1.4; +https://openai.com/gptbot)"
66.249.66.33 - - [19/Sep/2026:18:13:27 +0530] "GET /?egestion/32147782882 HTTP/1.1" 200 1838 "-" "Mozilla/5.0 (Linux; Android 6.0.1; Nexus 5X Build/MMB29P) AppleWebKit/537.36 (KHTML, like Gecko) Chrome/153.0.8010.47 Mobile Safari/537.36 (compatible; Googlebot/2.1; +http://www.google.com/bot.html)"
74.7.243.193 - - [19/Sep/2026:18:13:27 +0530] "GET /buy.php?detail/11201380734036 HTTP/2.0" 200 20916 "https://llprecharge.in/buy.php?detail/11201053327124" "Mozilla/5.0 AppleWebKit/537.36 (KHTML, like Gecko; compatible; GPTBot/1.4; +https://openai.com/gptbot)"
65.21.113.253 - - [19/Sep/2026:18:13:27 +0530] "GET /buy.php?category/107_108/1 HTTP/1.1" 200 117122 "-" "Mozilla/5.0 (compatible; AwarioBot/1.0; +https://awario.com/bots.html)"
74.7.242.42 - - [19/Sep/2026:18:13:28 +0530] "GET /buy.php?detail/06703028646926 HTTP/2.0" 200 20711 "https://www.llprecharge.in/buy.php?detail/06702872745295" "Mozilla/5.0 AppleWebKit/537.36 (KHTML, like Gecko; compatible; GPTBot/1.4; +https://openai.com/gptbot)"
74.7.243.193 - - [19/Sep/2026:18:13:29 +0530] "GET /buy.php?detail/21400807949250 HTTP/2.0" 200 21581 "https://llprecharge.in/buy.php?detail/12802846579231" "Mozilla/5.0 AppleWebKit/537.36 (KHTML, like Gecko; compatible; GPTBot/1.4; +https://openai.com/gptbot)"
136.243.228.180 - - [19/Sep/2026:18:13:30 +0530] "GET /buy.php?special/167034525.html HTTP/1.1" 200 20810 "-" "Mozilla/5.0 (compatible; DataForSeoBot/1.0; +https://dataforseo.com/dataforseo-bot)"
49.43.152.35 - - [19/Sep/2026:18:13:15 +0530] "GET /LLPRECHARGE/Admin/recharge_report.php HTTP/2.0" 200 5911 "https://www.llprecharge.in/LLPRECHARGE/Admin/recharge_report.php" "Mozilla/5.0 (Macintosh; Intel Mac OS X 10_15_7) AppleWebKit/537.36 (KHTML, like Gecko) Chrome/151.0.0.0 Safari/537.36 OPR/135.0.0.0"
74.7.242.42 - - [19/Sep/2026:18:13:31 +0530] "GET /buy.php?detail/26502415177202 HTTP/2.0" 200 21561 "https://www.llprecharge.in/buy.php?detail/26500270228901" "Mozilla/5.0 AppleWebKit/537.36 (KHTML, like Gecko; compatible; GPTBot/1.4; +https://openai.com/gptbot)"
65.21.113.253 - - [19/Sep/2026:18:13:32 +0530] "GET /buy.php?category/107_108_109/1 HTTP/1.1" 200 124368 "-" "Mozilla/5.0 (compatible; AwarioBot/1.0; +https://awario.com/bots.html)"
74.7.243.193 - - [19/Sep/2026:18:13:32 +0530] "GET /buy.php?detail/10801696373566 HTTP/2.0" 200 20444 "https://llprecharge.in/buy.php?detail/10801775129238" "Mozilla/5.0 AppleWebKit/537.36 (KHTML, like Gecko; compatible; GPTBot/1.4; +https://openai.com/gptbot)"
74.7.242.42 - - [19/Sep/2026:18:13:33 +0530] "GET /buy.php?detail/26502413434035 HTTP/2.0" 200 20488 "https://www.llprecharge.in/buy.php?detail/26500270228901" "Mozilla/5.0 AppleWebKit/537.36 (KHTML, like Gecko; compatible; GPTBot/1.4; +https://openai.com/gptbot)"
136.243.228.180 - - [19/Sep/2026:18:13:33 +0530] "GET /buy.php?special/201005203.html HTTP/1.1" 200 22640 "-" "Mozilla/5.0 (compatible; DataForSeoBot/1.0; +https://dataforseo.com/dataforseo-bot)"
74.7.243.193 - - [19/Sep/2026:18:13:34 +0530] "GET /buy.php?detail/11801024525617 HTTP/2.0" 200 21238 "https://llprecharge.in/buy.php?detail/11801001471227" "Mozilla/5.0 AppleWebKit/537.36 (KHTML, like Gecko; compatible; GPTBot/1.4; +https://openai.com/gptbot)"
74.7.242.42 - - [19/Sep/2026:18:13:35 +0530] "GET /buy.php?detail/18902938040950 HTTP/2.0" 200 20315 "https://www.llprecharge.in/buy.php?detail/19002524290513" "Mozilla/5.0 AppleWebKit/537.36 (KHTML, like Gecko; compatible; GPTBot/1.4; +https://openai.com/gptbot)"
65.21.113.253 - - [19/Sep/2026:18:13:38 +0530] "GET /robots.txt HTTP/1.1" 200 368 "-" "Mozilla/5.0 (compatible; AwarioBot/1.0; +https://awario.com/bots.html)"
74.7.243.193 - - [19/Sep/2026:18:13:37 +0530] "GET /buy.php?detail/25001671767970 HTTP/2.0" 200 20997 "https://llprecharge.in/buy.php?detail/25001573233056" "Mozilla/5.0 AppleWebKit/537.36 (KHTML, like Gecko; compatible; GPTBot/1.4; +https://openai.com/gptbot)"
136.243.228.180 - - [19/Sep/2026:18:13:37 +0530] "GET /buy.php?special/201005247.html HTTP/1.1" 200 22036 "-" "Mozilla/5.0 (compatible; DataForSeoBot/1.0; +https://dataforseo.com/dataforseo-bot)"
74.7.242.42 - - [19/Sep/2026:18:13:37 +0530] "GET /buy.php?detail/19600216501225 HTTP/2.0" 200 20321 "https://www.llprecharge.in/buy.php?detail/01601481807695" "Mozilla/5.0 AppleWebKit/537.36 (KHTML, like Gecko; compatible; GPTBot/1.4; +https://openai.com/gptbot)"
65.21.113.253 - - [19/Sep/2026:18:13:38 +0530] "GET /buy.php?category/107_108_1322/1 HTTP/1.1" 200 132554 "-" "Mozilla/5.0 (compatible; AwarioBot/1.0; +https://awario.com/bots.html)"
74.7.243.193 - - [19/Sep/2026:18:13:39 +0530] "GET /buy.php?detail/16802474160812 HTTP/2.0" 200 20577 "https://llprecharge.in/buy.php?detail/16802419971881" "Mozilla/5.0 AppleWebKit/537.36 (KHTML, like Gecko; compatible; GPTBot/1.4; +https://openai.com/gptbot)"
74.7.242.42 - - [19/Sep/2026:18:13:40 +0530] "GET /buy.php?detail/26904126103010 HTTP/2.0" 200 22063 "https://www.llprecharge.in/buy.php?detail/15000737277130" "Mozilla/5.0 AppleWebKit/537.36 (KHTML, like Gecko; compatible; GPTBot/1.4; +https://openai.com/gptbot)"
136.243.228.180 - - [19/Sep/2026:18:13:41 +0530] "GET /buy.php?special/201005209.html HTTP/1.1" 200 21390 "-" "Mozilla/5.0 (compatible; DataForSeoBot/1.0; +https://dataforseo.com/dataforseo-bot)"
74.7.243.193 - - [19/Sep/2026:18:13:42 +0530] "GET /buy.php?detail/21303301249230 HTTP/2.0" 200 20588 "https://llprecharge.in/buy.php?detail/14004282168677" "Mozilla/5.0 AppleWebKit/537.36 (KHTML, like Gecko; compatible; GPTBot/1.4; +https://openai.com/gptbot)"
74.7.242.42 - - [19/Sep/2026:18:13:42 +0530] "GET /buy.php?detail/05302295063554 HTTP/2.0" 200 20356 "https://www.llprecharge.in/buy.php?detail/1780230557555" "Mozilla/5.0 AppleWebKit/537.36 (KHTML, like Gecko; compatible; GPTBot/1.4; +https://openai.com/gptbot)"
66.249.66.33 - - [19/Sep/2026:18:13:46 +0530] "GET /?products/detail/36442559 HTTP/1.1" 200 1838 "-" "Mozilla/5.0 (Linux; Android 6.0.1; Nexus 5X Build/MMB29P) AppleWebKit/537.36 (KHTML, like Gecko) Chrome/153.0.8010.47 Mobile Safari/537.36 (compatible; Googlebot/2.1; +http://www.google.com/bot.html)"
74.7.243.193 - - [19/Sep/2026:18:13:44 +0530] "GET /buy.php?detail/09801467731008 HTTP/2.0" 200 20605 "https://llprecharge.in/buy.php?detail/01401192394601" "Mozilla/5.0 AppleWebKit/537.36 (KHTML, like Gecko; compatible; GPTBot/1.4; +https://openai.com/gptbot)"
74.7.242.42 - - [19/Sep/2026:18:13:45 +0530] "GET /buy.php?detail/15004054339226 HTTP/2.0" 200 21054 "https://www.llprecharge.in/buy.php?detail/15000737277130" "Mozilla/5.0 AppleWebKit/537.36 (KHTML, like Gecko; compatible; GPTBot/1.4; +https://openai.com/gptbot)"
74.7.242.42 - - [19/Sep/2026:18:13:47 +0530] "GET /buy.php?detail/15004053984132 HTTP/2.0" 200 21396 "https://www.llprecharge.in/buy.php?detail/15000737277130" "Mozilla/5.0 AppleWebKit/537.36 (KHTML, like Gecko; compatible; GPTBot/1.4; +https://openai.com/gptbot)"
74.7.243.193 - - [19/Sep/2026:18:13:47 +0530] "GET /buy.php?detail/19704801331816 HTTP/2.0" 200 21297 "https://llprecharge.in/buy.php?detail/19704788778505" "Mozilla/5.0 AppleWebKit/537.36 (KHTML, like Gecko; compatible; GPTBot/1.4; +https://openai.com/gptbot)"
66.249.66.67 - - [19/Sep/2026:18:13:49 +0530] "GET /?e=d3e4p0o0n0i1n6g6924 HTTP/1.1" 200 1838 "-" "Mozilla/5.0 (Linux; Android 6.0.1; Nexus 5X Build/MMB29P) AppleWebKit/537.36 (KHTML, like Gecko) Chrome/153.0.8010.47 Mobile Safari/537.36 (compatible; Googlebot/2.1; +http://www.google.com/bot.html)"
66.249.66.195 - - [19/Sep/2026:18:13:50 +0530] "GET /?gemmule/822190267 HTTP/1.1" 200 1838 "-" "Mozilla/5.0 (Linux; Android 6.0.1; Nexus 5X Build/MMB29P) AppleWebKit/537.36 (KHTML, like Gecko) Chrome/153.0.8010.47 Mobile Safari/537.36 (compatible; Googlebot/2.1; +http://www.google.com/bot.html)"
136.243.228.180 - - [19/Sep/2026:18:13:45 +0530] "GET /buy.php?jp/142045788.html HTTP/1.1" 200 22733 "-" "Mozilla/5.0 (compatible; DataForSeoBot/1.0; +https://dataforseo.com/dataforseo-bot)"
74.7.242.42 - - [19/Sep/2026:18:13:49 +0530] "GET /buy.php?detail/17801886281959 HTTP/2.0" 200 22311 "https://www.llprecharge.in/buy.php?detail/1780230557555" "Mozilla/5.0 AppleWebKit/537.36 (KHTML, like Gecko; compatible; GPTBot/1.4; +https://openai.com/gptbot)"
74.7.243.193 - - [19/Sep/2026:18:13:49 +0530] "GET /buy.php?detail/22404250578692 HTTP/2.0" 200 20888 "https://llprecharge.in/buy.php?detail/22404629761665" "Mozilla/5.0 AppleWebKit/537.36 (KHTML, like Gecko; compatible; GPTBot/1.4; +https://openai.com/gptbot)"
136.243.228.180 - - [19/Sep/2026:18:13:51 +0530] "GET /buy.php?jp/061045994.html HTTP/1.1" 200 20921 "-" "Mozilla/5.0 (compatible; DataForSeoBot/1.0; +https://dataforseo.com/dataforseo-bot)"
74.7.242.42 - - [19/Sep/2026:18:13:51 +0530] "GET /buy.php?detail/11201503498610 HTTP/2.0" 200 20920 "https://www.llprecharge.in/buy.php?detail/14300286407827" "Mozilla/5.0 AppleWebKit/537.36 (KHTML, like Gecko; compatible; GPTBot/1.4; +https://openai.com/gptbot)"
74.7.243.193 - - [19/Sep/2026:18:13:52 +0530] "GET /buy.php?detail/00504695482579 HTTP/2.0" 200 21248 "https://llprecharge.in/buy.php?detail/00504789280339" "Mozilla/5.0 AppleWebKit/537.36 (KHTML, like Gecko; compatible; GPTBot/1.4; +https://openai.com/gptbot)"
65.21.113.253 - - [19/Sep/2026:18:13:51 +0530] "GET /buy.php?category/107_108_322/1 HTTP/1.1" 200 122413 "-" "Mozilla/5.0 (compatible; AwarioBot/1.0; +https://awario.com/bots.html)"
74.7.243.193 - - [19/Sep/2026:18:13:54 +0530] "GET /buy.php?detail/11200687157460 HTTP/2.0" 200 20417 "https://llprecharge.in/buy.php?detail/11201380734036" "Mozilla/5.0 AppleWebKit/537.36 (KHTML, like Gecko; compatible; GPTBot/1.4; +https://openai.com/gptbot)"
136.243.228.180 - - [19/Sep/2026:18:13:56 +0530] "GET /buy.php?special/103046921.html HTTP/1.1" 200 21060 "-" "Mozilla/5.0 (compatible; DataForSeoBot/1.0; +https://dataforseo.com/dataforseo-bot)"
66.249.66.33 - - [19/Sep/2026:18:13:58 +0530] "GET /?lycium/8450800292 HTTP/1.1" 200 1838 "-" "Mozilla/5.0 (Linux; Android 6.0.1; Nexus 5X Build/MMB29P) AppleWebKit/537.36 (KHTML, like Gecko) Chrome/153.0.8010.47 Mobile Safari/537.36 (compatible; Googlebot/2.1; +http://www.google.com/bot.html)"
74.7.242.42 - - [19/Sep/2026:18:13:54 +0530] "GET /buy.php?detail/17900103301073 HTTP/2.0" 200 21231 "https://www.llprecharge.in/buy.php?detail/08102419938084" "Mozilla/5.0 AppleWebKit/537.36 (KHTML, like Gecko; compatible; GPTBot/1.4; +https://openai.com/gptbot)"
74.7.243.193 - - [19/Sep/2026:18:13:56 +0530] "GET /buy.php?detail/04600205436975 HTTP/2.0" 200 23400 "https://llprecharge.in/buy.php?detail/11201380734036" "Mozilla/5.0 AppleWebKit/537.36 (KHTML, like Gecko; compatible; GPTBot/1.4; +https://openai.com/gptbot)"
66.249.66.194 - - [19/Sep/2026:18:13:59 +0530] "GET /?e=e6f1f0l5a5t4e9070 HTTP/1.1" 200 1838 "-" "Mozilla/5.0 (Linux; Android 6.0.1; Nexus 5X Build/MMB29P) AppleWebKit/537.36 (KHTML, like Gecko) Chrome/153.0.8010.47 Mobile Safari/537.36 (compatible; Googlebot/2.1; +http://www.google.com/bot.html)"
201.4.68.163 - - [19/Sep/2026:18:14:00 +0530] "GET /wp_blog_footer.php?path=/proc/409323 HTTP/1.1" 200 8385 "https://llprecharge.in/wp_blog_footer.php?path=//proc" "Mozilla/5.0 (Linux; Android 14; M2102J23) AppleWebKit/537.36 (KHTML, like Gecko) Chrome/155.0.5811.62 Mobile Safari/537.36"
74.7.242.42 - - [19/Sep/2026:18:13:58 +0530] "GET /buy.php?detail/14300333100150 HTTP/2.0" 200 21241 "https://www.llprecharge.in/buy.php?detail/14300263077744" "Mozilla/5.0 AppleWebKit/537.36 (KHTML, like Gecko; compatible; GPTBot/1.4; +https://openai.com/gptbot)"
74.7.243.193 - - [19/Sep/2026:18:13:59 +0530] "GET /buy.php?detail/108017142916 HTTP/2.0" 200 20597 "https://llprecharge.in/buy.php?detail/10801696373566" "Mozilla/5.0 AppleWebKit/537.36 (KHTML, like Gecko; compatible; GPTBot/1.4; +https://openai.com/gptbot)"
136.243.228.180 - - [19/Sep/2026:18:13:59 +0530] "GET /buy.php?special/142045772.html HTTP/1.1" 200 22785 "-" "Mozilla/5.0 (compatible; DataForSeoBot/1.0; +https://dataforseo.com/dataforseo-bot)"
66.249.66.33 - - [19/Sep/2026:18:14:01 +0530] "GET /?e=t1r2a2g9i0c1a1l8l4y63 HTTP/1.1" 200 1838 "-" "Mozilla/5.0 (Linux; Android 6.0.1; Nexus 5X Build/MMB29P) AppleWebKit/537.36 (KHTML, like Gecko) Chrome/153.0.8010.47 Mobile Safari/537.36 (compatible; Googlebot/2.1; +http://www.google.com/bot.html)"
65.21.113.253 - - [19/Sep/2026:18:13:58 +0530] "GET /buy.php?category/107_108_350/1 HTTP/1.1" 200 131846 "-" "Mozilla/5.0 (compatible; AwarioBot/1.0; +https://awario.com/bots.html)"
66.249.66.194 - - [19/Sep/2026:18:14:02 +0530] "GET /item/7084664235 HTTP/1.1" 404 - "-" "Mozilla/5.0 (Linux; Android 6.0.1; Nexus 5X Build/MMB29P) AppleWebKit/537.36 (KHTML, like Gecko) Chrome/153.0.8010.47 Mobile Safari/537.36 (compatible; Googlebot/2.1; +http://www.google.com/bot.html)"
74.7.243.193 - - [19/Sep/2026:18:14:01 +0530] "GET /buy.php?detail/11801013840399 HTTP/2.0" 200 21274 "https://llprecharge.in/buy.php?detail/11801024525617" "Mozilla/5.0 AppleWebKit/537.36 (KHTML, like Gecko; compatible; GPTBot/1.4; +https://openai.com/gptbot)"
74.7.242.42 - - [19/Sep/2026:18:14:01 +0530] "GET /buy.php?detail/18500183957284 HTTP/2.0" 200 20493 "https://www.llprecharge.in/buy.php?goods/185001607" "Mozilla/5.0 AppleWebKit/537.36 (KHTML, like Gecko; compatible; GPTBot/1.4; +https://openai.com/gptbot)"
74.7.243.193 - - [19/Sep/2026:18:14:04 +0530] "GET /buy.php?detail/25001600689120 HTTP/2.0" 200 20897 "https://llprecharge.in/buy.php?detail/25001671767970" "Mozilla/5.0 AppleWebKit/537.36 (KHTML, like Gecko; compatible; GPTBot/1.4; +https://openai.com/gptbot)"
74.7.242.42 - - [19/Sep/2026:18:14:05 +0530] "GET /buy.php?detail/02102956472871 HTTP/2.0" 200 20456 "https://www.llprecharge.in/buy.php?detail/23004717281034" "Mozilla/5.0 AppleWebKit/537.36 (KHTML, like Gecko; compatible; GPTBot/1.4; +https://openai.com/gptbot)"
136.243.228.180 - - [19/Sep/2026:18:14:03 +0530] "GET /buy.php?special/142045780.html HTTP/1.1" 200 22703 "-" "Mozilla/5.0 (compatible; DataForSeoBot/1.0; +https://dataforseo.com/dataforseo-bot)"
74.7.243.193 - - [19/Sep/2026:18:14:06 +0530] "GET /buy.php?detail/25001601546779 HTTP/2.0" 200 20885 "https://llprecharge.in/buy.php?detail/25001671767970" "Mozilla/5.0 AppleWebKit/537.36 (KHTML, like Gecko; compatible; GPTBot/1.4; +https://openai.com/gptbot)"
65.21.113.253 - - [19/Sep/2026:18:14:07 +0530] "GET /buy.php?category/107_108_3759/1 HTTP/1.1" 200 168387 "-" "Mozilla/5.0 (compatible; AwarioBot/1.0; +https://awario.com/bots.html)"
74.7.243.193 - - [19/Sep/2026:18:14:09 +0530] "GET /buy.php?detail/11801012023915 HTTP/2.0" 200 21054 "https://llprecharge.in/buy.php?detail/11801024525617" "Mozilla/5.0 AppleWebKit/537.36 (KHTML, like Gecko; compatible; GPTBot/1.4; +https://openai.com/gptbot)"
74.7.242.42 - - [19/Sep/2026:18:14:07 +0530] "GET /buy.php?detail/19600223440172 HTTP/2.0" 200 20928 "https://www.llprecharge.in/buy.php?detail/19600216501225" "Mozilla/5.0 AppleWebKit/537.36 (KHTML, like Gecko; compatible; GPTBot/1.4; +https://openai.com/gptbot)"
136.243.228.180 - - [19/Sep/2026:18:14:09 +0530] "GET /buy.php?special/267032135.html HTTP/1.1" 200 20644 "-" "Mozilla/5.0 (compatible; DataForSeoBot/1.0; +https://dataforseo.com/dataforseo-bot)"
74.7.243.193 - - [19/Sep/2026:18:14:11 +0530] "GET /buy.php?detail/24902897744246 HTTP/2.0" 200 22139 "https://llprecharge.in/buy.php?detail/09801467731008" "Mozilla/5.0 AppleWebKit/537.36 (KHTML, like Gecko; compatible; GPTBot/1.4; +https://openai.com/gptbot)"
74.7.242.42 - - [19/Sep/2026:18:14:11 +0530] "GET /buy.php?detail/26904081724217 HTTP/2.0" 200 21965 "https://www.llprecharge.in/buy.php?detail/26904126103010" "Mozilla/5.0 AppleWebKit/537.36 (KHTML, like Gecko; compatible; GPTBot/1.4; +https://openai.com/gptbot)"
65.21.113.253 - - [19/Sep/2026:18:14:13 +0530] "GET /buy.php?category/107_108_423/1 HTTP/1.1" 200 130042 "-" "Mozilla/5.0 (compatible; AwarioBot/1.0; +https://awario.com/bots.html)"
74.7.243.193 - - [19/Sep/2026:18:14:13 +0530] "GET /buy.php?detail/10403399488884 HTTP/2.0" 200 21254 "https://llprecharge.in/buy.php?detail/25001671767970" "Mozilla/5.0 AppleWebKit/537.36 (KHTML, like Gecko; compatible; GPTBot/1.4; +https://openai.com/gptbot)"
74.7.242.42 - - [19/Sep/2026:18:14:13 +0530] "GET /buy.php?detail/26904081184562 HTTP/2.0" 200 21822 "https://www.llprecharge.in/buy.php?detail/26904126103010" "Mozilla/5.0 AppleWebKit/537.36 (KHTML, like Gecko; compatible; GPTBot/1.4; +https://openai.com/gptbot)"
136.243.228.180 - - [19/Sep/2026:18:14:14 +0530] "GET /buy.php?special/142045770.html HTTP/1.1" 200 22986 "-" "Mozilla/5.0 (compatible; DataForSeoBot/1.0; +https://dataforseo.com/dataforseo-bot)"
74.7.243.193 - - [19/Sep/2026:18:14:16 +0530] "GET /buy.php?detail/25001599557216 HTTP/2.0" 200 21105 "https://llprecharge.in/buy.php?detail/25001671767970" "Mozilla/5.0 AppleWebKit/537.36 (KHTML, like Gecko; compatible; GPTBot/1.4; +https://openai.com/gptbot)"
74.7.242.42 - - [19/Sep/2026:18:14:16 +0530] "GET /buy.php?detail/15004112319992 HTTP/2.0" 200 20728 "https://www.llprecharge.in/buy.php?detail/15004054339226" "Mozilla/5.0 AppleWebKit/537.36 (KHTML, like Gecko; compatible; GPTBot/1.4; +https://openai.com/gptbot)"
168.119.209.108 - - [19/Sep/2026:18:14:18 +0530] "GET /user/api_balance.php?userid=AU1121&token=dMgDWkPbbsmeca76X0lncsVCYVjIE61Q HTTP/1.1" 500 - "-" "RestSharp/106.13.0.0"
136.243.228.180 - - [19/Sep/2026:18:14:18 +0530] "GET /buy.php?special/232031440.html HTTP/1.1" 200 22479 "-" "Mozilla/5.0 (compatible; DataForSeoBot/1.0; +https://dataforseo.com/dataforseo-bot)"
74.7.243.193 - - [19/Sep/2026:18:14:18 +0530] "GET /buy.php?detail/10801714334270 HTTP/2.0" 200 20561 "https://llprecharge.in/buy.php?detail/10801696373566" "Mozilla/5.0 AppleWebKit/537.36 (KHTML, like Gecko; compatible; GPTBot/1.4; +https://openai.com/gptbot)"
74.7.242.42 - - [19/Sep/2026:18:14:18 +0530] "GET /buy.php?detail/26200085805915 HTTP/2.0" 200 21012 "https://www.llprecharge.in/buy.php?detail/15004053984132" "Mozilla/5.0 AppleWebKit/537.36 (KHTML, like Gecko; compatible; GPTBot/1.4; +https://openai.com/gptbot)"
74.7.243.193 - - [19/Sep/2026:18:14:20 +0530] "GET /buy.php?detail/10801713658396 HTTP/2.0" 200 20410 "https://llprecharge.in/buy.php?detail/10801696373566" "Mozilla/5.0 AppleWebKit/537.36 (KHTML, like Gecko; compatible; GPTBot/1.4; +https://openai.com/gptbot)"
74.7.242.42 - - [19/Sep/2026:18:14:20 +0530] "GET /buy.php?detail/15004112903350 HTTP/2.0" 200 20632 "https://www.llprecharge.in/buy.php?detail/15004054339226" "Mozilla/5.0 AppleWebKit/537.36 (KHTML, like Gecko; compatible; GPTBot/1.4; +https://openai.com/gptbot)"
136.243.228.180 - - [19/Sep/2026:18:14:21 +0530] "GET /buy.php?detail/045037139038 HTTP/1.1" 200 22886 "-" "Mozilla/5.0 (compatible; DataForSeoBot/1.0; +https://dataforseo.com/dataforseo-bot)"
74.7.242.42 - - [19/Sep/2026:18:14:23 +0530] "GET /buy.php?detail/27604966014281 HTTP/2.0" 200 20994 "https://www.llprecharge.in/buy.php?detail/15004054339226" "Mozilla/5.0 AppleWebKit/537.36 (KHTML, like Gecko; compatible; GPTBot/1.4; +https://openai.com/gptbot)"
74.7.243.193 - - [19/Sep/2026:18:14:23 +0530] "GET /buy.php?detail/26600682927113 HTTP/2.0" 200 20592 "https://llprecharge.in/buy.php?detail/11801024525617" "Mozilla/5.0 AppleWebKit/537.36 (KHTML, like Gecko; compatible; GPTBot/1.4; +https://openai.com/gptbot)"
66.249.66.194 - - [19/Sep/2026:18:14:27 +0530] "GET /?chark/770278823 HTTP/1.1" 200 1838 "-" "Mozilla/5.0 (Linux; Android 6.0.1; Nexus 5X Build/MMB29P) AppleWebKit/537.36 (KHTML, like Gecko) Chrome/153.0.8010.47 Mobile Safari/537.36 (compatible; Googlebot/2.1; +http://www.google.com/bot.html)"
136.243.228.180 - - [19/Sep/2026:18:14:25 +0530] "GET /buy.php?special/039010651.html HTTP/1.1" 200 21714 "-" "Mozilla/5.0 (compatible; DataForSeoBot/1.0; +https://dataforseo.com/dataforseo-bot)"
65.21.113.253 - - [19/Sep/2026:18:14:25 +0530] "GET /buy.php?category/107_1672/1 HTTP/1.1" 200 122491 "-" "Mozilla/5.0 (compatible; AwarioBot/1.0; +https://awario.com/bots.html)"
74.7.242.42 - - [19/Sep/2026:18:14:25 +0530] "GET /buy.php?detail/18500189344626 HTTP/2.0" 200 20903 "https://www.llprecharge.in/buy.php?detail/18500182704046" "Mozilla/5.0 AppleWebKit/537.36 (KHTML, like Gecko; compatible; GPTBot/1.4; +https://openai.com/gptbot)"
74.7.243.193 - - [19/Sep/2026:18:14:25 +0530] "GET /buy.php?detail/22404856681150 HTTP/2.0" 200 20608 "https://llprecharge.in/buy.php?detail/22404250578692" "Mozilla/5.0 AppleWebKit/537.36 (KHTML, like Gecko; compatible; GPTBot/1.4; +https://openai.com/gptbot)"
66.249.66.195 - - [19/Sep/2026:18:14:28 +0530] "GET /?e=p4s3a9m6m8i7t7e0140 HTTP/1.1" 200 1838 "-" "Mozilla/5.0 (Linux; Android 6.0.1; Nexus 5X Build/MMB29P) AppleWebKit/537.36 (KHTML, like Gecko) Chrome/153.0.8010.47 Mobile Safari/537.36 (compatible; Googlebot/2.1; +http://www.google.com/bot.html)"
74.7.243.193 - - [19/Sep/2026:18:14:28 +0530] "GET /buy.php?detail/19704750131614 HTTP/2.0" 200 21802 "https://llprecharge.in/buy.php?detail/19704801331816" "Mozilla/5.0 AppleWebKit/537.36 (KHTML, like Gecko; compatible; GPTBot/1.4; +https://openai.com/gptbot)"
74.7.242.42 - - [19/Sep/2026:18:14:28 +0530] "GET /buy.php?detail/17600130103806 HTTP/2.0" 200 21606 "https://www.llprecharge.in/buy.php?detail/14300333100150" "Mozilla/5.0 AppleWebKit/537.36 (KHTML, like Gecko; compatible; GPTBot/1.4; +https://openai.com/gptbot)"
66.249.66.33 - - [19/Sep/2026:18:14:30 +0530] "GET /?e=c8e2m9b8a5l4o05735 HTTP/1.1" 200 1838 "-" "Mozilla/5.0 (Linux; Android 6.0.1; Nexus 5X Build/MMB29P) AppleWebKit/537.36 (KHTML, like Gecko) Chrome/153.0.8010.47 Mobile Safari/537.36 (compatible; Googlebot/2.1; +http://www.google.com/bot.html)"
66.249.66.194 - - [19/Sep/2026:18:14:31 +0530] "GET /item/8084579597 HTTP/1.1" 404 - "-" "Mozilla/5.0 (Linux; Android 6.0.1; Nexus 5X Build/MMB29P) AppleWebKit/537.36 (KHTML, like Gecko) Chrome/153.0.8010.47 Mobile Safari/537.36 (compatible; Googlebot/2.1; +http://www.google.com/bot.html)"
136.243.228.180 - - [19/Sep/2026:18:14:29 +0530] "GET /buy.php?goods/232031437 HTTP/1.1" 200 22767 "-" "Mozilla/5.0 (compatible; DataForSeoBot/1.0; +https://dataforseo.com/dataforseo-bot)"
65.21.113.253 - - [19/Sep/2026:18:14:30 +0530] "GET /buy.php?category/107_1689/1 HTTP/1.1" 200 119124 "-" "Mozilla/5.0 (compatible; AwarioBot/1.0; +https://awario.com/bots.html)"
74.7.243.193 - - [19/Sep/2026:18:14:31 +0530] "GET /buy.php?detail/25001559745205 HTTP/2.0" 200 21029 "https://llprecharge.in/buy.php?detail/25001600689120" "Mozilla/5.0 AppleWebKit/537.36 (KHTML, like Gecko; compatible; GPTBot/1.4; +https://openai.com/gptbot)"
66.249.66.194 - - [19/Sep/2026:18:14:32 +0530] "GET /index.php?item/5086328394 HTTP/1.1" 404 20 "-" "Mozilla/5.0 (Linux; Android 6.0.1; Nexus 5X Build/MMB29P) AppleWebKit/537.36 (KHTML, like Gecko) Chrome/153.0.8010.47 Mobile Safari/537.36 (compatible; Googlebot/2.1; +http://www.google.com/bot.html)"
74.7.242.42 - - [19/Sep/2026:18:14:31 +0530] "GET /buy.php?detail/18500172250075 HTTP/2.0" 200 20534 "https://www.llprecharge.in/buy.php?detail/18500183957284" "Mozilla/5.0 AppleWebKit/537.36 (KHTML, like Gecko; compatible; GPTBot/1.4; +https://openai.com/gptbot)"
66.249.66.195 - - [19/Sep/2026:18:14:33 +0530] "GET /?dividers/32617591237 HTTP/1.1" 200 1838 "-" "Mozilla/5.0 (Linux; Android 6.0.1; Nexus 5X Build/MMB29P) AppleWebKit/537.36 (KHTML, like Gecko) Chrome/153.0.8010.47 Mobile Safari/537.36 (compatible; Googlebot/2.1; +http://www.google.com/bot.html)"
66.249.66.67 - - [19/Sep/2026:18:14:34 +0530] "GET /?e=n4i3t1r6o7l7e7u1m079 HTTP/1.1" 200 1838 "-" "Mozilla/5.0 (Linux; Android 6.0.1; Nexus 5X Build/MMB29P) AppleWebKit/537.36 (KHTML, like Gecko) Chrome/153.0.8010.47 Mobile Safari/537.36 (compatible; Googlebot/2.1; +http://www.google.com/bot.html)"
74.7.243.193 - - [19/Sep/2026:18:14:33 +0530] "GET /buy.php?detail/02701956623007 HTTP/2.0" 200 21000 "https://llprecharge.in/buy.php?detail/01700515752829" "Mozilla/5.0 AppleWebKit/537.36 (KHTML, like Gecko; compatible; GPTBot/1.4; +https://openai.com/gptbot)"
66.249.66.195 - - [19/Sep/2026:18:14:35 +0530] "GET /?products/detail/80275145 HTTP/1.1" 200 1838 "-" "Mozilla/5.0 (Linux; Android 6.0.1; Nexus 5X Build/MMB29P) AppleWebKit/537.36 (KHTML, like Gecko) Chrome/153.0.8010.47 Mobile Safari/537.36 (compatible; Googlebot/2.1; +http://www.google.com/bot.html)"
74.7.242.42 - - [19/Sep/2026:18:14:33 +0530] "GET /buy.php?detail/02102969004207 HTTP/2.0" 200 23010 "https://www.llprecharge.in/buy.php?detail/02102956472871" "Mozilla/5.0 AppleWebKit/537.36 (KHTML, like Gecko; compatible; GPTBot/1.4; +https://openai.com/gptbot)"
136.243.228.180 - - [19/Sep/2026:18:14:33 +0530] "GET /buy.php?special/172012790.html HTTP/1.1" 200 20629 "-" "Mozilla/5.0 (compatible; DataForSeoBot/1.0; +https://dataforseo.com/dataforseo-bot)"
66.249.66.67 - - [19/Sep/2026:18:14:36 +0530] "GET /?e=l5a3n8i3o1i6d63851 HTTP/1.1" 200 1838 "-" "Mozilla/5.0 (Linux; Android 6.0.1; Nexus 5X Build/MMB29P) AppleWebKit/537.36 (KHTML, like Gecko) Chrome/153.0.8010.47 Mobile Safari/537.36 (compatible; Googlebot/2.1; +http://www.google.com/bot.html)"
65.21.113.253 - - [19/Sep/2026:18:14:34 +0530] "GET /buy.php?category/107_1741/1 HTTP/1.1" 200 123609 "-" "Mozilla/5.0 (compatible; AwarioBot/1.0; +https://awario.com/bots.html)"
74.7.243.193 - - [19/Sep/2026:18:14:35 +0530] "GET /buy.php?detail/04903509781740 HTTP/2.0" 200 20609 "https://llprecharge.in/buy.php?detail/04903065454909" "Mozilla/5.0 AppleWebKit/537.36 (KHTML, like Gecko; compatible; GPTBot/1.4; +https://openai.com/gptbot)"
136.243.228.180 - - [19/Sep/2026:18:14:37 +0530] "GET /buy.php?special/232031406.html HTTP/1.1" 200 21490 "-" "Mozilla/5.0 (compatible; DataForSeoBot/1.0; +https://dataforseo.com/dataforseo-bot)"
74.7.243.193 - - [19/Sep/2026:18:14:38 +0530] "GET /buy.php?detail/11902690662974 HTTP/2.0" 200 20585 "https://llprecharge.in/buy.php?detail/24902897744246" "Mozilla/5.0 AppleWebKit/537.36 (KHTML, like Gecko; compatible; GPTBot/1.4; +https://openai.com/gptbot)"
74.7.242.42 - - [19/Sep/2026:18:14:36 +0530] "GET /buy.php?detail/26303639474013 HTTP/2.0" 200 21709 "https://www.llprecharge.in/buy.php?detail/02102956472871" "Mozilla/5.0 AppleWebKit/537.36 (KHTML, like Gecko; compatible; GPTBot/1.4; +https://openai.com/gptbot)"
74.7.243.193 - - [19/Sep/2026:18:14:40 +0530] "GET /buy.php?detail/08903982874825 HTTP/2.0" 200 21346 "https://llprecharge.in/buy.php?detail/10403399488884" "Mozilla/5.0 AppleWebKit/537.36 (KHTML, like Gecko; compatible; GPTBot/1.4; +https://openai.com/gptbot)"
66.249.66.33 - - [19/Sep/2026:18:14:43 +0530] "GET /?e=e4x3i5s1t6e9n5c0y788 HTTP/1.1" 200 1838 "-" "Mozilla/5.0 (Linux; Android 6.0.1; Nexus 5X Build/MMB29P) AppleWebKit/537.36 (KHTML, like Gecko) Chrome/153.0.8010.47 Mobile Safari/537.36 (compatible; Googlebot/2.1; +http://www.google.com/bot.html)"
74.7.242.42 - - [19/Sep/2026:18:14:41 +0530] "GET /buy.php?detail/26904097323884 HTTP/2.0" 200 22084 "https://www.llprecharge.in/buy.php?detail/26904081724217" "Mozilla/5.0 AppleWebKit/537.36 (KHTML, like Gecko; compatible; GPTBot/1.4; +https://openai.com/gptbot)"
74.7.243.193 - - [19/Sep/2026:18:14:43 +0530] "GET /buy.php?detail/24904665862724 HTTP/2.0" 200 23677 "https://llprecharge.in/buy.php?detail/10403399488884" "Mozilla/5.0 AppleWebKit/537.36 (KHTML, like Gecko; compatible; GPTBot/1.4; +https://openai.com/gptbot)"
136.243.228.180 - - [19/Sep/2026:18:14:42 +0530] "GET /buy.php?special/232031416.html HTTP/1.1" 200 21345 "-" "Mozilla/5.0 (compatible; DataForSeoBot/1.0; +https://dataforseo.com/dataforseo-bot)"
66.249.66.33 - - [19/Sep/2026:18:14:46 +0530] "GET /?vituperable/03543603760 HTTP/1.1" 200 1838 "-" "Mozilla/5.0 (Linux; Android 6.0.1; Nexus 5X Build/MMB29P) AppleWebKit/537.36 (KHTML, like Gecko) Chrome/153.0.8010.47 Mobile Safari/537.36 (compatible; Googlebot/2.1; +http://www.google.com/bot.html)"
74.7.242.42 - - [19/Sep/2026:18:14:44 +0530] "GET /buy.php?detail/26904094268166 HTTP/2.0" 200 21916 "https://www.llprecharge.in/buy.php?detail/26904081184562" "Mozilla/5.0 AppleWebKit/537.36 (KHTML, like Gecko; compatible; GPTBot/1.4; +https://openai.com/gptbot)"
74.7.243.193 - - [19/Sep/2026:18:14:45 +0530] "GET /buy.php?detail/10504829119709 HTTP/2.0" 200 22303 "https://llprecharge.in/buy.php?detail/12500605244778" "Mozilla/5.0 AppleWebKit/537.36 (KHTML, like Gecko; compatible; GPTBot/1.4; +https://openai.com/gptbot)"
65.21.113.253 - - [19/Sep/2026:18:14:46 +0530] "GET /buy.php?category/107_200/1 HTTP/1.1" 200 119606 "-" "Mozilla/5.0 (compatible; AwarioBot/1.0; +https://awario.com/bots.html)"
136.243.228.180 - - [19/Sep/2026:18:14:46 +0530] "GET /buy.php?detail/0690092859874 HTTP/1.1" 200 22143 "-" "Mozilla/5.0 (compatible; DataForSeoBot/1.0; +https://dataforseo.com/dataforseo-bot)"
74.7.242.42 - - [19/Sep/2026:18:14:47 +0530] "GET /buy.php?detail/15000774148124 HTTP/2.0" 200 20244 "https://www.llprecharge.in/buy.php?detail/15004112319992" "Mozilla/5.0 AppleWebKit/537.36 (KHTML, like Gecko; compatible; GPTBot/1.4; +https://openai.com/gptbot)"
74.7.243.193 - - [19/Sep/2026:18:14:48 +0530] "GET /buy.php?detail/15901872651196 HTTP/2.0" 200 21551 "https://llprecharge.in/buy.php?detail/15901616105618" "Mozilla/5.0 AppleWebKit/537.36 (KHTML, like Gecko; compatible; GPTBot/1.4; +https://openai.com/gptbot)"
74.7.242.42 - - [19/Sep/2026:18:14:49 +0530] "GET /buy.php?detail/14200058510724 HTTP/2.0" 200 21113 "https://www.llprecharge.in/buy.php?detail/15004112319992" "Mozilla/5.0 AppleWebKit/537.36 (KHTML, like Gecko; compatible; GPTBot/1.4; +https://openai.com/gptbot)"
66.249.66.194 - - [19/Sep/2026:18:14:51 +0530] "GET /shops/hepatology/c7o1p1y6h3o6l3d0e9r99 HTTP/1.1" 404 - "-" "Mozilla/5.0 (Linux; Android 6.0.1; Nexus 5X Build/MMB29P) AppleWebKit/537.36 (KHTML, like Gecko) Chrome/153.0.8010.47 Mobile Safari/537.36 (compatible; Googlebot/2.1; +http://www.google.com/bot.html)"
74.7.243.193 - - [19/Sep/2026:18:14:50 +0530] "GET /buy.php?detail/16501047183541 HTTP/2.0" 200 21610 "https://llprecharge.in/buy.php?detail/16501706079558" "Mozilla/5.0 AppleWebKit/537.36 (KHTML, like Gecko; compatible; GPTBot/1.4; +https://openai.com/gptbot)"
136.243.228.180 - - [19/Sep/2026:18:14:51 +0530] "GET /buy.php?special/069009287.html HTTP/1.1" 200 20709 "-" "Mozilla/5.0 (compatible; DataForSeoBot/1.0; +https://dataforseo.com/dataforseo-bot)"
65.21.113.253 - - [19/Sep/2026:18:14:51 +0530] "GET /buy.php?category/107_200_3242/1 HTTP/1.1" 200 121566 "-" "Mozilla/5.0 (compatible; AwarioBot/1.0; +https://awario.com/bots.html)"
74.7.243.193 - - [19/Sep/2026:18:14:52 +0530] "GET /buy.php?detail/16402136019531 HTTP/2.0" 200 21414 "https://llprecharge.in/buy.php?detail/02301832896717" "Mozilla/5.0 AppleWebKit/537.36 (KHTML, like Gecko; compatible; GPTBot/1.4; +https://openai.com/gptbot)"
136.243.228.180 - - [19/Sep/2026:18:14:54 +0530] "GET /buy.php?special/069009289.html HTTP/1.1" 200 21626 "-" "Mozilla/5.0 (compatible; DataForSeoBot/1.0; +https://dataforseo.com/dataforseo-bot)"
74.7.243.193 - - [19/Sep/2026:18:14:55 +0530] "GET /buy.php?detail/20601864699636 HTTP/2.0" 200 21823 "https://llprecharge.in/buy.php?detail/19704750131614" "Mozilla/5.0 AppleWebKit/537.36 (KHTML, like Gecko; compatible; GPTBot/1.4; +https://openai.com/gptbot)"
74.7.242.42 - - [19/Sep/2026:18:14:52 +0530] "GET /buy.php?detail/26200028077448 HTTP/2.0" 200 20602 "https://www.llprecharge.in/buy.php?detail/26200085805915" "Mozilla/5.0 AppleWebKit/537.36 (KHTML, like Gecko; compatible; GPTBot/1.4; +https://openai.com/gptbot)"
74.7.243.193 - - [19/Sep/2026:18:14:57 +0530] "GET /buy.php?detail/01004881918616 HTTP/2.0" 200 20994 "https://llprecharge.in/buy.php?detail/25001559745205" "Mozilla/5.0 AppleWebKit/537.36 (KHTML, like Gecko; compatible; GPTBot/1.4; +https://openai.com/gptbot)"
66.249.66.33 - - [19/Sep/2026:18:14:59 +0530] "GET /?e=t6a2y3s2a4c1h4s1141 HTTP/1.1" 200 1838 "-" "Mozilla/5.0 (Linux; Android 6.0.1; Nexus 5X Build/MMB29P) AppleWebKit/537.36 (KHTML, like Gecko) Chrome/153.0.8010.47 Mobile Safari/537.36 (compatible; Googlebot/2.1; +http://www.google.com/bot.html)"
74.7.242.42 - - [19/Sep/2026:18:14:58 +0530] "GET /buy.php?detail/15000774337283 HTTP/2.0" 200 20975 "https://www.llprecharge.in/buy.php?detail/15004112319992" "Mozilla/5.0 AppleWebKit/537.36 (KHTML, like Gecko; compatible; GPTBot/1.4; +https://openai.com/gptbot)"
136.243.228.180 - - [19/Sep/2026:18:14:59 +0530] "GET /buy.php?goods/069009284 HTTP/1.1" 200 21078 "-" "Mozilla/5.0 (compatible; DataForSeoBot/1.0; +https://dataforseo.com/dataforseo-bot)"
65.21.113.253 - - [19/Sep/2026:18:15:00 +0530] "GET /buy.php?category/107_530/1 HTTP/1.1" 200 121302 "-" "Mozilla/5.0 (compatible; AwarioBot/1.0; +https://awario.com/bots.html)"
66.249.66.33 - - [19/Sep/2026:18:15:02 +0530] "GET /?e=f0o3r1e9j3u9d3g5e0r34 HTTP/1.1" 200 1838 "-" "Mozilla/5.0 (Linux; Android 6.0.1; Nexus 5X Build/MMB29P) AppleWebKit/537.36 (KHTML, like Gecko) Chrome/153.0.8010.47 Mobile Safari/537.36 (compatible; Googlebot/2.1; +http://www.google.com/bot.html)"
74.7.243.193 - - [19/Sep/2026:18:15:00 +0530] "GET /buy.php?detail/17503398163683 HTTP/2.0" 200 21074 "https://llprecharge.in/buy.php?detail/17503362352976" "Mozilla/5.0 AppleWebKit/537.36 (KHTML, like Gecko; compatible; GPTBot/1.4; +https://openai.com/gptbot)"
74.7.242.42 - - [19/Sep/2026:18:15:01 +0530] "GET /buy.php?detail/18500181235911 HTTP/2.0" 200 21535 "https://www.llprecharge.in/buy.php?detail/18500189344626" "Mozilla/5.0 AppleWebKit/537.36 (KHTML, like Gecko; compatible; GPTBot/1.4; +https://openai.com/gptbot)"
136.243.228.180 - - [19/Sep/2026:18:15:02 +0530] "GET /buy.php?special/037033483.html HTTP/1.1" 200 21657 "-" "Mozilla/5.0 (compatible; DataForSeoBot/1.0; +https://dataforseo.com/dataforseo-bot)"
65.21.113.253 - - [19/Sep/2026:18:15:03 +0530] "GET /buy.php?category/107_877/1 HTTP/1.1" 200 118777 "-" "Mozilla/5.0 (compatible; AwarioBot/1.0; +https://awario.com/bots.html)"
74.7.242.42 - - [19/Sep/2026:18:15:03 +0530] "GET /buy.php?detail/03500213051131 HTTP/2.0" 200 21326 "https://www.llprecharge.in/buy.php?detail/15004112903350" "Mozilla/5.0 AppleWebKit/537.36 (KHTML, like Gecko; compatible; GPTBot/1.4; +https://openai.com/gptbot)"
74.7.243.193 - - [19/Sep/2026:18:15:03 +0530] "GET /buy.php?detail/13101284270990 HTTP/2.0" 200 20572 "https://llprecharge.in/buy.php?detail/04903509781740" "Mozilla/5.0 AppleWebKit/537.36 (KHTML, like Gecko; compatible; GPTBot/1.4; +https://openai.com/gptbot)"
74.7.242.42 - - [19/Sep/2026:18:15:06 +0530] "GET /buy.php?detail/18500170968261 HTTP/2.0" 200 20573 "https://www.llprecharge.in/buy.php?detail/18500183957284" "Mozilla/5.0 AppleWebKit/537.36 (KHTML, like Gecko; compatible; GPTBot/1.4; +https://openai.com/gptbot)"
136.243.228.180 - - [19/Sep/2026:18:15:06 +0530] "GET /buy.php?special/069009291.html HTTP/1.1" 200 21101 "-" "Mozilla/5.0 (compatible; DataForSeoBot/1.0; +https://dataforseo.com/dataforseo-bot)"
74.7.243.193 - - [19/Sep/2026:18:15:06 +0530] "GET /buy.php?detail/12303697967335 HTTP/2.0" 200 20227 "https://llprecharge.in/buy.php?detail/12301120521386" "Mozilla/5.0 AppleWebKit/537.36 (KHTML, like Gecko; compatible; GPTBot/1.4; +https://openai.com/gptbot)"
74.7.242.42 - - [19/Sep/2026:18:15:08 +0530] "GET /buy.php?detail/17600109312698 HTTP/2.0" 200 21484 "https://www.llprecharge.in/buy.php?detail/17600130103806" "Mozilla/5.0 AppleWebKit/537.36 (KHTML, like Gecko; compatible; GPTBot/1.4; +https://openai.com/gptbot)"
65.21.113.253 - - [19/Sep/2026:18:15:08 +0530] "GET /buy.php?category/1081/1 HTTP/1.1" 200 121855 "-" "Mozilla/5.0 (compatible; AwarioBot/1.0; +https://awario.com/bots.html)"
74.7.243.193 - - [19/Sep/2026:18:15:10 +0530] "GET /buy.php?detail/22704282314202 HTTP/2.0" 200 19985 "https://llprecharge.in/buy.php?detail/08903982874825" "Mozilla/5.0 AppleWebKit/537.36 (KHTML, like Gecko; compatible; GPTBot/1.4; +https://openai.com/gptbot)"
74.7.242.42 - - [19/Sep/2026:18:15:11 +0530] "GET /buy.php?detail/17600110112007 HTTP/2.0" 200 21863 "https://www.llprecharge.in/buy.php?detail/17600130103806" "Mozilla/5.0 AppleWebKit/537.36 (KHTML, like Gecko; compatible; GPTBot/1.4; +https://openai.com/gptbot)"
74.7.243.193 - - [19/Sep/2026:18:15:13 +0530] "GET /buy.php?detail/26800993143431 HTTP/2.0" 200 21347 "https://llprecharge.in/buy.php?detail/08903982874825" "Mozilla/5.0 AppleWebKit/537.36 (KHTML, like Gecko; compatible; GPTBot/1.4; +https://openai.com/gptbot)"
74.7.242.42 - - [19/Sep/2026:18:15:13 +0530] "GET /buy.php?detail/09002738467465 HTTP/2.0" 200 20766 "https://www.llprecharge.in/buy.php?detail/29000403674569" "Mozilla/5.0 AppleWebKit/537.36 (KHTML, like Gecko; compatible; GPTBot/1.4; +https://openai.com/gptbot)"
74.7.242.42 - - [19/Sep/2026:18:15:16 +0530] "GET /buy.php?detail/25900348317346 HTTP/2.0" 200 21385 "https://www.llprecharge.in/buy.php?detail/25900292567957" "Mozilla/5.0 AppleWebKit/537.36 (KHTML, like Gecko; compatible; GPTBot/1.4; +https://openai.com/gptbot)"
74.7.243.193 - - [19/Sep/2026:18:15:15 +0530] "GET /buy.php?detail/10504847705947 HTTP/2.0" 200 23170 "https://llprecharge.in/buy.php?detail/10504829119709" "Mozilla/5.0 AppleWebKit/537.36 (KHTML, like Gecko; compatible; GPTBot/1.4; +https://openai.com/gptbot)"
168.119.209.108 - - [19/Sep/2026:18:15:18 +0530] "GET /user/api_balance.php?userid=AU1121&token=dMgDWkPbbsmeca76X0lncsVCYVjIE61Q HTTP/1.1" 500 - "-" "RestSharp/106.13.0.0"
74.7.242.42 - - [19/Sep/2026:18:15:18 +0530] "GET /buy.php?detail/18500183623917 HTTP/2.0" 200 20643 "https://www.llprecharge.in/buy.php?goods/185001607" "Mozilla/5.0 AppleWebKit/537.36 (KHTML, like Gecko; compatible; GPTBot/1.4; +https://openai.com/gptbot)"
65.21.113.253 - - [19/Sep/2026:18:15:18 +0530] "GET /buy.php?category/1081_1082/1 HTTP/1.1" 200 118517 "-" "Mozilla/5.0 (compatible; AwarioBot/1.0; +https://awario.com/bots.html)"
74.7.243.193 - - [19/Sep/2026:18:15:18 +0530] "GET /buy.php?detail/15902026659134 HTTP/2.0" 200 22212 "https://llprecharge.in/buy.php?detail/15901872651196" "Mozilla/5.0 AppleWebKit/537.36 (KHTML, like Gecko; compatible; GPTBot/1.4; +https://openai.com/gptbot)"
49.43.152.35 - - [19/Sep/2026:18:15:03 +0530] "GET /LLPRECHARGE/Admin/recharge_report.php HTTP/2.0" 200 5911 "https://www.llprecharge.in/LLPRECHARGE/Admin/recharge_report.php" "Mozilla/5.0 (Macintosh; Intel Mac OS X 10_15_7) AppleWebKit/537.36 (KHTML, like Gecko) Chrome/151.0.0.0 Safari/537.36 OPR/135.0.0.0"
74.7.242.42 - - [19/Sep/2026:18:15:21 +0530] "GET /buy.php?detail/24502817040730 HTTP/2.0" 200 22081 "https://www.llprecharge.in/buy.php?detail/24503452715360" "Mozilla/5.0 AppleWebKit/537.36 (KHTML, like Gecko; compatible; GPTBot/1.4; +https://openai.com/gptbot)"
74.7.243.193 - - [19/Sep/2026:18:15:21 +0530] "GET /buy.php?detail/15902027852749 HTTP/2.0" 200 20913 "https://llprecharge.in/buy.php?detail/15901872651196" "Mozilla/5.0 AppleWebKit/537.36 (KHTML, like Gecko; compatible; GPTBot/1.4; +https://openai.com/gptbot)"
65.21.113.253 - - [19/Sep/2026:18:15:22 +0530] "GET /buy.php?category/1084/1 HTTP/1.1" 200 128769 "-" "Mozilla/5.0 (compatible; AwarioBot/1.0; +https://awario.com/bots.html)"
