74.7.242.42 - - [19/Sep/2026:19:08:41 +0530] "GET /buy.php?detail/09702828317956 HTTP/2.0" 200 21107 "https://www.llprecharge.in/buy.php?detail/09704047458137" "Mozilla/5.0 AppleWebKit/537.36 (KHTML, like Gecko; compatible; GPTBot/1.4; +https://openai.com/gptbot)"
74.7.243.193 - - [19/Sep/2026:19:08:41 +0530] "GET /buy.php?detail/16002216491033 HTTP/2.0" 200 21130 "https://llprecharge.in/buy.php?detail/16002352139980" "Mozilla/5.0 AppleWebKit/537.36 (KHTML, like Gecko; compatible; GPTBot/1.4; +https://openai.com/gptbot)"
66.249.66.67 - - [19/Sep/2026:19:08:44 +0530] "GET /?crankness/02159926165 HTTP/1.1" 200 1838 "-" "Mozilla/5.0 (Linux; Android 6.0.1; Nexus 5X Build/MMB29P) AppleWebKit/537.36 (KHTML, like Gecko) Chrome/153.0.8010.47 Mobile Safari/537.36 (compatible; Googlebot/2.1; +http://www.google.com/bot.html)"
74.7.243.193 - - [19/Sep/2026:19:08:44 +0530] "GET /buy.php?detail/249035419093 HTTP/2.0" 200 20738 "https://llprecharge.in/buy.php?detail/12502802538428" "Mozilla/5.0 AppleWebKit/537.36 (KHTML, like Gecko; compatible; GPTBot/1.4; +https://openai.com/gptbot)"
74.7.242.42 - - [19/Sep/2026:19:08:44 +0530] "GET /buy.php?detail/12304356324301 HTTP/2.0" 200 22151 "https://www.llprecharge.in/buy.php?detail/26002994982231" "Mozilla/5.0 AppleWebKit/537.36 (KHTML, like Gecko; compatible; GPTBot/1.4; +https://openai.com/gptbot)"
65.21.113.253 - - [19/Sep/2026:19:08:44 +0530] "GET /buy.php?category/1783_1784/1 HTTP/1.1" 200 124917 "-" "Mozilla/5.0 (compatible; AwarioBot/1.0; +https://awario.com/bots.html)"
66.249.66.67 - - [19/Sep/2026:19:08:46 +0530] "GET /?inalterably/91419819271 HTTP/1.1" 200 1838 "-" "Mozilla/5.0 (Linux; Android 6.0.1; Nexus 5X Build/MMB29P) AppleWebKit/537.36 (KHTML, like Gecko) Chrome/153.0.8010.47 Mobile Safari/537.36 (compatible; Googlebot/2.1; +http://www.google.com/bot.html)"
66.249.66.195 - - [19/Sep/2026:19:08:47 +0530] "GET /?e=s9a3c7r8a3m6e7n7t4a1r7y HTTP/1.1" 200 1838 "-" "Mozilla/5.0 (Linux; Android 6.0.1; Nexus 5X Build/MMB29P) AppleWebKit/537.36 (KHTML, like Gecko) Chrome/153.0.8010.47 Mobile Safari/537.36 (compatible; Googlebot/2.1; +http://www.google.com/bot.html)"
74.7.243.193 - - [19/Sep/2026:19:08:46 +0530] "GET /buy.php?detail/04204561345359 HTTP/2.0" 200 19815 "https://llprecharge.in/buy.php?detail/16002352139980" "Mozilla/5.0 AppleWebKit/537.36 (KHTML, like Gecko; compatible; GPTBot/1.4; +https://openai.com/gptbot)"
74.7.242.42 - - [19/Sep/2026:19:08:46 +0530] "GET /buy.php?detail/09703885497176 HTTP/2.0" 200 21084 "https://www.llprecharge.in/buy.php?detail/09703308461155" "Mozilla/5.0 AppleWebKit/537.36 (KHTML, like Gecko; compatible; GPTBot/1.4; +https://openai.com/gptbot)"
65.21.113.253 - - [19/Sep/2026:19:08:49 +0530] "GET /robots.txt HTTP/1.1" 200 368 "-" "Mozilla/5.0 (compatible; AwarioBot/1.0; +https://awario.com/bots.html)"
74.7.243.193 - - [19/Sep/2026:19:08:49 +0530] "GET /buy.php?detail/18600875676668 HTTP/2.0" 200 20239 "https://llprecharge.in/buy.php?detail/18601223463647" "Mozilla/5.0 AppleWebKit/537.36 (KHTML, like Gecko; compatible; GPTBot/1.4; +https://openai.com/gptbot)"
66.249.66.194 - - [19/Sep/2026:19:08:51 +0530] "GET /cgi-bin.php?item/7085336516 HTTP/1.1" 404 20 "-" "Mozilla/5.0 (Linux; Android 6.0.1; Nexus 5X Build/MMB29P) AppleWebKit/537.36 (KHTML, like Gecko) Chrome/153.0.8010.47 Mobile Safari/537.36 (compatible; Googlebot/2.1; +http://www.google.com/bot.html)"
74.7.242.42 - - [19/Sep/2026:19:08:49 +0530] "GET /buy.php?detail/02304971628528 HTTP/2.0" 200 21069 "https://www.llprecharge.in/buy.php?detail/1830130739170" "Mozilla/5.0 AppleWebKit/537.36 (KHTML, like Gecko; compatible; GPTBot/1.4; +https://openai.com/gptbot)"
65.21.113.253 - - [19/Sep/2026:19:08:49 +0530] "GET /buy.php?category/1783_1784_1785/1 HTTP/1.1" 200 121907 "-" "Mozilla/5.0 (compatible; AwarioBot/1.0; +https://awario.com/bots.html)"
74.7.242.42 - - [19/Sep/2026:19:08:51 +0530] "GET /buy.php?detail/14104860279325 HTTP/2.0" 200 20422 "https://www.llprecharge.in/buy.php?detail/14104967302449" "Mozilla/5.0 AppleWebKit/537.36 (KHTML, like Gecko; compatible; GPTBot/1.4; +https://openai.com/gptbot)"
74.7.243.193 - - [19/Sep/2026:19:08:51 +0530] "GET /buy.php?detail/03902225592930 HTTP/2.0" 200 20284 "https://llprecharge.in/buy.php?detail/18601223463647" "Mozilla/5.0 AppleWebKit/537.36 (KHTML, like Gecko; compatible; GPTBot/1.4; +https://openai.com/gptbot)"
74.7.242.42 - - [19/Sep/2026:19:08:53 +0530] "GET /buy.php?detail/1670044415027 HTTP/2.0" 200 20711 "https://www.llprecharge.in/buy.php?detail/16701608858961" "Mozilla/5.0 AppleWebKit/537.36 (KHTML, like Gecko; compatible; GPTBot/1.4; +https://openai.com/gptbot)"
74.7.243.193 - - [19/Sep/2026:19:08:54 +0530] "GET /buy.php?detail/00302270291462 HTTP/2.0" 200 22614 "https://llprecharge.in/buy.php?detail/00302192679557" "Mozilla/5.0 AppleWebKit/537.36 (KHTML, like Gecko; compatible; GPTBot/1.4; +https://openai.com/gptbot)"
74.7.243.193 - - [19/Sep/2026:19:08:56 +0530] "GET /buy.php?detail/171025841858 HTTP/2.0" 200 20309 "https://llprecharge.in/buy.php?detail/17102547432307" "Mozilla/5.0 AppleWebKit/537.36 (KHTML, like Gecko; compatible; GPTBot/1.4; +https://openai.com/gptbot)"
74.7.242.42 - - [19/Sep/2026:19:08:56 +0530] "GET /buy.php?detail/10401523640313 HTTP/2.0" 200 21090 "https://www.llprecharge.in/buy.php?detail/18301270991990" "Mozilla/5.0 AppleWebKit/537.36 (KHTML, like Gecko; compatible; GPTBot/1.4; +https://openai.com/gptbot)"
65.21.113.253 - - [19/Sep/2026:19:08:58 +0530] "GET /buy.php?category/1783_1784_1785_5112/1 HTTP/1.1" 200 146634 "-" "Mozilla/5.0 (compatible; AwarioBot/1.0; +https://awario.com/bots.html)"
66.249.66.197 - - [19/Sep/2026:19:09:01 +0530] "GET /?e=p6h3o4n5o4l0o3g6i7s0t3 HTTP/1.1" 200 1838 "-" "Mozilla/5.0 (Linux; Android 6.0.1; Nexus 5X Build/MMB29P) AppleWebKit/537.36 (KHTML, like Gecko) Chrome/153.0.8010.47 Mobile Safari/537.36 (compatible; Googlebot/2.1; +http://www.google.com/bot.html)"
74.7.243.193 - - [19/Sep/2026:19:09:00 +0530] "GET /buy.php?detail/16002215669131 HTTP/2.0" 200 20273 "https://llprecharge.in/buy.php?detail/16002352139980" "Mozilla/5.0 AppleWebKit/537.36 (KHTML, like Gecko; compatible; GPTBot/1.4; +https://openai.com/gptbot)"
74.7.242.42 - - [19/Sep/2026:19:09:00 +0530] "GET /buy.php?detail/14802714590187 HTTP/2.0" 200 22832 "https://www.llprecharge.in/buy.php?detail/14802301721313" "Mozilla/5.0 AppleWebKit/537.36 (KHTML, like Gecko; compatible; GPTBot/1.4; +https://openai.com/gptbot)"
74.7.243.193 - - [19/Sep/2026:19:09:02 +0530] "GET /buy.php?detail/00302269074297 HTTP/2.0" 200 22564 "https://llprecharge.in/buy.php?detail/00302192679557" "Mozilla/5.0 AppleWebKit/537.36 (KHTML, like Gecko; compatible; GPTBot/1.4; +https://openai.com/gptbot)"
74.7.242.42 - - [19/Sep/2026:19:09:03 +0530] "GET /buy.php?detail/14802717468706 HTTP/2.0" 200 21522 "https://www.llprecharge.in/buy.php?detail/14802301721313" "Mozilla/5.0 AppleWebKit/537.36 (KHTML, like Gecko; compatible; GPTBot/1.4; +https://openai.com/gptbot)"
74.7.243.193 - - [19/Sep/2026:19:09:05 +0530] "GET /buy.php?jp/160022156.html HTTP/2.0" 200 20287 "https://llprecharge.in/buy.php?detail/16002215669131" "Mozilla/5.0 AppleWebKit/537.36 (KHTML, like Gecko; compatible; GPTBot/1.4; +https://openai.com/gptbot)"
65.21.113.253 - - [19/Sep/2026:19:09:03 +0530] "GET /buy.php?category/178_179/1 HTTP/1.1" 200 120507 "-" "Mozilla/5.0 (compatible; AwarioBot/1.0; +https://awario.com/bots.html)"
74.7.242.42 - - [19/Sep/2026:19:09:05 +0530] "GET /buy.php?detail/18301323566082 HTTP/2.0" 200 22481 "https://www.llprecharge.in/buy.php?detail/18301270991990" "Mozilla/5.0 AppleWebKit/537.36 (KHTML, like Gecko; compatible; GPTBot/1.4; +https://openai.com/gptbot)"
74.7.243.193 - - [19/Sep/2026:19:09:07 +0530] "GET /buy.php?detail/24802193198177 HTTP/2.0" 200 20023 "https://llprecharge.in/buy.php?detail/16104992328148" "Mozilla/5.0 AppleWebKit/537.36 (KHTML, like Gecko; compatible; GPTBot/1.4; +https://openai.com/gptbot)"
136.243.228.180 - - [19/Sep/2026:19:09:07 +0530] "GET /buy.php?special/165018451.html HTTP/1.1" 200 21406 "-" "Mozilla/5.0 (compatible; DataForSeoBot/1.0; +https://dataforseo.com/dataforseo-bot)"
66.249.66.196 - - [19/Sep/2026:19:09:10 +0530] "GET /?e=t8r6u3a4g2e59561 HTTP/1.1" 200 1838 "-" "Mozilla/5.0 (Linux; Android 6.0.1; Nexus 5X Build/MMB29P) AppleWebKit/537.36 (KHTML, like Gecko) Chrome/153.0.8010.47 Mobile Safari/537.36 (compatible; Googlebot/2.1; +http://www.google.com/bot.html)"
74.7.243.193 - - [19/Sep/2026:19:09:09 +0530] "GET /buy.php?detail/18600876340493 HTTP/2.0" 200 21066 "https://llprecharge.in/buy.php?detail/18601223463647" "Mozilla/5.0 AppleWebKit/537.36 (KHTML, like Gecko; compatible; GPTBot/1.4; +https://openai.com/gptbot)"
65.21.113.253 - - [19/Sep/2026:19:09:10 +0530] "GET /buy.php?category/178_179_1241/1 HTTP/1.1" 200 138792 "-" "Mozilla/5.0 (compatible; AwarioBot/1.0; +https://awario.com/bots.html)"
74.7.243.193 - - [19/Sep/2026:19:09:12 +0530] "GET /buy.php?detail/00600735227093 HTTP/2.0" 200 22295 "https://llprecharge.in/buy.php?detail/16002216491033" "Mozilla/5.0 AppleWebKit/537.36 (KHTML, like Gecko; compatible; GPTBot/1.4; +https://openai.com/gptbot)"
136.243.228.180 - - [19/Sep/2026:19:09:11 +0530] "GET /buy.php?special/165018429.html HTTP/1.1" 200 20883 "-" "Mozilla/5.0 (compatible; DataForSeoBot/1.0; +https://dataforseo.com/dataforseo-bot)"
66.249.66.33 - - [19/Sep/2026:19:09:17 +0530] "GET /?e=s1c2h2i8z0o9m8y2c1e1t7es HTTP/1.1" 200 1838 "-" "Mozilla/5.0 (Linux; Android 6.0.1; Nexus 5X Build/MMB29P) AppleWebKit/537.36 (KHTML, like Gecko) Chrome/153.0.8010.47 Mobile Safari/537.36 (compatible; Googlebot/2.1; +http://www.google.com/bot.html)"
74.7.243.193 - - [19/Sep/2026:19:09:14 +0530] "GET /buy.php?detail/16002567830767 HTTP/2.0" 200 21536 "https://llprecharge.in/buy.php?detail/16002216491033" "Mozilla/5.0 AppleWebKit/537.36 (KHTML, like Gecko; compatible; GPTBot/1.4; +https://openai.com/gptbot)"
66.249.66.67 - - [19/Sep/2026:19:09:18 +0530] "GET /interfaces/interfaceStore.php?item/9085270582 HTTP/1.1" 404 - "-" "Mozilla/5.0 (Linux; Android 6.0.1; Nexus 5X Build/MMB29P) AppleWebKit/537.36 (KHTML, like Gecko) Chrome/153.0.8010.47 Mobile Safari/537.36 (compatible; Googlebot/2.1; +http://www.google.com/bot.html)"
74.7.242.42 - - [19/Sep/2026:19:09:09 +0530] "GET /buy.php?detail/14802713875115 HTTP/2.0" 200 22004 "https://www.llprecharge.in/buy.php?detail/14802301721313" "Mozilla/5.0 AppleWebKit/537.36 (KHTML, like Gecko; compatible; GPTBot/1.4; +https://openai.com/gptbot)"
136.243.228.180 - - [19/Sep/2026:19:09:17 +0530] "GET /buy.php?special/015026095.html HTTP/1.1" 200 20445 "-" "Mozilla/5.0 (compatible; DataForSeoBot/1.0; +https://dataforseo.com/dataforseo-bot)"
74.7.243.193 - - [19/Sep/2026:19:09:18 +0530] "GET /buy.php?detail/23300994872786 HTTP/2.0" 200 22289 "https://llprecharge.in/buy.php?detail/249035419093" "Mozilla/5.0 AppleWebKit/537.36 (KHTML, like Gecko; compatible; GPTBot/1.4; +https://openai.com/gptbot)"
74.7.242.42 - - [19/Sep/2026:19:09:19 +0530] "GET /buy.php?detail/24401839679257 HTTP/2.0" 200 20353 "https://www.llprecharge.in/buy.php?detail/24402690858328" "Mozilla/5.0 AppleWebKit/537.36 (KHTML, like Gecko; compatible; GPTBot/1.4; +https://openai.com/gptbot)"
74.7.243.193 - - [19/Sep/2026:19:09:20 +0530] "GET /buy.php?detail/16002567408035 HTTP/2.0" 200 20350 "https://llprecharge.in/buy.php?detail/16002216491033" "Mozilla/5.0 AppleWebKit/537.36 (KHTML, like Gecko; compatible; GPTBot/1.4; +https://openai.com/gptbot)"
136.243.228.180 - - [19/Sep/2026:19:09:20 +0530] "GET /buy.php?detail/23204323860445 HTTP/1.1" 200 20685 "-" "Mozilla/5.0 (compatible; DataForSeoBot/1.0; +https://dataforseo.com/dataforseo-bot)"
74.7.242.42 - - [19/Sep/2026:19:09:21 +0530] "GET /buy.php?detail/12304356835835 HTTP/2.0" 200 21450 "https://www.llprecharge.in/buy.php?detail/12304356324301" "Mozilla/5.0 AppleWebKit/537.36 (KHTML, like Gecko; compatible; GPTBot/1.4; +https://openai.com/gptbot)"
74.7.243.193 - - [19/Sep/2026:19:09:23 +0530] "GET /buy.php?detail/28203836500957 HTTP/2.0" 200 20815 "https://llprecharge.in/buy.php?detail/04204561345359" "Mozilla/5.0 AppleWebKit/537.36 (KHTML, like Gecko; compatible; GPTBot/1.4; +https://openai.com/gptbot)"
65.21.113.253 - - [19/Sep/2026:19:09:23 +0530] "GET /buy.php?category/178_792/1 HTTP/1.1" 200 123143 "-" "Mozilla/5.0 (compatible; AwarioBot/1.0; +https://awario.com/bots.html)"
66.249.66.33 - - [19/Sep/2026:19:09:26 +0530] "GET /?corves/41030991776 HTTP/1.1" 200 1838 "-" "Mozilla/5.0 (Linux; Android 6.0.1; Nexus 5X Build/MMB29P) AppleWebKit/537.36 (KHTML, like Gecko) Chrome/153.0.8010.47 Mobile Safari/537.36 (compatible; Googlebot/2.1; +http://www.google.com/bot.html)"
136.243.228.180 - - [19/Sep/2026:19:09:25 +0530] "GET /buy.php?special/099024843.html HTTP/1.1" 200 20710 "-" "Mozilla/5.0 (compatible; DataForSeoBot/1.0; +https://dataforseo.com/dataforseo-bot)"
66.249.66.67 - - [19/Sep/2026:19:09:27 +0530] "GET /?e=f8l1a5y2i9n2g54286 HTTP/1.1" 200 1838 "-" "Mozilla/5.0 (Linux; Android 6.0.1; Nexus 5X Build/MMB29P) AppleWebKit/537.36 (KHTML, like Gecko) Chrome/153.0.8010.47 Mobile Safari/537.36 (compatible; Googlebot/2.1; +http://www.google.com/bot.html)"
66.249.66.195 - - [19/Sep/2026:19:09:28 +0530] "GET /?e=f2o4r5t2h6w8i3t7h49 HTTP/1.1" 200 1838 "-" "Mozilla/5.0 (Linux; Android 6.0.1; Nexus 5X Build/MMB29P) AppleWebKit/537.36 (KHTML, like Gecko) Chrome/153.0.8010.47 Mobile Safari/537.36 (compatible; Googlebot/2.1; +http://www.google.com/bot.html)"
74.7.243.193 - - [19/Sep/2026:19:09:26 +0530] "GET /buy.php?detail/00303772857796 HTTP/2.0" 200 22971 "https://llprecharge.in/buy.php?detail/00302270291462" "Mozilla/5.0 AppleWebKit/537.36 (KHTML, like Gecko; compatible; GPTBot/1.4; +https://openai.com/gptbot)"
74.7.242.42 - - [19/Sep/2026:19:09:24 +0530] "GET /buy.php?detail/09800427356392 HTTP/2.0" 200 21618 "https://www.llprecharge.in/buy.php?detail/18301360320780" "Mozilla/5.0 AppleWebKit/537.36 (KHTML, like Gecko; compatible; GPTBot/1.4; +https://openai.com/gptbot)"
66.249.66.33 - - [19/Sep/2026:19:09:28 +0530] "GET /?butyrate/1682169994 HTTP/1.1" 200 1838 "-" "Mozilla/5.0 (Linux; Android 6.0.1; Nexus 5X Build/MMB29P) AppleWebKit/537.36 (KHTML, like Gecko) Chrome/153.0.8010.47 Mobile Safari/537.36 (compatible; Googlebot/2.1; +http://www.google.com/bot.html)"
66.249.66.196 - - [19/Sep/2026:19:09:29 +0530] "GET /cgi-bin.php?item/7086235489 HTTP/1.1" 404 20 "-" "Mozilla/5.0 (Linux; Android 6.0.1; Nexus 5X Build/MMB29P) AppleWebKit/537.36 (KHTML, like Gecko) Chrome/153.0.8010.47 Mobile Safari/537.36 (compatible; Googlebot/2.1; +http://www.google.com/bot.html)"
66.249.66.67 - - [19/Sep/2026:19:09:29 +0530] "GET /?ventilative/93408644191 HTTP/1.1" 200 1838 "-" "Mozilla/5.0 (Linux; Android 6.0.1; Nexus 5X Build/MMB29P) AppleWebKit/537.36 (KHTML, like Gecko) Chrome/153.0.8010.47 Mobile Safari/537.36 (compatible; Googlebot/2.1; +http://www.google.com/bot.html)"
74.7.243.193 - - [19/Sep/2026:19:09:28 +0530] "GET /buy.php?detail/16404235660392 HTTP/2.0" 200 22355 "https://llprecharge.in/buy.php?detail/12502802835604" "Mozilla/5.0 AppleWebKit/537.36 (KHTML, like Gecko; compatible; GPTBot/1.4; +https://openai.com/gptbot)"
66.249.66.195 - - [19/Sep/2026:19:09:30 +0530] "GET /?e=a6m2y1l8o2l1y7t9i1c97 HTTP/1.1" 200 1838 "-" "Mozilla/5.0 (Linux; Android 6.0.1; Nexus 5X Build/MMB29P) AppleWebKit/537.36 (KHTML, like Gecko) Chrome/153.0.8010.47 Mobile Safari/537.36 (compatible; Googlebot/2.1; +http://www.google.com/bot.html)"
74.7.242.42 - - [19/Sep/2026:19:09:28 +0530] "GET /buy.php?detail/02304920898820 HTTP/2.0" 200 21127 "https://www.llprecharge.in/buy.php?detail/02304971628528" "Mozilla/5.0 AppleWebKit/537.36 (KHTML, like Gecko; compatible; GPTBot/1.4; +https://openai.com/gptbot)"
136.243.228.180 - - [19/Sep/2026:19:09:28 +0530] "GET /buy.php?special/033027351.html HTTP/1.1" 200 22578 "-" "Mozilla/5.0 (compatible; DataForSeoBot/1.0; +https://dataforseo.com/dataforseo-bot)"
66.249.66.33 - - [19/Sep/2026:19:09:31 +0530] "GET /?e=u9n4e2m1b2o3d4i8e0d59 HTTP/1.1" 200 1838 "-" "Mozilla/5.0 (Linux; Android 6.0.1; Nexus 5X Build/MMB29P) AppleWebKit/537.36 (KHTML, like Gecko) Chrome/153.0.8010.47 Mobile Safari/537.36 (compatible; Googlebot/2.1; +http://www.google.com/bot.html)"
66.249.66.67 - - [19/Sep/2026:19:09:31 +0530] "GET /?prohibited/7988236673 HTTP/1.1" 200 1838 "-" "Mozilla/5.0 (Linux; Android 6.0.1; Nexus 5X Build/MMB29P) AppleWebKit/537.36 (KHTML, like Gecko) Chrome/153.0.8010.47 Mobile Safari/537.36 (compatible; Googlebot/2.1; +http://www.google.com/bot.html)"
66.249.66.67 - - [19/Sep/2026:19:09:32 +0530] "GET /?e=c3o2l6e1s3e8e9d599 HTTP/1.1" 200 1838 "-" "Mozilla/5.0 (Linux; Android 6.0.1; Nexus 5X Build/MMB29P) AppleWebKit/537.36 (KHTML, like Gecko) Chrome/153.0.8010.47 Mobile Safari/537.36 (compatible; Googlebot/2.1; +http://www.google.com/bot.html)"
74.7.243.193 - - [19/Sep/2026:19:09:30 +0530] "GET /buy.php?detail/08204754882786 HTTP/2.0" 200 19781 "https://llprecharge.in/buy.php?detail/16002215669131" "Mozilla/5.0 AppleWebKit/537.36 (KHTML, like Gecko; compatible; GPTBot/1.4; +https://openai.com/gptbot)"
74.7.242.42 - - [19/Sep/2026:19:09:31 +0530] "GET /buy.php?detail/02304926935320 HTTP/2.0" 200 21540 "https://www.llprecharge.in/buy.php?detail/02304971628528" "Mozilla/5.0 AppleWebKit/537.36 (KHTML, like Gecko; compatible; GPTBot/1.4; +https://openai.com/gptbot)"
66.249.66.194 - - [19/Sep/2026:19:09:34 +0530] "GET /prophetic/forswearing/52529296471 HTTP/1.1" 404 - "-" "Mozilla/5.0 (Linux; Android 6.0.1; Nexus 5X Build/MMB29P) AppleWebKit/537.36 (KHTML, like Gecko) Chrome/153.0.8010.47 Mobile Safari/537.36 (compatible; Googlebot/2.1; +http://www.google.com/bot.html)"
74.7.242.42 - - [19/Sep/2026:19:09:33 +0530] "GET /buy.php?detail/16700404819838 HTTP/2.0" 200 23545 "https://www.llprecharge.in/buy.php?detail/1670044415027" "Mozilla/5.0 AppleWebKit/537.36 (KHTML, like Gecko; compatible; GPTBot/1.4; +https://openai.com/gptbot)"
65.21.113.253 - - [19/Sep/2026:19:09:30 +0530] "GET /buy.php?category/181/1 HTTP/1.1" 200 123176 "-" "Mozilla/5.0 (compatible; AwarioBot/1.0; +https://awario.com/bots.html)"
136.243.228.180 - - [19/Sep/2026:19:09:32 +0530] "GET /buy.php?special/065005943.html HTTP/1.1" 200 21451 "-" "Mozilla/5.0 (compatible; DataForSeoBot/1.0; +https://dataforseo.com/dataforseo-bot)"
74.7.243.193 - - [19/Sep/2026:19:09:33 +0530] "GET /buy.php?detail/00303390552968 HTTP/2.0" 200 22856 "https://llprecharge.in/buy.php?detail/00302269074297" "Mozilla/5.0 AppleWebKit/537.36 (KHTML, like Gecko; compatible; GPTBot/1.4; +https://openai.com/gptbot)"
74.7.242.42 - - [19/Sep/2026:19:09:35 +0530] "GET /buy.php?detail/12203240188043 HTTP/2.0" 200 20577 "https://www.llprecharge.in/buy.php?detail/1670044415027" "Mozilla/5.0 AppleWebKit/537.36 (KHTML, like Gecko; compatible; GPTBot/1.4; +https://openai.com/gptbot)"
74.7.242.42 - - [19/Sep/2026:19:09:38 +0530] "GET /buy.php?jp/148027019.html HTTP/2.0" 200 21368 "https://www.llprecharge.in/buy.php?detail/14802714590187" "Mozilla/5.0 AppleWebKit/537.36 (KHTML, like Gecko; compatible; GPTBot/1.4; +https://openai.com/gptbot)"
74.7.243.193 - - [19/Sep/2026:19:09:38 +0530] "GET /buy.php?jp/045007708.html HTTP/2.0" 200 20821 "https://llprecharge.in/buy.php?detail/16002215669131" "Mozilla/5.0 AppleWebKit/537.36 (KHTML, like Gecko; compatible; GPTBot/1.4; +https://openai.com/gptbot)"
136.243.228.180 - - [19/Sep/2026:19:09:39 +0530] "GET /buy.php?special/061040977.html HTTP/1.1" 200 21951 "-" "Mozilla/5.0 (compatible; DataForSeoBot/1.0; +https://dataforseo.com/dataforseo-bot)"
74.7.242.42 - - [19/Sep/2026:19:09:40 +0530] "GET /buy.php?detail/14802699850815 HTTP/2.0" 200 22005 "https://www.llprecharge.in/buy.php?detail/14802714590187" "Mozilla/5.0 AppleWebKit/537.36 (KHTML, like Gecko; compatible; GPTBot/1.4; +https://openai.com/gptbot)"
74.7.243.193 - - [19/Sep/2026:19:09:40 +0530] "GET /buy.php?detail/18600678863649 HTTP/2.0" 200 20597 "https://llprecharge.in/buy.php?detail/18600876340493" "Mozilla/5.0 AppleWebKit/537.36 (KHTML, like Gecko; compatible; GPTBot/1.4; +https://openai.com/gptbot)"
74.7.242.42 - - [19/Sep/2026:19:09:42 +0530] "GET /buy.php?detail/23001482188690 HTTP/2.0" 200 20209 "https://www.llprecharge.in/buy.php?detail/10401523640313" "Mozilla/5.0 AppleWebKit/537.36 (KHTML, like Gecko; compatible; GPTBot/1.4; +https://openai.com/gptbot)"
136.243.228.180 - - [19/Sep/2026:19:09:42 +0530] "GET /buy.php?special/061040971.html HTTP/1.1" 200 21170 "-" "Mozilla/5.0 (compatible; DataForSeoBot/1.0; +https://dataforseo.com/dataforseo-bot)"
74.7.243.193 - - [19/Sep/2026:19:09:42 +0530] "GET /buy.php?detail/00303391093006 HTTP/2.0" 200 22874 "https://llprecharge.in/buy.php?detail/00302269074297" "Mozilla/5.0 AppleWebKit/537.36 (KHTML, like Gecko; compatible; GPTBot/1.4; +https://openai.com/gptbot)"
66.249.66.194 - - [19/Sep/2026:19:09:45 +0530] "GET /cgi-bin.php?item/5086713482 HTTP/1.1" 404 20 "-" "Mozilla/5.0 (Linux; Android 6.0.1; Nexus 5X Build/MMB29P) AppleWebKit/537.36 (KHTML, like Gecko) Chrome/153.0.8010.47 Mobile Safari/537.36 (compatible; Googlebot/2.1; +http://www.google.com/bot.html)"
74.7.242.42 - - [19/Sep/2026:19:09:44 +0530] "GET /buy.php?detail/14802328126073 HTTP/2.0" 200 21044 "https://www.llprecharge.in/buy.php?detail/14802713875115" "Mozilla/5.0 AppleWebKit/537.36 (KHTML, like Gecko; compatible; GPTBot/1.4; +https://openai.com/gptbot)"
74.7.243.193 - - [19/Sep/2026:19:09:45 +0530] "GET /buy.php?detail/16004979235399 HTTP/2.0" 200 20088 "https://llprecharge.in/buy.php?detail/16002567830767" "Mozilla/5.0 AppleWebKit/537.36 (KHTML, like Gecko; compatible; GPTBot/1.4; +https://openai.com/gptbot)"
136.243.228.180 - - [19/Sep/2026:19:09:46 +0530] "GET /buy.php?goods/061040976 HTTP/1.1" 200 21263 "-" "Mozilla/5.0 (compatible; DataForSeoBot/1.0; +https://dataforseo.com/dataforseo-bot)"
74.7.242.42 - - [19/Sep/2026:19:09:47 +0530] "GET /buy.php?detail/24402208641224 HTTP/2.0" 200 20176 "https://www.llprecharge.in/buy.php?detail/24401839679257" "Mozilla/5.0 AppleWebKit/537.36 (KHTML, like Gecko; compatible; GPTBot/1.4; +https://openai.com/gptbot)"
74.7.243.193 - - [19/Sep/2026:19:09:48 +0530] "GET /buy.php?detail/18600878125673 HTTP/2.0" 200 20722 "https://llprecharge.in/buy.php?detail/18601223463647" "Mozilla/5.0 AppleWebKit/537.36 (KHTML, like Gecko; compatible; GPTBot/1.4; +https://openai.com/gptbot)"
74.7.242.42 - - [19/Sep/2026:19:09:49 +0530] "GET /buy.php?detail/01100419013184 HTTP/2.0" 200 20743 "https://www.llprecharge.in/buy.php?detail/12304356835835" "Mozilla/5.0 AppleWebKit/537.36 (KHTML, like Gecko; compatible; GPTBot/1.4; +https://openai.com/gptbot)"
136.243.228.180 - - [19/Sep/2026:19:09:51 +0530] "GET /buy.php?special/241024009.html HTTP/1.1" 200 24556 "-" "Mozilla/5.0 (compatible; DataForSeoBot/1.0; +https://dataforseo.com/dataforseo-bot)"
74.7.243.193 - - [19/Sep/2026:19:09:51 +0530] "GET /buy.php?detail/16002205205980 HTTP/2.0" 200 20306 "https://llprecharge.in/buy.php?detail/16002567408035" "Mozilla/5.0 AppleWebKit/537.36 (KHTML, like Gecko; compatible; GPTBot/1.4; +https://openai.com/gptbot)"
74.7.242.42 - - [19/Sep/2026:19:09:52 +0530] "GET /buy.php?detail/26302625669250 HTTP/2.0" 200 21006 "https://www.llprecharge.in/buy.php?detail/09800427356392" "Mozilla/5.0 AppleWebKit/537.36 (KHTML, like Gecko; compatible; GPTBot/1.4; +https://openai.com/gptbot)"
66.249.66.67 - - [19/Sep/2026:19:09:55 +0530] "GET /?deserve/32944502552 HTTP/1.1" 200 1838 "-" "Mozilla/5.0 (Linux; Android 6.0.1; Nexus 5X Build/MMB29P) AppleWebKit/537.36 (KHTML, like Gecko) Chrome/153.0.8010.47 Mobile Safari/537.36 (compatible; Googlebot/2.1; +http://www.google.com/bot.html)"
74.7.243.193 - - [19/Sep/2026:19:09:54 +0530] "GET /buy.php?detail/28203840743046 HTTP/2.0" 200 20533 "https://llprecharge.in/buy.php?detail/28203836500957" "Mozilla/5.0 AppleWebKit/537.36 (KHTML, like Gecko; compatible; GPTBot/1.4; +https://openai.com/gptbot)"
74.7.242.42 - - [19/Sep/2026:19:09:54 +0530] "GET /buy.php?detail/09800437988134 HTTP/2.0" 200 22621 "https://www.llprecharge.in/buy.php?detail/09800427356392" "Mozilla/5.0 AppleWebKit/537.36 (KHTML, like Gecko; compatible; GPTBot/1.4; +https://openai.com/gptbot)"
136.243.228.180 - - [19/Sep/2026:19:09:54 +0530] "GET /buy.php?special/037006533.html HTTP/1.1" 200 19972 "-" "Mozilla/5.0 (compatible; DataForSeoBot/1.0; +https://dataforseo.com/dataforseo-bot)"
66.249.66.33 - - [19/Sep/2026:19:09:57 +0530] "GET /?e=p2u3r1s7u6a5b0l2e687 HTTP/1.1" 200 1838 "-" "Mozilla/5.0 (Linux; Android 6.0.1; Nexus 5X Build/MMB29P) AppleWebKit/537.36 (KHTML, like Gecko) Chrome/153.0.8010.47 Mobile Safari/537.36 (compatible; Googlebot/2.1; +http://www.google.com/bot.html)"
74.7.242.42 - - [19/Sep/2026:19:09:57 +0530] "GET /buy.php?detail/24402205892230 HTTP/2.0" 200 20282 "https://www.llprecharge.in/buy.php?detail/24401839679257" "Mozilla/5.0 AppleWebKit/537.36 (KHTML, like Gecko; compatible; GPTBot/1.4; +https://openai.com/gptbot)"
74.7.243.193 - - [19/Sep/2026:19:09:56 +0530] "GET /buy.php?detail/22800161926999 HTTP/2.0" 200 21385 "https://llprecharge.in/buy.php?detail/00303772857796" "Mozilla/5.0 AppleWebKit/537.36 (KHTML, like Gecko; compatible; GPTBot/1.4; +https://openai.com/gptbot)"
136.243.228.180 - - [19/Sep/2026:19:09:58 +0530] "GET /buy.php?jp/148011292.html HTTP/1.1" 200 20497 "-" "Mozilla/5.0 (compatible; DataForSeoBot/1.0; +https://dataforseo.com/dataforseo-bot)"
74.7.242.42 - - [19/Sep/2026:19:09:59 +0530] "GET /buy.php?detail/12304377334264 HTTP/2.0" 200 22876 "https://www.llprecharge.in/buy.php?detail/12304356835835" "Mozilla/5.0 AppleWebKit/537.36 (KHTML, like Gecko; compatible; GPTBot/1.4; +https://openai.com/gptbot)"
74.7.243.193 - - [19/Sep/2026:19:10:01 +0530] "GET /buy.php?detail/23300604973703 HTTP/2.0" 200 22212 "https://llprecharge.in/buy.php?detail/23300994872786" "Mozilla/5.0 AppleWebKit/537.36 (KHTML, like Gecko; compatible; GPTBot/1.4; +https://openai.com/gptbot)"
136.243.228.180 - - [19/Sep/2026:19:10:03 +0530] "GET /buy.php?jp/148011295.html HTTP/1.1" 200 21363 "-" "Mozilla/5.0 (compatible; DataForSeoBot/1.0; +https://dataforseo.com/dataforseo-bot)"
66.249.66.68 - - [19/Sep/2026:19:10:05 +0530] "GET /?e=l1e2g4i0s3l0a1t9u3r4e8 HTTP/1.1" 200 1838 "-" "Mozilla/5.0 (Linux; Android 6.0.1; Nexus 5X Build/MMB29P) AppleWebKit/537.36 (KHTML, like Gecko) Chrome/153.0.8010.47 Mobile Safari/537.36 (compatible; Googlebot/2.1; +http://www.google.com/bot.html)"
74.7.243.193 - - [19/Sep/2026:19:10:03 +0530] "GET /buy.php?goods/003033916 HTTP/2.0" 200 22774 "https://llprecharge.in/buy.php?detail/00302269074297" "Mozilla/5.0 AppleWebKit/537.36 (KHTML, like Gecko; compatible; GPTBot/1.4; +https://openai.com/gptbot)"
74.7.242.42 - - [19/Sep/2026:19:10:02 +0530] "GET /buy.php?detail/02304975178831 HTTP/2.0" 200 20890 "https://www.llprecharge.in/buy.php?detail/02304920898820" "Mozilla/5.0 AppleWebKit/537.36 (KHTML, like Gecko; compatible; GPTBot/1.4; +https://openai.com/gptbot)"
74.7.243.193 - - [19/Sep/2026:19:10:06 +0530] "GET /buy.php?detail/00303025564817 HTTP/2.0" 200 23249 "https://llprecharge.in/buy.php?detail/00303390552968" "Mozilla/5.0 AppleWebKit/537.36 (KHTML, like Gecko; compatible; GPTBot/1.4; +https://openai.com/gptbot)"
136.243.228.180 - - [19/Sep/2026:19:10:06 +0530] "GET /buy.php?special/148011302.html HTTP/1.1" 200 20540 "-" "Mozilla/5.0 (compatible; DataForSeoBot/1.0; +https://dataforseo.com/dataforseo-bot)"
66.249.66.195 - - [19/Sep/2026:19:10:09 +0530] "GET /clime/w8a2s7h1t4u3b77452 HTTP/1.1" 404 - "-" "Mozilla/5.0 (Linux; Android 6.0.1; Nexus 5X Build/MMB29P) AppleWebKit/537.36 (KHTML, like Gecko) Chrome/153.0.8010.47 Mobile Safari/537.36 (compatible; Googlebot/2.1; +http://www.google.com/bot.html)"
74.7.242.42 - - [19/Sep/2026:19:10:08 +0530] "GET /buy.php?detail/18301276986515 HTTP/2.0" 200 22082 "https://www.llprecharge.in/buy.php?detail/18301323566082" "Mozilla/5.0 AppleWebKit/537.36 (KHTML, like Gecko; compatible; GPTBot/1.4; +https://openai.com/gptbot)"
74.7.243.193 - - [19/Sep/2026:19:10:08 +0530] "GET /buy.php?detail/04500768457963 HTTP/2.0" 200 20618 "https://llprecharge.in/buy.php?jp/045007708.html" "Mozilla/5.0 AppleWebKit/537.36 (KHTML, like Gecko; compatible; GPTBot/1.4; +https://openai.com/gptbot)"
136.243.228.180 - - [19/Sep/2026:19:10:10 +0530] "GET /buy.php?special/148011316.html HTTP/1.1" 200 20584 "-" "Mozilla/5.0 (compatible; DataForSeoBot/1.0; +https://dataforseo.com/dataforseo-bot)"
74.7.243.193 - - [19/Sep/2026:19:10:11 +0530] "GET /buy.php?detail/00303025142067 HTTP/2.0" 200 22706 "https://llprecharge.in/buy.php?detail/00303390552968" "Mozilla/5.0 AppleWebKit/537.36 (KHTML, like Gecko; compatible; GPTBot/1.4; +https://openai.com/gptbot)"
66.249.66.195 - - [19/Sep/2026:19:10:13 +0530] "GET /cgi-bin.php?item/5085956614 HTTP/1.1" 404 20 "-" "Mozilla/5.0 (Linux; Android 6.0.1; Nexus 5X Build/MMB29P) AppleWebKit/537.36 (KHTML, like Gecko) Chrome/153.0.8010.47 Mobile Safari/537.36 (compatible; Googlebot/2.1; +http://www.google.com/bot.html)"
74.7.243.193 - - [19/Sep/2026:19:10:13 +0530] "GET /buy.php?detail/00302886476314 HTTP/2.0" 200 23128 "https://llprecharge.in/buy.php?detail/00303391093006" "Mozilla/5.0 AppleWebKit/537.36 (KHTML, like Gecko; compatible; GPTBot/1.4; +https://openai.com/gptbot)"
74.7.242.42 - - [19/Sep/2026:19:10:10 +0530] "GET /buy.php?detail/09704163574958 HTTP/2.0" 200 21726 "https://www.llprecharge.in/buy.php?detail/09703885497176" "Mozilla/5.0 AppleWebKit/537.36 (KHTML, like Gecko; compatible; GPTBot/1.4; +https://openai.com/gptbot)"
136.243.228.180 - - [19/Sep/2026:19:10:15 +0530] "GET /buy.php?special/148011310.html HTTP/1.1" 200 20511 "-" "Mozilla/5.0 (compatible; DataForSeoBot/1.0; +https://dataforseo.com/dataforseo-bot)"
66.249.66.33 - - [19/Sep/2026:19:10:17 +0530] "GET /?e=d9i4o1d6o5n7t75963 HTTP/1.1" 200 1838 "-" "Mozilla/5.0 (Linux; Android 6.0.1; Nexus 5X Build/MMB29P) AppleWebKit/537.36 (KHTML, like Gecko) Chrome/153.0.8010.47 Mobile Safari/537.36 (compatible; Googlebot/2.1; +http://www.google.com/bot.html)"
66.249.66.33 - - [19/Sep/2026:19:10:17 +0530] "GET /?e=m3a1c8u3l9a3t8o9r0y84 HTTP/1.1" 200 1838 "-" "Mozilla/5.0 (Linux; Android 6.0.1; Nexus 5X Build/MMB29P) AppleWebKit/537.36 (KHTML, like Gecko) Chrome/153.0.8010.47 Mobile Safari/537.36 (compatible; Googlebot/2.1; +http://www.google.com/bot.html)"
74.7.243.193 - - [19/Sep/2026:19:10:15 +0530] "GET /buy.php?detail/16002566598490 HTTP/2.0" 200 20666 "https://llprecharge.in/buy.php?detail/16002216491033" "Mozilla/5.0 AppleWebKit/537.36 (KHTML, like Gecko; compatible; GPTBot/1.4; +https://openai.com/gptbot)"
74.7.242.42 - - [19/Sep/2026:19:10:16 +0530] "GET /buy.php?detail/08601638594825 HTTP/2.0" 200 21354 "https://www.llprecharge.in/buy.php?detail/08601250166187" "Mozilla/5.0 AppleWebKit/537.36 (KHTML, like Gecko; compatible; GPTBot/1.4; +https://openai.com/gptbot)"
74.7.243.193 - - [19/Sep/2026:19:10:18 +0530] "GET /buy.php?detail/03001357517049 HTTP/2.0" 200 20314 "https://llprecharge.in/buy.php?detail/18600878125673" "Mozilla/5.0 AppleWebKit/537.36 (KHTML, like Gecko; compatible; GPTBot/1.4; +https://openai.com/gptbot)"
66.249.66.68 - - [19/Sep/2026:19:10:20 +0530] "GET /?festivities/62807308799 HTTP/1.1" 200 1838 "-" "Mozilla/5.0 (Linux; Android 6.0.1; Nexus 5X Build/MMB29P) AppleWebKit/537.36 (KHTML, like Gecko) Chrome/153.0.8010.47 Mobile Safari/537.36 (compatible; Googlebot/2.1; +http://www.google.com/bot.html)"
136.243.228.180 - - [19/Sep/2026:19:10:18 +0530] "GET /buy.php?special/148011342.html HTTP/1.1" 200 20590 "-" "Mozilla/5.0 (compatible; DataForSeoBot/1.0; +https://dataforseo.com/dataforseo-bot)"
74.7.242.42 - - [19/Sep/2026:19:10:20 +0530] "GET /buy.php?detail/22304256183874 HTTP/2.0" 200 20603 "https://www.llprecharge.in/buy.php?detail/22304222533100" "Mozilla/5.0 AppleWebKit/537.36 (KHTML, like Gecko; compatible; GPTBot/1.4; +https://openai.com/gptbot)"
74.7.243.193 - - [19/Sep/2026:19:10:20 +0530] "GET /buy.php?detail/16004736648484 HTTP/2.0" 200 20839 "https://llprecharge.in/buy.php?detail/16002205205980" "Mozilla/5.0 AppleWebKit/537.36 (KHTML, like Gecko; compatible; GPTBot/1.4; +https://openai.com/gptbot)"
66.249.66.195 - - [19/Sep/2026:19:10:23 +0530] "GET /review/goods/L1308581371/ HTTP/1.1" 404 - "-" "Mozilla/5.0 (Linux; Android 6.0.1; Nexus 5X Build/MMB29P) AppleWebKit/537.36 (KHTML, like Gecko) Chrome/153.0.8010.47 Mobile Safari/537.36 (compatible; Googlebot/2.1; +http://www.google.com/bot.html)"
66.249.66.195 - - [19/Sep/2026:19:10:24 +0530] "GET /?e=p5i3c3t2i4c7a7u1d0a3 HTTP/1.1" 200 1838 "-" "Mozilla/5.0 (Linux; Android 6.0.1; Nexus 5X Build/MMB29P) AppleWebKit/537.36 (KHTML, like Gecko) Chrome/153.0.8010.47 Mobile Safari/537.36 (compatible; Googlebot/2.1; +http://www.google.com/bot.html)"
74.7.242.42 - - [19/Sep/2026:19:10:22 +0530] "GET /buy.php?detail/14602553659382 HTTP/2.0" 200 20385 "https://www.llprecharge.in/buy.php?detail/14603848181189" "Mozilla/5.0 AppleWebKit/537.36 (KHTML, like Gecko; compatible; GPTBot/1.4; +https://openai.com/gptbot)"
136.243.228.180 - - [19/Sep/2026:19:10:22 +0530] "GET /buy.php?special/131002981.html HTTP/1.1" 200 21572 "-" "Mozilla/5.0 (compatible; DataForSeoBot/1.0; +https://dataforseo.com/dataforseo-bot)"
74.7.242.42 - - [19/Sep/2026:19:10:25 +0530] "GET /buy.php?detail/10903954766924 HTTP/2.0" 200 22167 "https://www.llprecharge.in/buy.php?detail/10904351591044" "Mozilla/5.0 AppleWebKit/537.36 (KHTML, like Gecko; compatible; GPTBot/1.4; +https://openai.com/gptbot)"
66.249.66.67 - - [19/Sep/2026:19:10:28 +0530] "GET /?goudron/93349399291 HTTP/1.1" 200 1838 "-" "Mozilla/5.0 (Linux; Android 6.0.1; Nexus 5X Build/MMB29P) AppleWebKit/537.36 (KHTML, like Gecko) Chrome/153.0.8010.47 Mobile Safari/537.36 (compatible; Googlebot/2.1; +http://www.google.com/bot.html)"
74.7.243.193 - - [19/Sep/2026:19:10:23 +0530] "GET /buy.php?jp/030013575.html HTTP/2.0" 200 20298 "https://llprecharge.in/buy.php?detail/03001357517049" "Mozilla/5.0 AppleWebKit/537.36 (KHTML, like Gecko; compatible; GPTBot/1.4; +https://openai.com/gptbot)"
74.7.242.42 - - [19/Sep/2026:19:10:27 +0530] "GET /buy.php?detail/25402970451653 HTTP/2.0" 200 20416 "https://www.llprecharge.in/buy.php?detail/15103052679389" "Mozilla/5.0 AppleWebKit/537.36 (KHTML, like Gecko; compatible; GPTBot/1.4; +https://openai.com/gptbot)"
136.243.228.180 - - [19/Sep/2026:19:10:26 +0530] "GET /buy.php?special/025026385.html HTTP/1.1" 200 20480 "-" "Mozilla/5.0 (compatible; DataForSeoBot/1.0; +https://dataforseo.com/dataforseo-bot)"
74.7.243.193 - - [19/Sep/2026:19:10:29 +0530] "GET /buy.php?detail/01502227739848 HTTP/2.0" 200 20897 "https://llprecharge.in/buy.php?detail/28203840743046" "Mozilla/5.0 AppleWebKit/537.36 (KHTML, like Gecko; compatible; GPTBot/1.4; +https://openai.com/gptbot)"
74.7.242.42 - - [19/Sep/2026:19:10:32 +0530] "GET /buy.php?detail/12103361253177 HTTP/2.0" 200 19722 "https://www.llprecharge.in/buy.php?detail/09800437988134" "Mozilla/5.0 AppleWebKit/537.36 (KHTML, like Gecko; compatible; GPTBot/1.4; +https://openai.com/gptbot)"
136.243.228.180 - - [19/Sep/2026:19:10:33 +0530] "GET /buy.php?jp/199036496.html HTTP/1.1" 200 22286 "-" "Mozilla/5.0 (compatible; DataForSeoBot/1.0; +https://dataforseo.com/dataforseo-bot)"
74.7.243.193 - - [19/Sep/2026:19:10:33 +0530] "GET /buy.php?detail/22800588994808 HTTP/2.0" 200 23356 "https://llprecharge.in/buy.php?detail/22800161926999" "Mozilla/5.0 AppleWebKit/537.36 (KHTML, like Gecko; compatible; GPTBot/1.4; +https://openai.com/gptbot)"
49.43.155.169 - - [19/Sep/2026:19:10:18 +0530] "GET /LLPRECHARGE/Admin/recharge_report.php HTTP/2.0" 200 5574 "https://www.llprecharge.in/LLPRECHARGE/Admin/recharge_report.php" "Mozilla/5.0 (Macintosh; Intel Mac OS X 10_15_7) AppleWebKit/537.36 (KHTML, like Gecko) Chrome/151.0.0.0 Safari/537.36 OPR/135.0.0.0"
74.7.242.42 - - [19/Sep/2026:19:10:34 +0530] "GET /buy.php?detail/09800425484929 HTTP/2.0" 200 21420 "https://www.llprecharge.in/buy.php?detail/09800437988134" "Mozilla/5.0 AppleWebKit/537.36 (KHTML, like Gecko; compatible; GPTBot/1.4; +https://openai.com/gptbot)"
74.7.243.193 - - [19/Sep/2026:19:10:36 +0530] "GET /buy.php?detail/22004124267130 HTTP/2.0" 200 22608 "https://llprecharge.in/buy.php?detail/28203840743046" "Mozilla/5.0 AppleWebKit/537.36 (KHTML, like Gecko; compatible; GPTBot/1.4; +https://openai.com/gptbot)"
74.7.242.42 - - [19/Sep/2026:19:10:36 +0530] "GET /buy.php?detail/12304155338186 HTTP/2.0" 200 23231 "https://www.llprecharge.in/buy.php?detail/12304377334264" "Mozilla/5.0 AppleWebKit/537.36 (KHTML, like Gecko; compatible; GPTBot/1.4; +https://openai.com/gptbot)"
136.243.228.180 - - [19/Sep/2026:19:10:37 +0530] "GET /buy.php?special/199036491.html HTTP/1.1" 200 22968 "-" "Mozilla/5.0 (compatible; DataForSeoBot/1.0; +https://dataforseo.com/dataforseo-bot)"
66.249.66.33 - - [19/Sep/2026:19:10:40 +0530] "GET /interfaces/interfaceStore.php?item/9085772245 HTTP/1.1" 404 - "-" "Mozilla/5.0 (Linux; Android 6.0.1; Nexus 5X Build/MMB29P) AppleWebKit/537.36 (KHTML, like Gecko) Chrome/153.0.8010.47 Mobile Safari/537.36 (compatible; Googlebot/2.1; +http://www.google.com/bot.html)"
74.7.243.193 - - [19/Sep/2026:19:10:38 +0530] "GET /buy.php?detail/04300398012241 HTTP/2.0" 200 20330 "https://llprecharge.in/buy.php?goods/003033916" "Mozilla/5.0 AppleWebKit/537.36 (KHTML, like Gecko; compatible; GPTBot/1.4; +https://openai.com/gptbot)"
74.7.242.42 - - [19/Sep/2026:19:10:39 +0530] "GET /buy.php?detail/12304157796094 HTTP/2.0" 200 22736 "https://www.llprecharge.in/buy.php?detail/12304377334264" "Mozilla/5.0 AppleWebKit/537.36 (KHTML, like Gecko; compatible; GPTBot/1.4; +https://openai.com/gptbot)"
74.7.243.193 - - [19/Sep/2026:19:10:41 +0530] "GET /buy.php?detail/16004738612082 HTTP/2.0" 200 20629 "https://llprecharge.in/buy.php?detail/16002205205980" "Mozilla/5.0 AppleWebKit/537.36 (KHTML, like Gecko; compatible; GPTBot/1.4; +https://openai.com/gptbot)"
74.7.242.42 - - [19/Sep/2026:19:10:41 +0530] "GET /buy.php?detail/27702958836191 HTTP/2.0" 200 22076 "https://www.llprecharge.in/buy.php?detail/09803370052976" "Mozilla/5.0 AppleWebKit/537.36 (KHTML, like Gecko; compatible; GPTBot/1.4; +https://openai.com/gptbot)"
65.21.113.253 - - [19/Sep/2026:19:10:41 +0530] "GET /buy.php?category/181_1814/1 HTTP/1.1" 200 120262 "-" "Mozilla/5.0 (compatible; AwarioBot/1.0; +https://awario.com/bots.html)"
136.243.228.180 - - [19/Sep/2026:19:10:41 +0530] "GET /buy.php?special/199036489.html HTTP/1.1" 200 22541 "-" "Mozilla/5.0 (compatible; DataForSeoBot/1.0; +https://dataforseo.com/dataforseo-bot)"
74.7.243.193 - - [19/Sep/2026:19:10:43 +0530] "GET /buy.php?detail/28203837794812 HTTP/2.0" 200 20618 "https://llprecharge.in/buy.php?detail/28203840743046" "Mozilla/5.0 AppleWebKit/537.36 (KHTML, like Gecko; compatible; GPTBot/1.4; +https://openai.com/gptbot)"
74.7.242.42 - - [19/Sep/2026:19:10:44 +0530] "GET /buy.php?detail/09701070469491 HTTP/2.0" 200 20799 "https://www.llprecharge.in/buy.php?detail/09704163574958" "Mozilla/5.0 AppleWebKit/537.36 (KHTML, like Gecko; compatible; GPTBot/1.4; +https://openai.com/gptbot)"
136.243.228.180 - - [19/Sep/2026:19:10:46 +0530] "GET /buy.php?detail/199036485351 HTTP/1.1" 200 22226 "-" "Mozilla/5.0 (compatible; DataForSeoBot/1.0; +https://dataforseo.com/dataforseo-bot)"
74.7.243.193 - - [19/Sep/2026:19:10:46 +0530] "GET /buy.php?detail/16004739062933 HTTP/2.0" 200 20338 "https://llprecharge.in/buy.php?detail/16002205205980" "Mozilla/5.0 AppleWebKit/537.36 (KHTML, like Gecko; compatible; GPTBot/1.4; +https://openai.com/gptbot)"
74.7.242.42 - - [19/Sep/2026:19:10:46 +0530] "GET /buy.php?detail/22502528377254 HTTP/2.0" 200 21652 "https://www.llprecharge.in/buy.php?detail/08601638594825" "Mozilla/5.0 AppleWebKit/537.36 (KHTML, like Gecko; compatible; GPTBot/1.4; +https://openai.com/gptbot)"
65.21.113.253 - - [19/Sep/2026:19:10:47 +0530] "GET /buy.php?category/181_762/1 HTTP/1.1" 200 125461 "-" "Mozilla/5.0 (compatible; AwarioBot/1.0; +https://awario.com/bots.html)"
66.249.66.194 - - [19/Sep/2026:19:10:50 +0530] "GET /?e=c2h2a6t7e1l9e8t9590 HTTP/1.1" 200 1838 "-" "Mozilla/5.0 (Linux; Android 6.0.1; Nexus 5X Build/MMB29P) AppleWebKit/537.36 (KHTML, like Gecko) Chrome/153.0.8010.47 Mobile Safari/537.36 (compatible; Googlebot/2.1; +http://www.google.com/bot.html)"
74.7.243.193 - - [19/Sep/2026:19:10:48 +0530] "GET /buy.php?detail/00303092852678 HTTP/2.0" 200 23102 "https://llprecharge.in/buy.php?detail/00302886476314" "Mozilla/5.0 AppleWebKit/537.36 (KHTML, like Gecko; compatible; GPTBot/1.4; +https://openai.com/gptbot)"
74.7.242.42 - - [19/Sep/2026:19:10:49 +0530] "GET /buy.php?goods/224026435 HTTP/2.0" 200 20261 "https://www.llprecharge.in/buy.php?detail/22304256183874" "Mozilla/5.0 AppleWebKit/537.36 (KHTML, like Gecko; compatible; GPTBot/1.4; +https://openai.com/gptbot)"
66.249.66.194 - - [19/Sep/2026:19:10:51 +0530] "GET /cgi-bin.php?item/8084352250 HTTP/1.1" 404 20 "-" "Mozilla/5.0 (Linux; Android 6.0.1; Nexus 5X Build/MMB29P) AppleWebKit/537.36 (KHTML, like Gecko) Chrome/153.0.8010.47 Mobile Safari/537.36 (compatible; Googlebot/2.1; +http://www.google.com/bot.html)"
136.243.228.180 - - [19/Sep/2026:19:10:49 +0530] "GET /buy.php?special/219023403.html HTTP/1.1" 200 21468 "-" "Mozilla/5.0 (compatible; DataForSeoBot/1.0; +https://dataforseo.com/dataforseo-bot)"
74.7.242.42 - - [19/Sep/2026:19:10:51 +0530] "GET /buy.php?detail/14603021231413 HTTP/2.0" 200 21655 "https://www.llprecharge.in/buy.php?detail/14602553659382" "Mozilla/5.0 AppleWebKit/537.36 (KHTML, like Gecko; compatible; GPTBot/1.4; +https://openai.com/gptbot)"
74.7.243.193 - - [19/Sep/2026:19:10:51 +0530] "GET /buy.php?detail/16002251237969 HTTP/2.0" 200 20922 "https://llprecharge.in/buy.php?detail/16002566598490" "Mozilla/5.0 AppleWebKit/537.36 (KHTML, like Gecko; compatible; GPTBot/1.4; +https://openai.com/gptbot)"
136.243.228.180 - - [19/Sep/2026:19:10:53 +0530] "GET /buy.php?special/199036499.html HTTP/1.1" 200 22293 "-" "Mozilla/5.0 (compatible; DataForSeoBot/1.0; +https://dataforseo.com/dataforseo-bot)"
74.7.243.193 - - [19/Sep/2026:19:10:53 +0530] "GET /buy.php?detail/08304974290693 HTTP/2.0" 200 19785 "https://llprecharge.in/buy.php?detail/00303025564817" "Mozilla/5.0 AppleWebKit/537.36 (KHTML, like Gecko; compatible; GPTBot/1.4; +https://openai.com/gptbot)"
74.7.242.42 - - [19/Sep/2026:19:10:53 +0530] "GET /buy.php?detail/22304125018279 HTTP/2.0" 200 21193 "https://www.llprecharge.in/buy.php?detail/22304256183874" "Mozilla/5.0 AppleWebKit/537.36 (KHTML, like Gecko; compatible; GPTBot/1.4; +https://openai.com/gptbot)"
74.7.243.193 - - [19/Sep/2026:19:10:56 +0530] "GET /buy.php?detail/16002314009613 HTTP/2.0" 200 22014 "https://llprecharge.in/buy.php?detail/16004736648484" "Mozilla/5.0 AppleWebKit/537.36 (KHTML, like Gecko; compatible; GPTBot/1.4; +https://openai.com/gptbot)"
74.7.242.42 - - [19/Sep/2026:19:10:56 +0530] "GET /buy.php?detail/11502580977630 HTTP/2.0" 200 20982 "https://www.llprecharge.in/buy.php?detail/22304256183874" "Mozilla/5.0 AppleWebKit/537.36 (KHTML, like Gecko; compatible; GPTBot/1.4; +https://openai.com/gptbot)"
66.249.66.195 - - [19/Sep/2026:19:10:59 +0530] "GET /?immovably/01123834780 HTTP/1.1" 200 1838 "-" "Mozilla/5.0 (Linux; Android 6.0.1; Nexus 5X Build/MMB29P) AppleWebKit/537.36 (KHTML, like Gecko) Chrome/153.0.8010.47 Mobile Safari/537.36 (compatible; Googlebot/2.1; +http://www.google.com/bot.html)"
74.7.243.193 - - [19/Sep/2026:19:10:58 +0530] "GET /buy.php?jp/196019177.html HTTP/2.0" 200 21017 "https://llprecharge.in/buy.php?detail/01502227739848" "Mozilla/5.0 AppleWebKit/537.36 (KHTML, like Gecko; compatible; GPTBot/1.4; +https://openai.com/gptbot)"
136.243.228.180 - - [19/Sep/2026:19:10:57 +0530] "GET /buy.php?special/159002749.html HTTP/1.1" 200 20670 "-" "Mozilla/5.0 (compatible; DataForSeoBot/1.0; +https://dataforseo.com/dataforseo-bot)"
66.249.66.33 - - [19/Sep/2026:19:11:01 +0530] "GET /?e=c1o3l4l5i2n6g36236 HTTP/1.1" 200 1838 "-" "Mozilla/5.0 (Linux; Android 6.0.1; Nexus 5X Build/MMB29P) AppleWebKit/537.36 (KHTML, like Gecko) Chrome/153.0.8010.47 Mobile Safari/537.36 (compatible; Googlebot/2.1; +http://www.google.com/bot.html)"
74.7.242.42 - - [19/Sep/2026:19:10:58 +0530] "GET /buy.php?detail/06904818938752 HTTP/2.0" 200 21029 "https://www.llprecharge.in/buy.php?detail/06904741435044" "Mozilla/5.0 AppleWebKit/537.36 (KHTML, like Gecko; compatible; GPTBot/1.4; +https://openai.com/gptbot)"
66.249.66.67 - - [19/Sep/2026:19:11:02 +0530] "GET /?wooled/42889064606 HTTP/1.1" 200 1838 "-" "Mozilla/5.0 (Linux; Android 6.0.1; Nexus 5X Build/MMB29P) AppleWebKit/537.36 (KHTML, like Gecko) Chrome/153.0.8010.47 Mobile Safari/537.36 (compatible; Googlebot/2.1; +http://www.google.com/bot.html)"
74.7.243.193 - - [19/Sep/2026:19:11:00 +0530] "GET /buy.php?detail/01503724640349 HTTP/2.0" 200 20085 "https://llprecharge.in/buy.php?detail/01502227739848" "Mozilla/5.0 AppleWebKit/537.36 (KHTML, like Gecko; compatible; GPTBot/1.4; +https://openai.com/gptbot)"
66.249.66.195 - - [19/Sep/2026:19:11:03 +0530] "GET /?allayer/93739590961 HTTP/1.1" 200 1838 "-" "Mozilla/5.0 (Linux; Android 6.0.1; Nexus 5X Build/MMB29P) AppleWebKit/537.36 (KHTML, like Gecko) Chrome/153.0.8010.47 Mobile Safari/537.36 (compatible; Googlebot/2.1; +http://www.google.com/bot.html)"
66.249.66.33 - - [19/Sep/2026:19:11:03 +0530] "GET /?daroo/4798828556 HTTP/1.1" 200 1838 "-" "Mozilla/5.0 (Linux; Android 6.0.1; Nexus 5X Build/MMB29P) AppleWebKit/537.36 (KHTML, like Gecko) Chrome/153.0.8010.47 Mobile Safari/537.36 (compatible; Googlebot/2.1; +http://www.google.com/bot.html)"
74.7.242.42 - - [19/Sep/2026:19:11:02 +0530] "GET /buy.php?detail/28904320696165 HTTP/2.0" 200 21179 "https://www.llprecharge.in/buy.php?detail/26802090847019" "Mozilla/5.0 AppleWebKit/537.36 (KHTML, like Gecko; compatible; GPTBot/1.4; +https://openai.com/gptbot)"
66.249.66.33 - - [19/Sep/2026:19:11:04 +0530] "GET /?anthropomorphic/22270601483 HTTP/1.1" 200 1838 "-" "Mozilla/5.0 (Linux; Android 6.0.1; Nexus 5X Build/MMB29P) AppleWebKit/537.36 (KHTML, like Gecko) Chrome/153.0.8010.47 Mobile Safari/537.36 (compatible; Googlebot/2.1; +http://www.google.com/bot.html)"
66.249.66.195 - - [19/Sep/2026:19:11:05 +0530] "GET /?helpfully/74093708633 HTTP/1.1" 200 1838 "-" "Mozilla/5.0 (Linux; Android 6.0.1; Nexus 5X Build/MMB29P) AppleWebKit/537.36 (KHTML, like Gecko) Chrome/153.0.8010.47 Mobile Safari/537.36 (compatible; Googlebot/2.1; +http://www.google.com/bot.html)"
74.7.243.193 - - [19/Sep/2026:19:11:03 +0530] "GET /buy.php?detail/02703926175903 HTTP/2.0" 200 19866 "https://llprecharge.in/buy.php?detail/01502227739848" "Mozilla/5.0 AppleWebKit/537.36 (KHTML, like Gecko; compatible; GPTBot/1.4; +https://openai.com/gptbot)"
74.7.242.42 - - [19/Sep/2026:19:11:04 +0530] "GET /buy.php?detail/02903616485844 HTTP/2.0" 200 20661 "https://www.llprecharge.in/buy.php?detail/02904197247725" "Mozilla/5.0 AppleWebKit/537.36 (KHTML, like Gecko; compatible; GPTBot/1.4; +https://openai.com/gptbot)"
66.249.66.194 - - [19/Sep/2026:19:11:07 +0530] "GET /cgi-bin.php?item/9085748236 HTTP/1.1" 404 20 "-" "Mozilla/5.0 (Linux; Android 6.0.1; Nexus 5X Build/MMB29P) AppleWebKit/537.36 (KHTML, like Gecko) Chrome/153.0.8010.47 Mobile Safari/537.36 (compatible; Googlebot/2.1; +http://www.google.com/bot.html)"
74.7.243.193 - - [19/Sep/2026:19:11:05 +0530] "GET /buy.php?detail/01503164463504 HTTP/2.0" 200 22065 "https://llprecharge.in/buy.php?detail/04300398012241" "Mozilla/5.0 AppleWebKit/537.36 (KHTML, like Gecko; compatible; GPTBot/1.4; +https://openai.com/gptbot)"
74.7.242.42 - - [19/Sep/2026:19:11:07 +0530] "GET /buy.php?detail/12304274264558 HTTP/2.0" 200 22230 "https://www.llprecharge.in/buy.php?detail/12304157796094" "Mozilla/5.0 AppleWebKit/537.36 (KHTML, like Gecko; compatible; GPTBot/1.4; +https://openai.com/gptbot)"
136.243.228.180 - - [19/Sep/2026:19:11:02 +0530] "GET /buy.php?special/015035073.html HTTP/1.1" 200 22424 "-" "Mozilla/5.0 (compatible; DataForSeoBot/1.0; +https://dataforseo.com/dataforseo-bot)"
74.7.243.193 - - [19/Sep/2026:19:11:08 +0530] "GET /buy.php?detail/03001706789338 HTTP/2.0" 200 20921 "https://llprecharge.in/buy.php?jp/030013575.html" "Mozilla/5.0 AppleWebKit/537.36 (KHTML, like Gecko; compatible; GPTBot/1.4; +https://openai.com/gptbot)"
74.7.242.42 - - [19/Sep/2026:19:11:09 +0530] "GET /buy.php?jp/294006778.html HTTP/2.0" 200 21416 "https://www.llprecharge.in/buy.php?detail/27702958836191" "Mozilla/5.0 AppleWebKit/537.36 (KHTML, like Gecko; compatible; GPTBot/1.4; +https://openai.com/gptbot)"
74.7.243.193 - - [19/Sep/2026:19:11:10 +0530] "GET /buy.php?goods/282038804 HTTP/2.0" 200 20571 "https://llprecharge.in/buy.php?detail/28203837794812" "Mozilla/5.0 AppleWebKit/537.36 (KHTML, like Gecko; compatible; GPTBot/1.4; +https://openai.com/gptbot)"
136.243.228.180 - - [19/Sep/2026:19:11:10 +0530] "GET /buy.php?special/041048593.html HTTP/1.1" 200 21632 "-" "Mozilla/5.0 (compatible; DataForSeoBot/1.0; +https://dataforseo.com/dataforseo-bot)"
74.7.242.42 - - [19/Sep/2026:19:11:11 +0530] "GET /buy.php?detail/2410097619038 HTTP/2.0" 200 21063 "https://www.llprecharge.in/buy.php?detail/09701070469491" "Mozilla/5.0 AppleWebKit/537.36 (KHTML, like Gecko; compatible; GPTBot/1.4; +https://openai.com/gptbot)"
74.7.243.193 - - [19/Sep/2026:19:11:13 +0530] "GET /buy.php?detail/26902049160716 HTTP/2.0" 200 20332 "https://llprecharge.in/buy.php?detail/28203837794812" "Mozilla/5.0 AppleWebKit/537.36 (KHTML, like Gecko; compatible; GPTBot/1.4; +https://openai.com/gptbot)"
66.249.66.194 - - [19/Sep/2026:19:11:15 +0530] "GET /?e=l3e2g6a8c3i6e2s5476 HTTP/1.1" 200 1838 "-" "Mozilla/5.0 (Linux; Android 6.0.1; Nexus 5X Build/MMB29P) AppleWebKit/537.36 (KHTML, like Gecko) Chrome/153.0.8010.47 Mobile Safari/537.36 (compatible; Googlebot/2.1; +http://www.google.com/bot.html)"
74.7.242.42 - - [19/Sep/2026:19:11:14 +0530] "GET /buy.php?detail/22201957311518 HTTP/2.0" 200 23353 "https://www.llprecharge.in/buy.php?detail/27702958836191" "Mozilla/5.0 AppleWebKit/537.36 (KHTML, like Gecko; compatible; GPTBot/1.4; +https://openai.com/gptbot)"
