74.7.242.42 - - [19/Sep/2026:18:20:26 +0530] "GET /buy.php?detail/07600403065672 HTTP/2.0" 200 22398 "https://www.llprecharge.in/buy.php?detail/07602513432201" "Mozilla/5.0 AppleWebKit/537.36 (KHTML, like Gecko; compatible; GPTBot/1.4; +https://openai.com/gptbot)"
74.7.243.193 - - [19/Sep/2026:18:20:27 +0530] "GET /buy.php?detail/04404449633909 HTTP/2.0" 200 20549 "https://llprecharge.in/buy.php?jp/044043081.html" "Mozilla/5.0 AppleWebKit/537.36 (KHTML, like Gecko; compatible; GPTBot/1.4; +https://openai.com/gptbot)"
136.243.228.180 - - [19/Sep/2026:18:20:28 +0530] "GET /buy.php?special/067001163.html HTTP/1.1" 200 21988 "-" "Mozilla/5.0 (compatible; DataForSeoBot/1.0; +https://dataforseo.com/dataforseo-bot)"
65.21.113.253 - - [19/Sep/2026:18:20:28 +0530] "GET /buy.php?category/1135_1392/1 HTTP/1.1" 200 120451 "-" "Mozilla/5.0 (compatible; AwarioBot/1.0; +https://awario.com/bots.html)"
74.7.242.42 - - [19/Sep/2026:18:20:29 +0530] "GET /buy.php?jp/191020869.html HTTP/2.0" 200 20418 "https://www.llprecharge.in/buy.php?detail/29902493771208" "Mozilla/5.0 AppleWebKit/537.36 (KHTML, like Gecko; compatible; GPTBot/1.4; +https://openai.com/gptbot)"
74.7.243.193 - - [19/Sep/2026:18:20:29 +0530] "GET /buy.php?detail/09103773508243 HTTP/2.0" 200 21581 "https://llprecharge.in/buy.php?detail/13202262670773" "Mozilla/5.0 AppleWebKit/537.36 (KHTML, like Gecko; compatible; GPTBot/1.4; +https://openai.com/gptbot)"
74.7.242.42 - - [19/Sep/2026:18:20:31 +0530] "GET /buy.php?detail/06004388911862 HTTP/2.0" 200 21403 "https://www.llprecharge.in/buy.php?detail/06003904386199" "Mozilla/5.0 AppleWebKit/537.36 (KHTML, like Gecko; compatible; GPTBot/1.4; +https://openai.com/gptbot)"
74.7.243.193 - - [19/Sep/2026:18:20:32 +0530] "GET /buy.php?detail/01403256301943 HTTP/2.0" 200 21311 "https://llprecharge.in/buy.php?detail/01403250894490" "Mozilla/5.0 AppleWebKit/537.36 (KHTML, like Gecko; compatible; GPTBot/1.4; +https://openai.com/gptbot)"
66.249.66.67 - - [19/Sep/2026:18:20:34 +0530] "GET /?satanic/61613875529 HTTP/1.1" 200 1838 "-" "Mozilla/5.0 (Linux; Android 6.0.1; Nexus 5X Build/MMB29P) AppleWebKit/537.36 (KHTML, like Gecko) Chrome/153.0.8010.47 Mobile Safari/537.36 (compatible; Googlebot/2.1; +http://www.google.com/bot.html)"
136.243.228.180 - - [19/Sep/2026:18:20:33 +0530] "GET /buy.php?special/214013646.html HTTP/1.1" 200 20162 "-" "Mozilla/5.0 (compatible; DataForSeoBot/1.0; +https://dataforseo.com/dataforseo-bot)"
66.249.66.33 - - [19/Sep/2026:18:20:35 +0530] "GET /?prothalamium/3693023537 HTTP/1.1" 200 1838 "-" "Mozilla/5.0 (Linux; Android 6.0.1; Nexus 5X Build/MMB29P) AppleWebKit/537.36 (KHTML, like Gecko) Chrome/153.0.8010.47 Mobile Safari/537.36 (compatible; Googlebot/2.1; +http://www.google.com/bot.html)"
66.249.66.195 - - [19/Sep/2026:18:20:36 +0530] "GET /?e=e0c2h0i6n0o2d6e2r8m53 HTTP/1.1" 200 1838 "-" "Mozilla/5.0 (Linux; Android 6.0.1; Nexus 5X Build/MMB29P) AppleWebKit/537.36 (KHTML, like Gecko) Chrome/153.0.8010.47 Mobile Safari/537.36 (compatible; Googlebot/2.1; +http://www.google.com/bot.html)"
74.7.242.42 - - [19/Sep/2026:18:20:34 +0530] "GET /buy.php?detail/13800629374938 HTTP/2.0" 200 20753 "https://www.llprecharge.in/buy.php?detail/2020454711470" "Mozilla/5.0 AppleWebKit/537.36 (KHTML, like Gecko; compatible; GPTBot/1.4; +https://openai.com/gptbot)"
66.249.66.33 - - [19/Sep/2026:18:20:36 +0530] "GET /?e=i2m2p7r2o3v6i1s9i6n7g2 HTTP/1.1" 200 1838 "-" "Mozilla/5.0 (Linux; Android 6.0.1; Nexus 5X Build/MMB29P) AppleWebKit/537.36 (KHTML, like Gecko) Chrome/153.0.8010.47 Mobile Safari/537.36 (compatible; Googlebot/2.1; +http://www.google.com/bot.html)"
74.7.243.193 - - [19/Sep/2026:18:20:35 +0530] "GET /buy.php?detail/29900663512615 HTTP/2.0" 200 20648 "https://llprecharge.in/buy.php?detail/04404259830463" "Mozilla/5.0 AppleWebKit/537.36 (KHTML, like Gecko; compatible; GPTBot/1.4; +https://openai.com/gptbot)"
66.249.66.33 - - [19/Sep/2026:18:20:37 +0530] "GET /?e=r2e3p7o0s3i2t0i3n7g1 HTTP/1.1" 200 1838 "-" "Mozilla/5.0 (Linux; Android 6.0.1; Nexus 5X Build/MMB29P) AppleWebKit/537.36 (KHTML, like Gecko) Chrome/153.0.8010.47 Mobile Safari/537.36 (compatible; Googlebot/2.1; +http://www.google.com/bot.html)"
74.7.242.42 - - [19/Sep/2026:18:20:36 +0530] "GET /buy.php?detail/10504208677423 HTTP/2.0" 200 20908 "https://www.llprecharge.in/buy.php?detail/18601867705455" "Mozilla/5.0 AppleWebKit/537.36 (KHTML, like Gecko; compatible; GPTBot/1.4; +https://openai.com/gptbot)"
136.243.228.180 - - [19/Sep/2026:18:20:36 +0530] "GET /buy.php?goods/067001181 HTTP/1.1" 200 21368 "-" "Mozilla/5.0 (compatible; DataForSeoBot/1.0; +https://dataforseo.com/dataforseo-bot)"
66.249.66.195 - - [19/Sep/2026:18:20:38 +0530] "GET /?e=a6s2b5e6s1t7i3f7o9r1m5 HTTP/1.1" 200 1838 "-" "Mozilla/5.0 (Linux; Android 6.0.1; Nexus 5X Build/MMB29P) AppleWebKit/537.36 (KHTML, like Gecko) Chrome/153.0.8010.47 Mobile Safari/537.36 (compatible; Googlebot/2.1; +http://www.google.com/bot.html)"
74.7.243.193 - - [19/Sep/2026:18:20:37 +0530] "GET /buy.php?detail/24701369059550 HTTP/2.0" 200 20563 "https://llprecharge.in/buy.php?detail/24701348790219" "Mozilla/5.0 AppleWebKit/537.36 (KHTML, like Gecko; compatible; GPTBot/1.4; +https://openai.com/gptbot)"
66.249.66.33 - - [19/Sep/2026:18:20:39 +0530] "GET /?ragamuffin/6283027594 HTTP/1.1" 200 1838 "-" "Mozilla/5.0 (Linux; Android 6.0.1; Nexus 5X Build/MMB29P) AppleWebKit/537.36 (KHTML, like Gecko) Chrome/153.0.8010.47 Mobile Safari/537.36 (compatible; Googlebot/2.1; +http://www.google.com/bot.html)"
66.249.66.195 - - [19/Sep/2026:18:20:40 +0530] "GET /?e=a7l8k2a1l1i0s774 HTTP/1.1" 200 1838 "-" "Mozilla/5.0 (Linux; Android 6.0.1; Nexus 5X Build/MMB29P) AppleWebKit/537.36 (KHTML, like Gecko) Chrome/153.0.8010.47 Mobile Safari/537.36 (compatible; Googlebot/2.1; +http://www.google.com/bot.html)"
74.7.242.42 - - [19/Sep/2026:18:20:38 +0530] "GET /buy.php?detail/14604868590984 HTTP/2.0" 200 23362 "https://www.llprecharge.in/buy.php?detail/06103419279036" "Mozilla/5.0 AppleWebKit/537.36 (KHTML, like Gecko; compatible; GPTBot/1.4; +https://openai.com/gptbot)"
66.249.66.33 - - [19/Sep/2026:18:20:40 +0530] "GET /?e=g2l4o6b7i5g2e1r7i4n0ae HTTP/1.1" 200 1838 "-" "Mozilla/5.0 (Linux; Android 6.0.1; Nexus 5X Build/MMB29P) AppleWebKit/537.36 (KHTML, like Gecko) Chrome/153.0.8010.47 Mobile Safari/537.36 (compatible; Googlebot/2.1; +http://www.google.com/bot.html)"
74.7.243.193 - - [19/Sep/2026:18:20:39 +0530] "GET /buy.php?detail/00604960412024 HTTP/2.0" 200 20142 "https://llprecharge.in/buy.php?detail/16200937509730" "Mozilla/5.0 AppleWebKit/537.36 (KHTML, like Gecko; compatible; GPTBot/1.4; +https://openai.com/gptbot)"
136.243.228.180 - - [19/Sep/2026:18:20:40 +0530] "GET /buy.php?special/139043053.html HTTP/1.1" 200 21643 "-" "Mozilla/5.0 (compatible; DataForSeoBot/1.0; +https://dataforseo.com/dataforseo-bot)"
74.7.242.42 - - [19/Sep/2026:18:20:41 +0530] "GET /buy.php?jp/252039243.html HTTP/2.0" 200 21125 "https://www.llprecharge.in/buy.php?detail/25203839664830" "Mozilla/5.0 AppleWebKit/537.36 (KHTML, like Gecko; compatible; GPTBot/1.4; +https://openai.com/gptbot)"
74.7.243.193 - - [19/Sep/2026:18:20:42 +0530] "GET /buy.php?detail/15901211276236 HTTP/2.0" 200 20922 "https://llprecharge.in/buy.php?detail/07004009331864" "Mozilla/5.0 AppleWebKit/537.36 (KHTML, like Gecko; compatible; GPTBot/1.4; +https://openai.com/gptbot)"
74.7.242.42 - - [19/Sep/2026:18:20:43 +0530] "GET /buy.php?detail/25203923943892 HTTP/2.0" 200 20843 "https://www.llprecharge.in/buy.php?detail/25203839664830" "Mozilla/5.0 AppleWebKit/537.36 (KHTML, like Gecko; compatible; GPTBot/1.4; +https://openai.com/gptbot)"
49.43.152.35 - - [19/Sep/2026:18:20:29 +0530] "GET /LLPRECHARGE/Admin/recharge_report.php HTTP/2.0" 200 5821 "https://www.llprecharge.in/LLPRECHARGE/Admin/recharge_report.php" "Mozilla/5.0 (Macintosh; Intel Mac OS X 10_15_7) AppleWebKit/537.36 (KHTML, like Gecko) Chrome/151.0.0.0 Safari/537.36 OPR/135.0.0.0"
65.21.113.253 - - [19/Sep/2026:18:20:44 +0530] "GET /buy.php?category/113_1221/1 HTTP/1.1" 200 127625 "-" "Mozilla/5.0 (compatible; AwarioBot/1.0; +https://awario.com/bots.html)"
74.7.243.193 - - [19/Sep/2026:18:20:44 +0530] "GET /buy.php?detail/27001886823412 HTTP/2.0" 200 20956 "https://llprecharge.in/buy.php?detail/27001905987115" "Mozilla/5.0 AppleWebKit/537.36 (KHTML, like Gecko; compatible; GPTBot/1.4; +https://openai.com/gptbot)"
136.243.228.180 - - [19/Sep/2026:18:20:44 +0530] "GET /buy.php?special/236010514.html HTTP/1.1" 200 20630 "-" "Mozilla/5.0 (compatible; DataForSeoBot/1.0; +https://dataforseo.com/dataforseo-bot)"
74.7.242.42 - - [19/Sep/2026:18:20:46 +0530] "GET /buy.php?detail/29201298859464 HTTP/2.0" 200 20166 "https://www.llprecharge.in/buy.php?detail/02701762072092" "Mozilla/5.0 AppleWebKit/537.36 (KHTML, like Gecko; compatible; GPTBot/1.4; +https://openai.com/gptbot)"
74.7.243.193 - - [19/Sep/2026:18:20:47 +0530] "GET /buy.php?detail/25702853446547 HTTP/2.0" 200 20598 "https://llprecharge.in/buy.php?detail/25700998550788" "Mozilla/5.0 AppleWebKit/537.36 (KHTML, like Gecko; compatible; GPTBot/1.4; +https://openai.com/gptbot)"
74.7.242.42 - - [19/Sep/2026:18:20:48 +0530] "GET /buy.php?goods/234032245 HTTP/2.0" 200 20433 "https://www.llprecharge.in/buy.php?detail/11201408684704" "Mozilla/5.0 AppleWebKit/537.36 (KHTML, like Gecko; compatible; GPTBot/1.4; +https://openai.com/gptbot)"
136.243.228.180 - - [19/Sep/2026:18:20:48 +0530] "GET /buy.php?detail/19800565012752 HTTP/1.1" 200 22452 "-" "Mozilla/5.0 (compatible; DataForSeoBot/1.0; +https://dataforseo.com/dataforseo-bot)"
66.249.66.33 - - [19/Sep/2026:18:20:51 +0530] "GET /?e=e9a1r2t6h1y301909 HTTP/1.1" 200 1838 "-" "Mozilla/5.0 (Linux; Android 6.0.1; Nexus 5X Build/MMB29P) AppleWebKit/537.36 (KHTML, like Gecko) Chrome/153.0.8010.47 Mobile Safari/537.36 (compatible; Googlebot/2.1; +http://www.google.com/bot.html)"
65.21.113.253 - - [19/Sep/2026:18:20:49 +0530] "GET /buy.php?category/113_1221_1222/1 HTTP/1.1" 200 118846 "-" "Mozilla/5.0 (compatible; AwarioBot/1.0; +https://awario.com/bots.html)"
74.7.243.193 - - [19/Sep/2026:18:20:49 +0530] "GET /buy.php?detail/01301990146216 HTTP/2.0" 200 21665 "https://llprecharge.in/buy.php?detail/01301887523017" "Mozilla/5.0 AppleWebKit/537.36 (KHTML, like Gecko; compatible; GPTBot/1.4; +https://openai.com/gptbot)"
74.7.242.42 - - [19/Sep/2026:18:20:50 +0530] "GET /buy.php?detail/12802827321080 HTTP/2.0" 200 22027 "https://www.llprecharge.in/buy.php?goods/076004041" "Mozilla/5.0 AppleWebKit/537.36 (KHTML, like Gecko; compatible; GPTBot/1.4; +https://openai.com/gptbot)"
136.243.228.180 - - [19/Sep/2026:18:20:52 +0530] "GET /buy.php?detail/2360105136585 HTTP/1.1" 200 22886 "-" "Mozilla/5.0 (compatible; DataForSeoBot/1.0; +https://dataforseo.com/dataforseo-bot)"
74.7.242.42 - - [19/Sep/2026:18:20:53 +0530] "GET /buy.php?detail/07600404120147 HTTP/2.0" 200 22207 "https://www.llprecharge.in/buy.php?goods/076004041" "Mozilla/5.0 AppleWebKit/537.36 (KHTML, like Gecko; compatible; GPTBot/1.4; +https://openai.com/gptbot)"
65.21.113.253 - - [19/Sep/2026:18:20:54 +0530] "GET /buy.php?category/113_1221_4979/1 HTTP/1.1" 200 118746 "-" "Mozilla/5.0 (compatible; AwarioBot/1.0; +https://awario.com/bots.html)"
66.249.66.67 - - [19/Sep/2026:18:20:56 +0530] "GET /?testacea/4357641661 HTTP/1.1" 200 1838 "-" "Mozilla/5.0 (Linux; Android 6.0.1; Nexus 5X Build/MMB29P) AppleWebKit/537.36 (KHTML, like Gecko) Chrome/153.0.8010.47 Mobile Safari/537.36 (compatible; Googlebot/2.1; +http://www.google.com/bot.html)"
74.7.243.193 - - [19/Sep/2026:18:20:52 +0530] "GET /buy.php?detail/03004205622688 HTTP/2.0" 200 20764 "https://llprecharge.in/buy.php?detail/03004292291243" "Mozilla/5.0 AppleWebKit/537.36 (KHTML, like Gecko; compatible; GPTBot/1.4; +https://openai.com/gptbot)"
74.7.242.42 - - [19/Sep/2026:18:20:55 +0530] "GET /buy.php?detail/07600735250292 HTTP/2.0" 200 22355 "https://www.llprecharge.in/buy.php?goods/076004041" "Mozilla/5.0 AppleWebKit/537.36 (KHTML, like Gecko; compatible; GPTBot/1.4; +https://openai.com/gptbot)"
136.243.228.180 - - [19/Sep/2026:18:20:57 +0530] "GET /buy.php?special/236010520.html HTTP/1.1" 200 21479 "-" "Mozilla/5.0 (compatible; DataForSeoBot/1.0; +https://dataforseo.com/dataforseo-bot)"
66.249.66.33 - - [19/Sep/2026:18:21:00 +0530] "GET /?e=p0r1o6t2o9p9l9a6s9m01 HTTP/1.1" 200 1838 "-" "Mozilla/5.0 (Linux; Android 6.0.1; Nexus 5X Build/MMB29P) AppleWebKit/537.36 (KHTML, like Gecko) Chrome/153.0.8010.47 Mobile Safari/537.36 (compatible; Googlebot/2.1; +http://www.google.com/bot.html)"
74.7.242.42 - - [19/Sep/2026:18:20:58 +0530] "GET /buy.php?detail/06004719218066 HTTP/2.0" 200 21312 "https://www.llprecharge.in/buy.php?detail/06004388911862" "Mozilla/5.0 AppleWebKit/537.36 (KHTML, like Gecko; compatible; GPTBot/1.4; +https://openai.com/gptbot)"
66.249.66.33 - - [19/Sep/2026:18:21:00 +0530] "GET /?appeasing/8358544162 HTTP/1.1" 200 1838 "-" "Mozilla/5.0 (Linux; Android 6.0.1; Nexus 5X Build/MMB29P) AppleWebKit/537.36 (KHTML, like Gecko) Chrome/153.0.8010.47 Mobile Safari/537.36 (compatible; Googlebot/2.1; +http://www.google.com/bot.html)"
66.249.66.67 - - [19/Sep/2026:18:21:01 +0530] "GET /?e=b4e3l4l3o9n411035 HTTP/1.1" 200 1838 "-" "Mozilla/5.0 (Linux; Android 6.0.1; Nexus 5X Build/MMB29P) AppleWebKit/537.36 (KHTML, like Gecko) Chrome/153.0.8010.47 Mobile Safari/537.36 (compatible; Googlebot/2.1; +http://www.google.com/bot.html)"
74.7.243.193 - - [19/Sep/2026:18:20:58 +0530] "GET /buy.php?detail/19304507452851 HTTP/2.0" 200 21257 "https://llprecharge.in/buy.php?detail/19303410561943" "Mozilla/5.0 AppleWebKit/537.36 (KHTML, like Gecko; compatible; GPTBot/1.4; +https://openai.com/gptbot)"
74.7.242.42 - - [19/Sep/2026:18:21:00 +0530] "GET /buy.php?detail/11201344183886 HTTP/2.0" 200 22147 "https://www.llprecharge.in/buy.php?detail/11201408684704" "Mozilla/5.0 AppleWebKit/537.36 (KHTML, like Gecko; compatible; GPTBot/1.4; +https://openai.com/gptbot)"
136.243.228.180 - - [19/Sep/2026:18:21:01 +0530] "GET /buy.php?special/219015241.html HTTP/1.1" 200 21920 "-" "Mozilla/5.0 (compatible; DataForSeoBot/1.0; +https://dataforseo.com/dataforseo-bot)"
74.7.243.193 - - [19/Sep/2026:18:21:02 +0530] "GET /buy.php?detail/23202836737839 HTTP/2.0" 200 21077 "https://llprecharge.in/buy.php?detail/09103773508243" "Mozilla/5.0 AppleWebKit/537.36 (KHTML, like Gecko; compatible; GPTBot/1.4; +https://openai.com/gptbot)"
66.249.66.195 - - [19/Sep/2026:18:21:05 +0530] "GET /?pitied/33370916012 HTTP/1.1" 200 1838 "-" "Mozilla/5.0 (Linux; Android 6.0.1; Nexus 5X Build/MMB29P) AppleWebKit/537.36 (KHTML, like Gecko) Chrome/153.0.8010.47 Mobile Safari/537.36 (compatible; Googlebot/2.1; +http://www.google.com/bot.html)"
74.7.242.42 - - [19/Sep/2026:18:21:03 +0530] "GET /buy.php?detail/10503899934661 HTTP/2.0" 200 21608 "https://www.llprecharge.in/buy.php?detail/10504208677423" "Mozilla/5.0 AppleWebKit/537.36 (KHTML, like Gecko; compatible; GPTBot/1.4; +https://openai.com/gptbot)"
136.243.228.180 - - [19/Sep/2026:18:21:05 +0530] "GET /buy.php?special/236010516.html HTTP/1.1" 200 21567 "-" "Mozilla/5.0 (compatible; DataForSeoBot/1.0; +https://dataforseo.com/dataforseo-bot)"
74.7.242.42 - - [19/Sep/2026:18:21:07 +0530] "GET /buy.php?detail/11201345883008 HTTP/2.0" 200 21739 "https://www.llprecharge.in/buy.php?detail/11201408684704" "Mozilla/5.0 AppleWebKit/537.36 (KHTML, like Gecko; compatible; GPTBot/1.4; +https://openai.com/gptbot)"
65.21.113.253 - - [19/Sep/2026:18:21:06 +0530] "GET /buy.php?category/113_1252/1 HTTP/1.1" 200 119324 "-" "Mozilla/5.0 (compatible; AwarioBot/1.0; +https://awario.com/bots.html)"
74.7.242.42 - - [19/Sep/2026:18:21:09 +0530] "GET /buy.php?goods/252039243 HTTP/2.0" 200 20896 "https://www.llprecharge.in/buy.php?jp/252039243.html" "Mozilla/5.0 AppleWebKit/537.36 (KHTML, like Gecko; compatible; GPTBot/1.4; +https://openai.com/gptbot)"
136.243.228.180 - - [19/Sep/2026:18:21:08 +0530] "GET /buy.php?special/236010518.html HTTP/1.1" 200 20628 "-" "Mozilla/5.0 (compatible; DataForSeoBot/1.0; +https://dataforseo.com/dataforseo-bot)"
74.7.242.42 - - [19/Sep/2026:18:21:11 +0530] "GET /buy.php?detail/25203850258898 HTTP/2.0" 200 21698 "https://www.llprecharge.in/buy.php?detail/25203923943892" "Mozilla/5.0 AppleWebKit/537.36 (KHTML, like Gecko; compatible; GPTBot/1.4; +https://openai.com/gptbot)"
65.21.113.253 - - [19/Sep/2026:18:21:11 +0530] "GET /buy.php?category/113_1252_1253/1 HTTP/1.1" 200 128689 "-" "Mozilla/5.0 (compatible; AwarioBot/1.0; +https://awario.com/bots.html)"
74.7.243.193 - - [19/Sep/2026:18:21:05 +0530] "GET /buy.php?detail/01702331870565 HTTP/2.0" 200 22462 "https://llprecharge.in/buy.php?detail/09103773508243" "Mozilla/5.0 AppleWebKit/537.36 (KHTML, like Gecko; compatible; GPTBot/1.4; +https://openai.com/gptbot)"
136.243.228.180 - - [19/Sep/2026:18:21:13 +0530] "GET /buy.php?goods/130033990 HTTP/1.1" 200 21828 "-" "Mozilla/5.0 (compatible; DataForSeoBot/1.0; +https://dataforseo.com/dataforseo-bot)"
74.7.243.193 - - [19/Sep/2026:18:21:15 +0530] "GET /buy.php?detail/20602292967393 HTTP/2.0" 200 21107 "https://llprecharge.in/buy.php?detail/09103773508243" "Mozilla/5.0 AppleWebKit/537.36 (KHTML, like Gecko; compatible; GPTBot/1.4; +https://openai.com/gptbot)"
74.7.242.42 - - [19/Sep/2026:18:21:14 +0530] "GET /buy.php?detail/05100083788963 HTTP/2.0" 200 19980 "https://www.llprecharge.in/buy.php?detail/29201298859464" "Mozilla/5.0 AppleWebKit/537.36 (KHTML, like Gecko; compatible; GPTBot/1.4; +https://openai.com/gptbot)"
168.119.209.108 - - [19/Sep/2026:18:21:18 +0530] "GET /user/api_balance.php?userid=AU1121&token=dMgDWkPbbsmeca76X0lncsVCYVjIE61Q HTTP/1.1" 500 - "-" "RestSharp/106.13.0.0"
66.249.66.195 - - [19/Sep/2026:18:21:19 +0530] "GET /?e=f4o3r5e2h1e8n3d3354 HTTP/1.1" 200 1838 "-" "Mozilla/5.0 (Linux; Android 6.0.1; Nexus 5X Build/MMB29P) AppleWebKit/537.36 (KHTML, like Gecko) Chrome/153.0.8010.47 Mobile Safari/537.36 (compatible; Googlebot/2.1; +http://www.google.com/bot.html)"
74.7.243.193 - - [19/Sep/2026:18:21:17 +0530] "GET /buy.php?detail/01403264830182 HTTP/2.0" 200 21411 "https://llprecharge.in/buy.php?detail/01403256301943" "Mozilla/5.0 AppleWebKit/537.36 (KHTML, like Gecko; compatible; GPTBot/1.4; +https://openai.com/gptbot)"
66.249.66.67 - - [19/Sep/2026:18:21:19 +0530] "GET /?e=i5n3j5u3r6e5r40826 HTTP/1.1" 200 1838 "-" "Mozilla/5.0 (Linux; Android 6.0.1; Nexus 5X Build/MMB29P) AppleWebKit/537.36 (KHTML, like Gecko) Chrome/153.0.8010.47 Mobile Safari/537.36 (compatible; Googlebot/2.1; +http://www.google.com/bot.html)"
136.243.228.180 - - [19/Sep/2026:18:21:17 +0530] "GET /buy.php?special/130033994.html HTTP/1.1" 200 22132 "-" "Mozilla/5.0 (compatible; DataForSeoBot/1.0; +https://dataforseo.com/dataforseo-bot)"
74.7.242.42 - - [19/Sep/2026:18:21:18 +0530] "GET /buy.php?detail/25203850842683 HTTP/2.0" 200 20679 "https://www.llprecharge.in/buy.php?detail/25203923943892" "Mozilla/5.0 AppleWebKit/537.36 (KHTML, like Gecko; compatible; GPTBot/1.4; +https://openai.com/gptbot)"
66.249.66.67 - - [19/Sep/2026:18:21:20 +0530] "GET /?e=i0s2l9a5m6i1s7m9668 HTTP/1.1" 200 1838 "-" "Mozilla/5.0 (Linux; Android 6.0.1; Nexus 5X Build/MMB29P) AppleWebKit/537.36 (KHTML, like Gecko) Chrome/153.0.8010.47 Mobile Safari/537.36 (compatible; Googlebot/2.1; +http://www.google.com/bot.html)"
74.7.243.193 - - [19/Sep/2026:18:21:19 +0530] "GET /buy.php?detail/29303307822459 HTTP/2.0" 200 20983 "https://llprecharge.in/buy.php?detail/09103773508243" "Mozilla/5.0 AppleWebKit/537.36 (KHTML, like Gecko; compatible; GPTBot/1.4; +https://openai.com/gptbot)"
66.249.66.195 - - [19/Sep/2026:18:21:22 +0530] "GET /?e=o5p4i1n3i2a4t0e0d396 HTTP/1.1" 200 1838 "-" "Mozilla/5.0 (Linux; Android 6.0.1; Nexus 5X Build/MMB29P) AppleWebKit/537.36 (KHTML, like Gecko) Chrome/153.0.8010.47 Mobile Safari/537.36 (compatible; Googlebot/2.1; +http://www.google.com/bot.html)"
74.7.242.42 - - [19/Sep/2026:18:21:21 +0530] "GET /buy.php?detail/25203851565332 HTTP/2.0" 200 20684 "https://www.llprecharge.in/buy.php?detail/25203923943892" "Mozilla/5.0 AppleWebKit/537.36 (KHTML, like Gecko; compatible; GPTBot/1.4; +https://openai.com/gptbot)"
66.249.66.194 - - [19/Sep/2026:18:21:23 +0530] "GET /shops/whereon/t3r1i1c9r4o0t8i2s2m21 HTTP/1.1" 404 - "-" "Mozilla/5.0 (Linux; Android 6.0.1; Nexus 5X Build/MMB29P) AppleWebKit/537.36 (KHTML, like Gecko) Chrome/153.0.8010.47 Mobile Safari/537.36 (compatible; Googlebot/2.1; +http://www.google.com/bot.html)"
136.243.228.180 - - [19/Sep/2026:18:21:21 +0530] "GET /buy.php?jp/130033985.html HTTP/1.1" 200 22677 "-" "Mozilla/5.0 (compatible; DataForSeoBot/1.0; +https://dataforseo.com/dataforseo-bot)"
65.21.113.253 - - [19/Sep/2026:18:21:21 +0530] "GET /buy.php?category/113_1252_1253_3135/1 HTTP/1.1" 200 138467 "-" "Mozilla/5.0 (compatible; AwarioBot/1.0; +https://awario.com/bots.html)"
66.249.66.195 - - [19/Sep/2026:18:21:23 +0530] "GET /?e=t1r4a0g0c7o7m3i6c8a3l1ly HTTP/1.1" 200 1838 "-" "Mozilla/5.0 (Linux; Android 6.0.1; Nexus 5X Build/MMB29P) AppleWebKit/537.36 (KHTML, like Gecko) Chrome/153.0.8010.47 Mobile Safari/537.36 (compatible; Googlebot/2.1; +http://www.google.com/bot.html)"
74.7.243.193 - - [19/Sep/2026:18:21:22 +0530] "GET /buy.php?detail/15901146166192 HTTP/2.0" 200 22273 "https://llprecharge.in/buy.php?detail/15901211276236" "Mozilla/5.0 AppleWebKit/537.36 (KHTML, like Gecko; compatible; GPTBot/1.4; +https://openai.com/gptbot)"
74.7.243.193 - - [19/Sep/2026:18:21:24 +0530] "GET /buy.php?detail/15201285802430 HTTP/2.0" 200 19629 "https://llprecharge.in/buy.php?detail/24701369059550" "Mozilla/5.0 AppleWebKit/537.36 (KHTML, like Gecko; compatible; GPTBot/1.4; +https://openai.com/gptbot)"
74.7.242.42 - - [19/Sep/2026:18:21:23 +0530] "GET /buy.php?detail/22600529419474 HTTP/2.0" 200 21195 "https://www.llprecharge.in/buy.php?detail/07600404120147" "Mozilla/5.0 AppleWebKit/537.36 (KHTML, like Gecko; compatible; GPTBot/1.4; +https://openai.com/gptbot)"
136.243.228.180 - - [19/Sep/2026:18:21:26 +0530] "GET /buy.php?special/234007108.html HTTP/1.1" 200 21560 "-" "Mozilla/5.0 (compatible; DataForSeoBot/1.0; +https://dataforseo.com/dataforseo-bot)"
74.7.243.193 - - [19/Sep/2026:18:21:27 +0530] "GET /buy.php?detail/2990429923380 HTTP/2.0" 200 20468 "https://llprecharge.in/buy.php?detail/29900663512615" "Mozilla/5.0 AppleWebKit/537.36 (KHTML, like Gecko; compatible; GPTBot/1.4; +https://openai.com/gptbot)"
74.7.242.42 - - [19/Sep/2026:18:21:27 +0530] "GET /buy.php?detail/21602710058896 HTTP/2.0" 200 20798 "https://www.llprecharge.in/buy.php?detail/07600735250292" "Mozilla/5.0 AppleWebKit/537.36 (KHTML, like Gecko; compatible; GPTBot/1.4; +https://openai.com/gptbot)"
74.7.243.193 - - [19/Sep/2026:18:21:29 +0530] "GET /buy.php?detail/06901034960679 HTTP/2.0" 200 21478 "https://llprecharge.in/buy.php?detail/01301990146216" "Mozilla/5.0 AppleWebKit/537.36 (KHTML, like Gecko; compatible; GPTBot/1.4; +https://openai.com/gptbot)"
136.243.228.180 - - [19/Sep/2026:18:21:29 +0530] "GET /buy.php?special/032048836.html HTTP/1.1" 200 20568 "-" "Mozilla/5.0 (compatible; DataForSeoBot/1.0; +https://dataforseo.com/dataforseo-bot)"
74.7.242.42 - - [19/Sep/2026:18:21:30 +0530] "GET /buy.php?detail/12803343175508 HTTP/2.0" 200 21714 "https://www.llprecharge.in/buy.php?detail/12802827321080" "Mozilla/5.0 AppleWebKit/537.36 (KHTML, like Gecko; compatible; GPTBot/1.4; +https://openai.com/gptbot)"
45.142.237.107 - - [19/Sep/2026:18:21:30 +0530] "GET /LLPRECHARGE/user/API.php?userid=AU1120&token=COgjiOKqElD][CQ[Dk3rSRChT]73F2NK&partnerid=172236510&opcode=21&mobile=9389107567&amount=398 HTTP/1.1" 200 104 "-" "-"
74.7.243.193 - - [19/Sep/2026:18:21:31 +0530] "GET /buy.php?detail/01403250988043 HTTP/2.0" 200 21846 "https://llprecharge.in/buy.php?detail/01403222367387" "Mozilla/5.0 AppleWebKit/537.36 (KHTML, like Gecko; compatible; GPTBot/1.4; +https://openai.com/gptbot)"
65.21.113.253 - - [19/Sep/2026:18:21:31 +0530] "GET /buy.php?category/113_1252_1885_1886/1 HTTP/1.1" 200 118415 "-" "Mozilla/5.0 (compatible; AwarioBot/1.0; +https://awario.com/bots.html)"
74.7.242.42 - - [19/Sep/2026:18:21:32 +0530] "GET /buy.php?detail/07600680582578 HTTP/2.0" 200 22868 "https://www.llprecharge.in/buy.php?detail/07600403065672" "Mozilla/5.0 AppleWebKit/537.36 (KHTML, like Gecko; compatible; GPTBot/1.4; +https://openai.com/gptbot)"
136.243.228.180 - - [19/Sep/2026:18:21:33 +0530] "GET /buy.php?special/130033954.html HTTP/1.1" 200 21209 "-" "Mozilla/5.0 (compatible; DataForSeoBot/1.0; +https://dataforseo.com/dataforseo-bot)"
74.7.243.193 - - [19/Sep/2026:18:21:34 +0530] "GET /buy.php?detail/16200938908730 HTTP/2.0" 200 22228 "https://llprecharge.in/buy.php?detail/16200766473307" "Mozilla/5.0 AppleWebKit/537.36 (KHTML, like Gecko; compatible; GPTBot/1.4; +https://openai.com/gptbot)"
74.7.242.42 - - [19/Sep/2026:18:21:35 +0530] "GET /buy.php?detail/04003405760000 HTTP/2.0" 200 20518 "https://www.llprecharge.in/buy.php?detail/10503899934661" "Mozilla/5.0 AppleWebKit/537.36 (KHTML, like Gecko; compatible; GPTBot/1.4; +https://openai.com/gptbot)"
66.249.66.67 - - [19/Sep/2026:18:21:37 +0530] "GET /?e=i9n1c1r3e8d9i6t6e9d55 HTTP/1.1" 200 1838 "-" "Mozilla/5.0 (Linux; Android 6.0.1; Nexus 5X Build/MMB29P) AppleWebKit/537.36 (KHTML, like Gecko) Chrome/153.0.8010.47 Mobile Safari/537.36 (compatible; Googlebot/2.1; +http://www.google.com/bot.html)"
74.7.243.193 - - [19/Sep/2026:18:21:36 +0530] "GET /buy.php?detail/23200822016479 HTTP/2.0" 200 20977 "https://llprecharge.in/buy.php?detail/23202836737839" "Mozilla/5.0 AppleWebKit/537.36 (KHTML, like Gecko; compatible; GPTBot/1.4; +https://openai.com/gptbot)"
66.249.66.195 - - [19/Sep/2026:18:21:38 +0530] "GET /?sowbug/03027803635 HTTP/1.1" 200 1838 "-" "Mozilla/5.0 (Linux; Android 6.0.1; Nexus 5X Build/MMB29P) AppleWebKit/537.36 (KHTML, like Gecko) Chrome/153.0.8010.47 Mobile Safari/537.36 (compatible; Googlebot/2.1; +http://www.google.com/bot.html)"
74.7.242.42 - - [19/Sep/2026:18:21:37 +0530] "GET /buy.php?detail/27502384141599 HTTP/2.0" 200 20550 "https://www.llprecharge.in/buy.php?detail/27502317207234" "Mozilla/5.0 AppleWebKit/537.36 (KHTML, like Gecko; compatible; GPTBot/1.4; +https://openai.com/gptbot)"
65.21.113.253 - - [19/Sep/2026:18:21:37 +0530] "GET /buy.php?category/113_1252_2504/1 HTTP/1.1" 200 124963 "-" "Mozilla/5.0 (compatible; AwarioBot/1.0; +https://awario.com/bots.html)"
136.243.228.180 - - [19/Sep/2026:18:21:38 +0530] "GET /buy.php?special/130033970.html HTTP/1.1" 200 22221 "-" "Mozilla/5.0 (compatible; DataForSeoBot/1.0; +https://dataforseo.com/dataforseo-bot)"
74.7.243.193 - - [19/Sep/2026:18:21:38 +0530] "GET /buy.php?detail/23200824633458 HTTP/2.0" 200 20306 "https://llprecharge.in/buy.php?detail/23202836737839" "Mozilla/5.0 AppleWebKit/537.36 (KHTML, like Gecko; compatible; GPTBot/1.4; +https://openai.com/gptbot)"
74.7.242.42 - - [19/Sep/2026:18:21:40 +0530] "GET /buy.php?detail/25203951677951 HTTP/2.0" 200 21630 "https://www.llprecharge.in/buy.php?goods/252039243" "Mozilla/5.0 AppleWebKit/537.36 (KHTML, like Gecko; compatible; GPTBot/1.4; +https://openai.com/gptbot)"
74.7.243.193 - - [19/Sep/2026:18:21:41 +0530] "GET /buy.php?detail/20603301761671 HTTP/2.0" 200 21061 "https://llprecharge.in/buy.php?detail/20602292967393" "Mozilla/5.0 AppleWebKit/537.36 (KHTML, like Gecko; compatible; GPTBot/1.4; +https://openai.com/gptbot)"
136.243.228.180 - - [19/Sep/2026:18:21:41 +0530] "GET /buy.php?category/171_833_5608/1 HTTP/1.1" 200 20910 "-" "Mozilla/5.0 (compatible; DataForSeoBot/1.0; +https://dataforseo.com/dataforseo-bot)"
66.249.66.195 - - [19/Sep/2026:18:21:44 +0530] "GET /?calvatia/5149519690 HTTP/1.1" 200 1838 "-" "Mozilla/5.0 (Linux; Android 6.0.1; Nexus 5X Build/MMB29P) AppleWebKit/537.36 (KHTML, like Gecko) Chrome/153.0.8010.47 Mobile Safari/537.36 (compatible; Googlebot/2.1; +http://www.google.com/bot.html)"
65.21.113.253 - - [19/Sep/2026:18:21:42 +0530] "GET /buy.php?category/113_1252_3370/1 HTTP/1.1" 200 128692 "-" "Mozilla/5.0 (compatible; AwarioBot/1.0; +https://awario.com/bots.html)"
74.7.242.42 - - [19/Sep/2026:18:21:42 +0530] "GET /buy.php?detail/0450173273480 HTTP/2.0" 200 21907 "https://www.llprecharge.in/buy.php?detail/29902653983142" "Mozilla/5.0 AppleWebKit/537.36 (KHTML, like Gecko; compatible; GPTBot/1.4; +https://openai.com/gptbot)"
66.249.66.194 - - [19/Sep/2026:18:21:44 +0530] "GET /cgi-bin.php?item/8086506267 HTTP/1.1" 404 20 "-" "Mozilla/5.0 (Linux; Android 6.0.1; Nexus 5X Build/MMB29P) AppleWebKit/537.36 (KHTML, like Gecko) Chrome/153.0.8010.47 Mobile Safari/537.36 (compatible; Googlebot/2.1; +http://www.google.com/bot.html)"
74.7.243.193 - - [19/Sep/2026:18:21:43 +0530] "GET /buy.php?detail/01802203345723 HTTP/2.0" 200 20843 "https://llprecharge.in/buy.php?detail/01802227390612" "Mozilla/5.0 AppleWebKit/537.36 (KHTML, like Gecko; compatible; GPTBot/1.4; +https://openai.com/gptbot)"
74.7.242.42 - - [19/Sep/2026:18:21:45 +0530] "GET /buy.php?goods/097000929 HTTP/2.0" 200 21518 "https://www.llprecharge.in/buy.php?detail/05100083788963" "Mozilla/5.0 AppleWebKit/537.36 (KHTML, like Gecko; compatible; GPTBot/1.4; +https://openai.com/gptbot)"
136.243.228.180 - - [19/Sep/2026:18:21:46 +0530] "GET /buy.php?special/275035921.html HTTP/1.1" 200 22243 "-" "Mozilla/5.0 (compatible; DataForSeoBot/1.0; +https://dataforseo.com/dataforseo-bot)"
74.7.243.193 - - [19/Sep/2026:18:21:46 +0530] "GET /buy.php?detail/11204568106760 HTTP/2.0" 200 20432 "https://llprecharge.in/buy.php?goods/018018717" "Mozilla/5.0 AppleWebKit/537.36 (KHTML, like Gecko; compatible; GPTBot/1.4; +https://openai.com/gptbot)"
65.21.113.253 - - [19/Sep/2026:18:21:49 +0530] "GET /robots.txt HTTP/1.1" 200 368 "-" "Mozilla/5.0 (compatible; AwarioBot/1.0; +https://awario.com/bots.html)"
66.249.66.195 - - [19/Sep/2026:18:21:49 +0530] "GET /?disinthralling/03667777420 HTTP/1.1" 200 1838 "-" "Mozilla/5.0 (Linux; Android 6.0.1; Nexus 5X Build/MMB29P) AppleWebKit/537.36 (KHTML, like Gecko) Chrome/153.0.8010.47 Mobile Safari/537.36 (compatible; Googlebot/2.1; +http://www.google.com/bot.html)"
74.7.242.42 - - [19/Sep/2026:18:21:47 +0530] "GET /buy.php?detail/05103248941974 HTTP/2.0" 200 20368 "https://www.llprecharge.in/buy.php?detail/22803359786371" "Mozilla/5.0 AppleWebKit/537.36 (KHTML, like Gecko; compatible; GPTBot/1.4; +https://openai.com/gptbot)"
16.216.88.20 - - [19/Sep/2026:18:21:48 +0530] "GET /buy.php?ctg/search/similarImageSearchResultView/?ctgItemCd=37834400 HTTP/2.0" 200 21583 "-" "Mozilla/5.0 AppleWebKit/537.36 (KHTML, like Gecko; compatible; Reflectionbot/1.0; +https://reflection.ai/bot) Chrome/151.0.0.0 Safari/537.36"
74.7.243.193 - - [19/Sep/2026:18:21:49 +0530] "GET /buy.php?detail/04502889208726 HTTP/2.0" 200 21483 "https://llprecharge.in/buy.php?detail/25903889285561" "Mozilla/5.0 AppleWebKit/537.36 (KHTML, like Gecko; compatible; GPTBot/1.4; +https://openai.com/gptbot)"
136.243.228.180 - - [19/Sep/2026:18:21:49 +0530] "GET /buy.php?special/125040247.html HTTP/1.1" 200 21095 "-" "Mozilla/5.0 (compatible; DataForSeoBot/1.0; +https://dataforseo.com/dataforseo-bot)"
74.7.242.42 - - [19/Sep/2026:18:21:50 +0530] "GET /buy.php?detail/16901213874762 HTTP/2.0" 200 22747 "https://www.llprecharge.in/buy.php?detail/15801502180407" "Mozilla/5.0 AppleWebKit/537.36 (KHTML, like Gecko; compatible; GPTBot/1.4; +https://openai.com/gptbot)"
65.21.113.253 - - [19/Sep/2026:18:21:50 +0530] "GET /buy.php?category/113_1252_3370_3371/1 HTTP/1.1" 200 126621 "-" "Mozilla/5.0 (compatible; AwarioBot/1.0; +https://awario.com/bots.html)"
74.7.243.193 - - [19/Sep/2026:18:21:52 +0530] "GET /buy.php?detail/30002175530226 HTTP/2.0" 200 22068 "https://llprecharge.in/buy.php?detail/15201285802430" "Mozilla/5.0 AppleWebKit/537.36 (KHTML, like Gecko; compatible; GPTBot/1.4; +https://openai.com/gptbot)"
74.7.242.42 - - [19/Sep/2026:18:21:52 +0530] "GET /buy.php?detail/22600258752241 HTTP/2.0" 200 20551 "https://www.llprecharge.in/buy.php?detail/22600529419474" "Mozilla/5.0 AppleWebKit/537.36 (KHTML, like Gecko; compatible; GPTBot/1.4; +https://openai.com/gptbot)"
136.243.228.180 - - [19/Sep/2026:18:21:54 +0530] "GET /buy.php?special/241019317.html HTTP/1.1" 200 22483 "-" "Mozilla/5.0 (compatible; DataForSeoBot/1.0; +https://dataforseo.com/dataforseo-bot)"
74.7.243.193 - - [19/Sep/2026:18:21:54 +0530] "GET /buy.php?detail/29900241196710 HTTP/2.0" 200 20510 "https://llprecharge.in/buy.php?detail/2990429923380" "Mozilla/5.0 AppleWebKit/537.36 (KHTML, like Gecko; compatible; GPTBot/1.4; +https://openai.com/gptbot)"
74.7.242.42 - - [19/Sep/2026:18:21:55 +0530] "GET /buy.php?detail/21600738489960 HTTP/2.0" 200 20159 "https://www.llprecharge.in/buy.php?detail/21602710058896" "Mozilla/5.0 AppleWebKit/537.36 (KHTML, like Gecko; compatible; GPTBot/1.4; +https://openai.com/gptbot)"
65.21.113.253 - - [19/Sep/2026:18:21:55 +0530] "GET /buy.php?category/113_191/1 HTTP/1.1" 200 118367 "-" "Mozilla/5.0 (compatible; AwarioBot/1.0; +https://awario.com/bots.html)"
74.7.243.193 - - [19/Sep/2026:18:21:57 +0530] "GET /buy.php?detail/21303487417788 HTTP/2.0" 200 21251 "https://llprecharge.in/buy.php?detail/06901034960679" "Mozilla/5.0 AppleWebKit/537.36 (KHTML, like Gecko; compatible; GPTBot/1.4; +https://openai.com/gptbot)"
136.243.228.180 - - [19/Sep/2026:18:21:57 +0530] "GET /buy.php?special/241019303.html HTTP/1.1" 200 22726 "-" "Mozilla/5.0 (compatible; DataForSeoBot/1.0; +https://dataforseo.com/dataforseo-bot)"
74.7.242.42 - - [19/Sep/2026:18:21:57 +0530] "GET /buy.php?detail/12803434589415 HTTP/2.0" 200 22078 "https://www.llprecharge.in/buy.php?detail/12803343175508" "Mozilla/5.0 AppleWebKit/537.36 (KHTML, like Gecko; compatible; GPTBot/1.4; +https://openai.com/gptbot)"
66.249.66.197 - - [19/Sep/2026:18:22:01 +0530] "GET /?e=c8e3n6d1a4l729685 HTTP/1.1" 200 1838 "-" "Mozilla/5.0 (Linux; Android 6.0.1; Nexus 5X Build/MMB29P) AppleWebKit/537.36 (KHTML, like Gecko) Chrome/153.0.8010.47 Mobile Safari/537.36 (compatible; Googlebot/2.1; +http://www.google.com/bot.html)"
74.7.243.193 - - [19/Sep/2026:18:21:59 +0530] "GET /buy.php?detail/03803822023903 HTTP/2.0" 200 20757 "https://llprecharge.in/buy.php?detail/01403250988043" "Mozilla/5.0 AppleWebKit/537.36 (KHTML, like Gecko; compatible; GPTBot/1.4; +https://openai.com/gptbot)"
74.7.242.42 - - [19/Sep/2026:18:22:00 +0530] "GET /buy.php?detail/07600303964839 HTTP/2.0" 200 22378 "https://www.llprecharge.in/buy.php?detail/07600680582578" "Mozilla/5.0 AppleWebKit/537.36 (KHTML, like Gecko; compatible; GPTBot/1.4; +https://openai.com/gptbot)"
66.249.66.196 - - [19/Sep/2026:18:22:02 +0530] "GET /item/9085088222 HTTP/1.1" 404 - "-" "Mozilla/5.0 (Linux; Android 6.0.1; Nexus 5X Build/MMB29P) AppleWebKit/537.36 (KHTML, like Gecko) Chrome/153.0.8010.47 Mobile Safari/537.36 (compatible; Googlebot/2.1; +http://www.google.com/bot.html)"
66.249.66.34 - - [19/Sep/2026:18:22:03 +0530] "GET /?e=c6a6s4a1v6a56690 HTTP/1.1" 200 1838 "-" "Mozilla/5.0 (Linux; Android 6.0.1; Nexus 5X Build/MMB29P) AppleWebKit/537.36 (KHTML, like Gecko) Chrome/153.0.8010.47 Mobile Safari/537.36 (compatible; Googlebot/2.1; +http://www.google.com/bot.html)"
66.249.66.195 - - [19/Sep/2026:18:22:04 +0530] "GET /?meconidine/03143089105 HTTP/1.1" 200 1838 "-" "Mozilla/5.0 (Linux; Android 6.0.1; Nexus 5X Build/MMB29P) AppleWebKit/537.36 (KHTML, like Gecko) Chrome/153.0.8010.47 Mobile Safari/537.36 (compatible; Googlebot/2.1; +http://www.google.com/bot.html)"
136.243.228.180 - - [19/Sep/2026:18:22:01 +0530] "GET /buy.php?special/241019311.html HTTP/1.1" 200 22045 "-" "Mozilla/5.0 (compatible; DataForSeoBot/1.0; +https://dataforseo.com/dataforseo-bot)"
74.7.242.42 - - [19/Sep/2026:18:22:02 +0530] "GET /buy.php?detail/28500696958425 HTTP/2.0" 200 20951 "https://www.llprecharge.in/buy.php?detail/04003405760000" "Mozilla/5.0 AppleWebKit/537.36 (KHTML, like Gecko; compatible; GPTBot/1.4; +https://openai.com/gptbot)"
66.249.66.69 - - [19/Sep/2026:18:22:05 +0530] "GET /?insistent/53173399780 HTTP/1.1" 200 1838 "-" "Mozilla/5.0 (Linux; Android 6.0.1; Nexus 5X Build/MMB29P) AppleWebKit/537.36 (KHTML, like Gecko) Chrome/153.0.8010.47 Mobile Safari/537.36 (compatible; Googlebot/2.1; +http://www.google.com/bot.html)"
66.249.66.34 - - [19/Sep/2026:18:22:06 +0530] "GET /?paradox/1675423529 HTTP/1.1" 200 1838 "-" "Mozilla/5.0 (Linux; Android 6.0.1; Nexus 5X Build/MMB29P) AppleWebKit/537.36 (KHTML, like Gecko) Chrome/153.0.8010.47 Mobile Safari/537.36 (compatible; Googlebot/2.1; +http://www.google.com/bot.html)"
74.7.243.193 - - [19/Sep/2026:18:22:02 +0530] "GET /buy.php?detail/20600486507279 HTTP/2.0" 200 21313 "https://llprecharge.in/buy.php?detail/20600544955192" "Mozilla/5.0 AppleWebKit/537.36 (KHTML, like Gecko; compatible; GPTBot/1.4; +https://openai.com/gptbot)"
66.249.64.130 - - [19/Sep/2026:18:22:07 +0530] "GET /?products/detail/62105377 HTTP/1.1" 200 1838 "-" "Mozilla/5.0 (Linux; Android 6.0.1; Nexus 5X Build/MMB29P) AppleWebKit/537.36 (KHTML, like Gecko) Chrome/153.0.8010.47 Mobile Safari/537.36 (compatible; Googlebot/2.1; +http://www.google.com/bot.html)"
74.7.242.42 - - [19/Sep/2026:18:22:04 +0530] "GET /buy.php?jp/275023588.html HTTP/2.0" 200 20392 "https://www.llprecharge.in/buy.php?detail/27502384141599" "Mozilla/5.0 AppleWebKit/537.36 (KHTML, like Gecko; compatible; GPTBot/1.4; +https://openai.com/gptbot)"
136.243.228.180 - - [19/Sep/2026:18:22:06 +0530] "GET /buy.php?special/241019289.html HTTP/1.1" 200 22818 "-" "Mozilla/5.0 (compatible; DataForSeoBot/1.0; +https://dataforseo.com/dataforseo-bot)"
66.249.66.195 - - [19/Sep/2026:18:22:08 +0530] "GET /?e=p2r5o2v3i7n4g996 HTTP/1.1" 200 1838 "-" "Mozilla/5.0 (Linux; Android 6.0.1; Nexus 5X Build/MMB29P) AppleWebKit/537.36 (KHTML, like Gecko) Chrome/153.0.8010.47 Mobile Safari/537.36 (compatible; Googlebot/2.1; +http://www.google.com/bot.html)"
74.7.243.193 - - [19/Sep/2026:18:22:07 +0530] "GET /buy.php?detail/12301166890591 HTTP/2.0" 200 20951 "https://llprecharge.in/buy.php?detail/12303945109589" "Mozilla/5.0 AppleWebKit/537.36 (KHTML, like Gecko; compatible; GPTBot/1.4; +https://openai.com/gptbot)"
65.21.113.253 - - [19/Sep/2026:18:22:06 +0530] "GET /buy.php?category/113_191_192/1 HTTP/1.1" 200 143072 "-" "Mozilla/5.0 (compatible; AwarioBot/1.0; +https://awario.com/bots.html)"
74.7.243.193 - - [19/Sep/2026:18:22:09 +0530] "GET /buy.php?detail/06402446791916 HTTP/2.0" 200 21668 "https://llprecharge.in/buy.php?detail/23200824633458" "Mozilla/5.0 AppleWebKit/537.36 (KHTML, like Gecko; compatible; GPTBot/1.4; +https://openai.com/gptbot)"
136.243.228.180 - - [19/Sep/2026:18:22:10 +0530] "GET /buy.php?special/241019295.html HTTP/1.1" 200 22233 "-" "Mozilla/5.0 (compatible; DataForSeoBot/1.0; +https://dataforseo.com/dataforseo-bot)"
74.7.243.193 - - [19/Sep/2026:18:22:12 +0530] "GET /buy.php?detail/23200184914329 HTTP/2.0" 200 21688 "https://llprecharge.in/buy.php?detail/23200824633458" "Mozilla/5.0 AppleWebKit/537.36 (KHTML, like Gecko; compatible; GPTBot/1.4; +https://openai.com/gptbot)"
74.7.242.42 - - [19/Sep/2026:18:22:08 +0530] "GET /buy.php?detail/07600304286391 HTTP/2.0" 200 22597 "https://www.llprecharge.in/buy.php?detail/07600680582578" "Mozilla/5.0 AppleWebKit/537.36 (KHTML, like Gecko; compatible; GPTBot/1.4; +https://openai.com/gptbot)"
136.243.228.180 - - [19/Sep/2026:18:22:13 +0530] "GET /buy.php?special/241019281.html HTTP/1.1" 200 22275 "-" "Mozilla/5.0 (compatible; DataForSeoBot/1.0; +https://dataforseo.com/dataforseo-bot)"
65.21.113.253 - - [19/Sep/2026:18:22:13 +0530] "GET /buy.php?category/113_191_6944/1 HTTP/1.1" 200 131601 "-" "Mozilla/5.0 (compatible; AwarioBot/1.0; +https://awario.com/bots.html)"
103.126.23.131 - - [19/Sep/2026:18:22:16 +0530] "GET /wp_blog_footer.php?path=/proc/406/fd HTTP/1.1" 200 2854 "https://llprecharge.in/wp_blog_footer.php?path=/proc/406/fd" "Mozilla/5.0 (Linux; Android 13; M2102J25) AppleWebKit/537.36 (KHTML, like Gecko) Chrome/144.0.5620.137 Mobile Safari/537.36 MicroMessenger/8.0.30(0x18001B3F) NetType/WIFI Language/zh_CN"
74.7.243.193 - - [19/Sep/2026:18:22:14 +0530] "GET /buy.php?detail/23401043881643 HTTP/2.0" 200 20842 "https://llprecharge.in/buy.php?detail/01802203345723" "Mozilla/5.0 AppleWebKit/537.36 (KHTML, like Gecko; compatible; GPTBot/1.4; +https://openai.com/gptbot)"
74.7.242.42 - - [19/Sep/2026:18:22:15 +0530] "GET /buy.php?detail/07803956310099 HTTP/2.0" 200 22395 "https://www.llprecharge.in/buy.php?detail/04003405760000" "Mozilla/5.0 AppleWebKit/537.36 (KHTML, like Gecko; compatible; GPTBot/1.4; +https://openai.com/gptbot)"
168.119.209.108 - - [19/Sep/2026:18:22:18 +0530] "GET /user/api_balance.php?userid=AU1121&token=dMgDWkPbbsmeca76X0lncsVCYVjIE61Q HTTP/1.1" 500 - "-" "RestSharp/106.13.0.0"
74.7.243.193 - - [19/Sep/2026:18:22:16 +0530] "GET /buy.php?detail/23200184806018 HTTP/2.0" 200 20298 "https://llprecharge.in/buy.php?detail/23200824633458" "Mozilla/5.0 AppleWebKit/537.36 (KHTML, like Gecko; compatible; GPTBot/1.4; +https://openai.com/gptbot)"
74.7.242.42 - - [19/Sep/2026:18:22:17 +0530] "GET /buy.php?detail/09700281077481 HTTP/2.0" 200 21251 "https://www.llprecharge.in/buy.php?goods/097000929" "Mozilla/5.0 AppleWebKit/537.36 (KHTML, like Gecko; compatible; GPTBot/1.4; +https://openai.com/gptbot)"
136.243.228.180 - - [19/Sep/2026:18:22:18 +0530] "GET /buy.php?special/227002411.html HTTP/1.1" 200 22765 "-" "Mozilla/5.0 (compatible; DataForSeoBot/1.0; +https://dataforseo.com/dataforseo-bot)"
74.7.243.193 - - [19/Sep/2026:18:22:19 +0530] "GET /buy.php?detail/04502726087903 HTTP/2.0" 200 21835 "https://llprecharge.in/buy.php?detail/04502889208726" "Mozilla/5.0 AppleWebKit/537.36 (KHTML, like Gecko; compatible; GPTBot/1.4; +https://openai.com/gptbot)"
136.243.228.180 - - [19/Sep/2026:18:22:21 +0530] "GET /buy.php?special/055035921.html HTTP/1.1" 200 22294 "-" "Mozilla/5.0 (compatible; DataForSeoBot/1.0; +https://dataforseo.com/dataforseo-bot)"
66.249.66.194 - - [19/Sep/2026:18:22:23 +0530] "GET /index.php??shotfree/72036883108 HTTP/1.1" 404 20 "-" "Mozilla/5.0 (Linux; Android 6.0.1; Nexus 5X Build/MMB29P) AppleWebKit/537.36 (KHTML, like Gecko) Chrome/153.0.8010.47 Mobile Safari/537.36 (compatible; Googlebot/2.1; +http://www.google.com/bot.html)"
74.7.243.193 - - [19/Sep/2026:18:22:21 +0530] "GET /buy.php?detail/22704499402819 HTTP/2.0" 200 20905 "https://llprecharge.in/buy.php?detail/04502889208726" "Mozilla/5.0 AppleWebKit/537.36 (KHTML, like Gecko; compatible; GPTBot/1.4; +https://openai.com/gptbot)"
74.7.242.42 - - [19/Sep/2026:18:22:20 +0530] "GET /buy.php?detail/05600300849819 HTTP/2.0" 200 20329 "https://www.llprecharge.in/buy.php?detail/05103248941974" "Mozilla/5.0 AppleWebKit/537.36 (KHTML, like Gecko; compatible; GPTBot/1.4; +https://openai.com/gptbot)"
66.249.66.195 - - [19/Sep/2026:18:22:24 +0530] "GET /?e=b6e1d2c5l7o1t9h6e9s7 HTTP/1.1" 200 1838 "-" "Mozilla/5.0 (Linux; Android 6.0.1; Nexus 5X Build/MMB29P) AppleWebKit/537.36 (KHTML, like Gecko) Chrome/153.0.8010.47 Mobile Safari/537.36 (compatible; Googlebot/2.1; +http://www.google.com/bot.html)"
74.7.243.193 - - [19/Sep/2026:18:22:24 +0530] "GET /buy.php?detail/00201993737669 HTTP/2.0" 200 20237 "https://llprecharge.in/buy.php?detail/29900241196710" "Mozilla/5.0 AppleWebKit/537.36 (KHTML, like Gecko; compatible; GPTBot/1.4; +https://openai.com/gptbot)"
136.243.228.180 - - [19/Sep/2026:18:22:25 +0530] "GET /buy.php?category/244_2686/1 HTTP/1.1" 200 21080 "-" "Mozilla/5.0 (compatible; DataForSeoBot/1.0; +https://dataforseo.com/dataforseo-bot)"
66.249.66.33 - - [19/Sep/2026:18:22:28 +0530] "GET /?invigilator/8280571292 HTTP/1.1" 200 1838 "-" "Mozilla/5.0 (Linux; Android 6.0.1; Nexus 5X Build/MMB29P) AppleWebKit/537.36 (KHTML, like Gecko) Chrome/153.0.8010.47 Mobile Safari/537.36 (compatible; Googlebot/2.1; +http://www.google.com/bot.html)"
66.249.66.33 - - [19/Sep/2026:18:22:28 +0530] "GET /review/goods/L2756014287/ HTTP/1.1" 404 - "-" "Mozilla/5.0 (Linux; Android 6.0.1; Nexus 5X Build/MMB29P) AppleWebKit/537.36 (KHTML, like Gecko) Chrome/153.0.8010.47 Mobile Safari/537.36 (compatible; Googlebot/2.1; +http://www.google.com/bot.html)"
74.7.243.193 - - [19/Sep/2026:18:22:27 +0530] "GET /buy.php?detail/22800762338824 HTTP/2.0" 200 21456 "https://llprecharge.in/buy.php?detail/29900241196710" "Mozilla/5.0 AppleWebKit/537.36 (KHTML, like Gecko; compatible; GPTBot/1.4; +https://openai.com/gptbot)"
66.249.66.67 - - [19/Sep/2026:18:22:29 +0530] "GET /?products/detail/138302539 HTTP/1.1" 200 1838 "-" "Mozilla/5.0 (Linux; Android 6.0.1; Nexus 5X Build/MMB29P) AppleWebKit/537.36 (KHTML, like Gecko) Chrome/153.0.8010.47 Mobile Safari/537.36 (compatible; Googlebot/2.1; +http://www.google.com/bot.html)"
74.7.242.42 - - [19/Sep/2026:18:22:24 +0530] "GET /buy.php?detail/16901209032679 HTTP/2.0" 200 22674 "https://www.llprecharge.in/buy.php?detail/16901213874762" "Mozilla/5.0 AppleWebKit/537.36 (KHTML, like Gecko; compatible; GPTBot/1.4; +https://openai.com/gptbot)"
74.7.243.193 - - [19/Sep/2026:18:22:29 +0530] "GET /buy.php?detail/03803138292262 HTTP/2.0" 200 21584 "https://llprecharge.in/buy.php?detail/03803822023903" "Mozilla/5.0 AppleWebKit/537.36 (KHTML, like Gecko; compatible; GPTBot/1.4; +https://openai.com/gptbot)"
136.243.228.180 - - [19/Sep/2026:18:22:29 +0530] "GET /buy.php?special/286007270.html HTTP/1.1" 200 21317 "-" "Mozilla/5.0 (compatible; DataForSeoBot/1.0; +https://dataforseo.com/dataforseo-bot)"
66.249.66.194 - - [19/Sep/2026:18:22:32 +0530] "GET /index.php?item/6084631823 HTTP/1.1" 404 20 "-" "Mozilla/5.0 (compatible; Googlebot/2.1; +http://www.google.com/bot.html)"
74.7.242.42 - - [19/Sep/2026:18:22:31 +0530] "GET /buy.php?detail/17604229179820 HTTP/2.0" 200 19948 "https://www.llprecharge.in/buy.php?detail/22600258752241" "Mozilla/5.0 AppleWebKit/537.36 (KHTML, like Gecko; compatible; GPTBot/1.4; +https://openai.com/gptbot)"
66.249.66.194 - - [19/Sep/2026:18:22:33 +0530] "GET /index.php?item/4084250067 HTTP/1.1" 404 20 "-" "Mozilla/5.0 (Linux; Android 6.0.1; Nexus 5X Build/MMB29P) AppleWebKit/537.36 (KHTML, like Gecko) Chrome/153.0.8010.47 Mobile Safari/537.36 (compatible; Googlebot/2.1; +http://www.google.com/bot.html)"
49.43.152.35 - - [19/Sep/2026:18:22:16 +0530] "GET /LLPRECHARGE/Admin/recharge_report.php HTTP/2.0" 200 5811 "https://www.llprecharge.in/LLPRECHARGE/Admin/recharge_report.php" "Mozilla/5.0 (Macintosh; Intel Mac OS X 10_15_7) AppleWebKit/537.36 (KHTML, like Gecko) Chrome/151.0.0.0 Safari/537.36 OPR/135.0.0.0"
74.7.243.193 - - [19/Sep/2026:18:22:32 +0530] "GET /buy.php?detail/19301093705317 HTTP/2.0" 200 21254 "https://llprecharge.in/buy.php?detail/20600486507279" "Mozilla/5.0 AppleWebKit/537.36 (KHTML, like Gecko; compatible; GPTBot/1.4; +https://openai.com/gptbot)"
136.243.228.180 - - [19/Sep/2026:18:22:34 +0530] "GET /buy.php?special/148005254.html HTTP/1.1" 200 20908 "-" "Mozilla/5.0 (compatible; DataForSeoBot/1.0; +https://dataforseo.com/dataforseo-bot)"
74.7.242.42 - - [19/Sep/2026:18:22:34 +0530] "GET /buy.php?detail/10704426047418 HTTP/2.0" 200 19990 "https://www.llprecharge.in/buy.php?detail/21600738489960" "Mozilla/5.0 AppleWebKit/537.36 (KHTML, like Gecko; compatible; GPTBot/1.4; +https://openai.com/gptbot)"
74.7.243.193 - - [19/Sep/2026:18:22:34 +0530] "GET /buy.php?detail/03803137204816 HTTP/2.0" 200 21146 "https://llprecharge.in/buy.php?detail/03803822023903" "Mozilla/5.0 AppleWebKit/537.36 (KHTML, like Gecko; compatible; GPTBot/1.4; +https://openai.com/gptbot)"
74.7.242.42 - - [19/Sep/2026:18:22:36 +0530] "GET /buy.php?detail/27501842201748 HTTP/2.0" 200 20628 "https://www.llprecharge.in/buy.php?detail/12803434589415" "Mozilla/5.0 AppleWebKit/537.36 (KHTML, like Gecko; compatible; GPTBot/1.4; +https://openai.com/gptbot)"
74.7.243.193 - - [19/Sep/2026:18:22:37 +0530] "GET /buy.php?detail/06402413339662 HTTP/2.0" 200 21049 "https://llprecharge.in/buy.php?detail/06402446791916" "Mozilla/5.0 AppleWebKit/537.36 (KHTML, like Gecko; compatible; GPTBot/1.4; +https://openai.com/gptbot)"
66.249.66.33 - - [19/Sep/2026:18:22:39 +0530] "GET /?e=s6l2a1v1e2r7e5r1627 HTTP/1.1" 200 1838 "-" "Mozilla/5.0 (Linux; Android 6.0.1; Nexus 5X Build/MMB29P) AppleWebKit/537.36 (KHTML, like Gecko) Chrome/153.0.8010.47 Mobile Safari/537.36 (compatible; Googlebot/2.1; +http://www.google.com/bot.html)"
136.243.228.180 - - [19/Sep/2026:18:22:38 +0530] "GET /buy.php?special/006040102.html HTTP/1.1" 200 20591 "-" "Mozilla/5.0 (compatible; DataForSeoBot/1.0; +https://dataforseo.com/dataforseo-bot)"
74.7.242.42 - - [19/Sep/2026:18:22:38 +0530] "GET /buy.php?detail/22600648424358 HTTP/2.0" 200 20826 "https://www.llprecharge.in/buy.php?detail/22600258752241" "Mozilla/5.0 AppleWebKit/537.36 (KHTML, like Gecko; compatible; GPTBot/1.4; +https://openai.com/gptbot)"
74.7.243.193 - - [19/Sep/2026:18:22:39 +0530] "GET /buy.php?detail/20600440806036 HTTP/2.0" 200 21208 "https://llprecharge.in/buy.php?detail/20600486507279" "Mozilla/5.0 AppleWebKit/537.36 (KHTML, like Gecko; compatible; GPTBot/1.4; +https://openai.com/gptbot)"
66.249.66.194 - - [19/Sep/2026:18:22:42 +0530] "GET /shops/indomable/n4o3n5j2u0d8g8m5e6n8t2al HTTP/1.1" 404 - "-" "Mozilla/5.0 (Linux; Android 6.0.1; Nexus 5X Build/MMB29P) AppleWebKit/537.36 (KHTML, like Gecko) Chrome/153.0.8010.47 Mobile Safari/537.36 (compatible; Googlebot/2.1; +http://www.google.com/bot.html)"
74.7.242.42 - - [19/Sep/2026:18:22:41 +0530] "GET /buy.php?detail/13900311512372 HTTP/2.0" 200 20263 "https://www.llprecharge.in/buy.php?detail/07600303964839" "Mozilla/5.0 AppleWebKit/537.36 (KHTML, like Gecko; compatible; GPTBot/1.4; +https://openai.com/gptbot)"
66.249.66.67 - - [19/Sep/2026:18:22:43 +0530] "GET /?e=e9n1c8l4a0v2e4m8e0n1t0 HTTP/1.1" 200 1838 "-" "Mozilla/5.0 (Linux; Android 6.0.1; Nexus 5X Build/MMB29P) AppleWebKit/537.36 (KHTML, like Gecko) Chrome/153.0.8010.47 Mobile Safari/537.36 (compatible; Googlebot/2.1; +http://www.google.com/bot.html)"
136.243.228.180 - - [19/Sep/2026:18:22:41 +0530] "GET /buy.php?category/244_2686_4424/1 HTTP/1.1" 200 23150 "-" "Mozilla/5.0 (compatible; DataForSeoBot/1.0; +https://dataforseo.com/dataforseo-bot)"
