74.7.242.42 - - [19/Sep/2026:18:29:40 +0530] "GET /buy.php?detail/09200029860485 HTTP/2.0" 200 20842 "https://www.llprecharge.in/buy.php?detail/09200007828055" "Mozilla/5.0 AppleWebKit/537.36 (KHTML, like Gecko; compatible; GPTBot/1.4; +https://openai.com/gptbot)"
74.7.243.193 - - [19/Sep/2026:18:29:40 +0530] "GET /buy.php?detail/18704177068226 HTTP/2.0" 200 21002 "https://llprecharge.in/buy.php?jp/187039666.html" "Mozilla/5.0 AppleWebKit/537.36 (KHTML, like Gecko; compatible; GPTBot/1.4; +https://openai.com/gptbot)"
74.7.242.42 - - [19/Sep/2026:18:29:42 +0530] "GET /buy.php?detail/00301248417717 HTTP/2.0" 200 20759 "https://www.llprecharge.in/buy.php?detail/05001789640058" "Mozilla/5.0 AppleWebKit/537.36 (KHTML, like Gecko; compatible; GPTBot/1.4; +https://openai.com/gptbot)"
74.7.243.193 - - [19/Sep/2026:18:29:42 +0530] "GET /buy.php?detail/15300009796645 HTTP/2.0" 200 22259 "https://llprecharge.in/buy.php?detail/14100817480513" "Mozilla/5.0 AppleWebKit/537.36 (KHTML, like Gecko; compatible; GPTBot/1.4; +https://openai.com/gptbot)"
74.7.243.193 - - [19/Sep/2026:18:29:45 +0530] "GET /buy.php?detail/21601358192452 HTTP/2.0" 200 22217 "https://llprecharge.in/buy.php?detail/21601765223148" "Mozilla/5.0 AppleWebKit/537.36 (KHTML, like Gecko; compatible; GPTBot/1.4; +https://openai.com/gptbot)"
74.7.242.42 - - [19/Sep/2026:18:29:44 +0530] "GET /buy.php?detail/25103257155682 HTTP/2.0" 200 20863 "https://www.llprecharge.in/buy.php?detail/25104372213356" "Mozilla/5.0 AppleWebKit/537.36 (KHTML, like Gecko; compatible; GPTBot/1.4; +https://openai.com/gptbot)"
66.249.66.194 - - [19/Sep/2026:18:29:47 +0530] "GET /?disoriented/83348721062 HTTP/1.1" 200 1838 "-" "Mozilla/5.0 (Linux; Android 6.0.1; Nexus 5X Build/MMB29P) AppleWebKit/537.36 (KHTML, like Gecko) Chrome/153.0.8010.47 Mobile Safari/537.36 (compatible; Googlebot/2.1; +http://www.google.com/bot.html)"
74.7.242.42 - - [19/Sep/2026:18:29:47 +0530] "GET /buy.php?detail/25001252153811 HTTP/2.0" 200 20552 "https://www.llprecharge.in/buy.php?detail/25001241822545" "Mozilla/5.0 AppleWebKit/537.36 (KHTML, like Gecko; compatible; GPTBot/1.4; +https://openai.com/gptbot)"
74.7.243.193 - - [19/Sep/2026:18:29:47 +0530] "GET /buy.php?detail/14100906504518 HTTP/2.0" 200 24126 "https://llprecharge.in/buy.php?detail/14100817480513" "Mozilla/5.0 AppleWebKit/537.36 (KHTML, like Gecko; compatible; GPTBot/1.4; +https://openai.com/gptbot)"
74.7.242.42 - - [19/Sep/2026:18:29:49 +0530] "GET /buy.php?detail/21704777373721 HTTP/2.0" 200 24140 "https://www.llprecharge.in/buy.php?detail/25001241822545" "Mozilla/5.0 AppleWebKit/537.36 (KHTML, like Gecko; compatible; GPTBot/1.4; +https://openai.com/gptbot)"
74.7.243.193 - - [19/Sep/2026:18:29:50 +0530] "GET /buy.php?detail/25900564657460 HTTP/2.0" 200 20831 "https://llprecharge.in/buy.php?detail/25900847803552" "Mozilla/5.0 AppleWebKit/537.36 (KHTML, like Gecko; compatible; GPTBot/1.4; +https://openai.com/gptbot)"
74.7.242.42 - - [19/Sep/2026:18:29:52 +0530] "GET /buy.php?detail/25001251278593 HTTP/2.0" 200 21213 "https://www.llprecharge.in/buy.php?detail/25001241822545" "Mozilla/5.0 AppleWebKit/537.36 (KHTML, like Gecko; compatible; GPTBot/1.4; +https://openai.com/gptbot)"
74.7.243.193 - - [19/Sep/2026:18:29:52 +0530] "GET /buy.php?detail/25900566051224 HTTP/2.0" 200 21239 "https://llprecharge.in/buy.php?detail/25900847803552" "Mozilla/5.0 AppleWebKit/537.36 (KHTML, like Gecko; compatible; GPTBot/1.4; +https://openai.com/gptbot)"
136.243.228.180 - - [19/Sep/2026:18:29:52 +0530] "GET /buy.php?goods/273016422 HTTP/1.1" 200 20057 "-" "Mozilla/5.0 (compatible; DataForSeoBot/1.0; +https://dataforseo.com/dataforseo-bot)"
74.7.242.42 - - [19/Sep/2026:18:29:54 +0530] "GET /buy.php?detail/25001201376418 HTTP/2.0" 200 21013 "https://www.llprecharge.in/buy.php?detail/25000952806423" "Mozilla/5.0 AppleWebKit/537.36 (KHTML, like Gecko; compatible; GPTBot/1.4; +https://openai.com/gptbot)"
66.249.66.195 - - [19/Sep/2026:18:29:56 +0530] "GET /?e=n8i2m5b7l2e3n1e7s5s9 HTTP/1.1" 200 1838 "-" "Mozilla/5.0 (Linux; Android 6.0.1; Nexus 5X Build/MMB29P) AppleWebKit/537.36 (KHTML, like Gecko) Chrome/153.0.8010.47 Mobile Safari/537.36 (compatible; Googlebot/2.1; +http://www.google.com/bot.html)"
74.7.243.193 - - [19/Sep/2026:18:29:54 +0530] "GET /buy.php?detail/29702974837732 HTTP/2.0" 200 21988 "https://llprecharge.in/buy.php?detail/05701200682762" "Mozilla/5.0 AppleWebKit/537.36 (KHTML, like Gecko; compatible; GPTBot/1.4; +https://openai.com/gptbot)"
66.249.66.67 - - [19/Sep/2026:18:29:57 +0530] "GET /?e=i3n6s7c7o8n9c9e829 HTTP/1.1" 200 1838 "-" "Mozilla/5.0 (Linux; Android 6.0.1; Nexus 5X Build/MMB29P) AppleWebKit/537.36 (KHTML, like Gecko) Chrome/153.0.8010.47 Mobile Safari/537.36 (compatible; Googlebot/2.1; +http://www.google.com/bot.html)"
136.243.228.180 - - [19/Sep/2026:18:29:56 +0530] "GET /buy.php?goods/273016432 HTTP/1.1" 200 20187 "-" "Mozilla/5.0 (compatible; DataForSeoBot/1.0; +https://dataforseo.com/dataforseo-bot)"
74.7.242.42 - - [19/Sep/2026:18:29:57 +0530] "GET /buy.php?detail/03501022540209 HTTP/2.0" 200 20414 "https://www.llprecharge.in/buy.php?detail/03501134100502" "Mozilla/5.0 AppleWebKit/537.36 (KHTML, like Gecko; compatible; GPTBot/1.4; +https://openai.com/gptbot)"
74.7.243.193 - - [19/Sep/2026:18:29:57 +0530] "GET /buy.php?detail/25900566484224 HTTP/2.0" 200 21247 "https://llprecharge.in/buy.php?detail/25900847803552" "Mozilla/5.0 AppleWebKit/537.36 (KHTML, like Gecko; compatible; GPTBot/1.4; +https://openai.com/gptbot)"
74.7.242.42 - - [19/Sep/2026:18:29:59 +0530] "GET /buy.php?detail/03501022886869 HTTP/2.0" 200 20565 "https://www.llprecharge.in/buy.php?detail/03501134100502" "Mozilla/5.0 AppleWebKit/537.36 (KHTML, like Gecko; compatible; GPTBot/1.4; +https://openai.com/gptbot)"
74.7.243.193 - - [19/Sep/2026:18:30:00 +0530] "GET /buy.php?detail/01304224613526 HTTP/2.0" 200 23288 "https://llprecharge.in/buy.php?detail/15701794688822" "Mozilla/5.0 AppleWebKit/537.36 (KHTML, like Gecko; compatible; GPTBot/1.4; +https://openai.com/gptbot)"
136.243.228.180 - - [19/Sep/2026:18:30:01 +0530] "GET /buy.php?special/273016443.html HTTP/1.1" 200 19955 "-" "Mozilla/5.0 (compatible; DataForSeoBot/1.0; +https://dataforseo.com/dataforseo-bot)"
74.7.242.42 - - [19/Sep/2026:18:30:02 +0530] "GET /buy.php?detail/08500296504114 HTTP/2.0" 200 22265 "https://www.llprecharge.in/buy.php?detail/08500312449413" "Mozilla/5.0 AppleWebKit/537.36 (KHTML, like Gecko; compatible; GPTBot/1.4; +https://openai.com/gptbot)"
66.249.66.35 - - [19/Sep/2026:18:30:06 +0530] "GET /?chondropterygia/42398310536 HTTP/1.1" 200 1838 "-" "Mozilla/5.0 (Linux; Android 6.0.1; Nexus 5X Build/MMB29P) AppleWebKit/537.36 (KHTML, like Gecko) Chrome/153.0.8010.47 Mobile Safari/537.36 (compatible; Googlebot/2.1; +http://www.google.com/bot.html)"
74.7.242.42 - - [19/Sep/2026:18:30:05 +0530] "GET /buy.php?detail/17102522620101 HTTP/2.0" 200 21197 "https://www.llprecharge.in/buy.php?detail/06604424254270" "Mozilla/5.0 AppleWebKit/537.36 (KHTML, like Gecko; compatible; GPTBot/1.4; +https://openai.com/gptbot)"
74.7.243.193 - - [19/Sep/2026:18:30:02 +0530] "GET /buy.php?detail/16301765588536 HTTP/2.0" 200 20408 "https://llprecharge.in/buy.php?detail/16303397322262" "Mozilla/5.0 AppleWebKit/537.36 (KHTML, like Gecko; compatible; GPTBot/1.4; +https://openai.com/gptbot)"
136.243.228.180 - - [19/Sep/2026:18:30:05 +0530] "GET /buy.php?special/088049650.html HTTP/1.1" 200 20531 "-" "Mozilla/5.0 (compatible; DataForSeoBot/1.0; +https://dataforseo.com/dataforseo-bot)"
66.249.66.194 - - [19/Sep/2026:18:30:07 +0530] "GET /malambo/onkotomy/r4o3s9a7r0y53898 HTTP/1.1" 404 - "-" "Mozilla/5.0 (Linux; Android 6.0.1; Nexus 5X Build/MMB29P) AppleWebKit/537.36 (KHTML, like Gecko) Chrome/153.0.8010.47 Mobile Safari/537.36 (compatible; Googlebot/2.1; +http://www.google.com/bot.html)"
66.249.66.35 - - [19/Sep/2026:18:30:08 +0530] "GET /?e=r6a3d8i0o8t3e8l1e5g2r8aphy HTTP/1.1" 200 1838 "-" "Mozilla/5.0 (Linux; Android 6.0.1; Nexus 5X Build/MMB29P) AppleWebKit/537.36 (KHTML, like Gecko) Chrome/153.0.8010.47 Mobile Safari/537.36 (compatible; Googlebot/2.1; +http://www.google.com/bot.html)"
74.7.243.193 - - [19/Sep/2026:18:30:07 +0530] "GET /buy.php?detail/00600363686538 HTTP/2.0" 200 20826 "https://llprecharge.in/buy.php?detail/15701794688822" "Mozilla/5.0 AppleWebKit/537.36 (KHTML, like Gecko; compatible; GPTBot/1.4; +https://openai.com/gptbot)"
66.249.66.67 - - [19/Sep/2026:18:30:09 +0530] "GET /?e=u0n3g6u6l9a3t0a8926 HTTP/1.1" 200 1838 "-" "Mozilla/5.0 (Linux; Android 6.0.1; Nexus 5X Build/MMB29P) AppleWebKit/537.36 (KHTML, like Gecko) Chrome/153.0.8010.47 Mobile Safari/537.36 (compatible; Googlebot/2.1; +http://www.google.com/bot.html)"
74.7.242.42 - - [19/Sep/2026:18:30:07 +0530] "GET /buy.php?detail/21002137447142 HTTP/2.0" 200 21736 "https://www.llprecharge.in/buy.php?detail/09200029860485" "Mozilla/5.0 AppleWebKit/537.36 (KHTML, like Gecko; compatible; GPTBot/1.4; +https://openai.com/gptbot)"
66.249.66.33 - - [19/Sep/2026:18:30:10 +0530] "GET /shops/hypocarp/d2i9s2g8r3a4d8e90 HTTP/1.1" 404 - "-" "Mozilla/5.0 (Linux; Android 6.0.1; Nexus 5X Build/MMB29P) AppleWebKit/537.36 (KHTML, like Gecko) Chrome/153.0.8010.47 Mobile Safari/537.36 (compatible; Googlebot/2.1; +http://www.google.com/bot.html)"
66.249.66.34 - - [19/Sep/2026:18:30:10 +0530] "GET /?e=h1o2p7e9l9e5s4s0n2e7s7s HTTP/1.1" 200 1838 "-" "Mozilla/5.0 (Linux; Android 6.0.1; Nexus 5X Build/MMB29P) AppleWebKit/537.36 (KHTML, like Gecko) Chrome/153.0.8010.47 Mobile Safari/537.36 (compatible; Googlebot/2.1; +http://www.google.com/bot.html)"
65.21.113.253 - - [19/Sep/2026:18:30:11 +0530] "GET /robots.txt HTTP/1.1" 200 368 "-" "Mozilla/5.0 (compatible; AwarioBot/1.0; +https://awario.com/bots.html)"
66.249.66.68 - - [19/Sep/2026:18:30:11 +0530] "GET /?e=o8v2e1r6b6o2o2k5i9s3h6 HTTP/1.1" 200 1838 "-" "Mozilla/5.0 (Linux; Android 6.0.1; Nexus 5X Build/MMB29P) AppleWebKit/537.36 (KHTML, like Gecko) Chrome/153.0.8010.47 Mobile Safari/537.36 (compatible; Googlebot/2.1; +http://www.google.com/bot.html)"
74.7.243.193 - - [19/Sep/2026:18:30:09 +0530] "GET /buy.php?detail/15803033726358 HTTP/2.0" 200 21402 "https://llprecharge.in/buy.php?detail/18704177068226" "Mozilla/5.0 AppleWebKit/537.36 (KHTML, like Gecko; compatible; GPTBot/1.4; +https://openai.com/gptbot)"
66.249.66.196 - - [19/Sep/2026:18:30:12 +0530] "GET /?koolokamba/52607680 HTTP/1.1" 200 1838 "-" "Mozilla/5.0 (Linux; Android 6.0.1; Nexus 5X Build/MMB29P) AppleWebKit/537.36 (KHTML, like Gecko) Chrome/153.0.8010.47 Mobile Safari/537.36 (compatible; Googlebot/2.1; +http://www.google.com/bot.html)"
74.7.242.42 - - [19/Sep/2026:18:30:10 +0530] "GET /buy.php?detail/19801474139216 HTTP/2.0" 200 22695 "https://www.llprecharge.in/buy.php?detail/19801693078207" "Mozilla/5.0 AppleWebKit/537.36 (KHTML, like Gecko; compatible; GPTBot/1.4; +https://openai.com/gptbot)"
45.142.237.107 - - [19/Sep/2026:18:30:09 +0530] "GET /LLPRECHARGE/user/API.php?userid=AU1120&token=COgjiOKqElD][CQ[Dk3rSRChT]73F2NK&partnerid=172238145&opcode=21&mobile=9119756285&amount=349 HTTP/1.1" 200 104 "-" "-"
66.249.66.195 - - [19/Sep/2026:18:30:12 +0530] "GET /?hermitical/22990275788 HTTP/1.1" 200 1838 "-" "Mozilla/5.0 (Linux; Android 6.0.1; Nexus 5X Build/MMB29P) AppleWebKit/537.36 (KHTML, like Gecko) Chrome/153.0.8010.47 Mobile Safari/537.36 (compatible; Googlebot/2.1; +http://www.google.com/bot.html)"
65.21.113.253 - - [19/Sep/2026:18:30:11 +0530] "GET /buy.php?category/119_1722_1723/1 HTTP/1.1" 200 128963 "-" "Mozilla/5.0 (compatible; AwarioBot/1.0; +https://awario.com/bots.html)"
74.7.242.42 - - [19/Sep/2026:18:30:12 +0530] "GET /buy.php?detail/19200602420463 HTTP/2.0" 200 20741 "https://www.llprecharge.in/buy.php?detail/25103257155682" "Mozilla/5.0 AppleWebKit/537.36 (KHTML, like Gecko; compatible; GPTBot/1.4; +https://openai.com/gptbot)"
136.243.228.180 - - [19/Sep/2026:18:30:09 +0530] "GET /buy.php?special/281006097.html HTTP/1.1" 200 22420 "-" "Mozilla/5.0 (compatible; DataForSeoBot/1.0; +https://dataforseo.com/dataforseo-bot)"
74.7.243.193 - - [19/Sep/2026:18:30:12 +0530] "GET /buy.php?detail/15302370027402 HTTP/2.0" 200 20114 "https://llprecharge.in/buy.php?detail/15300009796645" "Mozilla/5.0 AppleWebKit/537.36 (KHTML, like Gecko; compatible; GPTBot/1.4; +https://openai.com/gptbot)"
74.7.243.193 - - [19/Sep/2026:18:30:15 +0530] "GET /buy.php?detail/15300002441662 HTTP/2.0" 200 22262 "https://llprecharge.in/buy.php?detail/15300009796645" "Mozilla/5.0 AppleWebKit/537.36 (KHTML, like Gecko; compatible; GPTBot/1.4; +https://openai.com/gptbot)"
168.119.209.108 - - [19/Sep/2026:18:30:18 +0530] "GET /user/api_balance.php?userid=AU1121&token=dMgDWkPbbsmeca76X0lncsVCYVjIE61Q HTTP/1.1" 500 - "-" "RestSharp/106.13.0.0"
74.7.242.42 - - [19/Sep/2026:18:30:15 +0530] "GET /buy.php?detail/24304412036316 HTTP/2.0" 200 21509 "https://www.llprecharge.in/buy.php?detail/14104452642049" "Mozilla/5.0 AppleWebKit/537.36 (KHTML, like Gecko; compatible; GPTBot/1.4; +https://openai.com/gptbot)"
74.7.243.193 - - [19/Sep/2026:18:30:18 +0530] "GET /buy.php?detail/21302525282140 HTTP/2.0" 200 20057 "https://llprecharge.in/buy.php?detail/14100906504518" "Mozilla/5.0 AppleWebKit/537.36 (KHTML, like Gecko; compatible; GPTBot/1.4; +https://openai.com/gptbot)"
136.243.228.180 - - [19/Sep/2026:18:30:16 +0530] "GET /buy.php?special/268022812.html HTTP/1.1" 200 22572 "-" "Mozilla/5.0 (compatible; DataForSeoBot/1.0; +https://dataforseo.com/dataforseo-bot)"
74.7.242.42 - - [19/Sep/2026:18:30:19 +0530] "GET /buy.php?detail/14101625191344 HTTP/2.0" 200 20712 "https://www.llprecharge.in/buy.php?detail/00301248417717" "Mozilla/5.0 AppleWebKit/537.36 (KHTML, like Gecko; compatible; GPTBot/1.4; +https://openai.com/gptbot)"
74.7.243.193 - - [19/Sep/2026:18:30:20 +0530] "GET /buy.php?detail/25900814175553 HTTP/2.0" 200 21080 "https://llprecharge.in/buy.php?detail/25900564657460" "Mozilla/5.0 AppleWebKit/537.36 (KHTML, like Gecko; compatible; GPTBot/1.4; +https://openai.com/gptbot)"
74.7.242.42 - - [19/Sep/2026:18:30:21 +0530] "GET /buy.php?detail/25001204114002 HTTP/2.0" 200 20676 "https://www.llprecharge.in/buy.php?detail/25000952806423" "Mozilla/5.0 AppleWebKit/537.36 (KHTML, like Gecko; compatible; GPTBot/1.4; +https://openai.com/gptbot)"
136.243.228.180 - - [19/Sep/2026:18:30:22 +0530] "GET /buy.php?special/144039660.html HTTP/1.1" 200 20765 "-" "Mozilla/5.0 (compatible; DataForSeoBot/1.0; +https://dataforseo.com/dataforseo-bot)"
65.21.113.253 - - [19/Sep/2026:18:30:23 +0530] "GET /buy.php?category/119_1722_3676_3677/1 HTTP/1.1" 200 144806 "-" "Mozilla/5.0 (compatible; AwarioBot/1.0; +https://awario.com/bots.html)"
74.7.242.42 - - [19/Sep/2026:18:30:24 +0530] "GET /buy.php?detail/25000950857396 HTTP/2.0" 200 20924 "https://www.llprecharge.in/buy.php?detail/25001201376418" "Mozilla/5.0 AppleWebKit/537.36 (KHTML, like Gecko; compatible; GPTBot/1.4; +https://openai.com/gptbot)"
66.249.66.194 - - [19/Sep/2026:18:30:26 +0530] "GET /item/2085090758 HTTP/1.1" 404 - "-" "Mozilla/5.0 (Linux; Android 6.0.1; Nexus 5X Build/MMB29P) AppleWebKit/537.36 (KHTML, like Gecko) Chrome/153.0.8010.47 Mobile Safari/537.36 (compatible; Googlebot/2.1; +http://www.google.com/bot.html)"
74.7.243.193 - - [19/Sep/2026:18:30:23 +0530] "GET /buy.php?detail/04801124961944 HTTP/2.0" 200 21780 "https://llprecharge.in/buy.php?detail/18704177068226" "Mozilla/5.0 AppleWebKit/537.36 (KHTML, like Gecko; compatible; GPTBot/1.4; +https://openai.com/gptbot)"
74.7.242.42 - - [19/Sep/2026:18:30:26 +0530] "GET /buy.php?detail/03501020419205 HTTP/2.0" 200 20436 "https://www.llprecharge.in/buy.php?detail/03501022540209" "Mozilla/5.0 AppleWebKit/537.36 (KHTML, like Gecko; compatible; GPTBot/1.4; +https://openai.com/gptbot)"
136.243.228.180 - - [19/Sep/2026:18:30:27 +0530] "GET /buy.php?special/249009465.html HTTP/1.1" 200 21891 "-" "Mozilla/5.0 (compatible; DataForSeoBot/1.0; +https://dataforseo.com/dataforseo-bot)"
74.7.242.42 - - [19/Sep/2026:18:30:28 +0530] "GET /buy.php?detail/03501020750788 HTTP/2.0" 200 20320 "https://www.llprecharge.in/buy.php?detail/03501022540209" "Mozilla/5.0 AppleWebKit/537.36 (KHTML, like Gecko; compatible; GPTBot/1.4; +https://openai.com/gptbot)"
74.7.243.193 - - [19/Sep/2026:18:30:28 +0530] "GET /buy.php?detail/29702947099038 HTTP/2.0" 200 20633 "https://llprecharge.in/buy.php?detail/29702974837732" "Mozilla/5.0 AppleWebKit/537.36 (KHTML, like Gecko; compatible; GPTBot/1.4; +https://openai.com/gptbot)"
74.7.243.193 - - [19/Sep/2026:18:30:31 +0530] "GET /buy.php?jp/215034098.html HTTP/2.0" 200 20337 "https://llprecharge.in/buy.php?detail/25900566484224" "Mozilla/5.0 AppleWebKit/537.36 (KHTML, like Gecko; compatible; GPTBot/1.4; +https://openai.com/gptbot)"
74.7.242.42 - - [19/Sep/2026:18:30:31 +0530] "GET /buy.php?detail/08500385139232 HTTP/2.0" 200 22302 "https://www.llprecharge.in/buy.php?detail/08500296504114" "Mozilla/5.0 AppleWebKit/537.36 (KHTML, like Gecko; compatible; GPTBot/1.4; +https://openai.com/gptbot)"
65.21.113.253 - - [19/Sep/2026:18:30:32 +0530] "GET /buy.php?category/119_2524/1 HTTP/1.1" 200 140575 "-" "Mozilla/5.0 (compatible; AwarioBot/1.0; +https://awario.com/bots.html)"
74.7.242.42 - - [19/Sep/2026:18:30:34 +0530] "GET /buy.php?detail/09201796014577 HTTP/2.0" 200 20473 "https://www.llprecharge.in/buy.php?detail/25001201376418" "Mozilla/5.0 AppleWebKit/537.36 (KHTML, like Gecko; compatible; GPTBot/1.4; +https://openai.com/gptbot)"
74.7.243.193 - - [19/Sep/2026:18:30:33 +0530] "GET /buy.php?detail/25900958219128 HTTP/2.0" 200 21969 "https://llprecharge.in/buy.php?detail/25900566051224" "Mozilla/5.0 AppleWebKit/537.36 (KHTML, like Gecko; compatible; GPTBot/1.4; +https://openai.com/gptbot)"
136.243.228.180 - - [19/Sep/2026:18:30:30 +0530] "GET /buy.php?special/268022794.html HTTP/1.1" 200 22591 "-" "Mozilla/5.0 (compatible; DataForSeoBot/1.0; +https://dataforseo.com/dataforseo-bot)"
74.7.243.193 - - [19/Sep/2026:18:30:36 +0530] "GET /buy.php?detail/135005490547 HTTP/2.0" 200 22188 "https://llprecharge.in/buy.php?detail/16301765588536" "Mozilla/5.0 AppleWebKit/537.36 (KHTML, like Gecko; compatible; GPTBot/1.4; +https://openai.com/gptbot)"
74.7.242.42 - - [19/Sep/2026:18:30:36 +0530] "GET /buy.php?detail/14703043198319 HTTP/2.0" 200 20105 "https://www.llprecharge.in/buy.php?detail/17102522620101" "Mozilla/5.0 AppleWebKit/537.36 (KHTML, like Gecko; compatible; GPTBot/1.4; +https://openai.com/gptbot)"
65.21.113.253 - - [19/Sep/2026:18:30:37 +0530] "GET /buy.php?category/119_2524_3160/1 HTTP/1.1" 200 117956 "-" "Mozilla/5.0 (compatible; AwarioBot/1.0; +https://awario.com/bots.html)"
66.249.66.194 - - [19/Sep/2026:18:30:39 +0530] "GET /index.php?item/1060020988 HTTP/1.1" 404 20 "-" "Mozilla/5.0 (Linux; Android 6.0.1; Nexus 5X Build/MMB29P) AppleWebKit/537.36 (KHTML, like Gecko) Chrome/153.0.8010.47 Mobile Safari/537.36 (compatible; Googlebot/2.1; +http://www.google.com/bot.html)"
74.7.243.193 - - [19/Sep/2026:18:30:38 +0530] "GET /buy.php?detail/16301683646688 HTTP/2.0" 200 20409 "https://llprecharge.in/buy.php?detail/16301765588536" "Mozilla/5.0 AppleWebKit/537.36 (KHTML, like Gecko; compatible; GPTBot/1.4; +https://openai.com/gptbot)"
74.7.242.42 - - [19/Sep/2026:18:30:39 +0530] "GET /buy.php?jp/198010809.html HTTP/2.0" 200 22128 "https://www.llprecharge.in/buy.php?detail/19801474139216" "Mozilla/5.0 AppleWebKit/537.36 (KHTML, like Gecko; compatible; GPTBot/1.4; +https://openai.com/gptbot)"
136.243.228.180 - - [19/Sep/2026:18:30:39 +0530] "GET /buy.php?special/268022804.html HTTP/1.1" 200 22743 "-" "Mozilla/5.0 (compatible; DataForSeoBot/1.0; +https://dataforseo.com/dataforseo-bot)"
74.7.243.193 - - [19/Sep/2026:18:30:40 +0530] "GET /buy.php?detail/16301682831558 HTTP/2.0" 200 20262 "https://llprecharge.in/buy.php?detail/16301765588536" "Mozilla/5.0 AppleWebKit/537.36 (KHTML, like Gecko; compatible; GPTBot/1.4; +https://openai.com/gptbot)"
65.21.113.253 - - [19/Sep/2026:18:30:41 +0530] "GET /buy.php?category/119_4631/1 HTTP/1.1" 200 118006 "-" "Mozilla/5.0 (compatible; AwarioBot/1.0; +https://awario.com/bots.html)"
74.7.242.42 - - [19/Sep/2026:18:30:42 +0530] "GET /buy.php?detail/21001551167969 HTTP/2.0" 200 21744 "https://www.llprecharge.in/buy.php?detail/21002137447142" "Mozilla/5.0 AppleWebKit/537.36 (KHTML, like Gecko; compatible; GPTBot/1.4; +https://openai.com/gptbot)"
74.7.243.193 - - [19/Sep/2026:18:30:43 +0530] "GET /buy.php?detail/16301682507025 HTTP/2.0" 200 20732 "https://llprecharge.in/buy.php?detail/16301765588536" "Mozilla/5.0 AppleWebKit/537.36 (KHTML, like Gecko; compatible; GPTBot/1.4; +https://openai.com/gptbot)"
136.243.228.180 - - [19/Sep/2026:18:30:43 +0530] "GET /buy.php?detail/268022797184 HTTP/1.1" 200 22234 "-" "Mozilla/5.0 (compatible; DataForSeoBot/1.0; +https://dataforseo.com/dataforseo-bot)"
74.7.242.42 - - [19/Sep/2026:18:30:44 +0530] "GET /buy.php?detail/19801079774241 HTTP/2.0" 200 22336 "https://www.llprecharge.in/buy.php?detail/19801474139216" "Mozilla/5.0 AppleWebKit/537.36 (KHTML, like Gecko; compatible; GPTBot/1.4; +https://openai.com/gptbot)"
74.7.243.193 - - [19/Sep/2026:18:30:45 +0530] "GET /buy.php?detail/27000969574524 HTTP/2.0" 200 22704 "https://llprecharge.in/buy.php?detail/15300002441662" "Mozilla/5.0 AppleWebKit/537.36 (KHTML, like Gecko; compatible; GPTBot/1.4; +https://openai.com/gptbot)"
74.7.242.42 - - [19/Sep/2026:18:30:47 +0530] "GET /buy.php?detail/14101725157171 HTTP/2.0" 200 21212 "https://www.llprecharge.in/buy.php?detail/14101625191344" "Mozilla/5.0 AppleWebKit/537.36 (KHTML, like Gecko; compatible; GPTBot/1.4; +https://openai.com/gptbot)"
136.243.228.180 - - [19/Sep/2026:18:30:47 +0530] "GET /buy.php?detail/26802280137137 HTTP/1.1" 200 22361 "-" "Mozilla/5.0 (compatible; DataForSeoBot/1.0; +https://dataforseo.com/dataforseo-bot)"
74.7.243.193 - - [19/Sep/2026:18:30:48 +0530] "GET /buy.php?detail/16301682741033 HTTP/2.0" 200 20753 "https://llprecharge.in/buy.php?detail/16301765588536" "Mozilla/5.0 AppleWebKit/537.36 (KHTML, like Gecko; compatible; GPTBot/1.4; +https://openai.com/gptbot)"
74.7.242.42 - - [19/Sep/2026:18:30:49 +0530] "GET /buy.php?detail/21704799458592 HTTP/2.0" 200 23249 "https://www.llprecharge.in/buy.php?detail/21704777373721" "Mozilla/5.0 AppleWebKit/537.36 (KHTML, like Gecko; compatible; GPTBot/1.4; +https://openai.com/gptbot)"
65.21.113.253 - - [19/Sep/2026:18:30:50 +0530] "GET /buy.php?category/119_4631_4632/1 HTTP/1.1" 200 120950 "-" "Mozilla/5.0 (compatible; AwarioBot/1.0; +https://awario.com/bots.html)"
74.7.243.193 - - [19/Sep/2026:18:30:51 +0530] "GET /buy.php?detail/03402309016441 HTTP/2.0" 200 21619 "https://llprecharge.in/buy.php?detail/21302525282140" "Mozilla/5.0 AppleWebKit/537.36 (KHTML, like Gecko; compatible; GPTBot/1.4; +https://openai.com/gptbot)"
136.243.228.180 - - [19/Sep/2026:18:30:51 +0530] "GET /buy.php?special/234034110.html HTTP/1.1" 200 20072 "-" "Mozilla/5.0 (compatible; DataForSeoBot/1.0; +https://dataforseo.com/dataforseo-bot)"
74.7.242.42 - - [19/Sep/2026:18:30:52 +0530] "GET /buy.php?detail/19801079304457 HTTP/2.0" 200 22760 "https://www.llprecharge.in/buy.php?detail/19801474139216" "Mozilla/5.0 AppleWebKit/537.36 (KHTML, like Gecko; compatible; GPTBot/1.4; +https://openai.com/gptbot)"
66.249.66.195 - - [19/Sep/2026:18:30:54 +0530] "GET /?ectoplastic/91657523411 HTTP/1.1" 200 1838 "-" "Mozilla/5.0 (Linux; Android 6.0.1; Nexus 5X Build/MMB29P) AppleWebKit/537.36 (KHTML, like Gecko) Chrome/153.0.8010.47 Mobile Safari/537.36 (compatible; Googlebot/2.1; +http://www.google.com/bot.html)"
66.249.66.194 - - [19/Sep/2026:18:30:55 +0530] "GET /shops/fascism/e3p2a4r0t4e5r0i3a5l55 HTTP/1.1" 404 - "-" "Mozilla/5.0 (Linux; Android 6.0.1; Nexus 5X Build/MMB29P) AppleWebKit/537.36 (KHTML, like Gecko) Chrome/153.0.8010.47 Mobile Safari/537.36 (compatible; Googlebot/2.1; +http://www.google.com/bot.html)"
66.249.66.194 - - [19/Sep/2026:18:30:55 +0530] "GET /?ceased/8940608302 HTTP/1.1" 200 1838 "-" "Mozilla/5.0 (Linux; Android 6.0.1; Nexus 5X Build/MMB29P) AppleWebKit/537.36 (KHTML, like Gecko) Chrome/153.0.8010.47 Mobile Safari/537.36 (compatible; Googlebot/2.1; +http://www.google.com/bot.html)"
74.7.243.193 - - [19/Sep/2026:18:30:53 +0530] "GET /buy.php?detail/20100484681528 HTTP/2.0" 200 23575 "https://llprecharge.in/buy.php?detail/16301765588536" "Mozilla/5.0 AppleWebKit/537.36 (KHTML, like Gecko; compatible; GPTBot/1.4; +https://openai.com/gptbot)"
66.249.66.195 - - [19/Sep/2026:18:30:56 +0530] "GET /?supracondyloid/52747404940 HTTP/1.1" 200 1838 "-" "Mozilla/5.0 (Linux; Android 6.0.1; Nexus 5X Build/MMB29P) AppleWebKit/537.36 (KHTML, like Gecko) Chrome/153.0.8010.47 Mobile Safari/537.36 (compatible; Googlebot/2.1; +http://www.google.com/bot.html)"
74.7.242.42 - - [19/Sep/2026:18:30:54 +0530] "GET /buy.php?detail/08402532195281 HTTP/2.0" 200 20866 "https://www.llprecharge.in/buy.php?detail/21704777373721" "Mozilla/5.0 AppleWebKit/537.36 (KHTML, like Gecko; compatible; GPTBot/1.4; +https://openai.com/gptbot)"
66.249.66.194 - - [19/Sep/2026:18:30:56 +0530] "GET /?e=s1h5o2p2w6o5m4a8n76 HTTP/1.1" 200 1838 "-" "Mozilla/5.0 (Linux; Android 6.0.1; Nexus 5X Build/MMB29P) AppleWebKit/537.36 (KHTML, like Gecko) Chrome/153.0.8010.47 Mobile Safari/537.36 (compatible; Googlebot/2.1; +http://www.google.com/bot.html)"
66.249.66.195 - - [19/Sep/2026:18:30:57 +0530] "GET /?pontiff/61071116894 HTTP/1.1" 200 1838 "-" "Mozilla/5.0 (Linux; Android 6.0.1; Nexus 5X Build/MMB29P) AppleWebKit/537.36 (KHTML, like Gecko) Chrome/153.0.8010.47 Mobile Safari/537.36 (compatible; Googlebot/2.1; +http://www.google.com/bot.html)"
136.243.228.180 - - [19/Sep/2026:18:30:55 +0530] "GET /buy.php?special/268022790.html HTTP/1.1" 200 22743 "-" "Mozilla/5.0 (compatible; DataForSeoBot/1.0; +https://dataforseo.com/dataforseo-bot)"
65.21.113.253 - - [19/Sep/2026:18:30:56 +0530] "GET /buy.php?category/119_5672/1 HTTP/1.1" 200 132720 "-" "Mozilla/5.0 (compatible; AwarioBot/1.0; +https://awario.com/bots.html)"
66.249.66.33 - - [19/Sep/2026:18:30:58 +0530] "GET /?e=p2l1a4t9y3c0e6p1h9a9l6ic HTTP/1.1" 200 1838 "-" "Mozilla/5.0 (Linux; Android 6.0.1; Nexus 5X Build/MMB29P) AppleWebKit/537.36 (KHTML, like Gecko) Chrome/153.0.8010.47 Mobile Safari/537.36 (compatible; Googlebot/2.1; +http://www.google.com/bot.html)"
66.249.66.194 - - [19/Sep/2026:18:30:58 +0530] "GET /tunhoof/devirginate/24286274074 HTTP/1.1" 404 - "-" "Mozilla/5.0 (Linux; Android 6.0.1; Nexus 5X Build/MMB29P) AppleWebKit/537.36 (KHTML, like Gecko) Chrome/153.0.8010.47 Mobile Safari/537.36 (compatible; Googlebot/2.1; +http://www.google.com/bot.html)"
74.7.243.193 - - [19/Sep/2026:18:30:56 +0530] "GET /buy.php?detail/11801056147209 HTTP/2.0" 200 20668 "https://llprecharge.in/buy.php?detail/21601358192452" "Mozilla/5.0 AppleWebKit/537.36 (KHTML, like Gecko; compatible; GPTBot/1.4; +https://openai.com/gptbot)"
66.249.66.195 - - [19/Sep/2026:18:30:58 +0530] "GET /shops/bullae/a3f2t7e5r9c9r3o7p546 HTTP/1.1" 404 - "-" "Mozilla/5.0 (Linux; Android 6.0.1; Nexus 5X Build/MMB29P) AppleWebKit/537.36 (KHTML, like Gecko) Chrome/153.0.8010.47 Mobile Safari/537.36 (compatible; Googlebot/2.1; +http://www.google.com/bot.html)"
74.7.242.42 - - [19/Sep/2026:18:30:57 +0530] "GET /buy.php?detail/14101654955046 HTTP/2.0" 200 20667 "https://www.llprecharge.in/buy.php?detail/25001051086953" "Mozilla/5.0 AppleWebKit/537.36 (KHTML, like Gecko; compatible; GPTBot/1.4; +https://openai.com/gptbot)"
66.249.66.33 - - [19/Sep/2026:18:30:59 +0530] "GET /?churlish/52290836495 HTTP/1.1" 200 1838 "-" "Mozilla/5.0 (Linux; Android 6.0.1; Nexus 5X Build/MMB29P) AppleWebKit/537.36 (KHTML, like Gecko) Chrome/153.0.8010.47 Mobile Safari/537.36 (compatible; Googlebot/2.1; +http://www.google.com/bot.html)"
66.249.66.33 - - [19/Sep/2026:18:30:59 +0530] "GET /?e=h5y2d4r4a6z9i7n8e967 HTTP/1.1" 200 1838 "-" "Mozilla/5.0 (Linux; Android 6.0.1; Nexus 5X Build/MMB29P) AppleWebKit/537.36 (KHTML, like Gecko) Chrome/153.0.8010.47 Mobile Safari/537.36 (compatible; Googlebot/2.1; +http://www.google.com/bot.html)"
66.249.66.194 - - [19/Sep/2026:18:31:00 +0530] "GET /index.php?nonconcluding/impression/s5t2y2l6i2d6i8a7c3e2a4e HTTP/1.1" 404 20 "-" "Mozilla/5.0 (Linux; Android 6.0.1; Nexus 5X Build/MMB29P) AppleWebKit/537.36 (KHTML, like Gecko) Chrome/153.0.8010.47 Mobile Safari/537.36 (compatible; Googlebot/2.1; +http://www.google.com/bot.html)"
74.7.243.193 - - [19/Sep/2026:18:30:58 +0530] "GET /buy.php?detail/15701730981685 HTTP/2.0" 200 21145 "https://llprecharge.in/buy.php?detail/15701794688822" "Mozilla/5.0 AppleWebKit/537.36 (KHTML, like Gecko; compatible; GPTBot/1.4; +https://openai.com/gptbot)"
66.249.66.195 - - [19/Sep/2026:18:31:01 +0530] "GET /?e=c7a2m4b0r3i2a17119 HTTP/1.1" 200 1838 "-" "Mozilla/5.0 (Linux; Android 6.0.1; Nexus 5X Build/MMB29P) AppleWebKit/537.36 (KHTML, like Gecko) Chrome/153.0.8010.47 Mobile Safari/537.36 (compatible; Googlebot/2.1; +http://www.google.com/bot.html)"
74.7.242.42 - - [19/Sep/2026:18:30:59 +0530] "GET /buy.php?detail/25001202665571 HTTP/2.0" 200 21009 "https://www.llprecharge.in/buy.php?detail/25000952806423" "Mozilla/5.0 AppleWebKit/537.36 (KHTML, like Gecko; compatible; GPTBot/1.4; +https://openai.com/gptbot)"
136.243.228.180 - - [19/Sep/2026:18:30:59 +0530] "GET /buy.php?special/086009754.html HTTP/1.1" 200 23966 "-" "Mozilla/5.0 (compatible; DataForSeoBot/1.0; +https://dataforseo.com/dataforseo-bot)"
66.249.66.67 - - [19/Sep/2026:18:31:02 +0530] "GET /review/goods/L2851695298/ HTTP/1.1" 404 - "-" "Mozilla/5.0 (Linux; Android 6.0.1; Nexus 5X Build/MMB29P) AppleWebKit/537.36 (KHTML, like Gecko) Chrome/153.0.8010.47 Mobile Safari/537.36 (compatible; Googlebot/2.1; +http://www.google.com/bot.html)"
66.249.66.194 - - [19/Sep/2026:18:31:02 +0530] "GET /index.php?item/4086886743 HTTP/1.1" 404 20 "-" "Mozilla/5.0 (Linux; Android 6.0.1; Nexus 5X Build/MMB29P) AppleWebKit/537.36 (KHTML, like Gecko) Chrome/153.0.8010.47 Mobile Safari/537.36 (compatible; Googlebot/2.1; +http://www.google.com/bot.html)"
66.249.66.67 - - [19/Sep/2026:18:31:02 +0530] "GET /?goods/238002748 HTTP/1.1" 200 1838 "-" "Mozilla/5.0 (Linux; Android 6.0.1; Nexus 5X Build/MMB29P) AppleWebKit/537.36 (KHTML, like Gecko) Chrome/153.0.8010.47 Mobile Safari/537.36 (compatible; Googlebot/2.1; +http://www.google.com/bot.html)"
66.249.66.195 - - [19/Sep/2026:18:31:03 +0530] "GET /item/2085213021 HTTP/1.1" 404 - "-" "Mozilla/5.0 (Linux; Android 6.0.1; Nexus 5X Build/MMB29P) AppleWebKit/537.36 (KHTML, like Gecko) Chrome/153.0.8010.47 Mobile Safari/537.36 (compatible; Googlebot/2.1; +http://www.google.com/bot.html)"
74.7.243.193 - - [19/Sep/2026:18:31:01 +0530] "GET /buy.php?detail/14100894936162 HTTP/2.0" 200 22437 "https://llprecharge.in/buy.php?detail/14100906504518" "Mozilla/5.0 AppleWebKit/537.36 (KHTML, like Gecko; compatible; GPTBot/1.4; +https://openai.com/gptbot)"
66.249.66.67 - - [19/Sep/2026:18:31:03 +0530] "GET /item/7085397076 HTTP/1.1" 404 - "-" "Mozilla/5.0 (Linux; Android 6.0.1; Nexus 5X Build/MMB29P) AppleWebKit/537.36 (KHTML, like Gecko) Chrome/153.0.8010.47 Mobile Safari/537.36 (compatible; Googlebot/2.1; +http://www.google.com/bot.html)"
74.7.242.42 - - [19/Sep/2026:18:31:02 +0530] "GET /buy.php?detail/14104457647118 HTTP/2.0" 200 21559 "https://www.llprecharge.in/buy.php?detail/14104566814921" "Mozilla/5.0 AppleWebKit/537.36 (KHTML, like Gecko; compatible; GPTBot/1.4; +https://openai.com/gptbot)"
66.249.66.67 - - [19/Sep/2026:18:31:04 +0530] "GET /?e=t4i1n3s8e1l1l4i7n6g53 HTTP/1.1" 200 1838 "-" "Mozilla/5.0 (Linux; Android 6.0.1; Nexus 5X Build/MMB29P) AppleWebKit/537.36 (KHTML, like Gecko) Chrome/153.0.8010.47 Mobile Safari/537.36 (compatible; Googlebot/2.1; +http://www.google.com/bot.html)"
74.7.243.193 - - [19/Sep/2026:18:31:03 +0530] "GET /buy.php?detail/18304352544456 HTTP/2.0" 200 23322 "https://llprecharge.in/buy.php?detail/135005490547" "Mozilla/5.0 AppleWebKit/537.36 (KHTML, like Gecko; compatible; GPTBot/1.4; +https://openai.com/gptbot)"
136.243.228.180 - - [19/Sep/2026:18:31:03 +0530] "GET /buy.php?jp/086009756.html HTTP/1.1" 200 23848 "-" "Mozilla/5.0 (compatible; DataForSeoBot/1.0; +https://dataforseo.com/dataforseo-bot)"
74.7.242.42 - - [19/Sep/2026:18:31:04 +0530] "GET /buy.php?detail/24402284165035 HTTP/2.0" 200 21002 "https://www.llprecharge.in/buy.php?detail/14101625191344" "Mozilla/5.0 AppleWebKit/537.36 (KHTML, like Gecko; compatible; GPTBot/1.4; +https://openai.com/gptbot)"
65.21.113.253 - - [19/Sep/2026:18:31:04 +0530] "GET /buy.php?category/119_6188/1 HTTP/1.1" 200 118760 "-" "Mozilla/5.0 (compatible; AwarioBot/1.0; +https://awario.com/bots.html)"
74.7.243.193 - - [19/Sep/2026:18:31:06 +0530] "GET /buy.php?goods/163016836 HTTP/2.0" 200 20324 "https://llprecharge.in/buy.php?detail/16301683646688" "Mozilla/5.0 AppleWebKit/537.36 (KHTML, like Gecko; compatible; GPTBot/1.4; +https://openai.com/gptbot)"
136.243.228.180 - - [19/Sep/2026:18:31:07 +0530] "GET /buy.php?special/086009758.html HTTP/1.1" 200 23755 "-" "Mozilla/5.0 (compatible; DataForSeoBot/1.0; +https://dataforseo.com/dataforseo-bot)"
74.7.243.193 - - [19/Sep/2026:18:31:08 +0530] "GET /buy.php?detail/06400542500919 HTTP/2.0" 200 21761 "https://llprecharge.in/buy.php?detail/16301683646688" "Mozilla/5.0 AppleWebKit/537.36 (KHTML, like Gecko; compatible; GPTBot/1.4; +https://openai.com/gptbot)"
74.7.242.42 - - [19/Sep/2026:18:31:07 +0530] "GET /buy.php?detail/19101750146448 HTTP/2.0" 200 20692 "https://www.llprecharge.in/buy.php?jp/198010809.html" "Mozilla/5.0 AppleWebKit/537.36 (KHTML, like Gecko; compatible; GPTBot/1.4; +https://openai.com/gptbot)"
66.249.66.33 - - [19/Sep/2026:18:31:12 +0530] "GET /?e=a9d2v9o4c4a2t9e923 HTTP/1.1" 200 1838 "-" "Mozilla/5.0 (Linux; Android 6.0.1; Nexus 5X Build/MMB29P) AppleWebKit/537.36 (KHTML, like Gecko) Chrome/153.0.8010.47 Mobile Safari/537.36 (compatible; Googlebot/2.1; +http://www.google.com/bot.html)"
66.249.66.33 - - [19/Sep/2026:18:31:12 +0530] "GET /?e=o3n1e6i0r6o4c3r7i8t2i6cal HTTP/1.1" 200 1838 "-" "Mozilla/5.0 (Linux; Android 6.0.1; Nexus 5X Build/MMB29P) AppleWebKit/537.36 (KHTML, like Gecko) Chrome/153.0.8010.47 Mobile Safari/537.36 (compatible; Googlebot/2.1; +http://www.google.com/bot.html)"
74.7.243.193 - - [19/Sep/2026:18:31:11 +0530] "GET /buy.php?detail/16300956352172 HTTP/2.0" 200 20096 "https://llprecharge.in/buy.php?detail/16301682507025" "Mozilla/5.0 AppleWebKit/537.36 (KHTML, like Gecko; compatible; GPTBot/1.4; +https://openai.com/gptbot)"
136.243.228.180 - - [19/Sep/2026:18:31:12 +0530] "GET /buy.php?special/086009760.html HTTP/1.1" 200 23972 "-" "Mozilla/5.0 (compatible; DataForSeoBot/1.0; +https://dataforseo.com/dataforseo-bot)"
74.7.242.42 - - [19/Sep/2026:18:31:11 +0530] "GET /buy.php?detail/14104455267977 HTTP/2.0" 200 22662 "https://www.llprecharge.in/buy.php?detail/14104566814921" "Mozilla/5.0 AppleWebKit/537.36 (KHTML, like Gecko; compatible; GPTBot/1.4; +https://openai.com/gptbot)"
74.7.243.193 - - [19/Sep/2026:18:31:13 +0530] "GET /buy.php?detail/09500700473001 HTTP/2.0" 200 20861 "https://llprecharge.in/buy.php?detail/27000969574524" "Mozilla/5.0 AppleWebKit/537.36 (KHTML, like Gecko; compatible; GPTBot/1.4; +https://openai.com/gptbot)"
65.21.113.253 - - [19/Sep/2026:18:31:14 +0530] "GET /buy.php?category/119_6188_6189/1 HTTP/1.1" 200 117960 "-" "Mozilla/5.0 (compatible; AwarioBot/1.0; +https://awario.com/bots.html)"
74.7.242.42 - - [19/Sep/2026:18:31:15 +0530] "GET /buy.php?detail/03501022972716 HTTP/2.0" 200 20506 "https://www.llprecharge.in/buy.php?detail/03501134100502" "Mozilla/5.0 AppleWebKit/537.36 (KHTML, like Gecko; compatible; GPTBot/1.4; +https://openai.com/gptbot)"
168.119.209.108 - - [19/Sep/2026:18:31:18 +0530] "GET /user/api_balance.php?userid=AU1121&token=dMgDWkPbbsmeca76X0lncsVCYVjIE61Q HTTP/1.1" 500 - "-" "RestSharp/106.13.0.0"
136.243.228.180 - - [19/Sep/2026:18:31:15 +0530] "GET /buy.php?special/086009742.html HTTP/1.1" 200 24001 "-" "Mozilla/5.0 (compatible; DataForSeoBot/1.0; +https://dataforseo.com/dataforseo-bot)"
74.7.243.193 - - [19/Sep/2026:18:31:16 +0530] "GET /buy.php?detail/16303394445136 HTTP/2.0" 200 20355 "https://llprecharge.in/buy.php?detail/16301682741033" "Mozilla/5.0 AppleWebKit/537.36 (KHTML, like Gecko; compatible; GPTBot/1.4; +https://openai.com/gptbot)"
74.7.242.42 - - [19/Sep/2026:18:31:17 +0530] "GET /buy.php?detail/05902248178098 HTTP/2.0" 200 20127 "https://www.llprecharge.in/buy.php?detail/27501842201748" "Mozilla/5.0 AppleWebKit/537.36 (KHTML, like Gecko; compatible; GPTBot/1.4; +https://openai.com/gptbot)"
74.7.243.193 - - [19/Sep/2026:18:31:19 +0530] "GET /buy.php?detail/02203632151208 HTTP/2.0" 200 22102 "https://llprecharge.in/buy.php?detail/135005490547" "Mozilla/5.0 AppleWebKit/537.36 (KHTML, like Gecko; compatible; GPTBot/1.4; +https://openai.com/gptbot)"
74.7.242.42 - - [19/Sep/2026:18:31:20 +0530] "GET /buy.php?detail/21704856864802 HTTP/2.0" 200 23043 "https://www.llprecharge.in/buy.php?detail/21704799458592" "Mozilla/5.0 AppleWebKit/537.36 (KHTML, like Gecko; compatible; GPTBot/1.4; +https://openai.com/gptbot)"
136.243.228.180 - - [19/Sep/2026:18:31:21 +0530] "GET /buy.php?special/177006367.html HTTP/1.1" 200 21108 "-" "Mozilla/5.0 (compatible; DataForSeoBot/1.0; +https://dataforseo.com/dataforseo-bot)"
66.249.66.195 - - [19/Sep/2026:18:31:23 +0530] "GET /item/7085883936 HTTP/1.1" 404 - "-" "Mozilla/5.0 (Linux; Android 6.0.1; Nexus 5X Build/MMB29P) AppleWebKit/537.36 (KHTML, like Gecko) Chrome/153.0.8010.47 Mobile Safari/537.36 (compatible; Googlebot/2.1; +http://www.google.com/bot.html)"
66.249.66.33 - - [19/Sep/2026:18:31:24 +0530] "GET /?e=m5o2n1e2r0u2l8a5832 HTTP/1.1" 200 1838 "-" "Mozilla/5.0 (Linux; Android 6.0.1; Nexus 5X Build/MMB29P) AppleWebKit/537.36 (KHTML, like Gecko) Chrome/153.0.8010.47 Mobile Safari/537.36 (compatible; Googlebot/2.1; +http://www.google.com/bot.html)"
74.7.243.193 - - [19/Sep/2026:18:31:22 +0530] "GET /buy.php?goods/201003815 HTTP/2.0" 200 23506 "https://llprecharge.in/buy.php?detail/20100484681528" "Mozilla/5.0 AppleWebKit/537.36 (KHTML, like Gecko; compatible; GPTBot/1.4; +https://openai.com/gptbot)"
74.7.242.42 - - [19/Sep/2026:18:31:22 +0530] "GET /buy.php?jp/198016892.html HTTP/2.0" 200 22382 "https://www.llprecharge.in/buy.php?detail/19801079304457" "Mozilla/5.0 AppleWebKit/537.36 (KHTML, like Gecko; compatible; GPTBot/1.4; +https://openai.com/gptbot)"
66.249.66.67 - - [19/Sep/2026:18:31:24 +0530] "GET /?bucketing/72269767808 HTTP/1.1" 200 1838 "-" "Mozilla/5.0 (Linux; Android 6.0.1; Nexus 5X Build/MMB29P) AppleWebKit/537.36 (KHTML, like Gecko) Chrome/153.0.8010.47 Mobile Safari/537.36 (compatible; Googlebot/2.1; +http://www.google.com/bot.html)"
66.249.66.33 - - [19/Sep/2026:18:31:25 +0530] "GET /?e=v8i9r2t1u2o2u4s1n1e1ss HTTP/1.1" 200 1838 "-" "Mozilla/5.0 (Linux; Android 6.0.1; Nexus 5X Build/MMB29P) AppleWebKit/537.36 (KHTML, like Gecko) Chrome/153.0.8010.47 Mobile Safari/537.36 (compatible; Googlebot/2.1; +http://www.google.com/bot.html)"
136.243.228.180 - - [19/Sep/2026:18:31:24 +0530] "GET /buy.php?special/086009748.html HTTP/1.1" 200 23941 "-" "Mozilla/5.0 (compatible; DataForSeoBot/1.0; +https://dataforseo.com/dataforseo-bot)"
74.7.243.193 - - [19/Sep/2026:18:31:24 +0530] "GET /buy.php?detail/20100383855722 HTTP/2.0" 200 23639 "https://llprecharge.in/buy.php?detail/20100484681528" "Mozilla/5.0 AppleWebKit/537.36 (KHTML, like Gecko; compatible; GPTBot/1.4; +https://openai.com/gptbot)"
66.249.66.195 - - [19/Sep/2026:18:31:26 +0530] "GET /?e=l1a4c2q0u8e1r3i5n9g91 HTTP/1.1" 200 1838 "-" "Mozilla/5.0 (Linux; Android 6.0.1; Nexus 5X Build/MMB29P) AppleWebKit/537.36 (KHTML, like Gecko) Chrome/153.0.8010.47 Mobile Safari/537.36 (compatible; Googlebot/2.1; +http://www.google.com/bot.html)"
74.7.242.42 - - [19/Sep/2026:18:31:25 +0530] "GET /buy.php?detail/08401809547713 HTTP/2.0" 200 20617 "https://www.llprecharge.in/buy.php?detail/08402532195281" "Mozilla/5.0 AppleWebKit/537.36 (KHTML, like Gecko; compatible; GPTBot/1.4; +https://openai.com/gptbot)"
74.7.243.193 - - [19/Sep/2026:18:31:26 +0530] "GET /buy.php?detail/15701947533345 HTTP/2.0" 200 20306 "https://llprecharge.in/buy.php?detail/15701730981685" "Mozilla/5.0 AppleWebKit/537.36 (KHTML, like Gecko; compatible; GPTBot/1.4; +https://openai.com/gptbot)"
65.21.113.253 - - [19/Sep/2026:18:31:26 +0530] "GET /buy.php?category/119_682/1 HTTP/1.1" 200 121679 "-" "Mozilla/5.0 (compatible; AwarioBot/1.0; +https://awario.com/bots.html)"
74.7.242.42 - - [19/Sep/2026:18:31:28 +0530] "GET /buy.php?detail/21701403306415 HTTP/2.0" 200 20625 "https://www.llprecharge.in/buy.php?detail/07803956310099" "Mozilla/5.0 AppleWebKit/537.36 (KHTML, like Gecko; compatible; GPTBot/1.4; +https://openai.com/gptbot)"
136.243.228.180 - - [19/Sep/2026:18:31:28 +0530] "GET /buy.php?goods/245014537 HTTP/1.1" 200 20792 "-" "Mozilla/5.0 (compatible; DataForSeoBot/1.0; +https://dataforseo.com/dataforseo-bot)"
74.7.243.193 - - [19/Sep/2026:18:31:29 +0530] "GET /buy.php?detail/16303395332414 HTTP/2.0" 200 20225 "https://llprecharge.in/buy.php?detail/16301682741033" "Mozilla/5.0 AppleWebKit/537.36 (KHTML, like Gecko; compatible; GPTBot/1.4; +https://openai.com/gptbot)"
74.7.242.42 - - [19/Sep/2026:18:31:30 +0530] "GET /buy.php?detail/14003565236760 HTTP/2.0" 200 20683 "https://www.llprecharge.in/buy.php?detail/14003643977494" "Mozilla/5.0 AppleWebKit/537.36 (KHTML, like Gecko; compatible; GPTBot/1.4; +https://openai.com/gptbot)"
74.7.243.193 - - [19/Sep/2026:18:31:31 +0530] "GET /buy.php?detail/15701948693779 HTTP/2.0" 200 22472 "https://llprecharge.in/buy.php?detail/15701730981685" "Mozilla/5.0 AppleWebKit/537.36 (KHTML, like Gecko; compatible; GPTBot/1.4; +https://openai.com/gptbot)"
65.21.113.253 - - [19/Sep/2026:18:31:33 +0530] "GET /buy.php?category/119_682_2056/1 HTTP/1.1" 200 119178 "-" "Mozilla/5.0 (compatible; AwarioBot/1.0; +https://awario.com/bots.html)"
74.7.242.42 - - [19/Sep/2026:18:31:33 +0530] "GET /buy.php?detail/08704274443989 HTTP/2.0" 200 20688 "https://www.llprecharge.in/buy.php?detail/14104457647118" "Mozilla/5.0 AppleWebKit/537.36 (KHTML, like Gecko; compatible; GPTBot/1.4; +https://openai.com/gptbot)"
74.7.243.193 - - [19/Sep/2026:18:31:34 +0530] "GET /buy.php?detail/16301031138073 HTTP/2.0" 200 20878 "https://llprecharge.in/buy.php?detail/16301683646688" "Mozilla/5.0 AppleWebKit/537.36 (KHTML, like Gecko; compatible; GPTBot/1.4; +https://openai.com/gptbot)"
74.7.242.42 - - [19/Sep/2026:18:31:35 +0530] "GET /buy.php?detail/10602408694388 HTTP/2.0" 200 20346 "https://www.llprecharge.in/buy.php?jp/106024825.html" "Mozilla/5.0 AppleWebKit/537.36 (KHTML, like Gecko; compatible; GPTBot/1.4; +https://openai.com/gptbot)"
136.243.228.180 - - [19/Sep/2026:18:31:33 +0530] "GET /buy.php?special/160040276.html HTTP/1.1" 200 21519 "-" "Mozilla/5.0 (compatible; DataForSeoBot/1.0; +https://dataforseo.com/dataforseo-bot)"
74.7.243.193 - - [19/Sep/2026:18:31:36 +0530] "GET /buy.php?detail/06400569585068 HTTP/2.0" 200 21787 "https://llprecharge.in/buy.php?detail/06400542500919" "Mozilla/5.0 AppleWebKit/537.36 (KHTML, like Gecko; compatible; GPTBot/1.4; +https://openai.com/gptbot)"
66.249.66.195 - - [19/Sep/2026:18:31:38 +0530] "GET /wheatstones/muzzleloading/c6o8n8s3t5a2n8t8i2n2ian HTTP/1.1" 404 - "-" "Mozilla/5.0 (Linux; Android 6.0.1; Nexus 5X Build/MMB29P) AppleWebKit/537.36 (KHTML, like Gecko) Chrome/153.0.8010.47 Mobile Safari/537.36 (compatible; Googlebot/2.1; +http://www.google.com/bot.html)"
66.249.66.67 - - [19/Sep/2026:18:31:39 +0530] "GET /?enfeoff/21609658133 HTTP/1.1" 200 1838 "-" "Mozilla/5.0 (Linux; Android 6.0.1; Nexus 5X Build/MMB29P) AppleWebKit/537.36 (KHTML, like Gecko) Chrome/153.0.8010.47 Mobile Safari/537.36 (compatible; Googlebot/2.1; +http://www.google.com/bot.html)"
66.249.66.33 - - [19/Sep/2026:18:31:40 +0530] "GET /?e=h4e2a4l8a2l2l67914 HTTP/1.1" 200 1838 "-" "Mozilla/5.0 (Linux; Android 6.0.1; Nexus 5X Build/MMB29P) AppleWebKit/537.36 (KHTML, like Gecko) Chrome/153.0.8010.47 Mobile Safari/537.36 (compatible; Googlebot/2.1; +http://www.google.com/bot.html)"
74.7.243.193 - - [19/Sep/2026:18:31:38 +0530] "GET /buy.php?detail/16303346563432 HTTP/2.0" 200 20255 "https://llprecharge.in/buy.php?detail/16300956352172" "Mozilla/5.0 AppleWebKit/537.36 (KHTML, like Gecko; compatible; GPTBot/1.4; +https://openai.com/gptbot)"
74.7.242.42 - - [19/Sep/2026:18:31:38 +0530] "GET /buy.php?detail/13903831023721 HTTP/2.0" 200 21605 "https://www.llprecharge.in/buy.php?detail/19101750146448" "Mozilla/5.0 AppleWebKit/537.36 (KHTML, like Gecko; compatible; GPTBot/1.4; +https://openai.com/gptbot)"
136.243.228.180 - - [19/Sep/2026:18:31:39 +0530] "GET /buy.php?detail/01003905970967 HTTP/1.1" 200 20802 "-" "Mozilla/5.0 (compatible; DataForSeoBot/1.0; +https://dataforseo.com/dataforseo-bot)"
66.249.66.194 - - [19/Sep/2026:18:31:41 +0530] "GET /?merops/22673021458 HTTP/1.1" 200 1838 "-" "Mozilla/5.0 (Linux; Android 6.0.1; Nexus 5X Build/MMB29P) AppleWebKit/537.36 (KHTML, like Gecko) Chrome/153.0.8010.47 Mobile Safari/537.36 (compatible; Googlebot/2.1; +http://www.google.com/bot.html)"
74.7.243.193 - - [19/Sep/2026:18:31:41 +0530] "GET /buy.php?detail/12302908329702 HTTP/2.0" 200 21993 "https://llprecharge.in/buy.php?detail/09500700473001" "Mozilla/5.0 AppleWebKit/537.36 (KHTML, like Gecko; compatible; GPTBot/1.4; +https://openai.com/gptbot)"
74.7.242.42 - - [19/Sep/2026:18:31:41 +0530] "GET /buy.php?detail/03804453149202 HTTP/2.0" 200 20712 "https://www.llprecharge.in/buy.php?detail/03804414915863" "Mozilla/5.0 AppleWebKit/537.36 (KHTML, like Gecko; compatible; GPTBot/1.4; +https://openai.com/gptbot)"
65.21.113.253 - - [19/Sep/2026:18:31:42 +0530] "GET /buy.php?category/119_682_3684/1 HTTP/1.1" 200 141007 "-" "Mozilla/5.0 (compatible; AwarioBot/1.0; +https://awario.com/bots.html)"
74.7.243.193 - - [19/Sep/2026:18:31:43 +0530] "GET /buy.php?detail/18303916613155 HTTP/2.0" 200 23058 "https://llprecharge.in/buy.php?detail/18304352544456" "Mozilla/5.0 AppleWebKit/537.36 (KHTML, like Gecko; compatible; GPTBot/1.4; +https://openai.com/gptbot)"
136.243.228.180 - - [19/Sep/2026:18:31:43 +0530] "GET /buy.php?special/160040282.html HTTP/1.1" 200 21458 "-" "Mozilla/5.0 (compatible; DataForSeoBot/1.0; +https://dataforseo.com/dataforseo-bot)"
74.7.242.42 - - [19/Sep/2026:18:31:44 +0530] "GET /buy.php?detail/03501121540412 HTTP/2.0" 200 20451 "https://www.llprecharge.in/buy.php?detail/03501022972716" "Mozilla/5.0 AppleWebKit/537.36 (KHTML, like Gecko; compatible; GPTBot/1.4; +https://openai.com/gptbot)"
66.249.66.195 - - [19/Sep/2026:18:31:46 +0530] "GET /?e=b9e1a5m4i4l4y90535 HTTP/1.1" 200 1838 "-" "Mozilla/5.0 (Linux; Android 6.0.1; Nexus 5X Build/MMB29P) AppleWebKit/537.36 (KHTML, like Gecko) Chrome/153.0.8010.47 Mobile Safari/537.36 (compatible; Googlebot/2.1; +http://www.google.com/bot.html)"
74.7.243.193 - - [19/Sep/2026:18:31:46 +0530] "GET /buy.php?detail/02203223383591 HTTP/2.0" 200 22210 "https://llprecharge.in/buy.php?detail/02203632151208" "Mozilla/5.0 AppleWebKit/537.36 (KHTML, like Gecko; compatible; GPTBot/1.4; +https://openai.com/gptbot)"
74.7.242.42 - - [19/Sep/2026:18:31:46 +0530] "GET /buy.php?detail/11101168767978 HTTP/2.0" 200 22133 "https://www.llprecharge.in/buy.php?detail/05902248178098" "Mozilla/5.0 AppleWebKit/537.36 (KHTML, like Gecko; compatible; GPTBot/1.4; +https://openai.com/gptbot)"
136.243.228.180 - - [19/Sep/2026:18:31:47 +0530] "GET /buy.php?special/160040270.html HTTP/1.1" 200 21568 "-" "Mozilla/5.0 (compatible; DataForSeoBot/1.0; +https://dataforseo.com/dataforseo-bot)"
66.249.66.195 - - [19/Sep/2026:18:31:50 +0530] "GET /?e=c3o8n2t2a2g9i3o6n84 HTTP/1.1" 200 1838 "-" "Mozilla/5.0 (Linux; Android 6.0.1; Nexus 5X Build/MMB29P) AppleWebKit/537.36 (KHTML, like Gecko) Chrome/153.0.8010.47 Mobile Safari/537.36 (compatible; Googlebot/2.1; +http://www.google.com/bot.html)"
65.21.113.253 - - [19/Sep/2026:18:31:48 +0530] "GET /buy.php?category/119_682_5633/1 HTTP/1.1" 200 128802 "-" "Mozilla/5.0 (compatible; AwarioBot/1.0; +https://awario.com/bots.html)"
74.7.242.42 - - [19/Sep/2026:18:31:49 +0530] "GET /buy.php?detail/03501121455951 HTTP/2.0" 200 20429 "https://www.llprecharge.in/buy.php?detail/03501022972716" "Mozilla/5.0 AppleWebKit/537.36 (KHTML, like Gecko; compatible; GPTBot/1.4; +https://openai.com/gptbot)"
74.7.243.193 - - [19/Sep/2026:18:31:48 +0530] "GET /buy.php?detail/16303347273753 HTTP/2.0" 200 19948 "https://llprecharge.in/buy.php?detail/16300956352172" "Mozilla/5.0 AppleWebKit/537.36 (KHTML, like Gecko; compatible; GPTBot/1.4; +https://openai.com/gptbot)"
136.243.228.180 - - [19/Sep/2026:18:31:51 +0530] "GET /buy.php?special/160040298.html HTTP/1.1" 200 21381 "-" "Mozilla/5.0 (compatible; DataForSeoBot/1.0; +https://dataforseo.com/dataforseo-bot)"
74.7.242.42 - - [19/Sep/2026:18:31:51 +0530] "GET /buy.php?detail/14003643538667 HTTP/2.0" 200 21542 "https://www.llprecharge.in/buy.php?goods/140036615" "Mozilla/5.0 AppleWebKit/537.36 (KHTML, like Gecko; compatible; GPTBot/1.4; +https://openai.com/gptbot)"
74.7.243.193 - - [19/Sep/2026:18:31:52 +0530] "GET /buy.php?detail/18303916378870 HTTP/2.0" 200 23139 "https://llprecharge.in/buy.php?detail/18304352544456" "Mozilla/5.0 AppleWebKit/537.36 (KHTML, like Gecko; compatible; GPTBot/1.4; +https://openai.com/gptbot)"
66.249.66.33 - - [19/Sep/2026:18:31:54 +0530] "GET /?spathelia/71835830098 HTTP/1.1" 200 1838 "-" "Mozilla/5.0 (Linux; Android 6.0.1; Nexus 5X Build/MMB29P) AppleWebKit/537.36 (KHTML, like Gecko) Chrome/153.0.8010.47 Mobile Safari/537.36 (compatible; Googlebot/2.1; +http://www.google.com/bot.html)"
74.7.242.42 - - [19/Sep/2026:18:31:54 +0530] "GET /buy.php?detail/14303681374828 HTTP/2.0" 200 20058 "https://www.llprecharge.in/buy.php?detail/14303727632373" "Mozilla/5.0 AppleWebKit/537.36 (KHTML, like Gecko; compatible; GPTBot/1.4; +https://openai.com/gptbot)"
74.7.243.193 - - [19/Sep/2026:18:31:54 +0530] "GET /buy.php?detail/15701832338018 HTTP/2.0" 200 20776 "https://llprecharge.in/buy.php?detail/15701947533345" "Mozilla/5.0 AppleWebKit/537.36 (KHTML, like Gecko; compatible; GPTBot/1.4; +https://openai.com/gptbot)"
