136.243.228.180 - - [19/Sep/2026:19:11:14 +0530] "GET /buy.php?special/015035149.html HTTP/1.1" 200 22343 "-" "Mozilla/5.0 (compatible; DataForSeoBot/1.0; +https://dataforseo.com/dataforseo-bot)"
66.249.66.33 - - [19/Sep/2026:19:11:16 +0530] "GET /?e=c2h3e6l6i1c2e3r1a5e90 HTTP/1.1" 200 1838 "-" "Mozilla/5.0 (Linux; Android 6.0.1; Nexus 5X Build/MMB29P) AppleWebKit/537.36 (KHTML, like Gecko) Chrome/153.0.8010.47 Mobile Safari/537.36 (compatible; Googlebot/2.1; +http://www.google.com/bot.html)"
74.7.243.193 - - [19/Sep/2026:19:11:15 +0530] "GET /buy.php?detail/16002358834882 HTTP/2.0" 200 20452 "https://llprecharge.in/buy.php?detail/16004739062933" "Mozilla/5.0 AppleWebKit/537.36 (KHTML, like Gecko; compatible; GPTBot/1.4; +https://openai.com/gptbot)"
66.249.66.194 - - [19/Sep/2026:19:11:18 +0530] "GET /cgi-bin.php?item/2085720854 HTTP/1.1" 404 20 "-" "Mozilla/5.0 (Linux; Android 6.0.1; Nexus 5X Build/MMB29P) AppleWebKit/537.36 (KHTML, like Gecko) Chrome/153.0.8010.47 Mobile Safari/537.36 (compatible; Googlebot/2.1; +http://www.google.com/bot.html)"
74.7.242.42 - - [19/Sep/2026:19:11:16 +0530] "GET /buy.php?detail/09701200913812 HTTP/2.0" 200 21090 "https://www.llprecharge.in/buy.php?detail/09701070469491" "Mozilla/5.0 AppleWebKit/537.36 (KHTML, like Gecko; compatible; GPTBot/1.4; +https://openai.com/gptbot)"
136.243.228.180 - - [19/Sep/2026:19:11:18 +0530] "GET /buy.php?special/015035077.html HTTP/1.1" 200 21791 "-" "Mozilla/5.0 (compatible; DataForSeoBot/1.0; +https://dataforseo.com/dataforseo-bot)"
74.7.242.42 - - [19/Sep/2026:19:11:19 +0530] "GET /buy.php?detail/14602143223700 HTTP/2.0" 200 21476 "https://www.llprecharge.in/buy.php?detail/14603021231413" "Mozilla/5.0 AppleWebKit/537.36 (KHTML, like Gecko; compatible; GPTBot/1.4; +https://openai.com/gptbot)"
66.249.66.67 - - [19/Sep/2026:19:11:21 +0530] "GET /?e=s9i4l0i8q5u3i0f9o5r0m4 HTTP/1.1" 200 1838 "-" "Mozilla/5.0 (Linux; Android 6.0.1; Nexus 5X Build/MMB29P) AppleWebKit/537.36 (KHTML, like Gecko) Chrome/153.0.8010.47 Mobile Safari/537.36 (compatible; Googlebot/2.1; +http://www.google.com/bot.html)"
74.7.243.193 - - [19/Sep/2026:19:11:17 +0530] "GET /buy.php?detail/16002439642025 HTTP/2.0" 200 20925 "https://llprecharge.in/buy.php?detail/16002251237969" "Mozilla/5.0 AppleWebKit/537.36 (KHTML, like Gecko; compatible; GPTBot/1.4; +https://openai.com/gptbot)"
74.7.242.42 - - [19/Sep/2026:19:11:21 +0530] "GET /buy.php?detail/14602142401337 HTTP/2.0" 200 21652 "https://www.llprecharge.in/buy.php?detail/14603021231413" "Mozilla/5.0 AppleWebKit/537.36 (KHTML, like Gecko; compatible; GPTBot/1.4; +https://openai.com/gptbot)"
74.7.243.193 - - [19/Sep/2026:19:11:22 +0530] "GET /buy.php?detail/10100846774261 HTTP/2.0" 200 20434 "https://llprecharge.in/buy.php?detail/08304974290693" "Mozilla/5.0 AppleWebKit/537.36 (KHTML, like Gecko; compatible; GPTBot/1.4; +https://openai.com/gptbot)"
136.243.228.180 - - [19/Sep/2026:19:11:23 +0530] "GET /buy.php?goods/015035064 HTTP/1.1" 200 22118 "-" "Mozilla/5.0 (compatible; DataForSeoBot/1.0; +https://dataforseo.com/dataforseo-bot)"
74.7.242.42 - - [19/Sep/2026:19:11:24 +0530] "GET /buy.php?detail/11502611998136 HTTP/2.0" 200 20233 "https://www.llprecharge.in/buy.php?detail/11502580977630" "Mozilla/5.0 AppleWebKit/537.36 (KHTML, like Gecko; compatible; GPTBot/1.4; +https://openai.com/gptbot)"
74.7.243.193 - - [19/Sep/2026:19:11:24 +0530] "GET /buy.php?detail/16002434642450 HTTP/2.0" 200 20314 "https://llprecharge.in/buy.php?detail/16002314009613" "Mozilla/5.0 AppleWebKit/537.36 (KHTML, like Gecko; compatible; GPTBot/1.4; +https://openai.com/gptbot)"
74.7.242.42 - - [19/Sep/2026:19:11:26 +0530] "GET /buy.php?detail/22402498242397 HTTP/2.0" 200 20148 "https://www.llprecharge.in/buy.php?goods/224026435" "Mozilla/5.0 AppleWebKit/537.36 (KHTML, like Gecko; compatible; GPTBot/1.4; +https://openai.com/gptbot)"
136.243.228.180 - - [19/Sep/2026:19:11:27 +0530] "GET /buy.php?jp/017006540.html HTTP/1.1" 200 22559 "-" "Mozilla/5.0 (compatible; DataForSeoBot/1.0; +https://dataforseo.com/dataforseo-bot)"
74.7.243.193 - - [19/Sep/2026:19:11:27 +0530] "GET /buy.php?detail/26804273023680 HTTP/2.0" 200 21460 "https://llprecharge.in/buy.php?detail/16002251237969" "Mozilla/5.0 AppleWebKit/537.36 (KHTML, like Gecko; compatible; GPTBot/1.4; +https://openai.com/gptbot)"
66.249.66.67 - - [19/Sep/2026:19:11:29 +0530] "GET /?e=d7i6s4j4o2i1n5e0d42 HTTP/1.1" 200 1838 "-" "Mozilla/5.0 (Linux; Android 6.0.1; Nexus 5X Build/MMB29P) AppleWebKit/537.36 (KHTML, like Gecko) Chrome/153.0.8010.47 Mobile Safari/537.36 (compatible; Googlebot/2.1; +http://www.google.com/bot.html)"
74.7.242.42 - - [19/Sep/2026:19:11:29 +0530] "GET /buy.php?detail/22304035185730 HTTP/2.0" 200 20828 "https://www.llprecharge.in/buy.php?detail/22304125018279" "Mozilla/5.0 AppleWebKit/537.36 (KHTML, like Gecko; compatible; GPTBot/1.4; +https://openai.com/gptbot)"
74.7.243.193 - - [19/Sep/2026:19:11:30 +0530] "GET /buy.php?detail/01502288030401 HTTP/2.0" 200 20305 "https://llprecharge.in/buy.php?detail/01503724640349" "Mozilla/5.0 AppleWebKit/537.36 (KHTML, like Gecko; compatible; GPTBot/1.4; +https://openai.com/gptbot)"
136.243.228.180 - - [19/Sep/2026:19:11:30 +0530] "GET /buy.php?special/015035047.html HTTP/1.1" 200 22538 "-" "Mozilla/5.0 (compatible; DataForSeoBot/1.0; +https://dataforseo.com/dataforseo-bot)"
74.7.242.42 - - [19/Sep/2026:19:11:32 +0530] "GET /buy.php?detail/22502491588658 HTTP/2.0" 200 21150 "https://www.llprecharge.in/buy.php?detail/22502528377254" "Mozilla/5.0 AppleWebKit/537.36 (KHTML, like Gecko; compatible; GPTBot/1.4; +https://openai.com/gptbot)"
74.7.243.193 - - [19/Sep/2026:19:11:32 +0530] "GET /buy.php?detail/16002357923550 HTTP/2.0" 200 20006 "https://llprecharge.in/buy.php?detail/16004739062933" "Mozilla/5.0 AppleWebKit/537.36 (KHTML, like Gecko; compatible; GPTBot/1.4; +https://openai.com/gptbot)"
66.249.66.67 - - [19/Sep/2026:19:11:35 +0530] "GET /interfaces/interfaceStore.php?item/9085352873 HTTP/1.1" 404 - "-" "Mozilla/5.0 (Linux; Android 6.0.1; Nexus 5X Build/MMB29P) AppleWebKit/537.36 (KHTML, like Gecko) Chrome/153.0.8010.47 Mobile Safari/537.36 (compatible; Googlebot/2.1; +http://www.google.com/bot.html)"
74.7.242.42 - - [19/Sep/2026:19:11:34 +0530] "GET /buy.php?detail/09000361619658 HTTP/2.0" 200 21361 "https://www.llprecharge.in/buy.php?detail/12304274264558" "Mozilla/5.0 AppleWebKit/537.36 (KHTML, like Gecko; compatible; GPTBot/1.4; +https://openai.com/gptbot)"
136.243.228.180 - - [19/Sep/2026:19:11:35 +0530] "GET /buy.php?special/015035059.html HTTP/1.1" 200 21608 "-" "Mozilla/5.0 (compatible; DataForSeoBot/1.0; +https://dataforseo.com/dataforseo-bot)"
74.7.243.193 - - [19/Sep/2026:19:11:35 +0530] "GET /buy.php?detail/14000303715980 HTTP/2.0" 200 21631 "https://llprecharge.in/buy.php?detail/03001706789338" "Mozilla/5.0 AppleWebKit/537.36 (KHTML, like Gecko; compatible; GPTBot/1.4; +https://openai.com/gptbot)"
74.7.242.42 - - [19/Sep/2026:19:11:37 +0530] "GET /buy.php?detail/29400909488359 HTTP/2.0" 200 21167 "https://www.llprecharge.in/buy.php?jp/294006778.html" "Mozilla/5.0 AppleWebKit/537.36 (KHTML, like Gecko; compatible; GPTBot/1.4; +https://openai.com/gptbot)"
136.243.228.180 - - [19/Sep/2026:19:11:38 +0530] "GET /buy.php?special/120032788.html HTTP/1.1" 200 21272 "-" "Mozilla/5.0 (compatible; DataForSeoBot/1.0; +https://dataforseo.com/dataforseo-bot)"
45.142.237.107 - - [19/Sep/2026:19:11:36 +0530] "GET /LLPRECHARGE/user/API.php?userid=AU1120&token=COgjiOKqElD][CQ[Dk3rSRChT]73F2NK&partnerid=172246914&opcode=34&mobile=6374076562&amount=200 HTTP/1.1" 200 124 "-" "-"
74.7.243.193 - - [19/Sep/2026:19:11:39 +0530] "GET /buy.php?detail/14704609431060 HTTP/2.0" 200 20180 "https://llprecharge.in/buy.php?goods/282038804" "Mozilla/5.0 AppleWebKit/537.36 (KHTML, like Gecko; compatible; GPTBot/1.4; +https://openai.com/gptbot)"
74.7.242.42 - - [19/Sep/2026:19:11:39 +0530] "GET /buy.php?goods/107049341 HTTP/2.0" 200 19758 "https://www.llprecharge.in/buy.php?detail/2410097619038" "Mozilla/5.0 AppleWebKit/537.36 (KHTML, like Gecko; compatible; GPTBot/1.4; +https://openai.com/gptbot)"
74.7.243.193 - - [19/Sep/2026:19:11:41 +0530] "GET /buy.php?detail/01503681378201 HTTP/2.0" 200 22375 "https://llprecharge.in/buy.php?detail/01503164463504" "Mozilla/5.0 AppleWebKit/537.36 (KHTML, like Gecko; compatible; GPTBot/1.4; +https://openai.com/gptbot)"
74.7.242.42 - - [19/Sep/2026:19:11:42 +0530] "GET /buy.php?detail/17203703428087 HTTP/2.0" 200 20325 "https://www.llprecharge.in/buy.php?detail/2410097619038" "Mozilla/5.0 AppleWebKit/537.36 (KHTML, like Gecko; compatible; GPTBot/1.4; +https://openai.com/gptbot)"
136.243.228.180 - - [19/Sep/2026:19:11:42 +0530] "GET /buy.php?special/218036844.html HTTP/1.1" 200 20780 "-" "Mozilla/5.0 (compatible; DataForSeoBot/1.0; +https://dataforseo.com/dataforseo-bot)"
66.249.66.194 - - [19/Sep/2026:19:11:44 +0530] "GET /?e=v4i1t2r1a4g7e91242 HTTP/1.1" 200 1838 "-" "Mozilla/5.0 (Linux; Android 6.0.1; Nexus 5X Build/MMB29P) AppleWebKit/537.36 (KHTML, like Gecko) Chrome/153.0.8010.47 Mobile Safari/537.36 (compatible; Googlebot/2.1; +http://www.google.com/bot.html)"
66.249.66.67 - - [19/Sep/2026:19:11:45 +0530] "GET /?e=c5o1n4s6i9g1n4e8e23 HTTP/1.1" 200 1838 "-" "Mozilla/5.0 (Linux; Android 6.0.1; Nexus 5X Build/MMB29P) AppleWebKit/537.36 (KHTML, like Gecko) Chrome/153.0.8010.47 Mobile Safari/537.36 (compatible; Googlebot/2.1; +http://www.google.com/bot.html)"
66.249.66.67 - - [19/Sep/2026:19:11:45 +0530] "GET /?e=l3e2x8i0p4h5a2r4m1i0c9 HTTP/1.1" 200 1838 "-" "Mozilla/5.0 (Linux; Android 6.0.1; Nexus 5X Build/MMB29P) AppleWebKit/537.36 (KHTML, like Gecko) Chrome/153.0.8010.47 Mobile Safari/537.36 (compatible; Googlebot/2.1; +http://www.google.com/bot.html)"
74.7.242.42 - - [19/Sep/2026:19:11:44 +0530] "GET /buy.php?goods/093045029 HTTP/2.0" 200 20231 "https://www.llprecharge.in/buy.php?detail/09701200913812" "Mozilla/5.0 AppleWebKit/537.36 (KHTML, like Gecko; compatible; GPTBot/1.4; +https://openai.com/gptbot)"
74.7.243.193 - - [19/Sep/2026:19:11:44 +0530] "GET /buy.php?detail/16004988911137 HTTP/2.0" 200 20433 "https://llprecharge.in/buy.php?detail/16002358834882" "Mozilla/5.0 AppleWebKit/537.36 (KHTML, like Gecko; compatible; GPTBot/1.4; +https://openai.com/gptbot)"
66.249.66.195 - - [19/Sep/2026:19:11:46 +0530] "GET /?e=e5p3i8t4h0a8l4a9m5i4e8s HTTP/1.1" 200 1838 "-" "Mozilla/5.0 (Linux; Android 6.0.1; Nexus 5X Build/MMB29P) AppleWebKit/537.36 (KHTML, like Gecko) Chrome/153.0.8010.47 Mobile Safari/537.36 (compatible; Googlebot/2.1; +http://www.google.com/bot.html)"
74.7.242.42 - - [19/Sep/2026:19:11:46 +0530] "GET /buy.php?detail/14603337796273 HTTP/2.0" 200 21379 "https://www.llprecharge.in/buy.php?detail/14602143223700" "Mozilla/5.0 AppleWebKit/537.36 (KHTML, like Gecko; compatible; GPTBot/1.4; +https://openai.com/gptbot)"
74.7.243.193 - - [19/Sep/2026:19:11:46 +0530] "GET /buy.php?detail/01502288209211 HTTP/2.0" 200 21360 "https://llprecharge.in/buy.php?detail/01503724640349" "Mozilla/5.0 AppleWebKit/537.36 (KHTML, like Gecko; compatible; GPTBot/1.4; +https://openai.com/gptbot)"
136.243.228.180 - - [19/Sep/2026:19:11:47 +0530] "GET /buy.php?special/225008603.html HTTP/1.1" 200 20322 "-" "Mozilla/5.0 (compatible; DataForSeoBot/1.0; +https://dataforseo.com/dataforseo-bot)"
74.7.243.193 - - [19/Sep/2026:19:11:49 +0530] "GET /buy.php?detail/10100966712825 HTTP/2.0" 200 20387 "https://llprecharge.in/buy.php?detail/10100846774261" "Mozilla/5.0 AppleWebKit/537.36 (KHTML, like Gecko; compatible; GPTBot/1.4; +https://openai.com/gptbot)"
74.7.242.42 - - [19/Sep/2026:19:11:49 +0530] "GET /buy.php?detail/24101464601698 HTTP/2.0" 200 20519 "https://www.llprecharge.in/buy.php?detail/2410097619038" "Mozilla/5.0 AppleWebKit/537.36 (KHTML, like Gecko; compatible; GPTBot/1.4; +https://openai.com/gptbot)"
136.243.228.180 - - [19/Sep/2026:19:11:50 +0530] "GET /buy.php?special/254019898.html HTTP/1.1" 200 20653 "-" "Mozilla/5.0 (compatible; DataForSeoBot/1.0; +https://dataforseo.com/dataforseo-bot)"
74.7.242.42 - - [19/Sep/2026:19:11:51 +0530] "GET /buy.php?detail/0690414026483 HTTP/2.0" 200 20629 "https://www.llprecharge.in/buy.php?detail/11502611998136" "Mozilla/5.0 AppleWebKit/537.36 (KHTML, like Gecko; compatible; GPTBot/1.4; +https://openai.com/gptbot)"
74.7.243.193 - - [19/Sep/2026:19:11:51 +0530] "GET /buy.php?detail/16002356512305 HTTP/2.0" 200 20450 "https://llprecharge.in/buy.php?detail/16002434642450" "Mozilla/5.0 AppleWebKit/537.36 (KHTML, like Gecko; compatible; GPTBot/1.4; +https://openai.com/gptbot)"
65.21.113.253 - - [19/Sep/2026:19:11:54 +0530] "GET /robots.txt HTTP/1.1" 200 368 "-" "Mozilla/5.0 (compatible; AwarioBot/1.0; +https://awario.com/bots.html)"
66.249.66.33 - - [19/Sep/2026:19:11:54 +0530] "GET /?e=f1o1l1i4a4t5i5o5n765 HTTP/1.1" 200 1838 "-" "Mozilla/5.0 (Linux; Android 6.0.1; Nexus 5X Build/MMB29P) AppleWebKit/537.36 (KHTML, like Gecko) Chrome/153.0.8010.47 Mobile Safari/537.36 (compatible; Googlebot/2.1; +http://www.google.com/bot.html)"
74.7.242.42 - - [19/Sep/2026:19:11:54 +0530] "GET /buy.php?detail/11502866637262 HTTP/2.0" 200 20205 "https://www.llprecharge.in/buy.php?detail/11502611998136" "Mozilla/5.0 AppleWebKit/537.36 (KHTML, like Gecko; compatible; GPTBot/1.4; +https://openai.com/gptbot)"
74.7.243.193 - - [19/Sep/2026:19:11:54 +0530] "GET /buy.php?detail/26804793800041 HTTP/2.0" 200 21552 "https://llprecharge.in/buy.php?detail/26804273023680" "Mozilla/5.0 AppleWebKit/537.36 (KHTML, like Gecko; compatible; GPTBot/1.4; +https://openai.com/gptbot)"
65.21.113.253 - - [19/Sep/2026:19:11:54 +0530] "GET /buy.php?category/183/1 HTTP/1.1" 200 127269 "-" "Mozilla/5.0 (compatible; AwarioBot/1.0; +https://awario.com/bots.html)"
136.243.228.180 - - [19/Sep/2026:19:11:54 +0530] "GET /buy.php?special/254019896.html HTTP/1.1" 200 20473 "-" "Mozilla/5.0 (compatible; DataForSeoBot/1.0; +https://dataforseo.com/dataforseo-bot)"
66.249.66.195 - - [19/Sep/2026:19:11:58 +0530] "GET /?motte/64090957039 HTTP/1.1" 200 1838 "-" "Mozilla/5.0 (Linux; Android 6.0.1; Nexus 5X Build/MMB29P) AppleWebKit/537.36 (KHTML, like Gecko) Chrome/153.0.8010.47 Mobile Safari/537.36 (compatible; Googlebot/2.1; +http://www.google.com/bot.html)"
74.7.242.42 - - [19/Sep/2026:19:11:56 +0530] "GET /buy.php?detail/22502491732798 HTTP/2.0" 200 20603 "https://www.llprecharge.in/buy.php?detail/22502528377254" "Mozilla/5.0 AppleWebKit/537.36 (KHTML, like Gecko; compatible; GPTBot/1.4; +https://openai.com/gptbot)"
74.7.243.193 - - [19/Sep/2026:19:11:56 +0530] "GET /buy.php?detail/26902050609518 HTTP/2.0" 200 21765 "https://llprecharge.in/buy.php?detail/26902049160716" "Mozilla/5.0 AppleWebKit/537.36 (KHTML, like Gecko; compatible; GPTBot/1.4; +https://openai.com/gptbot)"
74.7.242.42 - - [19/Sep/2026:19:11:58 +0530] "GET /buy.php?detail/13504499913401 HTTP/2.0" 200 20687 "https://www.llprecharge.in/buy.php?detail/22502491588658" "Mozilla/5.0 AppleWebKit/537.36 (KHTML, like Gecko; compatible; GPTBot/1.4; +https://openai.com/gptbot)"
136.243.228.180 - - [19/Sep/2026:19:11:58 +0530] "GET /buy.php?special/078028028.html HTTP/1.1" 200 20696 "-" "Mozilla/5.0 (compatible; DataForSeoBot/1.0; +https://dataforseo.com/dataforseo-bot)"
74.7.243.193 - - [19/Sep/2026:19:11:59 +0530] "GET /buy.php?goods/160047504 HTTP/2.0" 200 21712 "https://llprecharge.in/buy.php?detail/16002357923550" "Mozilla/5.0 AppleWebKit/537.36 (KHTML, like Gecko; compatible; GPTBot/1.4; +https://openai.com/gptbot)"
65.21.113.253 - - [19/Sep/2026:19:11:59 +0530] "GET /buy.php?category/1836/1 HTTP/1.1" 200 141547 "-" "Mozilla/5.0 (compatible; AwarioBot/1.0; +https://awario.com/bots.html)"
74.7.242.42 - - [19/Sep/2026:19:12:01 +0530] "GET /buy.php?detail/22502342577574 HTTP/2.0" 200 21371 "https://www.llprecharge.in/buy.php?detail/22502491588658" "Mozilla/5.0 AppleWebKit/537.36 (KHTML, like Gecko; compatible; GPTBot/1.4; +https://openai.com/gptbot)"
16.216.88.153 - - [19/Sep/2026:19:12:01 +0530] "GET /buy.php?special/038001106.html HTTP/2.0" 200 20180 "-" "Mozilla/5.0 AppleWebKit/537.36 (KHTML, like Gecko; compatible; Reflectionbot/1.0; +https://reflection.ai/bot) Chrome/151.0.0.0 Safari/537.36"
74.7.243.193 - - [19/Sep/2026:19:12:01 +0530] "GET /buy.php?detail/16004751065169 HTTP/2.0" 200 21168 "https://llprecharge.in/buy.php?detail/16002357923550" "Mozilla/5.0 AppleWebKit/537.36 (KHTML, like Gecko; compatible; GPTBot/1.4; +https://openai.com/gptbot)"
74.7.243.193 - - [19/Sep/2026:19:12:05 +0530] "GET /buy.php?detail/04004273696479 HTTP/2.0" 200 21468 "https://llprecharge.in/buy.php?detail/14000303715980" "Mozilla/5.0 AppleWebKit/537.36 (KHTML, like Gecko; compatible; GPTBot/1.4; +https://openai.com/gptbot)"
74.7.242.42 - - [19/Sep/2026:19:12:03 +0530] "GET /buy.php?detail/08303071482215 HTTP/2.0" 200 20286 "https://www.llprecharge.in/buy.php?detail/09000361619658" "Mozilla/5.0 AppleWebKit/537.36 (KHTML, like Gecko; compatible; GPTBot/1.4; +https://openai.com/gptbot)"
66.249.66.196 - - [19/Sep/2026:19:12:09 +0530] "GET /interfaces/interfaceStore.php?item/9086178291 HTTP/1.1" 404 - "-" "Mozilla/5.0 (Linux; Android 6.0.1; Nexus 5X Build/MMB29P) AppleWebKit/537.36 (KHTML, like Gecko) Chrome/153.0.8010.47 Mobile Safari/537.36 (compatible; Googlebot/2.1; +http://www.google.com/bot.html)"
74.7.243.193 - - [19/Sep/2026:19:12:08 +0530] "GET /buy.php?detail/28203878027124 HTTP/2.0" 200 20538 "https://llprecharge.in/buy.php?detail/28203837794812" "Mozilla/5.0 AppleWebKit/537.36 (KHTML, like Gecko; compatible; GPTBot/1.4; +https://openai.com/gptbot)"
66.249.66.33 - - [19/Sep/2026:19:12:11 +0530] "GET /?e=m3u3f7f8l6e7r31524 HTTP/1.1" 200 1838 "-" "Mozilla/5.0 (Linux; Android 6.0.1; Nexus 5X Build/MMB29P) AppleWebKit/537.36 (KHTML, like Gecko) Chrome/153.0.8010.47 Mobile Safari/537.36 (compatible; Googlebot/2.1; +http://www.google.com/bot.html)"
65.21.113.253 - - [19/Sep/2026:19:12:09 +0530] "GET /buy.php?category/1836_4093/1 HTTP/1.1" 200 124623 "-" "Mozilla/5.0 (compatible; AwarioBot/1.0; +https://awario.com/bots.html)"
74.7.242.42 - - [19/Sep/2026:19:12:10 +0530] "GET /buy.php?detail/06801569230653 HTTP/2.0" 200 22833 "https://www.llprecharge.in/buy.php?detail/09000361619658" "Mozilla/5.0 AppleWebKit/537.36 (KHTML, like Gecko; compatible; GPTBot/1.4; +https://openai.com/gptbot)"
74.7.243.193 - - [19/Sep/2026:19:12:11 +0530] "GET /buy.php?detail/16002433618087 HTTP/2.0" 200 21282 "https://llprecharge.in/buy.php?detail/16002314009613" "Mozilla/5.0 AppleWebKit/537.36 (KHTML, like Gecko; compatible; GPTBot/1.4; +https://openai.com/gptbot)"
66.249.66.194 - - [19/Sep/2026:19:12:13 +0530] "GET /?e=s3t1u4d6d4e4r7y2126 HTTP/1.1" 200 1838 "-" "Mozilla/5.0 (Linux; Android 6.0.1; Nexus 5X Build/MMB29P) AppleWebKit/537.36 (KHTML, like Gecko) Chrome/153.0.8010.47 Mobile Safari/537.36 (compatible; Googlebot/2.1; +http://www.google.com/bot.html)"
74.7.242.42 - - [19/Sep/2026:19:12:12 +0530] "GET /buy.php?detail/06903805039781 HTTP/2.0" 200 20006 "https://www.llprecharge.in/buy.php?goods/107049341" "Mozilla/5.0 AppleWebKit/537.36 (KHTML, like Gecko; compatible; GPTBot/1.4; +https://openai.com/gptbot)"
66.249.66.195 - - [19/Sep/2026:19:12:15 +0530] "GET /cgi-bin.php?item/7084561355 HTTP/1.1" 404 20 "-" "Mozilla/5.0 (Linux; Android 6.0.1; Nexus 5X Build/MMB29P) AppleWebKit/537.36 (KHTML, like Gecko) Chrome/153.0.8010.47 Mobile Safari/537.36 (compatible; Googlebot/2.1; +http://www.google.com/bot.html)"
66.249.66.67 - - [19/Sep/2026:19:12:16 +0530] "GET /?leaseholder/42298092001 HTTP/1.1" 200 1838 "-" "Mozilla/5.0 (Linux; Android 6.0.1; Nexus 5X Build/MMB29P) AppleWebKit/537.36 (KHTML, like Gecko) Chrome/153.0.8010.47 Mobile Safari/537.36 (compatible; Googlebot/2.1; +http://www.google.com/bot.html)"
74.7.243.193 - - [19/Sep/2026:19:12:13 +0530] "GET /buy.php?detail/16002570798268 HTTP/2.0" 200 20244 "https://llprecharge.in/buy.php?detail/16004738612082" "Mozilla/5.0 AppleWebKit/537.36 (KHTML, like Gecko; compatible; GPTBot/1.4; +https://openai.com/gptbot)"
65.21.113.253 - - [19/Sep/2026:19:12:14 +0530] "GET /buy.php?category/1836_4093_5453/1 HTTP/1.1" 200 124482 "-" "Mozilla/5.0 (compatible; AwarioBot/1.0; +https://awario.com/bots.html)"
74.7.242.42 - - [19/Sep/2026:19:12:15 +0530] "GET /buy.php?detail/12304210766402 HTTP/2.0" 200 22508 "https://www.llprecharge.in/buy.php?detail/12304274264558" "Mozilla/5.0 AppleWebKit/537.36 (KHTML, like Gecko; compatible; GPTBot/1.4; +https://openai.com/gptbot)"
66.249.66.195 - - [19/Sep/2026:19:12:20 +0530] "GET /?e=a4c2t9i4n0o0g1r6a7m20 HTTP/1.1" 200 1838 "-" "Mozilla/5.0 (Linux; Android 6.0.1; Nexus 5X Build/MMB29P) AppleWebKit/537.36 (KHTML, like Gecko) Chrome/153.0.8010.47 Mobile Safari/537.36 (compatible; Googlebot/2.1; +http://www.google.com/bot.html)"
74.7.243.193 - - [19/Sep/2026:19:12:17 +0530] "GET /buy.php?goods/015036623 HTTP/2.0" 200 21039 "https://llprecharge.in/buy.php?detail/01502288209211" "Mozilla/5.0 AppleWebKit/537.36 (KHTML, like Gecko; compatible; GPTBot/1.4; +https://openai.com/gptbot)"
74.7.242.42 - - [19/Sep/2026:19:12:19 +0530] "GET /buy.php?detail/26000499407095 HTTP/2.0" 200 20548 "https://www.llprecharge.in/buy.php?detail/14603337796273" "Mozilla/5.0 AppleWebKit/537.36 (KHTML, like Gecko; compatible; GPTBot/1.4; +https://openai.com/gptbot)"
74.7.243.193 - - [19/Sep/2026:19:12:21 +0530] "GET /buy.php?detail/10100954012973 HTTP/2.0" 200 20424 "https://llprecharge.in/buy.php?detail/10100966712825" "Mozilla/5.0 AppleWebKit/537.36 (KHTML, like Gecko; compatible; GPTBot/1.4; +https://openai.com/gptbot)"
74.7.242.42 - - [19/Sep/2026:19:12:22 +0530] "GET /buy.php?detail/21503767255004 HTTP/2.0" 200 21473 "https://www.llprecharge.in/buy.php?detail/24101464601698" "Mozilla/5.0 AppleWebKit/537.36 (KHTML, like Gecko; compatible; GPTBot/1.4; +https://openai.com/gptbot)"
65.21.113.253 - - [19/Sep/2026:19:12:23 +0530] "GET /buy.php?category/1836_4093_6977/1 HTTP/1.1" 200 131914 "-" "Mozilla/5.0 (compatible; AwarioBot/1.0; +https://awario.com/bots.html)"
74.7.243.193 - - [19/Sep/2026:19:12:24 +0530] "GET /buy.php?detail/01503662595836 HTTP/2.0" 200 20312 "https://llprecharge.in/buy.php?detail/01502288209211" "Mozilla/5.0 AppleWebKit/537.36 (KHTML, like Gecko; compatible; GPTBot/1.4; +https://openai.com/gptbot)"
74.7.242.42 - - [19/Sep/2026:19:12:24 +0530] "GET /buy.php?detail/22304118824398 HTTP/2.0" 200 21087 "https://www.llprecharge.in/buy.php?detail/22304035185730" "Mozilla/5.0 AppleWebKit/537.36 (KHTML, like Gecko; compatible; GPTBot/1.4; +https://openai.com/gptbot)"
74.7.243.193 - - [19/Sep/2026:19:12:26 +0530] "GET /buy.php?detail/01503661693323 HTTP/2.0" 200 20866 "https://llprecharge.in/buy.php?detail/01502288209211" "Mozilla/5.0 AppleWebKit/537.36 (KHTML, like Gecko; compatible; GPTBot/1.4; +https://openai.com/gptbot)"
74.7.242.42 - - [19/Sep/2026:19:12:26 +0530] "GET /buy.php?detail/29401007047167 HTTP/2.0" 200 22762 "https://www.llprecharge.in/buy.php?detail/29400909488359" "Mozilla/5.0 AppleWebKit/537.36 (KHTML, like Gecko; compatible; GPTBot/1.4; +https://openai.com/gptbot)"
66.249.66.33 - - [19/Sep/2026:19:12:30 +0530] "GET /?proletaire/22404975968 HTTP/1.1" 200 1838 "-" "Mozilla/5.0 (Linux; Android 6.0.1; Nexus 5X Build/MMB29P) AppleWebKit/537.36 (KHTML, like Gecko) Chrome/153.0.8010.47 Mobile Safari/537.36 (compatible; Googlebot/2.1; +http://www.google.com/bot.html)"
74.7.243.193 - - [19/Sep/2026:19:12:29 +0530] "GET /buy.php?detail/0990078324008 HTTP/2.0" 200 20577 "https://llprecharge.in/buy.php?detail/26902050609518" "Mozilla/5.0 AppleWebKit/537.36 (KHTML, like Gecko; compatible; GPTBot/1.4; +https://openai.com/gptbot)"
74.7.242.42 - - [19/Sep/2026:19:12:29 +0530] "GET /buy.php?detail/22502450714942 HTTP/2.0" 200 21548 "https://www.llprecharge.in/buy.php?detail/22502491732798" "Mozilla/5.0 AppleWebKit/537.36 (KHTML, like Gecko; compatible; GPTBot/1.4; +https://openai.com/gptbot)"
66.249.66.67 - - [19/Sep/2026:19:12:31 +0530] "GET /shops/thymus/d5e3n6t6i2c5u6l1a2t3e9 HTTP/1.1" 404 - "-" "Mozilla/5.0 (Linux; Android 6.0.1; Nexus 5X Build/MMB29P) AppleWebKit/537.36 (KHTML, like Gecko) Chrome/153.0.8010.47 Mobile Safari/537.36 (compatible; Googlebot/2.1; +http://www.google.com/bot.html)"
66.249.66.67 - - [19/Sep/2026:19:12:33 +0530] "GET /?products/detail/266663347 HTTP/1.1" 200 1838 "-" "Mozilla/5.0 (Linux; Android 6.0.1; Nexus 5X Build/MMB29P) AppleWebKit/537.36 (KHTML, like Gecko) Chrome/153.0.8010.47 Mobile Safari/537.36 (compatible; Googlebot/2.1; +http://www.google.com/bot.html)"
74.7.242.42 - - [19/Sep/2026:19:12:32 +0530] "GET /buy.php?detail/14603297736649 HTTP/2.0" 200 20540 "https://www.llprecharge.in/buy.php?detail/14602142401337" "Mozilla/5.0 AppleWebKit/537.36 (KHTML, like Gecko; compatible; GPTBot/1.4; +https://openai.com/gptbot)"
74.7.243.193 - - [19/Sep/2026:19:12:31 +0530] "GET /buy.php?detail/01503661413988 HTTP/2.0" 200 20370 "https://llprecharge.in/buy.php?detail/01502288209211" "Mozilla/5.0 AppleWebKit/537.36 (KHTML, like Gecko; compatible; GPTBot/1.4; +https://openai.com/gptbot)"
65.21.113.253 - - [19/Sep/2026:19:12:32 +0530] "GET /buy.php?category/1836_4182/1 HTTP/1.1" 200 119470 "-" "Mozilla/5.0 (compatible; AwarioBot/1.0; +https://awario.com/bots.html)"
74.7.242.42 - - [19/Sep/2026:19:12:34 +0530] "GET /buy.php?detail/06102499270551 HTTP/2.0" 200 21228 "https://www.llprecharge.in/buy.php?detail/02903616485844" "Mozilla/5.0 AppleWebKit/537.36 (KHTML, like Gecko; compatible; GPTBot/1.4; +https://openai.com/gptbot)"
74.7.243.193 - - [19/Sep/2026:19:12:34 +0530] "GET /buy.php?detail/16004749856919 HTTP/2.0" 200 20211 "https://llprecharge.in/buy.php?detail/16002357923550" "Mozilla/5.0 AppleWebKit/537.36 (KHTML, like Gecko; compatible; GPTBot/1.4; +https://openai.com/gptbot)"
74.7.242.42 - - [19/Sep/2026:19:12:36 +0530] "GET /buy.php?detail/22304117737469 HTTP/2.0" 200 21102 "https://www.llprecharge.in/buy.php?detail/22304035185730" "Mozilla/5.0 AppleWebKit/537.36 (KHTML, like Gecko; compatible; GPTBot/1.4; +https://openai.com/gptbot)"
66.249.66.67 - - [19/Sep/2026:19:12:39 +0530] "GET /?e=d1i3s7s4e8r0v3i8c1e6a2bleness HTTP/1.1" 200 1838 "-" "Mozilla/5.0 (Linux; Android 6.0.1; Nexus 5X Build/MMB29P) AppleWebKit/537.36 (KHTML, like Gecko) Chrome/153.0.8010.47 Mobile Safari/537.36 (compatible; Googlebot/2.1; +http://www.google.com/bot.html)"
66.249.66.33 - - [19/Sep/2026:19:12:40 +0530] "GET /shops/indigofera/o7b2s6t1r4u2c9t5i5n1g0 HTTP/1.1" 404 - "-" "Mozilla/5.0 (Linux; Android 6.0.1; Nexus 5X Build/MMB29P) AppleWebKit/537.36 (KHTML, like Gecko) Chrome/153.0.8010.47 Mobile Safari/537.36 (compatible; Googlebot/2.1; +http://www.google.com/bot.html)"
66.249.66.67 - - [19/Sep/2026:19:12:40 +0530] "GET /?e=p3l5e9n4a6r0y1220 HTTP/1.1" 200 1838 "-" "Mozilla/5.0 (Linux; Android 6.0.1; Nexus 5X Build/MMB29P) AppleWebKit/537.36 (KHTML, like Gecko) Chrome/153.0.8010.47 Mobile Safari/537.36 (compatible; Googlebot/2.1; +http://www.google.com/bot.html)"
65.21.113.253 - - [19/Sep/2026:19:12:38 +0530] "GET /buy.php?category/1836_4182_6355/1 HTTP/1.1" 200 118118 "-" "Mozilla/5.0 (compatible; AwarioBot/1.0; +https://awario.com/bots.html)"
74.7.243.193 - - [19/Sep/2026:19:12:39 +0530] "GET /buy.php?detail/13504643434735 HTTP/2.0" 200 20186 "https://llprecharge.in/buy.php?detail/04004273696479" "Mozilla/5.0 AppleWebKit/537.36 (KHTML, like Gecko; compatible; GPTBot/1.4; +https://openai.com/gptbot)"
74.7.242.42 - - [19/Sep/2026:19:12:39 +0530] "GET /buy.php?detail/06801324372808 HTTP/2.0" 200 22488 "https://www.llprecharge.in/buy.php?detail/06801569230653" "Mozilla/5.0 AppleWebKit/537.36 (KHTML, like Gecko; compatible; GPTBot/1.4; +https://openai.com/gptbot)"
74.7.243.193 - - [19/Sep/2026:19:12:41 +0530] "GET /buy.php?detail/02201539577733 HTTP/2.0" 200 21046 "https://llprecharge.in/buy.php?detail/28203878027124" "Mozilla/5.0 AppleWebKit/537.36 (KHTML, like Gecko; compatible; GPTBot/1.4; +https://openai.com/gptbot)"
74.7.242.42 - - [19/Sep/2026:19:12:42 +0530] "GET /buy.php?detail/09701200449546 HTTP/2.0" 200 21114 "https://www.llprecharge.in/buy.php?detail/09701070469491" "Mozilla/5.0 AppleWebKit/537.36 (KHTML, like Gecko; compatible; GPTBot/1.4; +https://openai.com/gptbot)"
74.7.243.193 - - [19/Sep/2026:19:12:43 +0530] "GET /buy.php?detail/16002308944126 HTTP/2.0" 200 20245 "https://llprecharge.in/buy.php?detail/16004988911137" "Mozilla/5.0 AppleWebKit/537.36 (KHTML, like Gecko; compatible; GPTBot/1.4; +https://openai.com/gptbot)"
74.7.242.42 - - [19/Sep/2026:19:12:44 +0530] "GET /buy.php?detail/12304167167198 HTTP/2.0" 200 22527 "https://www.llprecharge.in/buy.php?detail/12304210766402" "Mozilla/5.0 AppleWebKit/537.36 (KHTML, like Gecko; compatible; GPTBot/1.4; +https://openai.com/gptbot)"
74.7.243.193 - - [19/Sep/2026:19:12:45 +0530] "GET /buy.php?detail/16004717512012 HTTP/2.0" 200 20704 "https://llprecharge.in/buy.php?detail/16002570798268" "Mozilla/5.0 AppleWebKit/537.36 (KHTML, like Gecko; compatible; GPTBot/1.4; +https://openai.com/gptbot)"
66.249.66.67 - - [19/Sep/2026:19:12:49 +0530] "GET /?contradict/02333981110 HTTP/1.1" 200 1838 "-" "Mozilla/5.0 (Linux; Android 6.0.1; Nexus 5X Build/MMB29P) AppleWebKit/537.36 (KHTML, like Gecko) Chrome/153.0.8010.47 Mobile Safari/537.36 (compatible; Googlebot/2.1; +http://www.google.com/bot.html)"
65.21.113.253 - - [19/Sep/2026:19:12:46 +0530] "GET /buy.php?category/183_184/1 HTTP/1.1" 200 137713 "-" "Mozilla/5.0 (compatible; AwarioBot/1.0; +https://awario.com/bots.html)"
74.7.242.42 - - [19/Sep/2026:19:12:47 +0530] "GET /buy.php?detail/15801146266192 HTTP/2.0" 200 21814 "https://www.llprecharge.in/buy.php?detail/02903616485844" "Mozilla/5.0 AppleWebKit/537.36 (KHTML, like Gecko; compatible; GPTBot/1.4; +https://openai.com/gptbot)"
74.7.243.193 - - [19/Sep/2026:19:12:48 +0530] "GET /buy.php?detail/01503703818372 HTTP/2.0" 200 20551 "https://llprecharge.in/buy.php?goods/015036623" "Mozilla/5.0 AppleWebKit/537.36 (KHTML, like Gecko; compatible; GPTBot/1.4; +https://openai.com/gptbot)"
74.7.242.42 - - [19/Sep/2026:19:12:49 +0530] "GET /buy.php?detail/21504114797829 HTTP/2.0" 200 21969 "https://www.llprecharge.in/buy.php?detail/21503767255004" "Mozilla/5.0 AppleWebKit/537.36 (KHTML, like Gecko; compatible; GPTBot/1.4; +https://openai.com/gptbot)"
136.243.228.180 - - [19/Sep/2026:19:12:49 +0530] "GET /buy.php?special/254019894.html HTTP/1.1" 200 20999 "-" "Mozilla/5.0 (compatible; DataForSeoBot/1.0; +https://dataforseo.com/dataforseo-bot)"
66.249.66.67 - - [19/Sep/2026:19:12:52 +0530] "GET /?utterance/974456281 HTTP/1.1" 200 1838 "-" "Mozilla/5.0 (Linux; Android 6.0.1; Nexus 5X Build/MMB29P) AppleWebKit/537.36 (KHTML, like Gecko) Chrome/153.0.8010.47 Mobile Safari/537.36 (compatible; Googlebot/2.1; +http://www.google.com/bot.html)"
74.7.243.193 - - [19/Sep/2026:19:12:50 +0530] "GET /buy.php?detail/22004110400046 HTTP/2.0" 200 22428 "https://llprecharge.in/buy.php?detail/22004124267130" "Mozilla/5.0 AppleWebKit/537.36 (KHTML, like Gecko; compatible; GPTBot/1.4; +https://openai.com/gptbot)"
74.7.242.42 - - [19/Sep/2026:19:12:52 +0530] "GET /buy.php?detail/22304168234627 HTTP/2.0" 200 21010 "https://www.llprecharge.in/buy.php?detail/22304118824398" "Mozilla/5.0 AppleWebKit/537.36 (KHTML, like Gecko; compatible; GPTBot/1.4; +https://openai.com/gptbot)"
74.7.243.193 - - [19/Sep/2026:19:12:53 +0530] "GET /buy.php?detail/02901470461427 HTTP/2.0" 200 20671 "https://llprecharge.in/buy.php?detail/01503662595836" "Mozilla/5.0 AppleWebKit/537.36 (KHTML, like Gecko; compatible; GPTBot/1.4; +https://openai.com/gptbot)"
136.243.228.180 - - [19/Sep/2026:19:12:54 +0530] "GET /buy.php?special/254019892.html HTTP/1.1" 200 20388 "-" "Mozilla/5.0 (compatible; DataForSeoBot/1.0; +https://dataforseo.com/dataforseo-bot)"
74.7.242.42 - - [19/Sep/2026:19:12:54 +0530] "GET /buy.php?detail/29400652490660 HTTP/2.0" 200 21018 "https://www.llprecharge.in/buy.php?detail/29401007047167" "Mozilla/5.0 AppleWebKit/537.36 (KHTML, like Gecko; compatible; GPTBot/1.4; +https://openai.com/gptbot)"
74.7.243.193 - - [19/Sep/2026:19:12:55 +0530] "GET /buy.php?detail/0150139181947 HTTP/2.0" 200 20356 "https://llprecharge.in/buy.php?detail/01503661693323" "Mozilla/5.0 AppleWebKit/537.36 (KHTML, like Gecko; compatible; GPTBot/1.4; +https://openai.com/gptbot)"
65.21.113.253 - - [19/Sep/2026:19:12:56 +0530] "GET /buy.php?category/183_831/1 HTTP/1.1" 200 142907 "-" "Mozilla/5.0 (compatible; AwarioBot/1.0; +https://awario.com/bots.html)"
74.7.242.42 - - [19/Sep/2026:19:12:57 +0530] "GET /buy.php?detail/22502391043691 HTTP/2.0" 200 22726 "https://www.llprecharge.in/buy.php?detail/22502450714942" "Mozilla/5.0 AppleWebKit/537.36 (KHTML, like Gecko; compatible; GPTBot/1.4; +https://openai.com/gptbot)"
66.249.66.33 - - [19/Sep/2026:19:12:59 +0530] "GET /?lavoesium/93462970531 HTTP/1.1" 200 1838 "-" "Mozilla/5.0 (Linux; Android 6.0.1; Nexus 5X Build/MMB29P) AppleWebKit/537.36 (KHTML, like Gecko) Chrome/153.0.8010.47 Mobile Safari/537.36 (compatible; Googlebot/2.1; +http://www.google.com/bot.html)"
136.243.228.180 - - [19/Sep/2026:19:12:57 +0530] "GET /buy.php?goods/193029173 HTTP/1.1" 200 20457 "-" "Mozilla/5.0 (compatible; DataForSeoBot/1.0; +https://dataforseo.com/dataforseo-bot)"
66.249.66.194 - - [19/Sep/2026:19:12:59 +0530] "GET /?hissingly/34083361427 HTTP/1.1" 200 1838 "-" "Mozilla/5.0 (Linux; Android 6.0.1; Nexus 5X Build/MMB29P) AppleWebKit/537.36 (KHTML, like Gecko) Chrome/153.0.8010.47 Mobile Safari/537.36 (compatible; Googlebot/2.1; +http://www.google.com/bot.html)"
74.7.242.42 - - [19/Sep/2026:19:12:59 +0530] "GET /buy.php?detail/14602420620980 HTTP/2.0" 200 20366 "https://www.llprecharge.in/buy.php?detail/14603297736649" "Mozilla/5.0 AppleWebKit/537.36 (KHTML, like Gecko; compatible; GPTBot/1.4; +https://openai.com/gptbot)"
74.7.243.193 - - [19/Sep/2026:19:12:58 +0530] "GET /buy.php?detail/24602024836062 HTTP/2.0" 200 20549 "https://llprecharge.in/buy.php?detail/01503661693323" "Mozilla/5.0 AppleWebKit/537.36 (KHTML, like Gecko; compatible; GPTBot/1.4; +https://openai.com/gptbot)"
136.243.228.180 - - [19/Sep/2026:19:13:01 +0530] "GET /buy.php?special/193029163.html HTTP/1.1" 200 21300 "-" "Mozilla/5.0 (compatible; DataForSeoBot/1.0; +https://dataforseo.com/dataforseo-bot)"
65.21.113.253 - - [19/Sep/2026:19:13:01 +0530] "GET /buy.php?category/1849/1 HTTP/1.1" 200 125345 "-" "Mozilla/5.0 (compatible; AwarioBot/1.0; +https://awario.com/bots.html)"
66.249.66.194 - - [19/Sep/2026:19:13:04 +0530] "GET /?tautophonical/32288921762 HTTP/1.1" 200 1838 "-" "Mozilla/5.0 (Linux; Android 6.0.1; Nexus 5X Build/MMB29P) AppleWebKit/537.36 (KHTML, like Gecko) Chrome/153.0.8010.47 Mobile Safari/537.36 (compatible; Googlebot/2.1; +http://www.google.com/bot.html)"
74.7.243.193 - - [19/Sep/2026:19:13:02 +0530] "GET /buy.php?detail/01501294455338 HTTP/2.0" 200 20825 "https://llprecharge.in/buy.php?detail/01503662595836" "Mozilla/5.0 AppleWebKit/537.36 (KHTML, like Gecko; compatible; GPTBot/1.4; +https://openai.com/gptbot)"
66.249.66.69 - - [19/Sep/2026:19:13:05 +0530] "GET /?quicker/7111384913 HTTP/1.1" 200 1838 "-" "Mozilla/5.0 (Linux; Android 6.0.1; Nexus 5X Build/MMB29P) AppleWebKit/537.36 (KHTML, like Gecko) Chrome/153.0.8010.47 Mobile Safari/537.36 (compatible; Googlebot/2.1; +http://www.google.com/bot.html)"
74.7.243.193 - - [19/Sep/2026:19:13:05 +0530] "GET /buy.php?detail/01503954408246 HTTP/2.0" 200 20445 "https://llprecharge.in/buy.php?detail/01503661413988" "Mozilla/5.0 AppleWebKit/537.36 (KHTML, like Gecko; compatible; GPTBot/1.4; +https://openai.com/gptbot)"
74.7.242.42 - - [19/Sep/2026:19:13:02 +0530] "GET /buy.php?detail/19700623673228 HTTP/2.0" 200 22540 "https://www.llprecharge.in/buy.php?detail/14603297736649" "Mozilla/5.0 AppleWebKit/537.36 (KHTML, like Gecko; compatible; GPTBot/1.4; +https://openai.com/gptbot)"
65.21.113.253 - - [19/Sep/2026:19:13:05 +0530] "GET /buy.php?category/1849_4471/1 HTTP/1.1" 200 155492 "-" "Mozilla/5.0 (compatible; AwarioBot/1.0; +https://awario.com/bots.html)"
136.243.228.180 - - [19/Sep/2026:19:13:06 +0530] "GET /buy.php?special/193029161.html HTTP/1.1" 200 21417 "-" "Mozilla/5.0 (compatible; DataForSeoBot/1.0; +https://dataforseo.com/dataforseo-bot)"
74.7.243.193 - - [19/Sep/2026:19:13:07 +0530] "GET /buy.php?goods/135046408 HTTP/2.0" 200 20191 "https://llprecharge.in/buy.php?detail/13504643434735" "Mozilla/5.0 AppleWebKit/537.36 (KHTML, like Gecko; compatible; GPTBot/1.4; +https://openai.com/gptbot)"
66.249.66.33 - - [19/Sep/2026:19:13:10 +0530] "GET /?e=s7p8a1c7e4l6e5s7s10 HTTP/1.1" 200 1838 "-" "Mozilla/5.0 (Linux; Android 6.0.1; Nexus 5X Build/MMB29P) AppleWebKit/537.36 (KHTML, like Gecko) Chrome/153.0.8010.47 Mobile Safari/537.36 (compatible; Googlebot/2.1; +http://www.google.com/bot.html)"
136.243.228.180 - - [19/Sep/2026:19:13:09 +0530] "GET /buy.php?jp/193029145.html HTTP/1.1" 200 21355 "-" "Mozilla/5.0 (compatible; DataForSeoBot/1.0; +https://dataforseo.com/dataforseo-bot)"
74.7.243.193 - - [19/Sep/2026:19:13:10 +0530] "GET /buy.php?detail/02201544876874 HTTP/2.0" 200 20928 "https://llprecharge.in/buy.php?detail/02201539577733" "Mozilla/5.0 AppleWebKit/537.36 (KHTML, like Gecko; compatible; GPTBot/1.4; +https://openai.com/gptbot)"
74.7.242.42 - - [19/Sep/2026:19:13:08 +0530] "GET /buy.php?detail/14602422001255 HTTP/2.0" 200 20173 "https://www.llprecharge.in/buy.php?detail/14603297736649" "Mozilla/5.0 AppleWebKit/537.36 (KHTML, like Gecko; compatible; GPTBot/1.4; +https://openai.com/gptbot)"
65.21.113.253 - - [19/Sep/2026:19:13:10 +0530] "GET /buy.php?category/185/1 HTTP/1.1" 200 123691 "-" "Mozilla/5.0 (compatible; AwarioBot/1.0; +https://awario.com/bots.html)"
74.7.242.42 - - [19/Sep/2026:19:13:12 +0530] "GET /buy.php?detail/12901394491776 HTTP/2.0" 200 21642 "https://www.llprecharge.in/buy.php?detail/06801569230653" "Mozilla/5.0 AppleWebKit/537.36 (KHTML, like Gecko; compatible; GPTBot/1.4; +https://openai.com/gptbot)"
74.7.242.42 - - [19/Sep/2026:19:13:15 +0530] "GET /buy.php?detail/16201809804364 HTTP/2.0" 200 20580 "https://www.llprecharge.in/buy.php?detail/09701200449546" "Mozilla/5.0 AppleWebKit/537.36 (KHTML, like Gecko; compatible; GPTBot/1.4; +https://openai.com/gptbot)"
136.243.228.180 - - [19/Sep/2026:19:13:14 +0530] "GET /buy.php?special/108025076.html HTTP/1.1" 200 19937 "-" "Mozilla/5.0 (compatible; DataForSeoBot/1.0; +https://dataforseo.com/dataforseo-bot)"
74.7.242.42 - - [19/Sep/2026:19:13:17 +0530] "GET /buy.php?detail/12304112557329 HTTP/2.0" 200 22718 "https://www.llprecharge.in/buy.php?detail/12304167167198" "Mozilla/5.0 AppleWebKit/537.36 (KHTML, like Gecko; compatible; GPTBot/1.4; +https://openai.com/gptbot)"
65.21.113.253 - - [19/Sep/2026:19:13:18 +0530] "GET /buy.php?category/1858/1 HTTP/1.1" 200 129754 "-" "Mozilla/5.0 (compatible; AwarioBot/1.0; +https://awario.com/bots.html)"
136.243.228.180 - - [19/Sep/2026:19:13:19 +0530] "GET /buy.php?special/193029171.html HTTP/1.1" 200 21074 "-" "Mozilla/5.0 (compatible; DataForSeoBot/1.0; +https://dataforseo.com/dataforseo-bot)"
74.7.242.42 - - [19/Sep/2026:19:13:20 +0530] "GET /buy.php?detail/21900035744839 HTTP/2.0" 200 21483 "https://www.llprecharge.in/buy.php?detail/15801146266192" "Mozilla/5.0 AppleWebKit/537.36 (KHTML, like Gecko; compatible; GPTBot/1.4; +https://openai.com/gptbot)"
74.7.243.193 - - [19/Sep/2026:19:13:12 +0530] "GET /buy.php?detail/16004964499083 HTTP/2.0" 200 21169 "https://llprecharge.in/buy.php?detail/16002308944126" "Mozilla/5.0 AppleWebKit/537.36 (KHTML, like Gecko; compatible; GPTBot/1.4; +https://openai.com/gptbot)"
66.249.66.195 - - [19/Sep/2026:19:13:23 +0530] "GET /?e=p5e2r5l6u5s6t3r8a2t4i3on HTTP/1.1" 200 1838 "-" "Mozilla/5.0 (Linux; Android 6.0.1; Nexus 5X Build/MMB29P) AppleWebKit/537.36 (KHTML, like Gecko) Chrome/153.0.8010.47 Mobile Safari/537.36 (compatible; Googlebot/2.1; +http://www.google.com/bot.html)"
74.7.242.42 - - [19/Sep/2026:19:13:22 +0530] "GET /buy.php?detail/03104010964082 HTTP/2.0" 200 22550 "https://www.llprecharge.in/buy.php?detail/21504114797829" "Mozilla/5.0 AppleWebKit/537.36 (KHTML, like Gecko; compatible; GPTBot/1.4; +https://openai.com/gptbot)"
136.243.228.180 - - [19/Sep/2026:19:13:22 +0530] "GET /buy.php?special/193029151.html HTTP/1.1" 200 20839 "-" "Mozilla/5.0 (compatible; DataForSeoBot/1.0; +https://dataforseo.com/dataforseo-bot)"
74.7.243.193 - - [19/Sep/2026:19:13:22 +0530] "GET /buy.php?detail/16004806564104 HTTP/2.0" 200 20720 "https://llprecharge.in/buy.php?detail/16004717512012" "Mozilla/5.0 AppleWebKit/537.36 (KHTML, like Gecko; compatible; GPTBot/1.4; +https://openai.com/gptbot)"
74.7.242.42 - - [19/Sep/2026:19:13:24 +0530] "GET /buy.php?detail/22304149302770 HTTP/2.0" 200 20808 "https://www.llprecharge.in/buy.php?detail/22304168234627" "Mozilla/5.0 AppleWebKit/537.36 (KHTML, like Gecko; compatible; GPTBot/1.4; +https://openai.com/gptbot)"
74.7.243.193 - - [19/Sep/2026:19:13:25 +0530] "GET /buy.php?detail/01501277577030 HTTP/2.0" 200 20387 "https://llprecharge.in/buy.php?detail/01503703818372" "Mozilla/5.0 AppleWebKit/537.36 (KHTML, like Gecko; compatible; GPTBot/1.4; +https://openai.com/gptbot)"
74.7.242.42 - - [19/Sep/2026:19:13:27 +0530] "GET /buy.php?detail/09701155372195 HTTP/2.0" 200 20333 "https://www.llprecharge.in/buy.php?detail/09701200449546" "Mozilla/5.0 AppleWebKit/537.36 (KHTML, like Gecko; compatible; GPTBot/1.4; +https://openai.com/gptbot)"
65.21.113.253 - - [19/Sep/2026:19:13:27 +0530] "GET /buy.php?category/1858_1859/1 HTTP/1.1" 200 121681 "-" "Mozilla/5.0 (compatible; AwarioBot/1.0; +https://awario.com/bots.html)"
74.7.243.193 - - [19/Sep/2026:19:13:28 +0530] "GET /buy.php?detail/0030336042975 HTTP/2.0" 200 20317 "https://llprecharge.in/buy.php?detail/22004110400046" "Mozilla/5.0 AppleWebKit/537.36 (KHTML, like Gecko; compatible; GPTBot/1.4; +https://openai.com/gptbot)"
136.243.228.180 - - [19/Sep/2026:19:13:26 +0530] "GET /buy.php?special/138004688.html HTTP/1.1" 200 20892 "-" "Mozilla/5.0 (compatible; DataForSeoBot/1.0; +https://dataforseo.com/dataforseo-bot)"
74.7.242.42 - - [19/Sep/2026:19:13:29 +0530] "GET /buy.php?detail/24101465156874 HTTP/2.0" 200 20653 "https://www.llprecharge.in/buy.php?detail/2410097619038" "Mozilla/5.0 AppleWebKit/537.36 (KHTML, like Gecko; compatible; GPTBot/1.4; +https://openai.com/gptbot)"
74.7.243.193 - - [19/Sep/2026:19:13:30 +0530] "GET /buy.php?detail/02901475557176 HTTP/2.0" 200 20199 "https://llprecharge.in/buy.php?detail/02901470461427" "Mozilla/5.0 AppleWebKit/537.36 (KHTML, like Gecko; compatible; GPTBot/1.4; +https://openai.com/gptbot)"
66.249.66.195 - - [19/Sep/2026:19:13:33 +0530] "GET /?e=c7e2r8o4s0i0n98860 HTTP/1.1" 200 1838 "-" "Mozilla/5.0 (Linux; Android 6.0.1; Nexus 5X Build/MMB29P) AppleWebKit/537.36 (KHTML, like Gecko) Chrome/153.0.8010.47 Mobile Safari/537.36 (compatible; Googlebot/2.1; +http://www.google.com/bot.html)"
66.249.66.67 - - [19/Sep/2026:19:13:34 +0530] "GET /?e=m3a3t7e2l3o9t8t0e626 HTTP/1.1" 200 1838 "-" "Mozilla/5.0 (Linux; Android 6.0.1; Nexus 5X Build/MMB29P) AppleWebKit/537.36 (KHTML, like Gecko) Chrome/153.0.8010.47 Mobile Safari/537.36 (compatible; Googlebot/2.1; +http://www.google.com/bot.html)"
65.21.113.253 - - [19/Sep/2026:19:13:32 +0530] "GET /buy.php?category/185_1376/1 HTTP/1.1" 200 119879 "-" "Mozilla/5.0 (compatible; AwarioBot/1.0; +https://awario.com/bots.html)"
74.7.242.42 - - [19/Sep/2026:19:13:33 +0530] "GET /buy.php?detail/25402209450478 HTTP/2.0" 200 20395 "https://www.llprecharge.in/buy.php?detail/14602420620980" "Mozilla/5.0 AppleWebKit/537.36 (KHTML, like Gecko; compatible; GPTBot/1.4; +https://openai.com/gptbot)"
66.249.66.194 - - [19/Sep/2026:19:13:35 +0530] "GET /cgi-bin.php?item/9084747695 HTTP/1.1" 404 20 "-" "Mozilla/5.0 (Linux; Android 6.0.1; Nexus 5X Build/MMB29P) AppleWebKit/537.36 (KHTML, like Gecko) Chrome/153.0.8010.47 Mobile Safari/537.36 (compatible; Googlebot/2.1; +http://www.google.com/bot.html)"
74.7.243.193 - - [19/Sep/2026:19:13:33 +0530] "GET /buy.php?detail/16004963355609 HTTP/2.0" 200 20369 "https://llprecharge.in/buy.php?detail/16002308944126" "Mozilla/5.0 AppleWebKit/537.36 (KHTML, like Gecko; compatible; GPTBot/1.4; +https://openai.com/gptbot)"
66.249.66.195 - - [19/Sep/2026:19:13:35 +0530] "GET /?e=e0m4b2r6y3o1t4r1o4p6h4 HTTP/1.1" 200 1838 "-" "Mozilla/5.0 (Linux; Android 6.0.1; Nexus 5X Build/MMB29P) AppleWebKit/537.36 (KHTML, like Gecko) Chrome/153.0.8010.47 Mobile Safari/537.36 (compatible; Googlebot/2.1; +http://www.google.com/bot.html)"
66.249.66.33 - - [19/Sep/2026:19:13:36 +0530] "GET /?autobiographist/71189940623 HTTP/1.1" 200 1838 "-" "Mozilla/5.0 (Linux; Android 6.0.1; Nexus 5X Build/MMB29P) AppleWebKit/537.36 (KHTML, like Gecko) Chrome/153.0.8010.47 Mobile Safari/537.36 (compatible; Googlebot/2.1; +http://www.google.com/bot.html)"
74.7.242.42 - - [19/Sep/2026:19:13:35 +0530] "GET /buy.php?detail/06600773478197 HTTP/2.0" 200 20551 "https://www.llprecharge.in/buy.php?detail/14602420620980" "Mozilla/5.0 AppleWebKit/537.36 (KHTML, like Gecko; compatible; GPTBot/1.4; +https://openai.com/gptbot)"
66.249.66.195 - - [19/Sep/2026:19:13:38 +0530] "GET /?e=u1n1a5t1t6a1c7h4e3d60 HTTP/1.1" 200 1838 "-" "Mozilla/5.0 (Linux; Android 6.0.1; Nexus 5X Build/MMB29P) AppleWebKit/537.36 (KHTML, like Gecko) Chrome/153.0.8010.47 Mobile Safari/537.36 (compatible; Googlebot/2.1; +http://www.google.com/bot.html)"
74.7.243.193 - - [19/Sep/2026:19:13:35 +0530] "GET /buy.php?detail/24602399945347 HTTP/2.0" 200 21095 "https://llprecharge.in/buy.php?detail/24602024836062" "Mozilla/5.0 AppleWebKit/537.36 (KHTML, like Gecko; compatible; GPTBot/1.4; +https://openai.com/gptbot)"
74.7.242.42 - - [19/Sep/2026:19:13:37 +0530] "GET /buy.php?detail/05500431656392 HTTP/2.0" 200 20332 "https://www.llprecharge.in/buy.php?detail/12304157796094" "Mozilla/5.0 AppleWebKit/537.36 (KHTML, like Gecko; compatible; GPTBot/1.4; +https://openai.com/gptbot)"
74.7.242.42 - - [19/Sep/2026:19:13:40 +0530] "GET /buy.php?detail/12900872038244 HTTP/2.0" 200 21910 "https://www.llprecharge.in/buy.php?detail/12901394491776" "Mozilla/5.0 AppleWebKit/537.36 (KHTML, like Gecko; compatible; GPTBot/1.4; +https://openai.com/gptbot)"
74.7.243.193 - - [19/Sep/2026:19:13:39 +0530] "GET /buy.php?detail/04500480558696 HTTP/2.0" 200 23360 "https://llprecharge.in/buy.php?detail/01501294455338" "Mozilla/5.0 AppleWebKit/537.36 (KHTML, like Gecko; compatible; GPTBot/1.4; +https://openai.com/gptbot)"
66.249.66.67 - - [19/Sep/2026:19:13:43 +0530] "GET /?geotrygon/32711766922 HTTP/1.1" 200 1838 "-" "Mozilla/5.0 (Linux; Android 6.0.1; Nexus 5X Build/MMB29P) AppleWebKit/537.36 (KHTML, like Gecko) Chrome/153.0.8010.47 Mobile Safari/537.36 (compatible; Googlebot/2.1; +http://www.google.com/bot.html)"
65.21.113.253 - - [19/Sep/2026:19:13:42 +0530] "GET /buy.php?category/1865/1 HTTP/1.1" 200 127854 "-" "Mozilla/5.0 (compatible; AwarioBot/1.0; +https://awario.com/bots.html)"
74.7.242.42 - - [19/Sep/2026:19:13:42 +0530] "GET /buy.php?detail/21104209272962 HTTP/2.0" 200 19902 "https://www.llprecharge.in/buy.php?detail/16201809804364" "Mozilla/5.0 AppleWebKit/537.36 (KHTML, like Gecko; compatible; GPTBot/1.4; +https://openai.com/gptbot)"
74.7.243.193 - - [19/Sep/2026:19:13:43 +0530] "GET /buy.php?detail/09900801951141 HTTP/2.0" 200 20749 "https://llprecharge.in/buy.php?detail/0990078324008" "Mozilla/5.0 AppleWebKit/537.36 (KHTML, like Gecko; compatible; GPTBot/1.4; +https://openai.com/gptbot)"
74.7.242.42 - - [19/Sep/2026:19:13:45 +0530] "GET /buy.php?detail/17103059148081 HTTP/2.0" 200 22821 "https://www.llprecharge.in/buy.php?detail/12304112557329" "Mozilla/5.0 AppleWebKit/537.36 (KHTML, like Gecko; compatible; GPTBot/1.4; +https://openai.com/gptbot)"
74.7.243.193 - - [19/Sep/2026:19:13:45 +0530] "GET /buy.php?detail/13504616745032 HTTP/2.0" 200 20087 "https://llprecharge.in/buy.php?goods/135046408" "Mozilla/5.0 AppleWebKit/537.36 (KHTML, like Gecko; compatible; GPTBot/1.4; +https://openai.com/gptbot)"
65.21.113.253 - - [19/Sep/2026:19:13:46 +0530] "GET /buy.php?category/1865_5390/1 HTTP/1.1" 200 130417 "-" "Mozilla/5.0 (compatible; AwarioBot/1.0; +https://awario.com/bots.html)"
66.249.66.33 - - [19/Sep/2026:19:13:48 +0530] "GET /interfaces/interfaceStore.php?item/6084218395 HTTP/1.1" 404 - "-" "Mozilla/5.0 (Linux; Android 6.0.1; Nexus 5X Build/MMB29P) AppleWebKit/537.36 (KHTML, like Gecko) Chrome/153.0.8010.47 Mobile Safari/537.36 (compatible; Googlebot/2.1; +http://www.google.com/bot.html)"
66.249.66.195 - - [19/Sep/2026:19:13:49 +0530] "GET /?e=a9b6e9t1t0a7l4572 HTTP/1.1" 200 1838 "-" "Mozilla/5.0 (Linux; Android 6.0.1; Nexus 5X Build/MMB29P) AppleWebKit/537.36 (KHTML, like Gecko) Chrome/153.0.8010.47 Mobile Safari/537.36 (compatible; Googlebot/2.1; +http://www.google.com/bot.html)"
74.7.242.42 - - [19/Sep/2026:19:13:47 +0530] "GET /buy.php?goods/219002707 HTTP/2.0" 200 21648 "https://www.llprecharge.in/buy.php?detail/21900035744839" "Mozilla/5.0 AppleWebKit/537.36 (KHTML, like Gecko; compatible; GPTBot/1.4; +https://openai.com/gptbot)"
74.7.243.193 - - [19/Sep/2026:19:13:47 +0530] "GET /buy.php?detail/04100115035713 HTTP/2.0" 200 20862 "https://llprecharge.in/buy.php?goods/135046408" "Mozilla/5.0 AppleWebKit/537.36 (KHTML, like Gecko; compatible; GPTBot/1.4; +https://openai.com/gptbot)"
74.7.242.42 - - [19/Sep/2026:19:13:49 +0530] "GET /buy.php?detail/06000878720029 HTTP/2.0" 200 21383 "https://www.llprecharge.in/buy.php?detail/03104010964082" "Mozilla/5.0 AppleWebKit/537.36 (KHTML, like Gecko; compatible; GPTBot/1.4; +https://openai.com/gptbot)"
74.7.243.193 - - [19/Sep/2026:19:13:50 +0530] "GET /buy.php?detail/28601802410332 HTTP/2.0" 200 20659 "https://llprecharge.in/buy.php?detail/16004717512012" "Mozilla/5.0 AppleWebKit/537.36 (KHTML, like Gecko; compatible; GPTBot/1.4; +https://openai.com/gptbot)"
74.7.242.42 - - [19/Sep/2026:19:13:52 +0530] "GET /buy.php?detail/03102443035471 HTTP/2.0" 200 22226 "https://www.llprecharge.in/buy.php?detail/03104010964082" "Mozilla/5.0 AppleWebKit/537.36 (KHTML, like Gecko; compatible; GPTBot/1.4; +https://openai.com/gptbot)"
