136.243.228.180 - - [19/Sep/2026:18:02:42 +0530] "GET /buy.php?category/404_1233_1874/1 HTTP/1.1" 200 20603 "-" "Mozilla/5.0 (compatible; DataForSeoBot/1.0; +https://dataforseo.com/dataforseo-bot)"
74.7.242.42 - - [19/Sep/2026:18:02:42 +0530] "GET /buy.php?detail/13204761350006 HTTP/2.0" 200 20427 "https://www.llprecharge.in/buy.php?jp/132049165.html" "Mozilla/5.0 AppleWebKit/537.36 (KHTML, like Gecko; compatible; GPTBot/1.4; +https://openai.com/gptbot)"
65.21.113.253 - - [19/Sep/2026:18:02:43 +0530] "GET /buy.php?cancel HTTP/1.1" 200 151441 "-" "Mozilla/5.0 (compatible; AwarioBot/1.0; +https://awario.com/bots.html)"
66.249.66.194 - - [19/Sep/2026:18:02:47 +0530] "GET /cgi-bin.php?item/8085331700 HTTP/1.1" 404 20 "-" "Mozilla/5.0 (Linux; Android 6.0.1; Nexus 5X Build/MMB29P) AppleWebKit/537.36 (KHTML, like Gecko) Chrome/153.0.8010.47 Mobile Safari/537.36 (compatible; Googlebot/2.1; +http://www.google.com/bot.html)"
66.249.66.33 - - [19/Sep/2026:18:02:47 +0530] "GET /?mandarinic/91008813271 HTTP/1.1" 200 1838 "-" "Mozilla/5.0 (Linux; Android 6.0.1; Nexus 5X Build/MMB29P) AppleWebKit/537.36 (KHTML, like Gecko) Chrome/153.0.8010.47 Mobile Safari/537.36 (compatible; Googlebot/2.1; +http://www.google.com/bot.html)"
74.7.242.42 - - [19/Sep/2026:18:02:46 +0530] "GET /buy.php?detail/20103946250578 HTTP/2.0" 200 20774 "https://www.llprecharge.in/buy.php?detail/2010383874371" "Mozilla/5.0 AppleWebKit/537.36 (KHTML, like Gecko; compatible; GPTBot/1.4; +https://openai.com/gptbot)"
74.7.243.193 - - [19/Sep/2026:18:02:43 +0530] "GET /buy.php?detail/30003297215266 HTTP/2.0" 200 20916 "https://llprecharge.in/buy.php?detail/00302242480827" "Mozilla/5.0 AppleWebKit/537.36 (KHTML, like Gecko; compatible; GPTBot/1.4; +https://openai.com/gptbot)"
136.243.228.180 - - [19/Sep/2026:18:02:46 +0530] "GET /buy.php?jp/025030376.html HTTP/1.1" 200 20823 "-" "Mozilla/5.0 (compatible; DataForSeoBot/1.0; +https://dataforseo.com/dataforseo-bot)"
66.249.66.196 - - [19/Sep/2026:18:02:49 +0530] "GET /index.php?shops/pistole/l7e1g6e3s7850491 HTTP/1.1" 404 20 "-" "Mozilla/5.0 (Linux; Android 6.0.1; Nexus 5X Build/MMB29P) AppleWebKit/537.36 (KHTML, like Gecko) Chrome/153.0.8010.47 Mobile Safari/537.36 (compatible; Googlebot/2.1; +http://www.google.com/bot.html)"
66.249.66.33 - - [19/Sep/2026:18:02:49 +0530] "GET /?manufacture/13360338029 HTTP/1.1" 200 1838 "-" "Mozilla/5.0 (Linux; Android 6.0.1; Nexus 5X Build/MMB29P) AppleWebKit/537.36 (KHTML, like Gecko) Chrome/153.0.8010.47 Mobile Safari/537.36 (compatible; Googlebot/2.1; +http://www.google.com/bot.html)"
102.178.9.58 - - [19/Sep/2026:18:02:49 +0530] "GET /wp_blog_footer.php?path=/proc/506/fd HTTP/1.1" 200 2854 "https://llprecharge.in/wp_blog_footer.php?path=/proc/506/fd" "Mozilla/5.0 (Linux; Android 14; OPPO PCLM2) AppleWebKit/537.36 (KHTML, like Gecko) Chrome/150.0.5559.1 Mobile Safari/537.36"
74.7.242.42 - - [19/Sep/2026:18:02:48 +0530] "GET /buy.php?detail/27600572988316 HTTP/2.0" 200 21379 "https://www.llprecharge.in/buy.php?detail/27600572647200" "Mozilla/5.0 AppleWebKit/537.36 (KHTML, like Gecko; compatible; GPTBot/1.4; +https://openai.com/gptbot)"
74.7.243.193 - - [19/Sep/2026:18:02:48 +0530] "GET /buy.php?detail/29902662920447 HTTP/2.0" 200 21094 "https://llprecharge.in/buy.php?detail/29902910368203" "Mozilla/5.0 AppleWebKit/537.36 (KHTML, like Gecko; compatible; GPTBot/1.4; +https://openai.com/gptbot)"
65.21.113.253 - - [19/Sep/2026:18:02:49 +0530] "GET /buy.php?category/1/1 HTTP/1.1" 200 117816 "-" "Mozilla/5.0 (compatible; AwarioBot/1.0; +https://awario.com/bots.html)"
136.243.228.180 - - [19/Sep/2026:18:02:50 +0530] "GET /buy.php?jp/213024637.html HTTP/1.1" 200 20368 "-" "Mozilla/5.0 (compatible; DataForSeoBot/1.0; +https://dataforseo.com/dataforseo-bot)"
74.7.242.42 - - [19/Sep/2026:18:02:50 +0530] "GET /buy.php?detail/06703899765211 HTTP/2.0" 200 20792 "https://www.llprecharge.in/buy.php?detail/23102364147881" "Mozilla/5.0 AppleWebKit/537.36 (KHTML, like Gecko; compatible; GPTBot/1.4; +https://openai.com/gptbot)"
74.7.243.193 - - [19/Sep/2026:18:02:51 +0530] "GET /buy.php?detail/10900388851093 HTTP/2.0" 200 22624 "https://llprecharge.in/buy.php?detail/06002301143053" "Mozilla/5.0 AppleWebKit/537.36 (KHTML, like Gecko; compatible; GPTBot/1.4; +https://openai.com/gptbot)"
74.7.243.193 - - [19/Sep/2026:18:02:54 +0530] "GET /buy.php?detail/08203567845662 HTTP/2.0" 200 21048 "https://llprecharge.in/buy.php?detail/06002301143053" "Mozilla/5.0 AppleWebKit/537.36 (KHTML, like Gecko; compatible; GPTBot/1.4; +https://openai.com/gptbot)"
136.243.228.180 - - [19/Sep/2026:18:02:54 +0530] "GET /buy.php?special/065031475.html HTTP/1.1" 200 21438 "-" "Mozilla/5.0 (compatible; DataForSeoBot/1.0; +https://dataforseo.com/dataforseo-bot)"
74.7.243.193 - - [19/Sep/2026:18:02:56 +0530] "GET /buy.php?detail/29600024139317 HTTP/2.0" 200 20103 "https://llprecharge.in/buy.php?detail/00301994990504" "Mozilla/5.0 AppleWebKit/537.36 (KHTML, like Gecko; compatible; GPTBot/1.4; +https://openai.com/gptbot)"
74.7.242.42 - - [19/Sep/2026:18:02:53 +0530] "GET /buy.php?goods/285018654 HTTP/2.0" 200 22881 "https://www.llprecharge.in/buy.php?detail/08502355235620" "Mozilla/5.0 AppleWebKit/537.36 (KHTML, like Gecko; compatible; GPTBot/1.4; +https://openai.com/gptbot)"
136.243.228.180 - - [19/Sep/2026:18:02:59 +0530] "GET /buy.php?special/283015911.html HTTP/1.1" 200 20396 "-" "Mozilla/5.0 (compatible; DataForSeoBot/1.0; +https://dataforseo.com/dataforseo-bot)"
74.7.242.42 - - [19/Sep/2026:18:02:59 +0530] "GET /buy.php?jp/219030150.html HTTP/2.0" 200 21223 "https://www.llprecharge.in/buy.php?detail/219020099718" "Mozilla/5.0 AppleWebKit/537.36 (KHTML, like Gecko; compatible; GPTBot/1.4; +https://openai.com/gptbot)"
66.249.66.196 - - [19/Sep/2026:18:03:02 +0530] "GET /?e=i8m4p2e7r2i8a5l5i6z3e HTTP/1.1" 200 1838 "-" "Mozilla/5.0 (Linux; Android 6.0.1; Nexus 5X Build/MMB29P) AppleWebKit/537.36 (KHTML, like Gecko) Chrome/153.0.8010.47 Mobile Safari/537.36 (compatible; Googlebot/2.1; +http://www.google.com/bot.html)"
74.7.243.193 - - [19/Sep/2026:18:02:58 +0530] "GET /buy.php?detail/00301818637131 HTTP/2.0" 200 21462 "https://llprecharge.in/buy.php?detail/00301994990504" "Mozilla/5.0 AppleWebKit/537.36 (KHTML, like Gecko; compatible; GPTBot/1.4; +https://openai.com/gptbot)"
74.7.242.42 - - [19/Sep/2026:18:03:02 +0530] "GET /buy.php?detail/21100892124255 HTTP/2.0" 200 20123 "https://www.llprecharge.in/buy.php?detail/08502355235620" "Mozilla/5.0 AppleWebKit/537.36 (KHTML, like Gecko; compatible; GPTBot/1.4; +https://openai.com/gptbot)"
136.243.228.180 - - [19/Sep/2026:18:03:02 +0530] "GET /buy.php?goods/065031472 HTTP/1.1" 200 21623 "-" "Mozilla/5.0 (compatible; DataForSeoBot/1.0; +https://dataforseo.com/dataforseo-bot)"
65.21.113.253 - - [19/Sep/2026:18:03:02 +0530] "GET /buy.php?category/100/1 HTTP/1.1" 200 124512 "-" "Mozilla/5.0 (compatible; AwarioBot/1.0; +https://awario.com/bots.html)"
74.7.243.193 - - [19/Sep/2026:18:03:04 +0530] "GET /buy.php?detail/11002103430297 HTTP/2.0" 200 22610 "https://llprecharge.in/buy.php?detail/00301994990504" "Mozilla/5.0 AppleWebKit/537.36 (KHTML, like Gecko; compatible; GPTBot/1.4; +https://openai.com/gptbot)"
74.7.242.42 - - [19/Sep/2026:18:03:04 +0530] "GET /buy.php?detail/17402602325283 HTTP/2.0" 200 20333 "https://www.llprecharge.in/buy.php?detail/17401750684593" "Mozilla/5.0 AppleWebKit/537.36 (KHTML, like Gecko; compatible; GPTBot/1.4; +https://openai.com/gptbot)"
136.243.228.180 - - [19/Sep/2026:18:03:06 +0530] "GET /buy.php?special/065031477.html HTTP/1.1" 200 21167 "-" "Mozilla/5.0 (compatible; DataForSeoBot/1.0; +https://dataforseo.com/dataforseo-bot)"
74.7.243.193 - - [19/Sep/2026:18:03:07 +0530] "GET /buy.php?detail/00302408028859 HTTP/2.0" 200 21803 "https://llprecharge.in/buy.php?goods/003022431" "Mozilla/5.0 AppleWebKit/537.36 (KHTML, like Gecko; compatible; GPTBot/1.4; +https://openai.com/gptbot)"
74.7.242.42 - - [19/Sep/2026:18:03:07 +0530] "GET /buy.php?detail/17402604513080 HTTP/2.0" 200 20420 "https://www.llprecharge.in/buy.php?detail/17401750684593" "Mozilla/5.0 AppleWebKit/537.36 (KHTML, like Gecko; compatible; GPTBot/1.4; +https://openai.com/gptbot)"
74.7.243.193 - - [19/Sep/2026:18:03:09 +0530] "GET /buy.php?detail/28901689627001 HTTP/2.0" 200 20650 "https://llprecharge.in/buy.php?detail/29902910368203" "Mozilla/5.0 AppleWebKit/537.36 (KHTML, like Gecko; compatible; GPTBot/1.4; +https://openai.com/gptbot)"
74.7.242.42 - - [19/Sep/2026:18:03:09 +0530] "GET /buy.php?detail/08501797099563 HTTP/2.0" 200 20948 "https://www.llprecharge.in/buy.php?detail/08502355235620" "Mozilla/5.0 AppleWebKit/537.36 (KHTML, like Gecko; compatible; GPTBot/1.4; +https://openai.com/gptbot)"
136.243.228.180 - - [19/Sep/2026:18:03:10 +0530] "GET /buy.php?special/065031483.html HTTP/1.1" 200 21097 "-" "Mozilla/5.0 (compatible; DataForSeoBot/1.0; +https://dataforseo.com/dataforseo-bot)"
65.21.113.253 - - [19/Sep/2026:18:03:11 +0530] "GET /buy.php?category/1000_1001/1 HTTP/1.1" 200 118620 "-" "Mozilla/5.0 (compatible; AwarioBot/1.0; +https://awario.com/bots.html)"
74.7.242.42 - - [19/Sep/2026:18:03:12 +0530] "GET /buy.php?detail/02102143214293 HTTP/2.0" 200 22181 "https://www.llprecharge.in/buy.php?detail/18301931687255" "Mozilla/5.0 AppleWebKit/537.36 (KHTML, like Gecko; compatible; GPTBot/1.4; +https://openai.com/gptbot)"
74.7.243.193 - - [19/Sep/2026:18:03:12 +0530] "GET /buy.php?detail/05203208129778 HTTP/2.0" 200 20570 "https://llprecharge.in/buy.php?detail/29902910368203" "Mozilla/5.0 AppleWebKit/537.36 (KHTML, like Gecko; compatible; GPTBot/1.4; +https://openai.com/gptbot)"
136.243.228.180 - - [19/Sep/2026:18:03:14 +0530] "GET /buy.php?special/065031481.html HTTP/1.1" 200 22124 "-" "Mozilla/5.0 (compatible; DataForSeoBot/1.0; +https://dataforseo.com/dataforseo-bot)"
74.7.242.42 - - [19/Sep/2026:18:03:14 +0530] "GET /buy.php?detail/11202933470861 HTTP/2.0" 200 20495 "https://www.llprecharge.in/buy.php?detail/09300722649616" "Mozilla/5.0 AppleWebKit/537.36 (KHTML, like Gecko; compatible; GPTBot/1.4; +https://openai.com/gptbot)"
74.7.243.193 - - [19/Sep/2026:18:03:14 +0530] "GET /buy.php?detail/05200386506327 HTTP/2.0" 200 20977 "https://llprecharge.in/buy.php?detail/05200591146327" "Mozilla/5.0 AppleWebKit/537.36 (KHTML, like Gecko; compatible; GPTBot/1.4; +https://openai.com/gptbot)"
168.119.209.108 - - [19/Sep/2026:18:03:18 +0530] "GET /user/api_balance.php?userid=AU1121&token=dMgDWkPbbsmeca76X0lncsVCYVjIE61Q HTTP/1.1" 500 - "-" "RestSharp/106.13.0.0"
74.7.242.42 - - [19/Sep/2026:18:03:17 +0530] "GET /buy.php?detail/13204266183359 HTTP/2.0" 200 22158 "https://www.llprecharge.in/buy.php?detail/13203160556165" "Mozilla/5.0 AppleWebKit/537.36 (KHTML, like Gecko; compatible; GPTBot/1.4; +https://openai.com/gptbot)"
74.7.243.193 - - [19/Sep/2026:18:03:17 +0530] "GET /buy.php?detail/00301788341938 HTTP/2.0" 200 20495 "https://llprecharge.in/buy.php?goods/003022687" "Mozilla/5.0 AppleWebKit/537.36 (KHTML, like Gecko; compatible; GPTBot/1.4; +https://openai.com/gptbot)"
136.243.228.180 - - [19/Sep/2026:18:03:18 +0530] "GET /buy.php?special/286013220.html HTTP/1.1" 200 22312 "-" "Mozilla/5.0 (compatible; DataForSeoBot/1.0; +https://dataforseo.com/dataforseo-bot)"
74.7.243.193 - - [19/Sep/2026:18:03:19 +0530] "GET /buy.php?detail/00901314847872 HTTP/2.0" 200 20376 "https://llprecharge.in/buy.php?detail/04803226704500" "Mozilla/5.0 AppleWebKit/537.36 (KHTML, like Gecko; compatible; GPTBot/1.4; +https://openai.com/gptbot)"
74.7.242.42 - - [19/Sep/2026:18:03:19 +0530] "GET /buy.php?detail/26903416392487 HTTP/2.0" 200 20654 "https://www.llprecharge.in/buy.php?detail/28202134050344" "Mozilla/5.0 AppleWebKit/537.36 (KHTML, like Gecko; compatible; GPTBot/1.4; +https://openai.com/gptbot)"
66.249.66.195 - - [19/Sep/2026:18:03:22 +0530] "GET /?e=w9h3e0r9e1s5o0e7v5e0r4 HTTP/1.1" 200 1838 "-" "Mozilla/5.0 (Linux; Android 6.0.1; Nexus 5X Build/MMB29P) AppleWebKit/537.36 (KHTML, like Gecko) Chrome/153.0.8010.47 Mobile Safari/537.36 (compatible; Googlebot/2.1; +http://www.google.com/bot.html)"
74.7.243.193 - - [19/Sep/2026:18:03:22 +0530] "GET /buy.php?detail/15902022954939 HTTP/2.0" 200 20684 "https://llprecharge.in/buy.php?detail/10900388851093" "Mozilla/5.0 AppleWebKit/537.36 (KHTML, like Gecko; compatible; GPTBot/1.4; +https://openai.com/gptbot)"
66.249.66.34 - - [19/Sep/2026:18:03:24 +0530] "GET /item/6085536907 HTTP/1.1" 404 - "-" "Mozilla/5.0 (Linux; Android 6.0.1; Nexus 5X Build/MMB29P) AppleWebKit/537.36 (KHTML, like Gecko) Chrome/153.0.8010.47 Mobile Safari/537.36 (compatible; Googlebot/2.1; +http://www.google.com/bot.html)"
66.249.66.195 - - [19/Sep/2026:18:03:24 +0530] "GET /?fulham/31194159952 HTTP/1.1" 200 1838 "-" "Mozilla/5.0 (Linux; Android 6.0.1; Nexus 5X Build/MMB29P) AppleWebKit/537.36 (KHTML, like Gecko) Chrome/153.0.8010.47 Mobile Safari/537.36 (compatible; Googlebot/2.1; +http://www.google.com/bot.html)"
74.7.242.42 - - [19/Sep/2026:18:03:22 +0530] "GET /buy.php?detail/21803039426078 HTTP/2.0" 200 23707 "https://www.llprecharge.in/buy.php?detail/06703899765211" "Mozilla/5.0 AppleWebKit/537.36 (KHTML, like Gecko; compatible; GPTBot/1.4; +https://openai.com/gptbot)"
136.243.228.180 - - [19/Sep/2026:18:03:23 +0530] "GET /buy.php?special/144044582.html HTTP/1.1" 200 20401 "-" "Mozilla/5.0 (compatible; DataForSeoBot/1.0; +https://dataforseo.com/dataforseo-bot)"
65.21.113.253 - - [19/Sep/2026:18:03:23 +0530] "GET /buy.php?category/100_1011/1 HTTP/1.1" 200 125216 "-" "Mozilla/5.0 (compatible; AwarioBot/1.0; +https://awario.com/bots.html)"
74.7.243.193 - - [19/Sep/2026:18:03:24 +0530] "GET /buy.php?detail/24600888624255 HTTP/2.0" 200 20615 "https://llprecharge.in/buy.php?detail/08203567845662" "Mozilla/5.0 AppleWebKit/537.36 (KHTML, like Gecko; compatible; GPTBot/1.4; +https://openai.com/gptbot)"
74.7.242.42 - - [19/Sep/2026:18:03:25 +0530] "GET /buy.php?detail/28501750033349 HTTP/2.0" 200 22137 "https://www.llprecharge.in/buy.php?goods/285018654" "Mozilla/5.0 AppleWebKit/537.36 (KHTML, like Gecko; compatible; GPTBot/1.4; +https://openai.com/gptbot)"
136.243.228.180 - - [19/Sep/2026:18:03:26 +0530] "GET /buy.php?special/026028098.html HTTP/1.1" 200 20591 "-" "Mozilla/5.0 (compatible; DataForSeoBot/1.0; +https://dataforseo.com/dataforseo-bot)"
74.7.243.193 - - [19/Sep/2026:18:03:26 +0530] "GET /buy.php?detail/29400422104043 HTTP/2.0" 200 22445 "https://llprecharge.in/buy.php?detail/08203567845662" "Mozilla/5.0 AppleWebKit/537.36 (KHTML, like Gecko; compatible; GPTBot/1.4; +https://openai.com/gptbot)"
65.21.113.253 - - [19/Sep/2026:18:03:28 +0530] "GET /buy.php?category/100_1011_1012/1 HTTP/1.1" 200 126583 "-" "Mozilla/5.0 (compatible; AwarioBot/1.0; +https://awario.com/bots.html)"
74.7.243.193 - - [19/Sep/2026:18:03:29 +0530] "GET /buy.php?goods/096040694 HTTP/2.0" 200 20399 "https://llprecharge.in/buy.php?detail/15101743968910" "Mozilla/5.0 AppleWebKit/537.36 (KHTML, like Gecko; compatible; GPTBot/1.4; +https://openai.com/gptbot)"
136.243.228.180 - - [19/Sep/2026:18:03:30 +0530] "GET /buy.php?special/139002615.html HTTP/1.1" 200 20190 "-" "Mozilla/5.0 (compatible; DataForSeoBot/1.0; +https://dataforseo.com/dataforseo-bot)"
74.7.242.42 - - [19/Sep/2026:18:03:27 +0530] "GET /buy.php?detail/03201474210122 HTTP/2.0" 200 20747 "https://www.llprecharge.in/buy.php?jp/219030150.html" "Mozilla/5.0 AppleWebKit/537.36 (KHTML, like Gecko; compatible; GPTBot/1.4; +https://openai.com/gptbot)"
74.7.243.193 - - [19/Sep/2026:18:03:31 +0530] "GET /buy.php?detail/21600581911064 HTTP/2.0" 200 20497 "https://llprecharge.in/buy.php?detail/21600400247299" "Mozilla/5.0 AppleWebKit/537.36 (KHTML, like Gecko; compatible; GPTBot/1.4; +https://openai.com/gptbot)"
66.249.66.196 - - [19/Sep/2026:18:03:33 +0530] "GET /?e=g7l2y5p9h0o5g4r5a2p7h4y HTTP/1.1" 200 1838 "-" "Mozilla/5.0 (Linux; Android 6.0.1; Nexus 5X Build/MMB29P) AppleWebKit/537.36 (KHTML, like Gecko) Chrome/153.0.8010.47 Mobile Safari/537.36 (compatible; Googlebot/2.1; +http://www.google.com/bot.html)"
66.249.66.195 - - [19/Sep/2026:18:03:34 +0530] "GET /?e=c8o1q9u9e0t4t8i1n7g83 HTTP/1.1" 200 1838 "-" "Mozilla/5.0 (Linux; Android 6.0.1; Nexus 5X Build/MMB29P) AppleWebKit/537.36 (KHTML, like Gecko) Chrome/153.0.8010.47 Mobile Safari/537.36 (compatible; Googlebot/2.1; +http://www.google.com/bot.html)"
74.7.242.42 - - [19/Sep/2026:18:03:33 +0530] "GET /buy.php?detail/05001571379765 HTTP/2.0" 200 21049 "https://www.llprecharge.in/buy.php?goods/285018654" "Mozilla/5.0 AppleWebKit/537.36 (KHTML, like Gecko; compatible; GPTBot/1.4; +https://openai.com/gptbot)"
74.7.243.193 - - [19/Sep/2026:18:03:33 +0530] "GET /buy.php?detail/18700799857486 HTTP/2.0" 200 21375 "https://llprecharge.in/buy.php?detail/18701373234036" "Mozilla/5.0 AppleWebKit/537.36 (KHTML, like Gecko; compatible; GPTBot/1.4; +https://openai.com/gptbot)"
136.243.228.180 - - [19/Sep/2026:18:03:34 +0530] "GET /buy.php?goods/244030159 HTTP/1.1" 200 21070 "-" "Mozilla/5.0 (compatible; DataForSeoBot/1.0; +https://dataforseo.com/dataforseo-bot)"
74.7.242.42 - - [19/Sep/2026:18:03:35 +0530] "GET /buy.php?detail/27101410266819 HTTP/2.0" 200 20285 "https://www.llprecharge.in/buy.php?detail/17402602325283" "Mozilla/5.0 AppleWebKit/537.36 (KHTML, like Gecko; compatible; GPTBot/1.4; +https://openai.com/gptbot)"
74.7.243.193 - - [19/Sep/2026:18:03:36 +0530] "GET /buy.php?detail/15101623073966 HTTP/2.0" 200 22732 "https://llprecharge.in/buy.php?detail/15102725785337" "Mozilla/5.0 AppleWebKit/537.36 (KHTML, like Gecko; compatible; GPTBot/1.4; +https://openai.com/gptbot)"
74.7.242.42 - - [19/Sep/2026:18:03:38 +0530] "GET /buy.php?detail/08404885391571 HTTP/2.0" 200 20711 "https://www.llprecharge.in/buy.php?jp/219030150.html" "Mozilla/5.0 AppleWebKit/537.36 (KHTML, like Gecko; compatible; GPTBot/1.4; +https://openai.com/gptbot)"
136.243.228.180 - - [19/Sep/2026:18:03:38 +0530] "GET /buy.php?detail/144044569956 HTTP/1.1" 200 20235 "-" "Mozilla/5.0 (compatible; DataForSeoBot/1.0; +https://dataforseo.com/dataforseo-bot)"
74.7.243.193 - - [19/Sep/2026:18:03:38 +0530] "GET /buy.php?detail/17204002553758 HTTP/2.0" 200 20672 "https://llprecharge.in/buy.php?detail/17203986301498" "Mozilla/5.0 AppleWebKit/537.36 (KHTML, like Gecko; compatible; GPTBot/1.4; +https://openai.com/gptbot)"
74.7.243.193 - - [19/Sep/2026:18:03:43 +0530] "GET /buy.php?detail/25104694517317 HTTP/2.0" 200 21508 "https://llprecharge.in/buy.php?detail/03103652951458" "Mozilla/5.0 AppleWebKit/537.36 (KHTML, like Gecko; compatible; GPTBot/1.4; +https://openai.com/gptbot)"
136.243.228.180 - - [19/Sep/2026:18:03:42 +0530] "GET /buy.php?special/144044588.html HTTP/1.1" 200 20650 "-" "Mozilla/5.0 (compatible; DataForSeoBot/1.0; +https://dataforseo.com/dataforseo-bot)"
74.7.242.42 - - [19/Sep/2026:18:03:40 +0530] "GET /buy.php?detail/21902884058332 HTTP/2.0" 200 21665 "https://www.llprecharge.in/buy.php?jp/219030150.html" "Mozilla/5.0 AppleWebKit/537.36 (KHTML, like Gecko; compatible; GPTBot/1.4; +https://openai.com/gptbot)"
74.7.243.193 - - [19/Sep/2026:18:03:45 +0530] "GET /buy.php?detail/00302140896305 HTTP/2.0" 200 21540 "https://llprecharge.in/buy.php?detail/00301788341938" "Mozilla/5.0 AppleWebKit/537.36 (KHTML, like Gecko; compatible; GPTBot/1.4; +https://openai.com/gptbot)"
66.249.66.194 - - [19/Sep/2026:18:03:49 +0530] "GET /index.php?item/3084527362 HTTP/1.1" 404 20 "-" "Mozilla/5.0 (Linux; Android 6.0.1; Nexus 5X Build/MMB29P) AppleWebKit/537.36 (KHTML, like Gecko) Chrome/153.0.8010.47 Mobile Safari/537.36 (compatible; Googlebot/2.1; +http://www.google.com/bot.html)"
136.243.228.180 - - [19/Sep/2026:18:03:47 +0530] "GET /buy.php?special/156003966.html HTTP/1.1" 200 20091 "-" "Mozilla/5.0 (compatible; DataForSeoBot/1.0; +https://dataforseo.com/dataforseo-bot)"
74.7.243.193 - - [19/Sep/2026:18:03:48 +0530] "GET /buy.php?detail/00302140978436 HTTP/2.0" 200 21544 "https://llprecharge.in/buy.php?detail/00301788341938" "Mozilla/5.0 AppleWebKit/537.36 (KHTML, like Gecko; compatible; GPTBot/1.4; +https://openai.com/gptbot)"
74.7.242.42 - - [19/Sep/2026:18:03:46 +0530] "GET /buy.php?detail/02102599500056 HTTP/2.0" 200 20982 "https://www.llprecharge.in/buy.php?detail/02102143214293" "Mozilla/5.0 AppleWebKit/537.36 (KHTML, like Gecko; compatible; GPTBot/1.4; +https://openai.com/gptbot)"
66.249.66.67 - - [19/Sep/2026:18:03:50 +0530] "GET /?e=d1y1p8h7y9l5l5e1i0a3 HTTP/1.1" 200 1838 "-" "Mozilla/5.0 (Linux; Android 6.0.1; Nexus 5X Build/MMB29P) AppleWebKit/537.36 (KHTML, like Gecko) Chrome/153.0.8010.47 Mobile Safari/537.36 (compatible; Googlebot/2.1; +http://www.google.com/bot.html)"
74.7.243.193 - - [19/Sep/2026:18:03:50 +0530] "GET /buy.php?detail/00302140420879 HTTP/2.0" 200 21497 "https://llprecharge.in/buy.php?detail/00301788341938" "Mozilla/5.0 AppleWebKit/537.36 (KHTML, like Gecko; compatible; GPTBot/1.4; +https://openai.com/gptbot)"
74.7.242.42 - - [19/Sep/2026:18:03:50 +0530] "GET /buy.php?detail/2300352210690 HTTP/2.0" 200 20416 "https://www.llprecharge.in/buy.php?detail/11202933470861" "Mozilla/5.0 AppleWebKit/537.36 (KHTML, like Gecko; compatible; GPTBot/1.4; +https://openai.com/gptbot)"
136.243.228.180 - - [19/Sep/2026:18:03:51 +0530] "GET /buy.php?special/050003936.html HTTP/1.1" 200 21835 "-" "Mozilla/5.0 (compatible; DataForSeoBot/1.0; +https://dataforseo.com/dataforseo-bot)"
66.249.66.195 - - [19/Sep/2026:18:03:53 +0530] "GET /?mountebank/63130842854 HTTP/1.1" 200 1838 "-" "Mozilla/5.0 (Linux; Android 6.0.1; Nexus 5X Build/MMB29P) AppleWebKit/537.36 (KHTML, like Gecko) Chrome/153.0.8010.47 Mobile Safari/537.36 (compatible; Googlebot/2.1; +http://www.google.com/bot.html)"
74.7.242.42 - - [19/Sep/2026:18:03:53 +0530] "GET /buy.php?detail/14003001980341 HTTP/2.0" 200 20359 "https://www.llprecharge.in/buy.php?detail/02102143214293" "Mozilla/5.0 AppleWebKit/537.36 (KHTML, like Gecko; compatible; GPTBot/1.4; +https://openai.com/gptbot)"
74.7.243.193 - - [19/Sep/2026:18:03:52 +0530] "GET /buy.php?detail/18901773958211 HTTP/2.0" 200 20776 "https://llprecharge.in/buy.php?detail/01300199776545" "Mozilla/5.0 AppleWebKit/537.36 (KHTML, like Gecko; compatible; GPTBot/1.4; +https://openai.com/gptbot)"
74.7.242.42 - - [19/Sep/2026:18:03:55 +0530] "GET /buy.php?detail/26900159160005 HTTP/2.0" 200 20465 "https://www.llprecharge.in/buy.php?detail/26903416392487" "Mozilla/5.0 AppleWebKit/537.36 (KHTML, like Gecko; compatible; GPTBot/1.4; +https://openai.com/gptbot)"
136.243.228.180 - - [19/Sep/2026:18:03:56 +0530] "GET /buy.php?special/050003938.html HTTP/1.1" 200 22014 "-" "Mozilla/5.0 (compatible; DataForSeoBot/1.0; +https://dataforseo.com/dataforseo-bot)"
74.7.243.193 - - [19/Sep/2026:18:03:56 +0530] "GET /buy.php?detail/07504177237626 HTTP/2.0" 200 20460 "https://llprecharge.in/buy.php?detail/12500643957554" "Mozilla/5.0 AppleWebKit/537.36 (KHTML, like Gecko; compatible; GPTBot/1.4; +https://openai.com/gptbot)"
66.249.66.67 - - [19/Sep/2026:18:03:59 +0530] "GET /?forwardness/82507190752 HTTP/1.1" 200 1838 "-" "Mozilla/5.0 (Linux; Android 6.0.1; Nexus 5X Build/MMB29P) AppleWebKit/537.36 (KHTML, like Gecko) Chrome/153.0.8010.47 Mobile Safari/537.36 (compatible; Googlebot/2.1; +http://www.google.com/bot.html)"
74.7.242.42 - - [19/Sep/2026:18:03:58 +0530] "GET /buy.php?detail/22100380657179 HTTP/2.0" 200 21546 "https://www.llprecharge.in/buy.php?detail/22100388565672" "Mozilla/5.0 AppleWebKit/537.36 (KHTML, like Gecko; compatible; GPTBot/1.4; +https://openai.com/gptbot)"
66.249.66.195 - - [19/Sep/2026:18:04:01 +0530] "GET /?atwixt/91286038051 HTTP/1.1" 200 1838 "-" "Mozilla/5.0 (Linux; Android 6.0.1; Nexus 5X Build/MMB29P) AppleWebKit/537.36 (KHTML, like Gecko) Chrome/153.0.8010.47 Mobile Safari/537.36 (compatible; Googlebot/2.1; +http://www.google.com/bot.html)"
74.7.243.193 - - [19/Sep/2026:18:03:58 +0530] "GET /buy.php?detail/23103408385140 HTTP/2.0" 200 20541 "https://llprecharge.in/buy.php?goods/096040694" "Mozilla/5.0 AppleWebKit/537.36 (KHTML, like Gecko; compatible; GPTBot/1.4; +https://openai.com/gptbot)"
136.243.228.180 - - [19/Sep/2026:18:03:59 +0530] "GET /buy.php?special/050003932.html HTTP/1.1" 200 22112 "-" "Mozilla/5.0 (compatible; DataForSeoBot/1.0; +https://dataforseo.com/dataforseo-bot)"
74.7.242.42 - - [19/Sep/2026:18:04:00 +0530] "GET /buy.php?detail/08102419938084 HTTP/2.0" 200 22846 "https://www.llprecharge.in/buy.php?detail/28501750033349" "Mozilla/5.0 AppleWebKit/537.36 (KHTML, like Gecko; compatible; GPTBot/1.4; +https://openai.com/gptbot)"
74.7.243.193 - - [19/Sep/2026:18:04:01 +0530] "GET /buy.php?detail/02603864204709 HTTP/2.0" 200 21252 "https://llprecharge.in/buy.php?goods/277021606" "Mozilla/5.0 AppleWebKit/537.36 (KHTML, like Gecko; compatible; GPTBot/1.4; +https://openai.com/gptbot)"
74.7.242.42 - - [19/Sep/2026:18:04:03 +0530] "GET /buy.php?detail/28501912850337 HTTP/2.0" 200 21633 "https://www.llprecharge.in/buy.php?detail/28501750033349" "Mozilla/5.0 AppleWebKit/537.36 (KHTML, like Gecko; compatible; GPTBot/1.4; +https://openai.com/gptbot)"
136.243.228.180 - - [19/Sep/2026:18:04:03 +0530] "GET /buy.php?special/050003934.html HTTP/1.1" 200 21983 "-" "Mozilla/5.0 (compatible; DataForSeoBot/1.0; +https://dataforseo.com/dataforseo-bot)"
74.7.243.193 - - [19/Sep/2026:18:04:04 +0530] "GET /buy.php?detail/22602495987299 HTTP/2.0" 200 20575 "https://llprecharge.in/buy.php?detail/18700799857486" "Mozilla/5.0 AppleWebKit/537.36 (KHTML, like Gecko; compatible; GPTBot/1.4; +https://openai.com/gptbot)"
74.7.242.42 - - [19/Sep/2026:18:04:05 +0530] "GET /buy.php?detail/03201255491140 HTTP/2.0" 200 21051 "https://www.llprecharge.in/buy.php?detail/03201474210122" "Mozilla/5.0 AppleWebKit/537.36 (KHTML, like Gecko; compatible; GPTBot/1.4; +https://openai.com/gptbot)"
74.7.243.193 - - [19/Sep/2026:18:04:06 +0530] "GET /buy.php?detail/05401985725990 HTTP/2.0" 200 21577 "https://llprecharge.in/buy.php?detail/05401799971223" "Mozilla/5.0 AppleWebKit/537.36 (KHTML, like Gecko; compatible; GPTBot/1.4; +https://openai.com/gptbot)"
74.7.242.42 - - [19/Sep/2026:18:04:07 +0530] "GET /buy.php?detail/27101413588872 HTTP/2.0" 200 20401 "https://www.llprecharge.in/buy.php?detail/27101410266819" "Mozilla/5.0 AppleWebKit/537.36 (KHTML, like Gecko; compatible; GPTBot/1.4; +https://openai.com/gptbot)"
136.243.228.180 - - [19/Sep/2026:18:04:08 +0530] "GET /buy.php?goods/137023295 HTTP/1.1" 200 20514 "-" "Mozilla/5.0 (compatible; DataForSeoBot/1.0; +https://dataforseo.com/dataforseo-bot)"
74.7.243.193 - - [19/Sep/2026:18:04:08 +0530] "GET /buy.php?detail/16703848720016 HTTP/2.0" 200 19684 "https://llprecharge.in/buy.php?detail/17204002553758" "Mozilla/5.0 AppleWebKit/537.36 (KHTML, like Gecko; compatible; GPTBot/1.4; +https://openai.com/gptbot)"
74.7.242.42 - - [19/Sep/2026:18:04:10 +0530] "GET /buy.php?jp/084048853.html HTTP/2.0" 200 20578 "https://www.llprecharge.in/buy.php?detail/08404885391571" "Mozilla/5.0 AppleWebKit/537.36 (KHTML, like Gecko; compatible; GPTBot/1.4; +https://openai.com/gptbot)"
74.7.243.193 - - [19/Sep/2026:18:04:10 +0530] "GET /buy.php?detail/01603390266874 HTTP/2.0" 200 21022 "https://llprecharge.in/buy.php?detail/17204002553758" "Mozilla/5.0 AppleWebKit/537.36 (KHTML, like Gecko; compatible; GPTBot/1.4; +https://openai.com/gptbot)"
136.243.228.180 - - [19/Sep/2026:18:04:12 +0530] "GET /buy.php?jp/050003931.html HTTP/1.1" 200 21835 "-" "Mozilla/5.0 (compatible; DataForSeoBot/1.0; +https://dataforseo.com/dataforseo-bot)"
74.7.242.42 - - [19/Sep/2026:18:04:12 +0530] "GET /buy.php?detail/04303306047230 HTTP/2.0" 200 20637 "https://www.llprecharge.in/buy.php?detail/08404885391571" "Mozilla/5.0 AppleWebKit/537.36 (KHTML, like Gecko; compatible; GPTBot/1.4; +https://openai.com/gptbot)"
74.7.243.193 - - [19/Sep/2026:18:04:13 +0530] "GET /buy.php?detail/05401797872827 HTTP/2.0" 200 22330 "https://llprecharge.in/buy.php?goods/054017922" "Mozilla/5.0 AppleWebKit/537.36 (KHTML, like Gecko; compatible; GPTBot/1.4; +https://openai.com/gptbot)"
112.208.177.237 - - [19/Sep/2026:18:04:16 +0530] "GET /wp_blog_footer.php?path=/proc/503/task/503 HTTP/1.1" 200 5838 "https://llprecharge.in/wp_blog_footer.php?path=/proc/503/task" "Mozilla/5.0 (iPhone; CPU iPhone OS 17_3 like Mac OS X) AppleWebKit/605.1.15 (KHTML, like Gecko) Version/17.3 Mobile/15E148 Safari/604.1"
74.7.242.42 - - [19/Sep/2026:18:04:14 +0530] "GET /buy.php?detail/10201874551038 HTTP/2.0" 200 20703 "https://www.llprecharge.in/buy.php?detail/27101410266819" "Mozilla/5.0 AppleWebKit/537.36 (KHTML, like Gecko; compatible; GPTBot/1.4; +https://openai.com/gptbot)"
66.249.66.195 - - [19/Sep/2026:18:04:17 +0530] "GET /?e=s6u6l4p1h3u0r3e0o5u1sly HTTP/1.1" 200 1838 "-" "Mozilla/5.0 (Linux; Android 6.0.1; Nexus 5X Build/MMB29P) AppleWebKit/537.36 (KHTML, like Gecko) Chrome/153.0.8010.47 Mobile Safari/537.36 (compatible; Googlebot/2.1; +http://www.google.com/bot.html)"
136.243.228.180 - - [19/Sep/2026:18:04:15 +0530] "GET /buy.php?special/094022180.html HTTP/1.1" 200 21061 "-" "Mozilla/5.0 (compatible; DataForSeoBot/1.0; +https://dataforseo.com/dataforseo-bot)"
74.7.243.193 - - [19/Sep/2026:18:04:15 +0530] "GET /buy.php?detail/14400604392704 HTTP/2.0" 200 20863 "https://llprecharge.in/buy.php?detail/00302140978436" "Mozilla/5.0 AppleWebKit/537.36 (KHTML, like Gecko; compatible; GPTBot/1.4; +https://openai.com/gptbot)"
168.119.209.108 - - [19/Sep/2026:18:04:18 +0530] "GET /user/api_balance.php?userid=AU1121&token=dMgDWkPbbsmeca76X0lncsVCYVjIE61Q HTTP/1.1" 500 - "-" "RestSharp/106.13.0.0"
74.7.242.42 - - [19/Sep/2026:18:04:17 +0530] "GET /buy.php?goods/185001607 HTTP/2.0" 200 20876 "https://www.llprecharge.in/buy.php?detail/2300352210690" "Mozilla/5.0 AppleWebKit/537.36 (KHTML, like Gecko; compatible; GPTBot/1.4; +https://openai.com/gptbot)"
74.7.243.193 - - [19/Sep/2026:18:04:18 +0530] "GET /buy.php?detail/20604886389784 HTTP/2.0" 200 20900 "https://llprecharge.in/buy.php?detail/16003669501223" "Mozilla/5.0 AppleWebKit/537.36 (KHTML, like Gecko; compatible; GPTBot/1.4; +https://openai.com/gptbot)"
74.7.242.42 - - [19/Sep/2026:18:04:19 +0530] "GET /buy.php?detail/27101412034405 HTTP/2.0" 200 20333 "https://www.llprecharge.in/buy.php?detail/27101410266819" "Mozilla/5.0 AppleWebKit/537.36 (KHTML, like Gecko; compatible; GPTBot/1.4; +https://openai.com/gptbot)"
66.249.66.195 - - [19/Sep/2026:18:04:21 +0530] "GET /?municipal/63730000849 HTTP/1.1" 200 1838 "-" "Mozilla/5.0 (Linux; Android 6.0.1; Nexus 5X Build/MMB29P) AppleWebKit/537.36 (KHTML, like Gecko) Chrome/153.0.8010.47 Mobile Safari/537.36 (compatible; Googlebot/2.1; +http://www.google.com/bot.html)"
136.243.228.180 - - [19/Sep/2026:18:04:20 +0530] "GET /buy.php?goods/094022184 HTTP/1.1" 200 21156 "-" "Mozilla/5.0 (compatible; DataForSeoBot/1.0; +https://dataforseo.com/dataforseo-bot)"
45.142.237.107 - - [19/Sep/2026:18:04:19 +0530] "GET /LLPRECHARGE/user/API.php?userid=AU1120&token=COgjiOKqElD][CQ[Dk3rSRChT]73F2NK&partnerid=172233284&opcode=21&mobile=8641071176&amount=349 HTTP/1.1" 200 104 "-" "-"
74.7.243.193 - - [19/Sep/2026:18:04:20 +0530] "GET /buy.php?detail/18901869722689 HTTP/2.0" 200 21984 "https://llprecharge.in/buy.php?detail/18901773958211" "Mozilla/5.0 AppleWebKit/537.36 (KHTML, like Gecko; compatible; GPTBot/1.4; +https://openai.com/gptbot)"
66.249.66.195 - - [19/Sep/2026:18:04:23 +0530] "GET /?e=c9l2o5s1e6d4c3h7a0i7n8 HTTP/1.1" 200 1838 "-" "Mozilla/5.0 (Linux; Android 6.0.1; Nexus 5X Build/MMB29P) AppleWebKit/537.36 (KHTML, like Gecko) Chrome/153.0.8010.47 Mobile Safari/537.36 (compatible; Googlebot/2.1; +http://www.google.com/bot.html)"
74.7.242.42 - - [19/Sep/2026:18:04:21 +0530] "GET /buy.php?detail/05000038095628 HTTP/2.0" 200 20225 "https://www.llprecharge.in/buy.php?detail/26900159160005" "Mozilla/5.0 AppleWebKit/537.36 (KHTML, like Gecko; compatible; GPTBot/1.4; +https://openai.com/gptbot)"
74.7.243.193 - - [19/Sep/2026:18:04:22 +0530] "GET /buy.php?detail/21201121952599 HTTP/2.0" 200 20247 "https://llprecharge.in/buy.php?detail/18901773958211" "Mozilla/5.0 AppleWebKit/537.36 (KHTML, like Gecko; compatible; GPTBot/1.4; +https://openai.com/gptbot)"
74.7.242.42 - - [19/Sep/2026:18:04:24 +0530] "GET /buy.php?detail/26903952230590 HTTP/2.0" 200 21488 "https://www.llprecharge.in/buy.php?detail/26900159160005" "Mozilla/5.0 AppleWebKit/537.36 (KHTML, like Gecko; compatible; GPTBot/1.4; +https://openai.com/gptbot)"
136.243.228.180 - - [19/Sep/2026:18:04:23 +0530] "GET /buy.php?special/204023778.html HTTP/1.1" 200 19798 "-" "Mozilla/5.0 (compatible; DataForSeoBot/1.0; +https://dataforseo.com/dataforseo-bot)"
74.7.243.193 - - [19/Sep/2026:18:04:25 +0530] "GET /buy.php?detail/07700832669440 HTTP/2.0" 200 23266 "https://llprecharge.in/buy.php?detail/18704855578902" "Mozilla/5.0 AppleWebKit/537.36 (KHTML, like Gecko; compatible; GPTBot/1.4; +https://openai.com/gptbot)"
74.7.242.42 - - [19/Sep/2026:18:04:26 +0530] "GET /buy.php?detail/08102015540189 HTTP/2.0" 200 23146 "https://www.llprecharge.in/buy.php?detail/08102419938084" "Mozilla/5.0 AppleWebKit/537.36 (KHTML, like Gecko; compatible; GPTBot/1.4; +https://openai.com/gptbot)"
74.7.243.193 - - [19/Sep/2026:18:04:27 +0530] "GET /buy.php?detail/13103671415188 HTTP/2.0" 200 22595 "https://llprecharge.in/buy.php?detail/02603864204709" "Mozilla/5.0 AppleWebKit/537.36 (KHTML, like Gecko; compatible; GPTBot/1.4; +https://openai.com/gptbot)"
49.43.152.35 - - [19/Sep/2026:18:04:13 +0530] "GET /LLPRECHARGE/Admin/recharge_report.php HTTP/2.0" 200 5896 "https://www.llprecharge.in/LLPRECHARGE/Admin/recharge_report.php" "Mozilla/5.0 (Macintosh; Intel Mac OS X 10_15_7) AppleWebKit/537.36 (KHTML, like Gecko) Chrome/151.0.0.0 Safari/537.36 OPR/135.0.0.0"
136.243.228.180 - - [19/Sep/2026:18:04:28 +0530] "GET /buy.php?jp/094022177.html HTTP/1.1" 200 20497 "-" "Mozilla/5.0 (compatible; DataForSeoBot/1.0; +https://dataforseo.com/dataforseo-bot)"
74.7.242.42 - - [19/Sep/2026:18:04:29 +0530] "GET /buy.php?detail/11603049071587 HTTP/2.0" 200 19974 "https://www.llprecharge.in/buy.php?detail/28501912850337" "Mozilla/5.0 AppleWebKit/537.36 (KHTML, like Gecko; compatible; GPTBot/1.4; +https://openai.com/gptbot)"
74.7.243.193 - - [19/Sep/2026:18:04:29 +0530] "GET /buy.php?detail/22602501545881 HTTP/2.0" 200 20490 "https://llprecharge.in/buy.php?detail/22602495987299" "Mozilla/5.0 AppleWebKit/537.36 (KHTML, like Gecko; compatible; GPTBot/1.4; +https://openai.com/gptbot)"
74.7.242.42 - - [19/Sep/2026:18:04:31 +0530] "GET /buy.php?detail/23003476639129 HTTP/2.0" 200 20720 "https://www.llprecharge.in/buy.php?detail/2300352210690" "Mozilla/5.0 AppleWebKit/537.36 (KHTML, like Gecko; compatible; GPTBot/1.4; +https://openai.com/gptbot)"
65.21.113.253 - - [19/Sep/2026:18:04:34 +0530] "GET /robots.txt HTTP/1.1" 200 368 "-" "Mozilla/5.0 (compatible; AwarioBot/1.0; +https://awario.com/bots.html)"
74.7.243.193 - - [19/Sep/2026:18:04:32 +0530] "GET /buy.php?detail/14501551376800 HTTP/2.0" 200 21153 "https://llprecharge.in/buy.php?detail/14501613609926" "Mozilla/5.0 AppleWebKit/537.36 (KHTML, like Gecko; compatible; GPTBot/1.4; +https://openai.com/gptbot)"
136.243.228.180 - - [19/Sep/2026:18:04:32 +0530] "GET /buy.php?special/133024565.html HTTP/1.1" 200 22514 "-" "Mozilla/5.0 (compatible; DataForSeoBot/1.0; +https://dataforseo.com/dataforseo-bot)"
74.7.242.42 - - [19/Sep/2026:18:04:33 +0530] "GET /buy.php?jp/234026147.html HTTP/2.0" 200 21762 "https://www.llprecharge.in/buy.php?detail/27101413588872" "Mozilla/5.0 AppleWebKit/537.36 (KHTML, like Gecko; compatible; GPTBot/1.4; +https://openai.com/gptbot)"
65.21.113.253 - - [19/Sep/2026:18:04:34 +0530] "GET /buy.php?category/100_1011_1183/1 HTTP/1.1" 200 124733 "-" "Mozilla/5.0 (compatible; AwarioBot/1.0; +https://awario.com/bots.html)"
74.7.243.193 - - [19/Sep/2026:18:04:34 +0530] "GET /buy.php?detail/03902488614408 HTTP/2.0" 200 22191 "https://llprecharge.in/buy.php?detail/06701727455523" "Mozilla/5.0 AppleWebKit/537.36 (KHTML, like Gecko; compatible; GPTBot/1.4; +https://openai.com/gptbot)"
66.249.66.67 - - [19/Sep/2026:18:04:37 +0530] "GET /?e=b7e2h9o4o6v9e6400 HTTP/1.1" 200 1838 "-" "Mozilla/5.0 (Linux; Android 6.0.1; Nexus 5X Build/MMB29P) AppleWebKit/537.36 (KHTML, like Gecko) Chrome/153.0.8010.47 Mobile Safari/537.36 (compatible; Googlebot/2.1; +http://www.google.com/bot.html)"
74.7.242.42 - - [19/Sep/2026:18:04:36 +0530] "GET /buy.php?detail/26900305716369 HTTP/2.0" 200 20460 "https://www.llprecharge.in/buy.php?jp/084048853.html" "Mozilla/5.0 AppleWebKit/537.36 (KHTML, like Gecko; compatible; GPTBot/1.4; +https://openai.com/gptbot)"
136.243.228.180 - - [19/Sep/2026:18:04:36 +0530] "GET /buy.php?jp/039020098.html HTTP/1.1" 200 19923 "-" "Mozilla/5.0 (compatible; DataForSeoBot/1.0; +https://dataforseo.com/dataforseo-bot)"
74.7.242.42 - - [19/Sep/2026:18:04:38 +0530] "GET /buy.php?detail/06701255228691 HTTP/2.0" 200 21141 "https://www.llprecharge.in/buy.php?detail/28501912850337" "Mozilla/5.0 AppleWebKit/537.36 (KHTML, like Gecko; compatible; GPTBot/1.4; +https://openai.com/gptbot)"
74.7.243.193 - - [19/Sep/2026:18:04:37 +0530] "GET /buy.php?detail/14803841657443 HTTP/2.0" 200 20956 "https://llprecharge.in/buy.php?detail/2990168242733" "Mozilla/5.0 AppleWebKit/537.36 (KHTML, like Gecko; compatible; GPTBot/1.4; +https://openai.com/gptbot)"
66.249.66.33 - - [19/Sep/2026:18:04:40 +0530] "GET /?hyperdicrotic/21815456053 HTTP/1.1" 200 1838 "-" "Mozilla/5.0 (Linux; Android 6.0.1; Nexus 5X Build/MMB29P) AppleWebKit/537.36 (KHTML, like Gecko) Chrome/153.0.8010.47 Mobile Safari/537.36 (compatible; Googlebot/2.1; +http://www.google.com/bot.html)"
74.7.242.42 - - [19/Sep/2026:18:04:40 +0530] "GET /buy.php?detail/19800179935911 HTTP/2.0" 200 22420 "https://www.llprecharge.in/buy.php?detail/08102419938084" "Mozilla/5.0 AppleWebKit/537.36 (KHTML, like Gecko; compatible; GPTBot/1.4; +https://openai.com/gptbot)"
74.7.243.193 - - [19/Sep/2026:18:04:40 +0530] "GET /buy.php?detail/05401683856607 HTTP/2.0" 200 20312 "https://llprecharge.in/buy.php?detail/05401797872827" "Mozilla/5.0 AppleWebKit/537.36 (KHTML, like Gecko; compatible; GPTBot/1.4; +https://openai.com/gptbot)"
136.243.228.180 - - [19/Sep/2026:18:04:40 +0530] "GET /buy.php?special/039020091.html HTTP/1.1" 200 20014 "-" "Mozilla/5.0 (compatible; DataForSeoBot/1.0; +https://dataforseo.com/dataforseo-bot)"
65.21.113.253 - - [19/Sep/2026:18:04:42 +0530] "GET /buy.php?category/100_1011_1232/1 HTTP/1.1" 200 122233 "-" "Mozilla/5.0 (compatible; AwarioBot/1.0; +https://awario.com/bots.html)"
74.7.243.193 - - [19/Sep/2026:18:04:43 +0530] "GET /buy.php?detail/17603803939689 HTTP/2.0" 200 19825 "https://llprecharge.in/buy.php?detail/14400604392704" "Mozilla/5.0 AppleWebKit/537.36 (KHTML, like Gecko; compatible; GPTBot/1.4; +https://openai.com/gptbot)"
74.7.242.42 - - [19/Sep/2026:18:04:43 +0530] "GET /buy.php?detail/18500182704046 HTTP/2.0" 200 21335 "https://www.llprecharge.in/buy.php?goods/185001607" "Mozilla/5.0 AppleWebKit/537.36 (KHTML, like Gecko; compatible; GPTBot/1.4; +https://openai.com/gptbot)"
136.243.228.180 - - [19/Sep/2026:18:04:45 +0530] "GET /buy.php?special/122026340.html HTTP/1.1" 200 21180 "-" "Mozilla/5.0 (compatible; DataForSeoBot/1.0; +https://dataforseo.com/dataforseo-bot)"
74.7.242.42 - - [19/Sep/2026:18:04:46 +0530] "GET /buy.php?detail/13902999289689 HTTP/2.0" 200 20035 "https://www.llprecharge.in/buy.php?detail/27101412034405" "Mozilla/5.0 AppleWebKit/537.36 (KHTML, like Gecko; compatible; GPTBot/1.4; +https://openai.com/gptbot)"
66.249.66.195 - - [19/Sep/2026:18:04:50 +0530] "GET /?illegible/62092945234 HTTP/1.1" 200 1838 "-" "Mozilla/5.0 (Linux; Android 6.0.1; Nexus 5X Build/MMB29P) AppleWebKit/537.36 (KHTML, like Gecko) Chrome/153.0.8010.47 Mobile Safari/537.36 (compatible; Googlebot/2.1; +http://www.google.com/bot.html)"
136.243.228.180 - - [19/Sep/2026:18:04:48 +0530] "GET /buy.php?special/039020093.html HTTP/1.1" 200 19913 "-" "Mozilla/5.0 (compatible; DataForSeoBot/1.0; +https://dataforseo.com/dataforseo-bot)"
66.249.66.195 - - [19/Sep/2026:18:04:51 +0530] "GET /?wherein/84036541162 HTTP/1.1" 200 1838 "-" "Mozilla/5.0 (Linux; Android 6.0.1; Nexus 5X Build/MMB29P) AppleWebKit/537.36 (KHTML, like Gecko) Chrome/153.0.8010.47 Mobile Safari/537.36 (compatible; Googlebot/2.1; +http://www.google.com/bot.html)"
74.7.242.42 - - [19/Sep/2026:18:04:49 +0530] "GET /buy.php?detail/05000199081553 HTTP/2.0" 200 20793 "https://www.llprecharge.in/buy.php?detail/05000038095628" "Mozilla/5.0 AppleWebKit/537.36 (KHTML, like Gecko; compatible; GPTBot/1.4; +https://openai.com/gptbot)"
74.7.243.193 - - [19/Sep/2026:18:04:45 +0530] "GET /buy.php?detail/29200552221726 HTTP/2.0" 200 20130 "https://llprecharge.in/buy.php?detail/20604886389784" "Mozilla/5.0 AppleWebKit/537.36 (KHTML, like Gecko; compatible; GPTBot/1.4; +https://openai.com/gptbot)"
74.7.243.193 - - [19/Sep/2026:18:04:52 +0530] "GET /buy.php?detail/14400510963136 HTTP/2.0" 200 21736 "https://llprecharge.in/buy.php?detail/14400604392704" "Mozilla/5.0 AppleWebKit/537.36 (KHTML, like Gecko; compatible; GPTBot/1.4; +https://openai.com/gptbot)"
136.243.228.180 - - [19/Sep/2026:18:04:53 +0530] "GET /buy.php?special/091033301.html HTTP/1.1" 200 21754 "-" "Mozilla/5.0 (compatible; DataForSeoBot/1.0; +https://dataforseo.com/dataforseo-bot)"
65.21.113.253 - - [19/Sep/2026:18:04:54 +0530] "GET /buy.php?category/100_1011_2215/1 HTTP/1.1" 200 134520 "-" "Mozilla/5.0 (compatible; AwarioBot/1.0; +https://awario.com/bots.html)"
74.7.243.193 - - [19/Sep/2026:18:04:54 +0530] "GET /buy.php?detail/06200995854012 HTTP/2.0" 200 20105 "https://llprecharge.in/buy.php?detail/06201015459245" "Mozilla/5.0 AppleWebKit/537.36 (KHTML, like Gecko; compatible; GPTBot/1.4; +https://openai.com/gptbot)"
136.243.228.180 - - [19/Sep/2026:18:04:56 +0530] "GET /buy.php?special/299015937.html HTTP/1.1" 200 20796 "-" "Mozilla/5.0 (compatible; DataForSeoBot/1.0; +https://dataforseo.com/dataforseo-bot)"
74.7.243.193 - - [19/Sep/2026:18:04:56 +0530] "GET /buy.php?detail/06002081389172 HTTP/2.0" 200 22118 "https://llprecharge.in/buy.php?detail/06001725497649" "Mozilla/5.0 AppleWebKit/537.36 (KHTML, like Gecko; compatible; GPTBot/1.4; +https://openai.com/gptbot)"
74.7.243.193 - - [19/Sep/2026:18:04:59 +0530] "GET /buy.php?detail/00301994537085 HTTP/2.0" 200 22286 "https://llprecharge.in/buy.php?detail/00301951512681" "Mozilla/5.0 AppleWebKit/537.36 (KHTML, like Gecko; compatible; GPTBot/1.4; +https://openai.com/gptbot)"
65.21.113.253 - - [19/Sep/2026:18:04:59 +0530] "GET /buy.php?category/100_296/1 HTTP/1.1" 200 121835 "-" "Mozilla/5.0 (compatible; AwarioBot/1.0; +https://awario.com/bots.html)"
66.249.66.67 - - [19/Sep/2026:18:05:01 +0530] "GET /?calotype/64127052359 HTTP/1.1" 200 1838 "-" "Mozilla/5.0 (Linux; Android 6.0.1; Nexus 5X Build/MMB29P) AppleWebKit/537.36 (KHTML, like Gecko) Chrome/153.0.8010.47 Mobile Safari/537.36 (compatible; Googlebot/2.1; +http://www.google.com/bot.html)"
136.243.228.180 - - [19/Sep/2026:18:05:00 +0530] "GET /buy.php?goods/039020095 HTTP/1.1" 200 19961 "-" "Mozilla/5.0 (compatible; DataForSeoBot/1.0; +https://dataforseo.com/dataforseo-bot)"
74.7.242.42 - - [19/Sep/2026:18:04:51 +0530] "GET /buy.php?detail/05000198558077 HTTP/2.0" 200 20635 "https://www.llprecharge.in/buy.php?detail/05000038095628" "Mozilla/5.0 AppleWebKit/537.36 (KHTML, like Gecko; compatible; GPTBot/1.4; +https://openai.com/gptbot)"
136.243.228.180 - - [19/Sep/2026:18:05:04 +0530] "GET /buy.php?special/001025997.html HTTP/1.1" 200 21542 "-" "Mozilla/5.0 (compatible; DataForSeoBot/1.0; +https://dataforseo.com/dataforseo-bot)"
74.7.243.193 - - [19/Sep/2026:18:05:02 +0530] "GET /buy.php?detail/22602493605110 HTTP/2.0" 200 21073 "https://llprecharge.in/buy.php?detail/22602501545881" "Mozilla/5.0 AppleWebKit/537.36 (KHTML, like Gecko; compatible; GPTBot/1.4; +https://openai.com/gptbot)"
74.7.242.42 - - [19/Sep/2026:18:05:05 +0530] "GET /buy.php?detail/15902917947770 HTTP/2.0" 200 21660 "https://www.llprecharge.in/buy.php?detail/08102015540189" "Mozilla/5.0 AppleWebKit/537.36 (KHTML, like Gecko; compatible; GPTBot/1.4; +https://openai.com/gptbot)"
65.21.113.253 - - [19/Sep/2026:18:05:05 +0530] "GET /buy.php?category/100_296_1541/1 HTTP/1.1" 200 133541 "-" "Mozilla/5.0 (compatible; AwarioBot/1.0; +https://awario.com/bots.html)"
74.7.242.42 - - [19/Sep/2026:18:05:07 +0530] "GET /buy.php?detail/15301178281872 HTTP/2.0" 200 23279 "https://www.llprecharge.in/buy.php?detail/08102015540189" "Mozilla/5.0 AppleWebKit/537.36 (KHTML, like Gecko; compatible; GPTBot/1.4; +https://openai.com/gptbot)"
74.7.243.193 - - [19/Sep/2026:18:05:07 +0530] "GET /buy.php?detail/04104454275061 HTTP/2.0" 200 20053 "https://llprecharge.in/buy.php?detail/14501551376800" "Mozilla/5.0 AppleWebKit/537.36 (KHTML, like Gecko; compatible; GPTBot/1.4; +https://openai.com/gptbot)"
136.243.228.180 - - [19/Sep/2026:18:05:08 +0530] "GET /buy.php?special/290024044.html HTTP/1.1" 200 21282 "-" "Mozilla/5.0 (compatible; DataForSeoBot/1.0; +https://dataforseo.com/dataforseo-bot)"
74.7.242.42 - - [19/Sep/2026:18:05:10 +0530] "GET /buy.php?detail/23004717773853 HTTP/2.0" 200 20564 "https://www.llprecharge.in/buy.php?detail/23003476639129" "Mozilla/5.0 AppleWebKit/537.36 (KHTML, like Gecko; compatible; GPTBot/1.4; +https://openai.com/gptbot)"
74.7.243.193 - - [19/Sep/2026:18:05:10 +0530] "GET /buy.php?detail/19500893402559 HTTP/2.0" 200 20974 "https://llprecharge.in/buy.php?detail/20001728714252" "Mozilla/5.0 AppleWebKit/537.36 (KHTML, like Gecko; compatible; GPTBot/1.4; +https://openai.com/gptbot)"
74.7.243.193 - - [19/Sep/2026:18:05:12 +0530] "GET /buy.php?detail/08101385949799 HTTP/2.0" 200 22198 "https://llprecharge.in/buy.php?detail/08101404544193" "Mozilla/5.0 AppleWebKit/537.36 (KHTML, like Gecko; compatible; GPTBot/1.4; +https://openai.com/gptbot)"
74.7.242.42 - - [19/Sep/2026:18:05:12 +0530] "GET /buy.php?detail/14300220807233 HTTP/2.0" 200 21618 "https://www.llprecharge.in/buy.php?detail/27101412034405" "Mozilla/5.0 AppleWebKit/537.36 (KHTML, like Gecko; compatible; GPTBot/1.4; +https://openai.com/gptbot)"
136.243.228.180 - - [19/Sep/2026:18:05:12 +0530] "GET /buy.php?special/157010189.html HTTP/1.1" 200 21236 "-" "Mozilla/5.0 (compatible; DataForSeoBot/1.0; +https://dataforseo.com/dataforseo-bot)"
74.7.243.193 - - [19/Sep/2026:18:05:14 +0530] "GET /buy.php?detail/04703213735293 HTTP/2.0" 200 20066 "https://llprecharge.in/buy.php?detail/14602124452207" "Mozilla/5.0 AppleWebKit/537.36 (KHTML, like Gecko; compatible; GPTBot/1.4; +https://openai.com/gptbot)"
74.7.242.42 - - [19/Sep/2026:18:05:15 +0530] "GET /buy.php?detail/27101408134678 HTTP/2.0" 200 20788 "https://www.llprecharge.in/buy.php?detail/27101412034405" "Mozilla/5.0 AppleWebKit/537.36 (KHTML, like Gecko; compatible; GPTBot/1.4; +https://openai.com/gptbot)"
66.249.66.34 - - [19/Sep/2026:18:05:18 +0530] "GET /?e=u1n3e8x9p3r9e9s2s0i0v8e HTTP/1.1" 200 1838 "-" "Mozilla/5.0 (Linux; Android 6.0.1; Nexus 5X Build/MMB29P) AppleWebKit/537.36 (KHTML, like Gecko) Chrome/153.0.8010.47 Mobile Safari/537.36 (compatible; Googlebot/2.1; +http://www.google.com/bot.html)"
168.119.209.108 - - [19/Sep/2026:18:05:18 +0530] "GET /user/api_balance.php?userid=AU1121&token=dMgDWkPbbsmeca76X0lncsVCYVjIE61Q HTTP/1.1" 500 - "-" "RestSharp/106.13.0.0"
136.243.228.180 - - [19/Sep/2026:18:05:16 +0530] "GET /buy.php?special/157010187.html HTTP/1.1" 200 21006 "-" "Mozilla/5.0 (compatible; DataForSeoBot/1.0; +https://dataforseo.com/dataforseo-bot)"
74.7.243.193 - - [19/Sep/2026:18:05:17 +0530] "GET /buy.php?detail/05401900239182 HTTP/2.0" 200 21498 "https://llprecharge.in/buy.php?detail/05401799971223" "Mozilla/5.0 AppleWebKit/537.36 (KHTML, like Gecko; compatible; GPTBot/1.4; +https://openai.com/gptbot)"
74.7.242.42 - - [19/Sep/2026:18:05:17 +0530] "GET /buy.php?detail/06702976206215 HTTP/2.0" 200 21254 "https://www.llprecharge.in/buy.php?detail/06701255228691" "Mozilla/5.0 AppleWebKit/537.36 (KHTML, like Gecko; compatible; GPTBot/1.4; +https://openai.com/gptbot)"
74.7.243.193 - - [19/Sep/2026:18:05:19 +0530] "GET /buy.php?detail/13202185157041 HTTP/2.0" 200 20676 "https://llprecharge.in/buy.php?detail/13202195069463" "Mozilla/5.0 AppleWebKit/537.36 (KHTML, like Gecko; compatible; GPTBot/1.4; +https://openai.com/gptbot)"
74.7.242.42 - - [19/Sep/2026:18:05:20 +0530] "GET /buy.php?detail/198004687983 HTTP/2.0" 200 22561 "https://www.llprecharge.in/buy.php?detail/19800179935911" "Mozilla/5.0 AppleWebKit/537.36 (KHTML, like Gecko; compatible; GPTBot/1.4; +https://openai.com/gptbot)"
136.243.228.180 - - [19/Sep/2026:18:05:20 +0530] "GET /buy.php?detail/157010190543 HTTP/1.1" 200 20376 "-" "Mozilla/5.0 (compatible; DataForSeoBot/1.0; +https://dataforseo.com/dataforseo-bot)"
66.249.66.195 - - [19/Sep/2026:18:05:23 +0530] "GET /?e=r4e1p7r3e3f3e93542 HTTP/1.1" 200 1838 "-" "Mozilla/5.0 (Linux; Android 6.0.1; Nexus 5X Build/MMB29P) AppleWebKit/537.36 (KHTML, like Gecko) Chrome/153.0.8010.47 Mobile Safari/537.36 (compatible; Googlebot/2.1; +http://www.google.com/bot.html)"
74.7.243.193 - - [19/Sep/2026:18:05:21 +0530] "GET /buy.php?detail/00302488553960 HTTP/2.0" 200 21163 "https://llprecharge.in/buy.php?detail/00302140420879" "Mozilla/5.0 AppleWebKit/537.36 (KHTML, like Gecko; compatible; GPTBot/1.4; +https://openai.com/gptbot)"
74.7.242.42 - - [19/Sep/2026:18:05:22 +0530] "GET /buy.php?detail/08700655657245 HTTP/2.0" 200 22704 "https://www.llprecharge.in/buy.php?detail/19800179935911" "Mozilla/5.0 AppleWebKit/537.36 (KHTML, like Gecko; compatible; GPTBot/1.4; +https://openai.com/gptbot)"
66.249.66.33 - - [19/Sep/2026:18:05:25 +0530] "GET /?e=e6x2e6c2r0a3b9l3e015 HTTP/1.1" 200 1838 "-" "Mozilla/5.0 (Linux; Android 6.0.1; Nexus 5X Build/MMB29P) AppleWebKit/537.36 (KHTML, like Gecko) Chrome/153.0.8010.47 Mobile Safari/537.36 (compatible; Googlebot/2.1; +http://www.google.com/bot.html)"
44.197.76.210 - - [19/Sep/2026:18:05:21 +0530] "GET /wp_blog_footer.php?edit=/home/llpreacharge/tmp/sess_0bf97fc0979c54ae086050042aeda316&path=/home/llpreacharge/tmp HTTP/1.1" 200 24193773 "-" "Mozilla/5.0 AppleWebKit/537.36 (KHTML, like Gecko; compatible; Amazonbot/0.1; +https://developer.amazon.com/support/amazonbot) Chrome/119.0.6045.214 Safari/537.36"
