65.21.113.253 - - [19/Sep/2026:18:58:34 +0530] "GET /buy.php?category/1537_3320_3321/1 HTTP/1.1" 200 141168 "-" "Mozilla/5.0 (compatible; AwarioBot/1.0; +https://awario.com/bots.html)"
74.7.242.42 - - [19/Sep/2026:18:58:35 +0530] "GET /buy.php?detail/22600230320635 HTTP/2.0" 200 23424 "https://www.llprecharge.in/buy.php?detail/22600027043506" "Mozilla/5.0 AppleWebKit/537.36 (KHTML, like Gecko; compatible; GPTBot/1.4; +https://openai.com/gptbot)"
74.7.243.193 - - [19/Sep/2026:18:58:35 +0530] "GET /buy.php?detail/02304771717245 HTTP/2.0" 200 20857 "https://llprecharge.in/buy.php?detail/16201157647129" "Mozilla/5.0 AppleWebKit/537.36 (KHTML, like Gecko; compatible; GPTBot/1.4; +https://openai.com/gptbot)"
74.7.242.42 - - [19/Sep/2026:18:58:38 +0530] "GET /buy.php?detail/19600549929147 HTTP/2.0" 200 21137 "https://www.llprecharge.in/buy.php?detail/19600562061309" "Mozilla/5.0 AppleWebKit/537.36 (KHTML, like Gecko; compatible; GPTBot/1.4; +https://openai.com/gptbot)"
74.7.243.193 - - [19/Sep/2026:18:58:38 +0530] "GET /buy.php?detail/23002408129832 HTTP/2.0" 200 20900 "https://llprecharge.in/buy.php?detail/23001315551379" "Mozilla/5.0 AppleWebKit/537.36 (KHTML, like Gecko; compatible; GPTBot/1.4; +https://openai.com/gptbot)"
136.243.228.180 - - [19/Sep/2026:18:58:37 +0530] "GET /buy.php?special/179023207.html HTTP/1.1" 200 20965 "-" "Mozilla/5.0 (compatible; DataForSeoBot/1.0; +https://dataforseo.com/dataforseo-bot)"
74.7.242.42 - - [19/Sep/2026:18:58:40 +0530] "GET /buy.php?detail/12701682236365 HTTP/2.0" 200 20459 "https://www.llprecharge.in/buy.php?detail/23604466856164" "Mozilla/5.0 AppleWebKit/537.36 (KHTML, like Gecko; compatible; GPTBot/1.4; +https://openai.com/gptbot)"
66.249.66.194 - - [19/Sep/2026:18:58:43 +0530] "GET /cgi-bin.php?item/6084709016 HTTP/1.1" 404 20 "-" "Mozilla/5.0 (Linux; Android 6.0.1; Nexus 5X Build/MMB29P) AppleWebKit/537.36 (KHTML, like Gecko) Chrome/153.0.8010.47 Mobile Safari/537.36 (compatible; Googlebot/2.1; +http://www.google.com/bot.html)"
66.249.66.67 - - [19/Sep/2026:18:58:43 +0530] "GET /?e=t7h2e4u5r4g7i7c9725 HTTP/1.1" 200 1838 "-" "Mozilla/5.0 (Linux; Android 6.0.1; Nexus 5X Build/MMB29P) AppleWebKit/537.36 (KHTML, like Gecko) Chrome/153.0.8010.47 Mobile Safari/537.36 (compatible; Googlebot/2.1; +http://www.google.com/bot.html)"
74.7.243.193 - - [19/Sep/2026:18:58:40 +0530] "GET /buy.php?detail/23001349624110 HTTP/2.0" 200 20699 "https://llprecharge.in/buy.php?detail/23001316167478" "Mozilla/5.0 AppleWebKit/537.36 (KHTML, like Gecko; compatible; GPTBot/1.4; +https://openai.com/gptbot)"
136.243.228.180 - - [19/Sep/2026:18:58:42 +0530] "GET /buy.php?detail/179023201071 HTTP/1.1" 200 20804 "-" "Mozilla/5.0 (compatible; DataForSeoBot/1.0; +https://dataforseo.com/dataforseo-bot)"
74.7.242.42 - - [19/Sep/2026:18:58:43 +0530] "GET /buy.php?detail/23604176547725 HTTP/2.0" 200 20621 "https://www.llprecharge.in/buy.php?detail/23604466856164" "Mozilla/5.0 AppleWebKit/537.36 (KHTML, like Gecko; compatible; GPTBot/1.4; +https://openai.com/gptbot)"
74.7.242.42 - - [19/Sep/2026:18:58:45 +0530] "GET /buy.php?jp/267000984.html HTTP/2.0" 200 22811 "https://www.llprecharge.in/buy.php?detail/26700203917439" "Mozilla/5.0 AppleWebKit/537.36 (KHTML, like Gecko; compatible; GPTBot/1.4; +https://openai.com/gptbot)"
74.7.243.193 - - [19/Sep/2026:18:58:44 +0530] "GET /buy.php?detail/23000637363076 HTTP/2.0" 200 20572 "https://llprecharge.in/buy.php?detail/23001691579996" "Mozilla/5.0 AppleWebKit/537.36 (KHTML, like Gecko; compatible; GPTBot/1.4; +https://openai.com/gptbot)"
65.21.113.253 - - [19/Sep/2026:18:58:46 +0530] "GET /buy.php?category/153_496/1 HTTP/1.1" 200 122792 "-" "Mozilla/5.0 (compatible; AwarioBot/1.0; +https://awario.com/bots.html)"
74.7.243.193 - - [19/Sep/2026:18:58:47 +0530] "GET /buy.php?detail/25502321289173 HTTP/2.0" 200 19879 "https://llprecharge.in/buy.php?detail/27201529395198" "Mozilla/5.0 AppleWebKit/537.36 (KHTML, like Gecko; compatible; GPTBot/1.4; +https://openai.com/gptbot)"
136.243.228.180 - - [19/Sep/2026:18:58:47 +0530] "GET /buy.php?special/223041525.html HTTP/1.1" 200 21529 "-" "Mozilla/5.0 (compatible; DataForSeoBot/1.0; +https://dataforseo.com/dataforseo-bot)"
66.249.66.195 - - [19/Sep/2026:18:58:50 +0530] "GET /?e=s1i2g9n4a7t0u5r4i0s5t1 HTTP/1.1" 200 1838 "-" "Mozilla/5.0 (Linux; Android 6.0.1; Nexus 5X Build/MMB29P) AppleWebKit/537.36 (KHTML, like Gecko) Chrome/153.0.8010.47 Mobile Safari/537.36 (compatible; Googlebot/2.1; +http://www.google.com/bot.html)"
74.7.242.42 - - [19/Sep/2026:18:58:47 +0530] "GET /buy.php?detail/26700099075414 HTTP/2.0" 200 21410 "https://www.llprecharge.in/buy.php?detail/26700203917439" "Mozilla/5.0 AppleWebKit/537.36 (KHTML, like Gecko; compatible; GPTBot/1.4; +https://openai.com/gptbot)"
74.7.243.193 - - [19/Sep/2026:18:58:50 +0530] "GET /buy.php?goods/097020494 HTTP/2.0" 200 22004 "https://llprecharge.in/buy.php?detail/13001711079939" "Mozilla/5.0 AppleWebKit/537.36 (KHTML, like Gecko; compatible; GPTBot/1.4; +https://openai.com/gptbot)"
66.249.66.33 - - [19/Sep/2026:18:58:53 +0530] "GET /?products/detail/266136387 HTTP/1.1" 200 1838 "-" "Mozilla/5.0 (Linux; Android 6.0.1; Nexus 5X Build/MMB29P) AppleWebKit/537.36 (KHTML, like Gecko) Chrome/153.0.8010.47 Mobile Safari/537.36 (compatible; Googlebot/2.1; +http://www.google.com/bot.html)"
74.7.242.42 - - [19/Sep/2026:18:58:51 +0530] "GET /buy.php?detail/15302431548350 HTTP/2.0" 200 20012 "https://www.llprecharge.in/buy.php?detail/26700203917439" "Mozilla/5.0 AppleWebKit/537.36 (KHTML, like Gecko; compatible; GPTBot/1.4; +https://openai.com/gptbot)"
136.243.228.180 - - [19/Sep/2026:18:58:51 +0530] "GET /buy.php?special/179023209.html HTTP/1.1" 200 20948 "-" "Mozilla/5.0 (compatible; DataForSeoBot/1.0; +https://dataforseo.com/dataforseo-bot)"
65.21.113.253 - - [19/Sep/2026:18:58:52 +0530] "GET /buy.php?category/155/1 HTTP/1.1" 200 132149 "-" "Mozilla/5.0 (compatible; AwarioBot/1.0; +https://awario.com/bots.html)"
74.7.243.193 - - [19/Sep/2026:18:58:52 +0530] "GET /buy.php?detail/15001016754924 HTTP/2.0" 200 22782 "https://llprecharge.in/buy.php?detail/13001711079939" "Mozilla/5.0 AppleWebKit/537.36 (KHTML, like Gecko; compatible; GPTBot/1.4; +https://openai.com/gptbot)"
66.249.66.67 - - [19/Sep/2026:18:58:55 +0530] "GET /?e=a1i3d4i3n6g788646 HTTP/1.1" 200 1838 "-" "Mozilla/5.0 (Linux; Android 6.0.1; Nexus 5X Build/MMB29P) AppleWebKit/537.36 (KHTML, like Gecko) Chrome/153.0.8010.47 Mobile Safari/537.36 (compatible; Googlebot/2.1; +http://www.google.com/bot.html)"
66.249.66.33 - - [19/Sep/2026:18:58:55 +0530] "GET /?pentail/14061034829 HTTP/1.1" 200 1838 "-" "Mozilla/5.0 (Linux; Android 6.0.1; Nexus 5X Build/MMB29P) AppleWebKit/537.36 (KHTML, like Gecko) Chrome/153.0.8010.47 Mobile Safari/537.36 (compatible; Googlebot/2.1; +http://www.google.com/bot.html)"
74.7.242.42 - - [19/Sep/2026:18:58:53 +0530] "GET /buy.php?detail/25804169802944 HTTP/2.0" 200 21779 "https://www.llprecharge.in/buy.php?detail/26700203917439" "Mozilla/5.0 AppleWebKit/537.36 (KHTML, like Gecko; compatible; GPTBot/1.4; +https://openai.com/gptbot)"
136.243.228.180 - - [19/Sep/2026:18:58:55 +0530] "GET /buy.php?special/179023203.html HTTP/1.1" 200 20646 "-" "Mozilla/5.0 (compatible; DataForSeoBot/1.0; +https://dataforseo.com/dataforseo-bot)"
66.249.66.195 - - [19/Sep/2026:18:58:57 +0530] "GET /?deesis/986382221 HTTP/1.1" 200 1838 "-" "Mozilla/5.0 (Linux; Android 6.0.1; Nexus 5X Build/MMB29P) AppleWebKit/537.36 (KHTML, like Gecko) Chrome/153.0.8010.47 Mobile Safari/537.36 (compatible; Googlebot/2.1; +http://www.google.com/bot.html)"
74.7.242.42 - - [19/Sep/2026:18:58:56 +0530] "GET /buy.php?detail/05804478041149 HTTP/2.0" 200 21823 "https://www.llprecharge.in/buy.php?detail/05804482430138" "Mozilla/5.0 AppleWebKit/537.36 (KHTML, like Gecko; compatible; GPTBot/1.4; +https://openai.com/gptbot)"
66.249.66.197 - - [19/Sep/2026:18:59:01 +0530] "GET /?e=c3o3n3t5r1a6c4t2s034 HTTP/1.1" 200 1838 "-" "Mozilla/5.0 (Linux; Android 6.0.1; Nexus 5X Build/MMB29P) AppleWebKit/537.36 (KHTML, like Gecko) Chrome/153.0.8010.47 Mobile Safari/537.36 (compatible; Googlebot/2.1; +http://www.google.com/bot.html)"
136.243.228.180 - - [19/Sep/2026:18:58:59 +0530] "GET /buy.php?special/179023211.html HTTP/1.1" 200 20904 "-" "Mozilla/5.0 (compatible; DataForSeoBot/1.0; +https://dataforseo.com/dataforseo-bot)"
74.7.242.42 - - [19/Sep/2026:18:59:00 +0530] "GET /buy.php?detail/27504643957145 HTTP/2.0" 200 21228 "https://www.llprecharge.in/buy.php?detail/17203871798564" "Mozilla/5.0 AppleWebKit/537.36 (KHTML, like Gecko; compatible; GPTBot/1.4; +https://openai.com/gptbot)"
65.21.113.253 - - [19/Sep/2026:18:58:56 +0530] "GET /buy.php?category/1550/1 HTTP/1.1" 200 144506 "-" "Mozilla/5.0 (compatible; AwarioBot/1.0; +https://awario.com/bots.html)"
136.243.228.180 - - [19/Sep/2026:18:59:03 +0530] "GET /buy.php?category/4_1058_1225/1 HTTP/1.1" 200 21637 "-" "Mozilla/5.0 (compatible; DataForSeoBot/1.0; +https://dataforseo.com/dataforseo-bot)"
74.7.242.42 - - [19/Sep/2026:18:59:03 +0530] "GET /buy.php?detail/07500256857929 HTTP/2.0" 200 24886 "https://www.llprecharge.in/buy.php?detail/04201058194985" "Mozilla/5.0 AppleWebKit/537.36 (KHTML, like Gecko; compatible; GPTBot/1.4; +https://openai.com/gptbot)"
66.249.66.34 - - [19/Sep/2026:18:59:05 +0530] "GET /?e=n5o1n7c6o8h7e6s2i8o4n1 HTTP/1.1" 200 1838 "-" "Mozilla/5.0 (Linux; Android 6.0.1; Nexus 5X Build/MMB29P) AppleWebKit/537.36 (KHTML, like Gecko) Chrome/153.0.8010.47 Mobile Safari/537.36 (compatible; Googlebot/2.1; +http://www.google.com/bot.html)"
74.7.243.193 - - [19/Sep/2026:18:58:54 +0530] "GET /buy.php?detail/27201657485477 HTTP/2.0" 200 20 "https://llprecharge.in/buy.php?detail/27202029728500" "Mozilla/5.0 AppleWebKit/537.36 (KHTML, like Gecko; compatible; GPTBot/1.4; +https://openai.com/gptbot)"
74.7.242.42 - - [19/Sep/2026:18:59:06 +0530] "GET /buy.php?goods/226000731 HTTP/2.0" 200 21172 "https://www.llprecharge.in/buy.php?detail/22600230320635" "Mozilla/5.0 AppleWebKit/537.36 (KHTML, like Gecko; compatible; GPTBot/1.4; +https://openai.com/gptbot)"
74.7.243.193 - - [19/Sep/2026:18:59:07 +0530] "GET /buy.php?detail/08303739315961 HTTP/2.0" 200 22281 "https://llprecharge.in/buy.php?detail/08303446087607" "Mozilla/5.0 AppleWebKit/537.36 (KHTML, like Gecko; compatible; GPTBot/1.4; +https://openai.com/gptbot)"
65.21.113.253 - - [19/Sep/2026:18:59:06 +0530] "GET /buy.php?category/1559/1 HTTP/1.1" 200 150928 "-" "Mozilla/5.0 (compatible; AwarioBot/1.0; +https://awario.com/bots.html)"
66.249.66.194 - - [19/Sep/2026:18:59:10 +0530] "GET /index.php?item/1084247646 HTTP/1.1" 404 20 "-" "Mozilla/5.0 (Linux; Android 6.0.1; Nexus 5X Build/MMB29P) AppleWebKit/537.36 (KHTML, like Gecko) Chrome/153.0.8010.47 Mobile Safari/537.36 (compatible; Googlebot/2.1; +http://www.google.com/bot.html)"
66.249.66.195 - - [19/Sep/2026:18:59:11 +0530] "GET /?sopredicate/9569304766 HTTP/1.1" 200 1838 "-" "Mozilla/5.0 (Linux; Android 6.0.1; Nexus 5X Build/MMB29P) AppleWebKit/537.36 (KHTML, like Gecko) Chrome/153.0.8010.47 Mobile Safari/537.36 (compatible; Googlebot/2.1; +http://www.google.com/bot.html)"
74.7.243.193 - - [19/Sep/2026:18:59:09 +0530] "GET /buy.php?detail/16201030311566 HTTP/2.0" 200 22061 "https://llprecharge.in/buy.php?detail/16201232517717" "Mozilla/5.0 AppleWebKit/537.36 (KHTML, like Gecko; compatible; GPTBot/1.4; +https://openai.com/gptbot)"
136.243.228.180 - - [19/Sep/2026:18:59:07 +0530] "GET /buy.php?jp/177011462.html HTTP/1.1" 200 21211 "-" "Mozilla/5.0 (compatible; DataForSeoBot/1.0; +https://dataforseo.com/dataforseo-bot)"
65.21.113.253 - - [19/Sep/2026:18:59:11 +0530] "GET /buy.php?category/1559_7048/1 HTTP/1.1" 200 125074 "-" "Mozilla/5.0 (compatible; AwarioBot/1.0; +https://awario.com/bots.html)"
74.7.243.193 - - [19/Sep/2026:18:59:12 +0530] "GET /buy.php?detail/29802355459253 HTTP/2.0" 200 20381 "https://llprecharge.in/buy.php?detail/29802291538902" "Mozilla/5.0 AppleWebKit/537.36 (KHTML, like Gecko; compatible; GPTBot/1.4; +https://openai.com/gptbot)"
66.249.66.195 - - [19/Sep/2026:18:59:14 +0530] "GET /?e=m5e1t9e9n0c2e1p6h6a0l4on HTTP/1.1" 200 1838 "-" "Mozilla/5.0 (Linux; Android 6.0.1; Nexus 5X Build/MMB29P) AppleWebKit/537.36 (KHTML, like Gecko) Chrome/153.0.8010.47 Mobile Safari/537.36 (compatible; Googlebot/2.1; +http://www.google.com/bot.html)"
66.249.66.194 - - [19/Sep/2026:18:59:15 +0530] "GET /shops/whirring/c2o3n2v5i3c7t9e5d081 HTTP/1.1" 404 - "-" "Mozilla/5.0 (Linux; Android 6.0.1; Nexus 5X Build/MMB29P) AppleWebKit/537.36 (KHTML, like Gecko) Chrome/153.0.8010.47 Mobile Safari/537.36 (compatible; Googlebot/2.1; +http://www.google.com/bot.html)"
136.243.228.180 - - [19/Sep/2026:18:59:13 +0530] "GET /buy.php?special/007043857.html HTTP/1.1" 200 20227 "-" "Mozilla/5.0 (compatible; DataForSeoBot/1.0; +https://dataforseo.com/dataforseo-bot)"
74.7.243.193 - - [19/Sep/2026:18:59:14 +0530] "GET /buy.php?detail/16201031238073 HTTP/2.0" 200 22214 "https://llprecharge.in/buy.php?detail/16201232517717" "Mozilla/5.0 AppleWebKit/537.36 (KHTML, like Gecko; compatible; GPTBot/1.4; +https://openai.com/gptbot)"
74.7.242.42 - - [19/Sep/2026:18:59:08 +0530] "GET /buy.php?detail/19600569150275 HTTP/2.0" 200 21310 "https://www.llprecharge.in/buy.php?detail/19600549929147" "Mozilla/5.0 AppleWebKit/537.36 (KHTML, like Gecko; compatible; GPTBot/1.4; +https://openai.com/gptbot)"
66.249.66.195 - - [19/Sep/2026:18:59:17 +0530] "GET /?pampered/31902440717 HTTP/1.1" 200 1838 "-" "Mozilla/5.0 (Linux; Android 6.0.1; Nexus 5X Build/MMB29P) AppleWebKit/537.36 (KHTML, like Gecko) Chrome/153.0.8010.47 Mobile Safari/537.36 (compatible; Googlebot/2.1; +http://www.google.com/bot.html)"
74.7.243.193 - - [19/Sep/2026:18:59:16 +0530] "GET /buy.php?detail/00502889496601 HTTP/2.0" 200 20715 "https://llprecharge.in/buy.php?detail/27002697505669" "Mozilla/5.0 AppleWebKit/537.36 (KHTML, like Gecko; compatible; GPTBot/1.4; +https://openai.com/gptbot)"
136.243.228.180 - - [19/Sep/2026:18:59:18 +0530] "GET /buy.php?detail/01100574509737 HTTP/1.1" 200 21083 "-" "Mozilla/5.0 (compatible; DataForSeoBot/1.0; +https://dataforseo.com/dataforseo-bot)"
74.7.242.42 - - [19/Sep/2026:18:59:18 +0530] "GET /buy.php?detail/12701724248045 HTTP/2.0" 200 21759 "https://www.llprecharge.in/buy.php?detail/12701682236365" "Mozilla/5.0 AppleWebKit/537.36 (KHTML, like Gecko; compatible; GPTBot/1.4; +https://openai.com/gptbot)"
74.7.243.193 - - [19/Sep/2026:18:59:19 +0530] "GET /buy.php?detail/23000591394265 HTTP/2.0" 200 20330 "https://llprecharge.in/buy.php?detail/23001349624110" "Mozilla/5.0 AppleWebKit/537.36 (KHTML, like Gecko; compatible; GPTBot/1.4; +https://openai.com/gptbot)"
74.7.242.42 - - [19/Sep/2026:18:59:20 +0530] "GET /buy.php?detail/00603194216293 HTTP/2.0" 200 20536 "https://www.llprecharge.in/buy.php?detail/19600551811734" "Mozilla/5.0 AppleWebKit/537.36 (KHTML, like Gecko; compatible; GPTBot/1.4; +https://openai.com/gptbot)"
74.7.243.193 - - [19/Sep/2026:18:59:21 +0530] "GET /buy.php?detail/23000908476485 HTTP/2.0" 200 20597 "https://llprecharge.in/buy.php?detail/23000637363076" "Mozilla/5.0 AppleWebKit/537.36 (KHTML, like Gecko; compatible; GPTBot/1.4; +https://openai.com/gptbot)"
136.243.228.180 - - [19/Sep/2026:18:59:21 +0530] "GET /buy.php?special/264013970.html HTTP/1.1" 200 22730 "-" "Mozilla/5.0 (compatible; DataForSeoBot/1.0; +https://dataforseo.com/dataforseo-bot)"
74.7.242.42 - - [19/Sep/2026:18:59:23 +0530] "GET /buy.php?detail/2670012292245 HTTP/2.0" 200 20822 "https://www.llprecharge.in/buy.php?jp/267000984.html" "Mozilla/5.0 AppleWebKit/537.36 (KHTML, like Gecko; compatible; GPTBot/1.4; +https://openai.com/gptbot)"
74.7.243.193 - - [19/Sep/2026:18:59:23 +0530] "GET /buy.php?detail/23000909421247 HTTP/2.0" 200 20722 "https://llprecharge.in/buy.php?detail/23000637363076" "Mozilla/5.0 AppleWebKit/537.36 (KHTML, like Gecko; compatible; GPTBot/1.4; +https://openai.com/gptbot)"
66.249.66.67 - - [19/Sep/2026:18:59:27 +0530] "GET /shops/parallelogrammical/g9r4e0v1e3195154 HTTP/1.1" 404 - "-" "Mozilla/5.0 (Linux; Android 6.0.1; Nexus 5X Build/MMB29P) AppleWebKit/537.36 (KHTML, like Gecko) Chrome/153.0.8010.47 Mobile Safari/537.36 (compatible; Googlebot/2.1; +http://www.google.com/bot.html)"
74.7.242.42 - - [19/Sep/2026:18:59:25 +0530] "GET /buy.php?detail/10802406202433 HTTP/2.0" 200 20961 "https://www.llprecharge.in/buy.php?jp/267000984.html" "Mozilla/5.0 AppleWebKit/537.36 (KHTML, like Gecko; compatible; GPTBot/1.4; +https://openai.com/gptbot)"
136.243.228.180 - - [19/Sep/2026:18:59:25 +0530] "GET /buy.php?goods/217001270 HTTP/1.1" 200 23395 "-" "Mozilla/5.0 (compatible; DataForSeoBot/1.0; +https://dataforseo.com/dataforseo-bot)"
74.7.243.193 - - [19/Sep/2026:18:59:26 +0530] "GET /buy.php?detail/23000910771229 HTTP/2.0" 200 20380 "https://llprecharge.in/buy.php?detail/23000637363076" "Mozilla/5.0 AppleWebKit/537.36 (KHTML, like Gecko; compatible; GPTBot/1.4; +https://openai.com/gptbot)"
65.21.113.253 - - [19/Sep/2026:18:59:25 +0530] "GET /buy.php?category/155_2846/1 HTTP/1.1" 200 122301 "-" "Mozilla/5.0 (compatible; AwarioBot/1.0; +https://awario.com/bots.html)"
66.249.66.33 - - [19/Sep/2026:18:59:28 +0530] "GET /?e=c6a1p4i3s6t1r5a3t3e90 HTTP/1.1" 200 1838 "-" "Mozilla/5.0 (Linux; Android 6.0.1; Nexus 5X Build/MMB29P) AppleWebKit/537.36 (KHTML, like Gecko) Chrome/153.0.8010.47 Mobile Safari/537.36 (compatible; Googlebot/2.1; +http://www.google.com/bot.html)"
66.249.66.195 - - [19/Sep/2026:18:59:29 +0530] "GET /?oblivion/2590717178 HTTP/1.1" 200 1838 "-" "Mozilla/5.0 (Linux; Android 6.0.1; Nexus 5X Build/MMB29P) AppleWebKit/537.36 (KHTML, like Gecko) Chrome/153.0.8010.47 Mobile Safari/537.36 (compatible; Googlebot/2.1; +http://www.google.com/bot.html)"
74.7.242.42 - - [19/Sep/2026:18:59:28 +0530] "GET /buy.php?detail/22803566968472 HTTP/2.0" 200 21731 "https://www.llprecharge.in/buy.php?detail/26700099075414" "Mozilla/5.0 AppleWebKit/537.36 (KHTML, like Gecko; compatible; GPTBot/1.4; +https://openai.com/gptbot)"
74.7.243.193 - - [19/Sep/2026:18:59:28 +0530] "GET /buy.php?detail/15000995890129 HTTP/2.0" 200 22493 "https://llprecharge.in/buy.php?detail/15001016754924" "Mozilla/5.0 AppleWebKit/537.36 (KHTML, like Gecko; compatible; GPTBot/1.4; +https://openai.com/gptbot)"
66.249.66.194 - - [19/Sep/2026:18:59:30 +0530] "GET /item/1085307895 HTTP/1.1" 404 - "-" "Mozilla/5.0 (Linux; Android 6.0.1; Nexus 5X Build/MMB29P) AppleWebKit/537.36 (KHTML, like Gecko) Chrome/153.0.8010.47 Mobile Safari/537.36 (compatible; Googlebot/2.1; +http://www.google.com/bot.html)"
136.243.228.180 - - [19/Sep/2026:18:59:29 +0530] "GET /buy.php?special/189022493.html HTTP/1.1" 200 20603 "-" "Mozilla/5.0 (compatible; DataForSeoBot/1.0; +https://dataforseo.com/dataforseo-bot)"
74.7.242.42 - - [19/Sep/2026:18:59:30 +0530] "GET /buy.php?detail/25800320570533 HTTP/2.0" 200 20671 "https://www.llprecharge.in/buy.php?detail/25804169802944" "Mozilla/5.0 AppleWebKit/537.36 (KHTML, like Gecko; compatible; GPTBot/1.4; +https://openai.com/gptbot)"
65.21.113.253 - - [19/Sep/2026:18:59:30 +0530] "GET /buy.php?category/155_340/1 HTTP/1.1" 200 121774 "-" "Mozilla/5.0 (compatible; AwarioBot/1.0; +https://awario.com/bots.html)"
74.7.243.193 - - [19/Sep/2026:18:59:31 +0530] "GET /buy.php?detail/20404844595926 HTTP/2.0" 200 22376 "https://llprecharge.in/buy.php?detail/23000637363076" "Mozilla/5.0 AppleWebKit/537.36 (KHTML, like Gecko; compatible; GPTBot/1.4; +https://openai.com/gptbot)"
74.7.242.42 - - [19/Sep/2026:18:59:32 +0530] "GET /buy.php?detail/25800320244758 HTTP/2.0" 200 21411 "https://www.llprecharge.in/buy.php?detail/25804169802944" "Mozilla/5.0 AppleWebKit/537.36 (KHTML, like Gecko; compatible; GPTBot/1.4; +https://openai.com/gptbot)"
74.7.243.193 - - [19/Sep/2026:18:59:33 +0530] "GET /buy.php?detail/07503665929132 HTTP/2.0" 200 21456 "https://llprecharge.in/buy.php?detail/15001016754924" "Mozilla/5.0 AppleWebKit/537.36 (KHTML, like Gecko; compatible; GPTBot/1.4; +https://openai.com/gptbot)"
136.243.228.180 - - [19/Sep/2026:18:59:33 +0530] "GET /buy.php?special/217001303.html HTTP/1.1" 200 23466 "-" "Mozilla/5.0 (compatible; DataForSeoBot/1.0; +https://dataforseo.com/dataforseo-bot)"
65.21.113.253 - - [19/Sep/2026:18:59:35 +0530] "GET /buy.php?category/155_340_1325/1 HTTP/1.1" 200 144822 "-" "Mozilla/5.0 (compatible; AwarioBot/1.0; +https://awario.com/bots.html)"
74.7.242.42 - - [19/Sep/2026:18:59:35 +0530] "GET /buy.php?detail/26700121107586 HTTP/2.0" 200 21051 "https://www.llprecharge.in/buy.php?jp/267000984.html" "Mozilla/5.0 AppleWebKit/537.36 (KHTML, like Gecko; compatible; GPTBot/1.4; +https://openai.com/gptbot)"
74.7.243.193 - - [19/Sep/2026:18:59:36 +0530] "GET /buy.php?detail/16200699607073 HTTP/2.0" 200 22496 "https://llprecharge.in/buy.php?detail/16201030311566" "Mozilla/5.0 AppleWebKit/537.36 (KHTML, like Gecko; compatible; GPTBot/1.4; +https://openai.com/gptbot)"
66.249.66.194 - - [19/Sep/2026:18:59:39 +0530] "GET /cgi-bin.php?item/2086044233 HTTP/1.1" 404 20 "-" "Mozilla/5.0 (Linux; Android 6.0.1; Nexus 5X Build/MMB29P) AppleWebKit/537.36 (KHTML, like Gecko) Chrome/153.0.8010.47 Mobile Safari/537.36 (compatible; Googlebot/2.1; +http://www.google.com/bot.html)"
136.243.228.180 - - [19/Sep/2026:18:59:37 +0530] "GET /buy.php?special/084025266.html HTTP/1.1" 200 20309 "-" "Mozilla/5.0 (compatible; DataForSeoBot/1.0; +https://dataforseo.com/dataforseo-bot)"
74.7.242.42 - - [19/Sep/2026:18:59:37 +0530] "GET /buy.php?jp/075003535.html HTTP/2.0" 200 23664 "https://www.llprecharge.in/buy.php?detail/07500256857929" "Mozilla/5.0 AppleWebKit/537.36 (KHTML, like Gecko; compatible; GPTBot/1.4; +https://openai.com/gptbot)"
74.7.243.193 - - [19/Sep/2026:18:59:38 +0530] "GET /buy.php?detail/24403884870695 HTTP/2.0" 200 20696 "https://llprecharge.in/buy.php?detail/08303739315961" "Mozilla/5.0 AppleWebKit/537.36 (KHTML, like Gecko; compatible; GPTBot/1.4; +https://openai.com/gptbot)"
66.249.66.33 - - [19/Sep/2026:18:59:41 +0530] "GET /?e=s3u3p0r0a3s9c2a6l4p4u9lary HTTP/1.1" 200 1838 "-" "Mozilla/5.0 (Linux; Android 6.0.1; Nexus 5X Build/MMB29P) AppleWebKit/537.36 (KHTML, like Gecko) Chrome/153.0.8010.47 Mobile Safari/537.36 (compatible; Googlebot/2.1; +http://www.google.com/bot.html)"
66.249.66.67 - - [19/Sep/2026:18:59:42 +0530] "GET /?e=c1o2r5t2i1c5o8f9u4g7a0l HTTP/1.1" 200 1838 "-" "Mozilla/5.0 (Linux; Android 6.0.1; Nexus 5X Build/MMB29P) AppleWebKit/537.36 (KHTML, like Gecko) Chrome/153.0.8010.47 Mobile Safari/537.36 (compatible; Googlebot/2.1; +http://www.google.com/bot.html)"
74.7.243.193 - - [19/Sep/2026:18:59:40 +0530] "GET /buy.php?detail/08303545062053 HTTP/2.0" 200 20218 "https://llprecharge.in/buy.php?detail/08303739315961" "Mozilla/5.0 AppleWebKit/537.36 (KHTML, like Gecko; compatible; GPTBot/1.4; +https://openai.com/gptbot)"
74.7.242.42 - - [19/Sep/2026:18:59:40 +0530] "GET /buy.php?jp/029012556.html HTTP/2.0" 200 20291 "https://www.llprecharge.in/buy.php?goods/226000731" "Mozilla/5.0 AppleWebKit/537.36 (KHTML, like Gecko; compatible; GPTBot/1.4; +https://openai.com/gptbot)"
136.243.228.180 - - [19/Sep/2026:18:59:42 +0530] "GET /buy.php?special/217001279.html HTTP/1.1" 200 23624 "-" "Mozilla/5.0 (compatible; DataForSeoBot/1.0; +https://dataforseo.com/dataforseo-bot)"
66.249.66.67 - - [19/Sep/2026:18:59:45 +0530] "GET /?e=m0e2t3a1l2l7i7z7a4t6i8on HTTP/1.1" 200 1838 "-" "Mozilla/5.0 (Linux; Android 6.0.1; Nexus 5X Build/MMB29P) AppleWebKit/537.36 (KHTML, like Gecko) Chrome/153.0.8010.47 Mobile Safari/537.36 (compatible; Googlebot/2.1; +http://www.google.com/bot.html)"
74.7.243.193 - - [19/Sep/2026:18:59:43 +0530] "GET /buy.php?detail/28103661338253 HTTP/2.0" 200 19412 "https://llprecharge.in/buy.php?detail/25502321289173" "Mozilla/5.0 AppleWebKit/537.36 (KHTML, like Gecko; compatible; GPTBot/1.4; +https://openai.com/gptbot)"
74.7.242.42 - - [19/Sep/2026:18:59:43 +0530] "GET /buy.php?detail/22600073151241 HTTP/2.0" 200 21414 "https://www.llprecharge.in/buy.php?goods/226000731" "Mozilla/5.0 AppleWebKit/537.36 (KHTML, like Gecko; compatible; GPTBot/1.4; +https://openai.com/gptbot)"
65.21.113.253 - - [19/Sep/2026:18:59:43 +0530] "GET /buy.php?category/155_340_2563/1 HTTP/1.1" 200 119264 "-" "Mozilla/5.0 (compatible; AwarioBot/1.0; +https://awario.com/bots.html)"
66.249.66.33 - - [19/Sep/2026:18:59:46 +0530] "GET /shops/acacia/b7e4g1g9a3r516075 HTTP/1.1" 404 - "-" "Mozilla/5.0 (Linux; Android 6.0.1; Nexus 5X Build/MMB29P) AppleWebKit/537.36 (KHTML, like Gecko) Chrome/153.0.8010.47 Mobile Safari/537.36 (compatible; Googlebot/2.1; +http://www.google.com/bot.html)"
74.7.243.193 - - [19/Sep/2026:18:59:45 +0530] "GET /buy.php?detail/11804718140351 HTTP/2.0" 200 21225 "https://llprecharge.in/buy.php?detail/23000591394265" "Mozilla/5.0 AppleWebKit/537.36 (KHTML, like Gecko; compatible; GPTBot/1.4; +https://openai.com/gptbot)"
136.243.228.180 - - [19/Sep/2026:18:59:45 +0530] "GET /buy.php?special/217001309.html HTTP/1.1" 200 23586 "-" "Mozilla/5.0 (compatible; DataForSeoBot/1.0; +https://dataforseo.com/dataforseo-bot)"
74.7.242.42 - - [19/Sep/2026:18:59:46 +0530] "GET /buy.php?detail/07600721930112 HTTP/2.0" 200 22039 "https://www.llprecharge.in/buy.php?goods/226000731" "Mozilla/5.0 AppleWebKit/537.36 (KHTML, like Gecko; compatible; GPTBot/1.4; +https://openai.com/gptbot)"
66.249.66.67 - - [19/Sep/2026:18:59:50 +0530] "GET /?e=s7e3x8i2v8a0l1e8n5t91 HTTP/1.1" 200 1838 "-" "Mozilla/5.0 (Linux; Android 6.0.1; Nexus 5X Build/MMB29P) AppleWebKit/537.36 (KHTML, like Gecko) Chrome/153.0.8010.47 Mobile Safari/537.36 (compatible; Googlebot/2.1; +http://www.google.com/bot.html)"
65.21.113.253 - - [19/Sep/2026:18:59:49 +0530] "GET /buy.php?category/155_340_5000/1 HTTP/1.1" 200 126011 "-" "Mozilla/5.0 (compatible; AwarioBot/1.0; +https://awario.com/bots.html)"
136.243.228.180 - - [19/Sep/2026:18:59:49 +0530] "GET /buy.php?jp/217001285.html HTTP/1.1" 200 23618 "-" "Mozilla/5.0 (compatible; DataForSeoBot/1.0; +https://dataforseo.com/dataforseo-bot)"
74.7.242.42 - - [19/Sep/2026:18:59:49 +0530] "GET /buy.php?detail/20103628275602 HTTP/2.0" 200 20063 "https://www.llprecharge.in/buy.php?goods/226000731" "Mozilla/5.0 AppleWebKit/537.36 (KHTML, like Gecko; compatible; GPTBot/1.4; +https://openai.com/gptbot)"
74.7.242.42 - - [19/Sep/2026:18:59:52 +0530] "GET /buy.php?detail/12403128974595 HTTP/2.0" 200 22468 "https://www.llprecharge.in/buy.php?detail/05804482063765" "Mozilla/5.0 AppleWebKit/537.36 (KHTML, like Gecko; compatible; GPTBot/1.4; +https://openai.com/gptbot)"
74.7.243.193 - - [19/Sep/2026:18:59:48 +0530] "GET /buy.php?detail/29802203395519 HTTP/2.0" 200 20367 "https://llprecharge.in/buy.php?detail/29802355459253" "Mozilla/5.0 AppleWebKit/537.36 (KHTML, like Gecko; compatible; GPTBot/1.4; +https://openai.com/gptbot)"
136.243.228.180 - - [19/Sep/2026:18:59:53 +0530] "GET /buy.php?detail/05302549052803 HTTP/1.1" 200 21045 "-" "Mozilla/5.0 (compatible; DataForSeoBot/1.0; +https://dataforseo.com/dataforseo-bot)"
74.7.242.42 - - [19/Sep/2026:18:59:54 +0530] "GET /buy.php?detail/20601770813404 HTTP/2.0" 200 21777 "https://www.llprecharge.in/buy.php?detail/23604176547725" "Mozilla/5.0 AppleWebKit/537.36 (KHTML, like Gecko; compatible; GPTBot/1.4; +https://openai.com/gptbot)"
74.7.243.193 - - [19/Sep/2026:18:59:55 +0530] "GET /buy.php?detail/16201076912960 HTTP/2.0" 200 22477 "https://llprecharge.in/buy.php?detail/16201031238073" "Mozilla/5.0 AppleWebKit/537.36 (KHTML, like Gecko; compatible; GPTBot/1.4; +https://openai.com/gptbot)"
66.249.66.195 - - [19/Sep/2026:18:59:56 +0530] "GET /?e=o8v1e1r7o9f3f4i5c5i5o4us HTTP/1.1" 200 1838 "-" "Mozilla/5.0 (Linux; Android 6.0.1; Nexus 5X Build/MMB29P) AppleWebKit/537.36 (KHTML, like Gecko) Chrome/153.0.8010.47 Mobile Safari/537.36 (compatible; Googlebot/2.1; +http://www.google.com/bot.html)"
65.21.113.253 - - [19/Sep/2026:18:59:55 +0530] "GET /buy.php?category/155_3893/1 HTTP/1.1" 200 121851 "-" "Mozilla/5.0 (compatible; AwarioBot/1.0; +https://awario.com/bots.html)"
74.7.242.42 - - [19/Sep/2026:18:59:57 +0530] "GET /buy.php?detail/26100764195396 HTTP/2.0" 200 21180 "https://www.llprecharge.in/buy.php?detail/26100887124255" "Mozilla/5.0 AppleWebKit/537.36 (KHTML, like Gecko; compatible; GPTBot/1.4; +https://openai.com/gptbot)"
136.243.228.180 - - [19/Sep/2026:18:59:57 +0530] "GET /buy.php?detail/300030944766 HTTP/1.1" 200 22712 "-" "Mozilla/5.0 (compatible; DataForSeoBot/1.0; +https://dataforseo.com/dataforseo-bot)"
74.7.242.42 - - [19/Sep/2026:18:59:59 +0530] "GET /buy.php?detail/27402661738795 HTTP/2.0" 200 21655 "https://www.llprecharge.in/buy.php?detail/27402658562518" "Mozilla/5.0 AppleWebKit/537.36 (KHTML, like Gecko; compatible; GPTBot/1.4; +https://openai.com/gptbot)"
74.7.243.193 - - [19/Sep/2026:18:59:57 +0530] "GET /buy.php?detail/23001528685446 HTTP/2.0" 200 20768 "https://llprecharge.in/buy.php?detail/23000910771229" "Mozilla/5.0 AppleWebKit/537.36 (KHTML, like Gecko; compatible; GPTBot/1.4; +https://openai.com/gptbot)"
74.7.243.193 - - [19/Sep/2026:19:00:02 +0530] "GET /buy.php?detail/00403779313146 HTTP/2.0" 200 21023 "https://llprecharge.in/buy.php?detail/15000995890129" "Mozilla/5.0 AppleWebKit/537.36 (KHTML, like Gecko; compatible; GPTBot/1.4; +https://openai.com/gptbot)"
136.243.228.180 - - [19/Sep/2026:19:00:02 +0530] "GET /buy.php?special/116039878.html HTTP/1.1" 200 20628 "-" "Mozilla/5.0 (compatible; DataForSeoBot/1.0; +https://dataforseo.com/dataforseo-bot)"
65.21.113.253 - - [19/Sep/2026:19:00:03 +0530] "GET /buy.php?category/157/1 HTTP/1.1" 200 136783 "-" "Mozilla/5.0 (compatible; AwarioBot/1.0; +https://awario.com/bots.html)"
74.7.242.42 - - [19/Sep/2026:19:00:02 +0530] "GET /buy.php?detail/14402683549794 HTTP/2.0" 200 22965 "https://www.llprecharge.in/buy.php?detail/26704610384287" "Mozilla/5.0 AppleWebKit/537.36 (KHTML, like Gecko; compatible; GPTBot/1.4; +https://openai.com/gptbot)"
74.7.243.193 - - [19/Sep/2026:19:00:04 +0530] "GET /buy.php?detail/15001029750074 HTTP/2.0" 200 22339 "https://llprecharge.in/buy.php?detail/15000995890129" "Mozilla/5.0 AppleWebKit/537.36 (KHTML, like Gecko; compatible; GPTBot/1.4; +https://openai.com/gptbot)"
136.243.228.180 - - [19/Sep/2026:19:00:06 +0530] "GET /buy.php?special/102029138.html HTTP/1.1" 200 20233 "-" "Mozilla/5.0 (compatible; DataForSeoBot/1.0; +https://dataforseo.com/dataforseo-bot)"
74.7.243.193 - - [19/Sep/2026:19:00:07 +0530] "GET /buy.php?detail/07503679357919 HTTP/2.0" 200 21486 "https://llprecharge.in/buy.php?detail/07503665929132" "Mozilla/5.0 AppleWebKit/537.36 (KHTML, like Gecko; compatible; GPTBot/1.4; +https://openai.com/gptbot)"
74.7.243.193 - - [19/Sep/2026:19:00:09 +0530] "GET /buy.php?detail/26401208499210 HTTP/2.0" 200 21977 "https://llprecharge.in/buy.php?detail/20404844595926" "Mozilla/5.0 AppleWebKit/537.36 (KHTML, like Gecko; compatible; GPTBot/1.4; +https://openai.com/gptbot)"
136.243.228.180 - - [19/Sep/2026:19:00:09 +0530] "GET /buy.php?special/253040321.html HTTP/1.1" 200 22828 "-" "Mozilla/5.0 (compatible; DataForSeoBot/1.0; +https://dataforseo.com/dataforseo-bot)"
74.7.242.42 - - [19/Sep/2026:19:00:06 +0530] "GET /buy.php?detail/15501269485727 HTTP/2.0" 200 22328 "https://www.llprecharge.in/buy.php?detail/21700317255544" "Mozilla/5.0 AppleWebKit/537.36 (KHTML, like Gecko; compatible; GPTBot/1.4; +https://openai.com/gptbot)"
66.249.66.34 - - [19/Sep/2026:19:00:12 +0530] "GET /?e=w7h4i2s6k6i3n1g2277 HTTP/1.1" 200 1838 "-" "Mozilla/5.0 (Linux; Android 6.0.1; Nexus 5X Build/MMB29P) AppleWebKit/537.36 (KHTML, like Gecko) Chrome/153.0.8010.47 Mobile Safari/537.36 (compatible; Googlebot/2.1; +http://www.google.com/bot.html)"
74.7.243.193 - - [19/Sep/2026:19:00:12 +0530] "GET /buy.php?detail/24403577857006 HTTP/2.0" 200 20094 "https://llprecharge.in/buy.php?detail/24403884870695" "Mozilla/5.0 AppleWebKit/537.36 (KHTML, like Gecko; compatible; GPTBot/1.4; +https://openai.com/gptbot)"
74.7.242.42 - - [19/Sep/2026:19:00:12 +0530] "GET /buy.php?detail/14300692345974 HTTP/2.0" 200 20196 "https://www.llprecharge.in/buy.php?detail/21704110254596" "Mozilla/5.0 AppleWebKit/537.36 (KHTML, like Gecko; compatible; GPTBot/1.4; +https://openai.com/gptbot)"
136.243.228.180 - - [19/Sep/2026:19:00:13 +0530] "GET /buy.php?detail/253040334223 HTTP/1.1" 200 21334 "-" "Mozilla/5.0 (compatible; DataForSeoBot/1.0; +https://dataforseo.com/dataforseo-bot)"
65.21.113.253 - - [19/Sep/2026:19:00:15 +0530] "GET /buy.php?category/1572/1 HTTP/1.1" 200 138047 "-" "Mozilla/5.0 (compatible; AwarioBot/1.0; +https://awario.com/bots.html)"
74.7.242.42 - - [19/Sep/2026:19:00:15 +0530] "GET /buy.php?detail/22501776393447 HTTP/2.0" 200 20405 "https://www.llprecharge.in/buy.php?detail/22501567003092" "Mozilla/5.0 AppleWebKit/537.36 (KHTML, like Gecko; compatible; GPTBot/1.4; +https://openai.com/gptbot)"
74.7.243.193 - - [19/Sep/2026:19:00:14 +0530] "GET /buy.php?detail/08304313000157 HTTP/2.0" 200 20177 "https://llprecharge.in/buy.php?detail/08303545062053" "Mozilla/5.0 AppleWebKit/537.36 (KHTML, like Gecko; compatible; GPTBot/1.4; +https://openai.com/gptbot)"
66.249.66.68 - - [19/Sep/2026:19:00:21 +0530] "GET /?dampishly/1839304924 HTTP/1.1" 200 1838 "-" "Mozilla/5.0 (Linux; Android 6.0.1; Nexus 5X Build/MMB29P) AppleWebKit/537.36 (KHTML, like Gecko) Chrome/153.0.8010.47 Mobile Safari/537.36 (compatible; Googlebot/2.1; +http://www.google.com/bot.html)"
66.249.66.33 - - [19/Sep/2026:19:00:21 +0530] "GET /?e=t9h1u4n5d8e8r9c8l3a6p3 HTTP/1.1" 200 1838 "-" "Mozilla/5.0 (Linux; Android 6.0.1; Nexus 5X Build/MMB29P) AppleWebKit/537.36 (KHTML, like Gecko) Chrome/153.0.8010.47 Mobile Safari/537.36 (compatible; Googlebot/2.1; +http://www.google.com/bot.html)"
74.7.242.42 - - [19/Sep/2026:19:00:17 +0530] "GET /buy.php?detail/01102483977464 HTTP/2.0" 200 23404 "https://www.llprecharge.in/buy.php?detail/01103340044781" "Mozilla/5.0 AppleWebKit/537.36 (KHTML, like Gecko; compatible; GPTBot/1.4; +https://openai.com/gptbot)"
65.21.113.253 - - [19/Sep/2026:19:00:20 +0530] "GET /buy.php?category/1572_1658/1 HTTP/1.1" 200 142638 "-" "Mozilla/5.0 (compatible; AwarioBot/1.0; +https://awario.com/bots.html)"
66.249.66.196 - - [19/Sep/2026:19:00:22 +0530] "GET /item/9062270754 HTTP/1.1" 404 - "-" "Mozilla/5.0 (Linux; Android 6.0.1; Nexus 5X Build/MMB29P) AppleWebKit/537.36 (KHTML, like Gecko) Chrome/153.0.8010.47 Mobile Safari/537.36 (compatible; Googlebot/2.1; +http://www.google.com/bot.html)"
66.249.66.68 - - [19/Sep/2026:19:00:23 +0530] "GET /?muggier/43520225761 HTTP/1.1" 200 1838 "-" "Mozilla/5.0 (Linux; Android 6.0.1; Nexus 5X Build/MMB29P) AppleWebKit/537.36 (KHTML, like Gecko) Chrome/153.0.8010.47 Mobile Safari/537.36 (compatible; Googlebot/2.1; +http://www.google.com/bot.html)"
136.243.228.180 - - [19/Sep/2026:19:00:18 +0530] "GET /buy.php?special/114013138.html HTTP/1.1" 200 22151 "-" "Mozilla/5.0 (compatible; DataForSeoBot/1.0; +https://dataforseo.com/dataforseo-bot)"
74.7.243.193 - - [19/Sep/2026:19:00:18 +0530] "GET /buy.php?detail/25202590556900 HTTP/2.0" 200 23232 "https://llprecharge.in/buy.php?detail/20404844595926" "Mozilla/5.0 AppleWebKit/537.36 (KHTML, like Gecko; compatible; GPTBot/1.4; +https://openai.com/gptbot)"
74.7.242.42 - - [19/Sep/2026:19:00:22 +0530] "GET /buy.php?detail/04603742871753 HTTP/2.0" 200 21967 "https://www.llprecharge.in/buy.php?detail/04603757798369" "Mozilla/5.0 AppleWebKit/537.36 (KHTML, like Gecko; compatible; GPTBot/1.4; +https://openai.com/gptbot)"
66.249.66.67 - - [19/Sep/2026:19:00:24 +0530] "GET /?e=d4e3t0a7i0l4e5r4637 HTTP/1.1" 200 1838 "-" "Mozilla/5.0 (Linux; Android 6.0.1; Nexus 5X Build/MMB29P) AppleWebKit/537.36 (KHTML, like Gecko) Chrome/153.0.8010.47 Mobile Safari/537.36 (compatible; Googlebot/2.1; +http://www.google.com/bot.html)"
65.21.113.253 - - [19/Sep/2026:19:00:24 +0530] "GET /buy.php?category/157_158/1 HTTP/1.1" 200 117293 "-" "Mozilla/5.0 (compatible; AwarioBot/1.0; +https://awario.com/bots.html)"
74.7.243.193 - - [19/Sep/2026:19:00:25 +0530] "GET /buy.php?goods/298022026 HTTP/2.0" 200 20387 "https://llprecharge.in/buy.php?detail/29802355459253" "Mozilla/5.0 AppleWebKit/537.36 (KHTML, like Gecko; compatible; GPTBot/1.4; +https://openai.com/gptbot)"
74.7.242.42 - - [19/Sep/2026:19:00:25 +0530] "GET /buy.php?detail/13301425597298 HTTP/2.0" 200 20322 "https://www.llprecharge.in/buy.php?detail/13301333065470" "Mozilla/5.0 AppleWebKit/537.36 (KHTML, like Gecko; compatible; GPTBot/1.4; +https://openai.com/gptbot)"
66.249.66.67 - - [19/Sep/2026:19:00:27 +0530] "GET /?e=y6e3o2m1a2n942708 HTTP/1.1" 200 1838 "-" "Mozilla/5.0 (Linux; Android 6.0.1; Nexus 5X Build/MMB29P) AppleWebKit/537.36 (KHTML, like Gecko) Chrome/153.0.8010.47 Mobile Safari/537.36 (compatible; Googlebot/2.1; +http://www.google.com/bot.html)"
74.7.243.193 - - [19/Sep/2026:19:00:27 +0530] "GET /buy.php?detail/29802392339464 HTTP/2.0" 200 20357 "https://llprecharge.in/buy.php?detail/29802203395519" "Mozilla/5.0 AppleWebKit/537.36 (KHTML, like Gecko; compatible; GPTBot/1.4; +https://openai.com/gptbot)"
74.7.242.42 - - [19/Sep/2026:19:00:27 +0530] "GET /buy.php?detail/22204367916332 HTTP/2.0" 200 20954 "https://www.llprecharge.in/buy.php?detail/12403128974595" "Mozilla/5.0 AppleWebKit/537.36 (KHTML, like Gecko; compatible; GPTBot/1.4; +https://openai.com/gptbot)"
74.7.243.193 - - [19/Sep/2026:19:00:30 +0530] "GET /buy.php?detail/16200670725723 HTTP/2.0" 200 22349 "https://llprecharge.in/buy.php?detail/16201076912960" "Mozilla/5.0 AppleWebKit/537.36 (KHTML, like Gecko; compatible; GPTBot/1.4; +https://openai.com/gptbot)"
74.7.242.42 - - [19/Sep/2026:19:00:30 +0530] "GET /buy.php?detail/20600629420881 HTTP/2.0" 200 21189 "https://www.llprecharge.in/buy.php?detail/20601770813404" "Mozilla/5.0 AppleWebKit/537.36 (KHTML, like Gecko; compatible; GPTBot/1.4; +https://openai.com/gptbot)"
66.249.66.33 - - [19/Sep/2026:19:00:32 +0530] "GET /?undirect/23077794713 HTTP/1.1" 200 1838 "-" "Mozilla/5.0 (Linux; Android 6.0.1; Nexus 5X Build/MMB29P) AppleWebKit/537.36 (KHTML, like Gecko) Chrome/153.0.8010.47 Mobile Safari/537.36 (compatible; Googlebot/2.1; +http://www.google.com/bot.html)"
74.7.242.42 - - [19/Sep/2026:19:00:32 +0530] "GET /buy.php?detail/08503737048708 HTTP/2.0" 200 20914 "https://www.llprecharge.in/buy.php?detail/26100764195396" "Mozilla/5.0 AppleWebKit/537.36 (KHTML, like Gecko; compatible; GPTBot/1.4; +https://openai.com/gptbot)"
74.7.243.193 - - [19/Sep/2026:19:00:32 +0530] "GET /buy.php?detail/29802392057208 HTTP/2.0" 200 20447 "https://llprecharge.in/buy.php?detail/29802203395519" "Mozilla/5.0 AppleWebKit/537.36 (KHTML, like Gecko; compatible; GPTBot/1.4; +https://openai.com/gptbot)"
65.21.113.253 - - [19/Sep/2026:19:00:36 +0530] "GET /robots.txt HTTP/1.1" 200 368 "-" "Mozilla/5.0 (compatible; AwarioBot/1.0; +https://awario.com/bots.html)"
74.7.242.42 - - [19/Sep/2026:19:00:35 +0530] "GET /buy.php?detail/20600632421468 HTTP/2.0" 200 20934 "https://www.llprecharge.in/buy.php?detail/20601770813404" "Mozilla/5.0 AppleWebKit/537.36 (KHTML, like Gecko; compatible; GPTBot/1.4; +https://openai.com/gptbot)"
74.7.243.193 - - [19/Sep/2026:19:00:35 +0530] "GET /buy.php?detail/01902611833001 HTTP/2.0" 200 20564 "https://llprecharge.in/buy.php?detail/16201076912960" "Mozilla/5.0 AppleWebKit/537.36 (KHTML, like Gecko; compatible; GPTBot/1.4; +https://openai.com/gptbot)"
65.21.113.253 - - [19/Sep/2026:19:00:37 +0530] "GET /buy.php?category/157_1754/1 HTTP/1.1" 200 142245 "-" "Mozilla/5.0 (compatible; AwarioBot/1.0; +https://awario.com/bots.html)"
74.7.243.193 - - [19/Sep/2026:19:00:37 +0530] "GET /buy.php?detail/29802395468278 HTTP/2.0" 200 20145 "https://llprecharge.in/buy.php?detail/29802203395519" "Mozilla/5.0 AppleWebKit/537.36 (KHTML, like Gecko; compatible; GPTBot/1.4; +https://openai.com/gptbot)"
74.7.242.42 - - [19/Sep/2026:19:00:37 +0530] "GET /buy.php?detail/2110222348648 HTTP/2.0" 200 22417 "https://www.llprecharge.in/buy.php?detail/14402683549794" "Mozilla/5.0 AppleWebKit/537.36 (KHTML, like Gecko; compatible; GPTBot/1.4; +https://openai.com/gptbot)"
66.249.66.67 - - [19/Sep/2026:19:00:40 +0530] "GET /?breakfasted/1512111049 HTTP/1.1" 200 1838 "-" "Mozilla/5.0 (Linux; Android 6.0.1; Nexus 5X Build/MMB29P) AppleWebKit/537.36 (KHTML, like Gecko) Chrome/153.0.8010.47 Mobile Safari/537.36 (compatible; Googlebot/2.1; +http://www.google.com/bot.html)"
74.7.243.193 - - [19/Sep/2026:19:00:40 +0530] "GET /buy.php?detail/23001771810699 HTTP/2.0" 200 20576 "https://llprecharge.in/buy.php?detail/23001528685446" "Mozilla/5.0 AppleWebKit/537.36 (KHTML, like Gecko; compatible; GPTBot/1.4; +https://openai.com/gptbot)"
74.7.242.42 - - [19/Sep/2026:19:00:40 +0530] "GET /buy.php?detail/19802510709701 HTTP/2.0" 200 22369 "https://www.llprecharge.in/buy.php?detail/27402661738795" "Mozilla/5.0 AppleWebKit/537.36 (KHTML, like Gecko; compatible; GPTBot/1.4; +https://openai.com/gptbot)"
66.249.66.33 - - [19/Sep/2026:19:00:42 +0530] "GET /?e=m6i1l4l7u1s728038 HTTP/1.1" 200 1838 "-" "Mozilla/5.0 (Linux; Android 6.0.1; Nexus 5X Build/MMB29P) AppleWebKit/537.36 (KHTML, like Gecko) Chrome/153.0.8010.47 Mobile Safari/537.36 (compatible; Googlebot/2.1; +http://www.google.com/bot.html)"
66.249.66.67 - - [19/Sep/2026:19:00:44 +0530] "GET /?vedantist/32307060307 HTTP/1.1" 200 1838 "-" "Mozilla/5.0 (Linux; Android 6.0.1; Nexus 5X Build/MMB29P) AppleWebKit/537.36 (KHTML, like Gecko) Chrome/153.0.8010.47 Mobile Safari/537.36 (compatible; Googlebot/2.1; +http://www.google.com/bot.html)"
74.7.243.193 - - [19/Sep/2026:19:00:42 +0530] "GET /buy.php?detail/26401407675075 HTTP/2.0" 200 20527 "https://llprecharge.in/buy.php?detail/26401208499210" "Mozilla/5.0 AppleWebKit/537.36 (KHTML, like Gecko; compatible; GPTBot/1.4; +https://openai.com/gptbot)"
65.21.113.253 - - [19/Sep/2026:19:00:42 +0530] "GET /buy.php?category/157_1946/1 HTTP/1.1" 200 117170 "-" "Mozilla/5.0 (compatible; AwarioBot/1.0; +https://awario.com/bots.html)"
66.249.66.195 - - [19/Sep/2026:19:00:45 +0530] "GET /index.php?shops/relativeness/u3n1r8e0p8e2n8t5a7n0ce HTTP/1.1" 404 20 "-" "Mozilla/5.0 (Linux; Android 6.0.1; Nexus 5X Build/MMB29P) AppleWebKit/537.36 (KHTML, like Gecko) Chrome/153.0.8010.47 Mobile Safari/537.36 (compatible; Googlebot/2.1; +http://www.google.com/bot.html)"
74.7.242.42 - - [19/Sep/2026:19:00:43 +0530] "GET /buy.php?detail/20600632812493 HTTP/2.0" 200 21368 "https://www.llprecharge.in/buy.php?detail/20601770813404" "Mozilla/5.0 AppleWebKit/537.36 (KHTML, like Gecko; compatible; GPTBot/1.4; +https://openai.com/gptbot)"
66.249.66.195 - - [19/Sep/2026:19:00:46 +0530] "GET /index.php??counseloratlaw/9376267771 HTTP/1.1" 404 20 "-" "Mozilla/5.0 (Linux; Android 6.0.1; Nexus 5X Build/MMB29P) AppleWebKit/537.36 (KHTML, like Gecko) Chrome/153.0.8010.47 Mobile Safari/537.36 (compatible; Googlebot/2.1; +http://www.google.com/bot.html)"
74.7.243.193 - - [19/Sep/2026:19:00:45 +0530] "GET /buy.php?detail/24403664029235 HTTP/2.0" 200 19993 "https://llprecharge.in/buy.php?detail/24403577857006" "Mozilla/5.0 AppleWebKit/537.36 (KHTML, like Gecko; compatible; GPTBot/1.4; +https://openai.com/gptbot)"
74.7.242.42 - - [19/Sep/2026:19:00:46 +0530] "GET /buy.php?detail/07704803402992 HTTP/2.0" 200 22730 "https://www.llprecharge.in/buy.php?detail/22501776393447" "Mozilla/5.0 AppleWebKit/537.36 (KHTML, like Gecko; compatible; GPTBot/1.4; +https://openai.com/gptbot)"
74.7.243.193 - - [19/Sep/2026:19:00:47 +0530] "GET /buy.php?detail/13200380439232 HTTP/2.0" 200 21652 "https://llprecharge.in/buy.php?detail/24403577857006" "Mozilla/5.0 AppleWebKit/537.36 (KHTML, like Gecko; compatible; GPTBot/1.4; +https://openai.com/gptbot)"
66.249.66.195 - - [19/Sep/2026:19:00:50 +0530] "GET /?e=r4e2c3a1p1a8c7i3t3a3t9e HTTP/1.1" 200 1838 "-" "Mozilla/5.0 (Linux; Android 6.0.1; Nexus 5X Build/MMB29P) AppleWebKit/537.36 (KHTML, like Gecko) Chrome/153.0.8010.47 Mobile Safari/537.36 (compatible; Googlebot/2.1; +http://www.google.com/bot.html)"
74.7.242.42 - - [19/Sep/2026:19:00:48 +0530] "GET /buy.php?detail/0110220036304 HTTP/2.0" 200 22938 "https://www.llprecharge.in/buy.php?detail/01102483977464" "Mozilla/5.0 AppleWebKit/537.36 (KHTML, like Gecko; compatible; GPTBot/1.4; +https://openai.com/gptbot)"
66.249.66.195 - - [19/Sep/2026:19:00:50 +0530] "GET /?e=m6i4l0i0t9a7r0i4s512 HTTP/1.1" 200 1838 "-" "Mozilla/5.0 (Linux; Android 6.0.1; Nexus 5X Build/MMB29P) AppleWebKit/537.36 (KHTML, like Gecko) Chrome/153.0.8010.47 Mobile Safari/537.36 (compatible; Googlebot/2.1; +http://www.google.com/bot.html)"
66.249.66.194 - - [19/Sep/2026:19:00:51 +0530] "GET /index.php?shops/melancholic/f9i1s1h7e3s979587 HTTP/1.1" 404 20 "-" "Mozilla/5.0 (Linux; Android 6.0.1; Nexus 5X Build/MMB29P) AppleWebKit/537.36 (KHTML, like Gecko) Chrome/153.0.8010.47 Mobile Safari/537.36 (compatible; Googlebot/2.1; +http://www.google.com/bot.html)"
66.249.66.195 - - [19/Sep/2026:19:00:51 +0530] "GET /?e=c1l4a1p5e7140597 HTTP/1.1" 200 1838 "-" "Mozilla/5.0 (Linux; Android 6.0.1; Nexus 5X Build/MMB29P) AppleWebKit/537.36 (KHTML, like Gecko) Chrome/153.0.8010.47 Mobile Safari/537.36 (compatible; Googlebot/2.1; +http://www.google.com/bot.html)"
74.7.243.193 - - [19/Sep/2026:19:00:50 +0530] "GET /buy.php?detail/19303898776326 HTTP/2.0" 200 22017 "https://llprecharge.in/buy.php?detail/26401208499210" "Mozilla/5.0 AppleWebKit/537.36 (KHTML, like Gecko; compatible; GPTBot/1.4; +https://openai.com/gptbot)"
74.7.242.42 - - [19/Sep/2026:19:00:50 +0530] "GET /buy.php?detail/04603743793699 HTTP/2.0" 200 21855 "https://www.llprecharge.in/buy.php?detail/04603742871753" "Mozilla/5.0 AppleWebKit/537.36 (KHTML, like Gecko; compatible; GPTBot/1.4; +https://openai.com/gptbot)"
74.7.243.193 - - [19/Sep/2026:19:00:52 +0530] "GET /buy.php?detail/15000310412372 HTTP/2.0" 200 20398 "https://llprecharge.in/buy.php?goods/298022026" "Mozilla/5.0 AppleWebKit/537.36 (KHTML, like Gecko; compatible; GPTBot/1.4; +https://openai.com/gptbot)"
74.7.242.42 - - [19/Sep/2026:19:00:53 +0530] "GET /buy.php?detail/125026038515 HTTP/2.0" 200 22788 "https://www.llprecharge.in/buy.php?detail/13301425597298" "Mozilla/5.0 AppleWebKit/537.36 (KHTML, like Gecko; compatible; GPTBot/1.4; +https://openai.com/gptbot)"
74.7.243.193 - - [19/Sep/2026:19:00:55 +0530] "GET /buy.php?detail/29802202691033 HTTP/2.0" 200 20573 "https://llprecharge.in/buy.php?goods/298022026" "Mozilla/5.0 AppleWebKit/537.36 (KHTML, like Gecko; compatible; GPTBot/1.4; +https://openai.com/gptbot)"
65.21.113.253 - - [19/Sep/2026:19:00:54 +0530] "GET /buy.php?category/157_2616/1 HTTP/1.1" 200 164258 "-" "Mozilla/5.0 (compatible; AwarioBot/1.0; +https://awario.com/bots.html)"
74.7.242.42 - - [19/Sep/2026:19:00:57 +0530] "GET /buy.php?detail/13301413885150 HTTP/2.0" 200 20495 "https://www.llprecharge.in/buy.php?detail/13301425597298" "Mozilla/5.0 AppleWebKit/537.36 (KHTML, like Gecko; compatible; GPTBot/1.4; +https://openai.com/gptbot)"
74.7.243.193 - - [19/Sep/2026:19:00:57 +0530] "GET /buy.php?jp/150003104.html HTTP/2.0" 200 20295 "https://llprecharge.in/buy.php?detail/15000310412372" "Mozilla/5.0 AppleWebKit/537.36 (KHTML, like Gecko; compatible; GPTBot/1.4; +https://openai.com/gptbot)"
74.7.242.42 - - [19/Sep/2026:19:00:59 +0530] "GET /buy.php?detail/22504434449202 HTTP/2.0" 200 20116 "https://www.llprecharge.in/buy.php?detail/22501776393447" "Mozilla/5.0 AppleWebKit/537.36 (KHTML, like Gecko; compatible; GPTBot/1.4; +https://openai.com/gptbot)"
65.21.113.253 - - [19/Sep/2026:19:01:03 +0530] "GET /buy.php?category/157_2616_2617/1 HTTP/1.1" 200 119838 "-" "Mozilla/5.0 (compatible; AwarioBot/1.0; +https://awario.com/bots.html)"
74.7.243.193 - - [19/Sep/2026:19:01:00 +0530] "GET /buy.php?detail/29802539073843 HTTP/2.0" 200 20307 "https://llprecharge.in/buy.php?goods/298022026" "Mozilla/5.0 AppleWebKit/537.36 (KHTML, like Gecko; compatible; GPTBot/1.4; +https://openai.com/gptbot)"
74.7.242.42 - - [19/Sep/2026:19:01:02 +0530] "GET /buy.php?goods/085036805 HTTP/2.0" 200 20231 "https://www.llprecharge.in/buy.php?detail/08503737048708" "Mozilla/5.0 AppleWebKit/537.36 (KHTML, like Gecko; compatible; GPTBot/1.4; +https://openai.com/gptbot)"
66.249.66.196 - - [19/Sep/2026:19:01:06 +0530] "GET /index.php?item/9085463159 HTTP/1.1" 404 20 "-" "Mozilla/5.0 (Linux; Android 6.0.1; Nexus 5X Build/MMB29P) AppleWebKit/537.36 (KHTML, like Gecko) Chrome/153.0.8010.47 Mobile Safari/537.36 (compatible; Googlebot/2.1; +http://www.google.com/bot.html)"
66.249.66.35 - - [19/Sep/2026:19:01:07 +0530] "GET /shops/adduced/s0a1n8t8o6n5i2n6a4t7e1 HTTP/1.1" 404 - "-" "Mozilla/5.0 (Linux; Android 6.0.1; Nexus 5X Build/MMB29P) AppleWebKit/537.36 (KHTML, like Gecko) Chrome/153.0.8010.47 Mobile Safari/537.36 (compatible; Googlebot/2.1; +http://www.google.com/bot.html)"
74.7.243.193 - - [19/Sep/2026:19:01:05 +0530] "GET /buy.php?detail/29802519984477 HTTP/2.0" 200 20250 "https://llprecharge.in/buy.php?detail/29802392057208" "Mozilla/5.0 AppleWebKit/537.36 (KHTML, like Gecko; compatible; GPTBot/1.4; +https://openai.com/gptbot)"
66.249.66.197 - - [19/Sep/2026:19:01:08 +0530] "GET /?e=m6o1r6e5l3503963 HTTP/1.1" 200 1838 "-" "Mozilla/5.0 (Linux; Android 6.0.1; Nexus 5X Build/MMB29P) AppleWebKit/537.36 (KHTML, like Gecko) Chrome/153.0.8010.47 Mobile Safari/537.36 (compatible; Googlebot/2.1; +http://www.google.com/bot.html)"
66.249.66.195 - - [19/Sep/2026:19:01:08 +0530] "GET /index.php?shops/arvicole/u4n2b6o9w8e1l4e4d583 HTTP/1.1" 404 20 "-" "Mozilla/5.0 (Linux; Android 6.0.1; Nexus 5X Build/MMB29P) AppleWebKit/537.36 (KHTML, like Gecko) Chrome/153.0.8010.47 Mobile Safari/537.36 (compatible; Googlebot/2.1; +http://www.google.com/bot.html)"
74.7.243.193 - - [19/Sep/2026:19:01:08 +0530] "GET /buy.php?detail/04304511709279 HTTP/2.0" 200 20747 "https://llprecharge.in/buy.php?detail/01902611833001" "Mozilla/5.0 AppleWebKit/537.36 (KHTML, like Gecko; compatible; GPTBot/1.4; +https://openai.com/gptbot)"
66.249.66.68 - - [19/Sep/2026:19:01:09 +0530] "GET /?e=a6l3c1h7e4m0i6s2t6i7c1 HTTP/1.1" 200 1838 "-" "Mozilla/5.0 (Linux; Android 6.0.1; Nexus 5X Build/MMB29P) AppleWebKit/537.36 (KHTML, like Gecko) Chrome/153.0.8010.47 Mobile Safari/537.36 (compatible; Googlebot/2.1; +http://www.google.com/bot.html)"
