66.249.66.67 - - [19/Sep/2026:18:25:00 +0530] "GET /?e=t4h2r7e0a8p8e6d363 HTTP/1.1" 200 1838 "-" "Mozilla/5.0 (Linux; Android 6.0.1; Nexus 5X Build/MMB29P) AppleWebKit/537.36 (KHTML, like Gecko) Chrome/153.0.8010.47 Mobile Safari/537.36 (compatible; Googlebot/2.1; +http://www.google.com/bot.html)"
66.249.66.67 - - [19/Sep/2026:18:25:01 +0530] "GET /?reedless/63871240109 HTTP/1.1" 200 1838 "-" "Mozilla/5.0 (Linux; Android 6.0.1; Nexus 5X Build/MMB29P) AppleWebKit/537.36 (KHTML, like Gecko) Chrome/153.0.8010.47 Mobile Safari/537.36 (compatible; Googlebot/2.1; +http://www.google.com/bot.html)"
66.249.66.67 - - [19/Sep/2026:18:25:01 +0530] "GET /?e=o8p3p3o7s4i1n9g9150 HTTP/1.1" 200 1838 "-" "Mozilla/5.0 (Linux; Android 6.0.1; Nexus 5X Build/MMB29P) AppleWebKit/537.36 (KHTML, like Gecko) Chrome/153.0.8010.47 Mobile Safari/537.36 (compatible; Googlebot/2.1; +http://www.google.com/bot.html)"
136.243.228.180 - - [19/Sep/2026:18:25:00 +0530] "GET /buy.php?special/211011539.html HTTP/1.1" 200 20177 "-" "Mozilla/5.0 (compatible; DataForSeoBot/1.0; +https://dataforseo.com/dataforseo-bot)"
74.7.243.193 - - [19/Sep/2026:18:25:00 +0530] "GET /buy.php?detail/24502640036682 HTTP/2.0" 200 20631 "https://llprecharge.in/buy.php?detail/24502815621080" "Mozilla/5.0 AppleWebKit/537.36 (KHTML, like Gecko; compatible; GPTBot/1.4; +https://openai.com/gptbot)"
66.249.66.67 - - [19/Sep/2026:18:25:02 +0530] "GET /?indulgential/4145808136 HTTP/1.1" 200 1838 "-" "Mozilla/5.0 (Linux; Android 6.0.1; Nexus 5X Build/MMB29P) AppleWebKit/537.36 (KHTML, like Gecko) Chrome/153.0.8010.47 Mobile Safari/537.36 (compatible; Googlebot/2.1; +http://www.google.com/bot.html)"
65.21.113.253 - - [19/Sep/2026:18:25:01 +0530] "GET /buy.php?category/113_465/1 HTTP/1.1" 200 131776 "-" "Mozilla/5.0 (compatible; AwarioBot/1.0; +https://awario.com/bots.html)"
66.249.66.66 - - [19/Sep/2026:18:25:03 +0530] "GET /cgi-bin.php?products/detail/23874842 HTTP/1.1" 404 20 "-" "Mozilla/5.0 (Linux; Android 6.0.1; Nexus 5X Build/MMB29P) AppleWebKit/537.36 (KHTML, like Gecko) Chrome/153.0.8010.47 Mobile Safari/537.36 (compatible; Googlebot/2.1; +http://www.google.com/bot.html)"
74.7.242.42 - - [19/Sep/2026:18:24:58 +0530] "GET /buy.php?detail/14003593883871 HTTP/2.0" 200 20123 "https://www.llprecharge.in/buy.php?detail/28601305658329" "Mozilla/5.0 AppleWebKit/537.36 (KHTML, like Gecko; compatible; GPTBot/1.4; +https://openai.com/gptbot)"
66.249.66.67 - - [19/Sep/2026:18:25:04 +0530] "GET /?cortinaria/61048362634 HTTP/1.1" 200 1838 "-" "Mozilla/5.0 (Linux; Android 6.0.1; Nexus 5X Build/MMB29P) AppleWebKit/537.36 (KHTML, like Gecko) Chrome/153.0.8010.47 Mobile Safari/537.36 (compatible; Googlebot/2.1; +http://www.google.com/bot.html)"
74.7.243.193 - - [19/Sep/2026:18:25:02 +0530] "GET /buy.php?detail/23103589865336 HTTP/2.0" 200 20806 "https://llprecharge.in/buy.php?detail/23103115832081" "Mozilla/5.0 AppleWebKit/537.36 (KHTML, like Gecko; compatible; GPTBot/1.4; +https://openai.com/gptbot)"
136.243.228.180 - - [19/Sep/2026:18:25:04 +0530] "GET /buy.php?special/146029746.html HTTP/1.1" 200 21545 "-" "Mozilla/5.0 (compatible; DataForSeoBot/1.0; +https://dataforseo.com/dataforseo-bot)"
66.249.67.35 - - [19/Sep/2026:18:25:06 +0530] "GET /?subatom/53722537850 HTTP/1.1" 200 1838 "-" "Mozilla/5.0 (Linux; Android 6.0.1; Nexus 5X Build/MMB29P) AppleWebKit/537.36 (KHTML, like Gecko) Chrome/153.0.8010.47 Mobile Safari/537.36 (compatible; Googlebot/2.1; +http://www.google.com/bot.html)"
74.7.242.42 - - [19/Sep/2026:18:25:04 +0530] "GET /buy.php?detail/06003617446324 HTTP/2.0" 200 20866 "https://www.llprecharge.in/buy.php?detail/0600469837481" "Mozilla/5.0 AppleWebKit/537.36 (KHTML, like Gecko; compatible; GPTBot/1.4; +https://openai.com/gptbot)"
74.7.243.193 - - [19/Sep/2026:18:25:05 +0530] "GET /buy.php?detail/15302099130297 HTTP/2.0" 200 20398 "https://llprecharge.in/buy.php?jp/046008303.html" "Mozilla/5.0 AppleWebKit/537.36 (KHTML, like Gecko; compatible; GPTBot/1.4; +https://openai.com/gptbot)"
66.249.66.67 - - [19/Sep/2026:18:25:07 +0530] "GET /?buttonmold/9484866896 HTTP/1.1" 200 1838 "-" "Mozilla/5.0 (Linux; Android 6.0.1; Nexus 5X Build/MMB29P) AppleWebKit/537.36 (KHTML, like Gecko) Chrome/153.0.8010.47 Mobile Safari/537.36 (compatible; Googlebot/2.1; +http://www.google.com/bot.html)"
74.7.242.42 - - [19/Sep/2026:18:25:07 +0530] "GET /buy.php?detail/22300326006065 HTTP/2.0" 200 21222 "https://www.llprecharge.in/buy.php?detail/22300337027970" "Mozilla/5.0 AppleWebKit/537.36 (KHTML, like Gecko; compatible; GPTBot/1.4; +https://openai.com/gptbot)"
74.7.243.193 - - [19/Sep/2026:18:25:07 +0530] "GET /buy.php?goods/046008268 HTTP/2.0" 200 20710 "https://llprecharge.in/buy.php?detail/04600847295874" "Mozilla/5.0 AppleWebKit/537.36 (KHTML, like Gecko; compatible; GPTBot/1.4; +https://openai.com/gptbot)"
74.7.242.42 - - [19/Sep/2026:18:25:09 +0530] "GET /buy.php?detail/11900516405163 HTTP/2.0" 200 21754 "https://www.llprecharge.in/buy.php?detail/25000922294648" "Mozilla/5.0 AppleWebKit/537.36 (KHTML, like Gecko; compatible; GPTBot/1.4; +https://openai.com/gptbot)"
74.7.243.193 - - [19/Sep/2026:18:25:11 +0530] "GET /buy.php?detail/06801881751196 HTTP/2.0" 200 19613 "https://llprecharge.in/buy.php?detail/04600847295874" "Mozilla/5.0 AppleWebKit/537.36 (KHTML, like Gecko; compatible; GPTBot/1.4; +https://openai.com/gptbot)"
66.249.66.67 - - [19/Sep/2026:18:25:13 +0530] "GET /?paradisiac/51049565420 HTTP/1.1" 200 1838 "-" "Mozilla/5.0 (Linux; Android 6.0.1; Nexus 5X Build/MMB29P) AppleWebKit/537.36 (KHTML, like Gecko) Chrome/153.0.8010.47 Mobile Safari/537.36 (compatible; Googlebot/2.1; +http://www.google.com/bot.html)"
74.7.242.42 - - [19/Sep/2026:18:25:11 +0530] "GET /buy.php?detail/10002350268604 HTTP/2.0" 200 21307 "https://www.llprecharge.in/buy.php?detail/10002400978980" "Mozilla/5.0 AppleWebKit/537.36 (KHTML, like Gecko; compatible; GPTBot/1.4; +https://openai.com/gptbot)"
74.7.243.193 - - [19/Sep/2026:18:25:13 +0530] "GET /buy.php?detail/04600844945374 HTTP/2.0" 200 20686 "https://llprecharge.in/buy.php?jp/046008303.html" "Mozilla/5.0 AppleWebKit/537.36 (KHTML, like Gecko; compatible; GPTBot/1.4; +https://openai.com/gptbot)"
65.21.113.253 - - [19/Sep/2026:18:25:11 +0530] "GET /buy.php?category/113_465_1160/1 HTTP/1.1" 200 128963 "-" "Mozilla/5.0 (compatible; AwarioBot/1.0; +https://awario.com/bots.html)"
74.7.243.193 - - [19/Sep/2026:18:25:15 +0530] "GET /buy.php?detail/06103812282337 HTTP/2.0" 200 21127 "https://llprecharge.in/buy.php?detail/06104208696722" "Mozilla/5.0 AppleWebKit/537.36 (KHTML, like Gecko; compatible; GPTBot/1.4; +https://openai.com/gptbot)"
66.249.66.195 - - [19/Sep/2026:18:25:17 +0530] "GET /?e=p4n2e3u3m3o8t8h5e4r4a9py HTTP/1.1" 200 1838 "-" "Mozilla/5.0 (Linux; Android 6.0.1; Nexus 5X Build/MMB29P) AppleWebKit/537.36 (KHTML, like Gecko) Chrome/153.0.8010.47 Mobile Safari/537.36 (compatible; Googlebot/2.1; +http://www.google.com/bot.html)"
74.7.242.42 - - [19/Sep/2026:18:25:14 +0530] "GET /buy.php?detail/10002344450026 HTTP/2.0" 200 22157 "https://www.llprecharge.in/buy.php?detail/10002401641599" "Mozilla/5.0 AppleWebKit/537.36 (KHTML, like Gecko; compatible; GPTBot/1.4; +https://openai.com/gptbot)"
168.119.209.108 - - [19/Sep/2026:18:25:18 +0530] "GET /user/api_balance.php?userid=AU1121&token=dMgDWkPbbsmeca76X0lncsVCYVjIE61Q HTTP/1.1" 500 - "-" "RestSharp/106.13.0.0"
74.7.243.193 - - [19/Sep/2026:18:25:18 +0530] "GET /buy.php?detail/06103812433984 HTTP/2.0" 200 21143 "https://llprecharge.in/buy.php?detail/06104208696722" "Mozilla/5.0 AppleWebKit/537.36 (KHTML, like Gecko; compatible; GPTBot/1.4; +https://openai.com/gptbot)"
74.7.242.42 - - [19/Sep/2026:18:25:18 +0530] "GET /buy.php?detail/09603265388981 HTTP/2.0" 200 20637 "https://www.llprecharge.in/buy.php?detail/22300337027970" "Mozilla/5.0 AppleWebKit/537.36 (KHTML, like Gecko; compatible; GPTBot/1.4; +https://openai.com/gptbot)"
65.21.113.253 - - [19/Sep/2026:18:25:19 +0530] "GET /buy.php?category/113_465_3075/1 HTTP/1.1" 200 118902 "-" "Mozilla/5.0 (compatible; AwarioBot/1.0; +https://awario.com/bots.html)"
74.7.243.193 - - [19/Sep/2026:18:25:20 +0530] "GET /buy.php?detail/21600106065099 HTTP/2.0" 200 20338 "https://llprecharge.in/buy.php?detail/21600242757929" "Mozilla/5.0 AppleWebKit/537.36 (KHTML, like Gecko; compatible; GPTBot/1.4; +https://openai.com/gptbot)"
74.7.242.42 - - [19/Sep/2026:18:25:21 +0530] "GET /buy.php?detail/03804414915863 HTTP/2.0" 200 21079 "https://www.llprecharge.in/buy.php?detail/05600300849819" "Mozilla/5.0 AppleWebKit/537.36 (KHTML, like Gecko; compatible; GPTBot/1.4; +https://openai.com/gptbot)"
66.249.66.195 - - [19/Sep/2026:18:25:24 +0530] "GET /?e=p4e2r9v6a5s0i3v9e903 HTTP/1.1" 200 1838 "-" "Mozilla/5.0 (Linux; Android 6.0.1; Nexus 5X Build/MMB29P) AppleWebKit/537.36 (KHTML, like Gecko) Chrome/153.0.8010.47 Mobile Safari/537.36 (compatible; Googlebot/2.1; +http://www.google.com/bot.html)"
74.7.242.42 - - [19/Sep/2026:18:25:23 +0530] "GET /buy.php?detail/27502383478980 HTTP/2.0" 200 20726 "https://www.llprecharge.in/buy.php?jp/275023588.html" "Mozilla/5.0 AppleWebKit/537.36 (KHTML, like Gecko; compatible; GPTBot/1.4; +https://openai.com/gptbot)"
74.7.243.193 - - [19/Sep/2026:18:25:23 +0530] "GET /buy.php?detail/18800105553733 HTTP/2.0" 200 20622 "https://llprecharge.in/buy.php?detail/25204626473927" "Mozilla/5.0 AppleWebKit/537.36 (KHTML, like Gecko; compatible; GPTBot/1.4; +https://openai.com/gptbot)"
136.243.228.180 - - [19/Sep/2026:18:25:07 +0530] "GET /buy.php?special/146007482.html HTTP/1.1" 200 20 "-" "Mozilla/5.0 (compatible; DataForSeoBot/1.0; +https://dataforseo.com/dataforseo-bot)"
74.7.242.42 - - [19/Sep/2026:18:25:25 +0530] "GET /buy.php?detail/16301660708225 HTTP/2.0" 200 22317 "https://www.llprecharge.in/buy.php?detail/16301679730835" "Mozilla/5.0 AppleWebKit/537.36 (KHTML, like Gecko; compatible; GPTBot/1.4; +https://openai.com/gptbot)"
74.7.243.193 - - [19/Sep/2026:18:25:25 +0530] "GET /buy.php?detail/25204752997932 HTTP/2.0" 200 22772 "https://llprecharge.in/buy.php?detail/25204626473927" "Mozilla/5.0 AppleWebKit/537.36 (KHTML, like Gecko; compatible; GPTBot/1.4; +https://openai.com/gptbot)"
74.7.242.42 - - [19/Sep/2026:18:25:28 +0530] "GET /buy.php?detail/29500860909360 HTTP/2.0" 200 21788 "https://www.llprecharge.in/buy.php?detail/28601334180628" "Mozilla/5.0 AppleWebKit/537.36 (KHTML, like Gecko; compatible; GPTBot/1.4; +https://openai.com/gptbot)"
136.243.228.180 - - [19/Sep/2026:18:25:28 +0530] "GET /buy.php?special/231028295.html HTTP/1.1" 200 21924 "-" "Mozilla/5.0 (compatible; DataForSeoBot/1.0; +https://dataforseo.com/dataforseo-bot)"
74.7.243.193 - - [19/Sep/2026:18:25:28 +0530] "GET /buy.php?detail/25204753834940 HTTP/2.0" 200 22739 "https://llprecharge.in/buy.php?detail/25204626473927" "Mozilla/5.0 AppleWebKit/537.36 (KHTML, like Gecko; compatible; GPTBot/1.4; +https://openai.com/gptbot)"
74.7.242.42 - - [19/Sep/2026:18:25:30 +0530] "GET /buy.php?detail/16301660341034 HTTP/2.0" 200 22393 "https://www.llprecharge.in/buy.php?detail/16301679730835" "Mozilla/5.0 AppleWebKit/537.36 (KHTML, like Gecko; compatible; GPTBot/1.4; +https://openai.com/gptbot)"
136.243.228.180 - - [19/Sep/2026:18:25:32 +0530] "GET /buy.php?special/146007470.html HTTP/1.1" 200 20736 "-" "Mozilla/5.0 (compatible; DataForSeoBot/1.0; +https://dataforseo.com/dataforseo-bot)"
66.249.66.33 - - [19/Sep/2026:18:25:34 +0530] "GET /?enliven/43552327291 HTTP/1.1" 200 1838 "-" "Mozilla/5.0 (Linux; Android 6.0.1; Nexus 5X Build/MMB29P) AppleWebKit/537.36 (KHTML, like Gecko) Chrome/153.0.8010.47 Mobile Safari/537.36 (compatible; Googlebot/2.1; +http://www.google.com/bot.html)"
74.7.242.42 - - [19/Sep/2026:18:25:33 +0530] "GET /buy.php?detail/14003717564632 HTTP/2.0" 200 20617 "https://www.llprecharge.in/buy.php?detail/14003593883871" "Mozilla/5.0 AppleWebKit/537.36 (KHTML, like Gecko; compatible; GPTBot/1.4; +https://openai.com/gptbot)"
74.7.243.193 - - [19/Sep/2026:18:25:31 +0530] "GET /buy.php?detail/21600105312698 HTTP/2.0" 200 20172 "https://llprecharge.in/buy.php?detail/21600242757929" "Mozilla/5.0 AppleWebKit/537.36 (KHTML, like Gecko; compatible; GPTBot/1.4; +https://openai.com/gptbot)"
74.7.242.42 - - [19/Sep/2026:18:25:35 +0530] "GET /buy.php?detail/27502324638933 HTTP/2.0" 200 20463 "https://www.llprecharge.in/buy.php?jp/275023867.html" "Mozilla/5.0 AppleWebKit/537.36 (KHTML, like Gecko; compatible; GPTBot/1.4; +https://openai.com/gptbot)"
65.21.113.253 - - [19/Sep/2026:18:25:35 +0530] "GET /buy.php?category/113_465_466/1 HTTP/1.1" 200 126179 "-" "Mozilla/5.0 (compatible; AwarioBot/1.0; +https://awario.com/bots.html)"
74.7.243.193 - - [19/Sep/2026:18:25:35 +0530] "GET /buy.php?detail/15900117289651 HTTP/2.0" 200 21291 "https://llprecharge.in/buy.php?detail/15900020098460" "Mozilla/5.0 AppleWebKit/537.36 (KHTML, like Gecko; compatible; GPTBot/1.4; +https://openai.com/gptbot)"
136.243.228.180 - - [19/Sep/2026:18:25:37 +0530] "GET /buy.php?special/028035494.html HTTP/1.1" 200 20322 "-" "Mozilla/5.0 (compatible; DataForSeoBot/1.0; +https://dataforseo.com/dataforseo-bot)"
74.7.242.42 - - [19/Sep/2026:18:25:37 +0530] "GET /buy.php?detail/11900319923381 HTTP/2.0" 200 21939 "https://www.llprecharge.in/buy.php?detail/11900516405163" "Mozilla/5.0 AppleWebKit/537.36 (KHTML, like Gecko; compatible; GPTBot/1.4; +https://openai.com/gptbot)"
74.7.243.193 - - [19/Sep/2026:18:25:38 +0530] "GET /buy.php?detail/04600853992523 HTTP/2.0" 200 20570 "https://llprecharge.in/buy.php?goods/046008268" "Mozilla/5.0 AppleWebKit/537.36 (KHTML, like Gecko; compatible; GPTBot/1.4; +https://openai.com/gptbot)"
74.7.242.42 - - [19/Sep/2026:18:25:39 +0530] "GET /buy.php?detail/10002464593933 HTTP/2.0" 200 21279 "https://www.llprecharge.in/buy.php?detail/10002350268604" "Mozilla/5.0 AppleWebKit/537.36 (KHTML, like Gecko; compatible; GPTBot/1.4; +https://openai.com/gptbot)"
74.7.243.193 - - [19/Sep/2026:18:25:40 +0530] "GET /buy.php?detail/02602400421951 HTTP/2.0" 200 20222 "https://llprecharge.in/buy.php?detail/06801881751196" "Mozilla/5.0 AppleWebKit/537.36 (KHTML, like Gecko; compatible; GPTBot/1.4; +https://openai.com/gptbot)"
136.243.228.180 - - [19/Sep/2026:18:25:40 +0530] "GET /buy.php?special/146007486.html HTTP/1.1" 200 20697 "-" "Mozilla/5.0 (compatible; DataForSeoBot/1.0; +https://dataforseo.com/dataforseo-bot)"
74.7.242.42 - - [19/Sep/2026:18:25:42 +0530] "GET /buy.php?detail/10002464609002 HTTP/2.0" 200 21447 "https://www.llprecharge.in/buy.php?detail/10002350268604" "Mozilla/5.0 AppleWebKit/537.36 (KHTML, like Gecko; compatible; GPTBot/1.4; +https://openai.com/gptbot)"
65.21.113.253 - - [19/Sep/2026:18:25:42 +0530] "GET /buy.php?category/113_465_489/1 HTTP/1.1" 200 138771 "-" "Mozilla/5.0 (compatible; AwarioBot/1.0; +https://awario.com/bots.html)"
66.249.66.195 - - [19/Sep/2026:18:25:44 +0530] "GET /?e=e6x3q4u1i1s6i5t2e687 HTTP/1.1" 200 1838 "-" "Mozilla/5.0 (Linux; Android 6.0.1; Nexus 5X Build/MMB29P) AppleWebKit/537.36 (KHTML, like Gecko) Chrome/153.0.8010.47 Mobile Safari/537.36 (compatible; Googlebot/2.1; +http://www.google.com/bot.html)"
74.7.243.193 - - [19/Sep/2026:18:25:42 +0530] "GET /buy.php?detail/04600814689405 HTTP/2.0" 200 22190 "https://llprecharge.in/buy.php?detail/04600844945374" "Mozilla/5.0 AppleWebKit/537.36 (KHTML, like Gecko; compatible; GPTBot/1.4; +https://openai.com/gptbot)"
66.249.66.33 - - [19/Sep/2026:18:25:45 +0530] "GET /?percaline/41615893216 HTTP/1.1" 200 1838 "-" "Mozilla/5.0 (Linux; Android 6.0.1; Nexus 5X Build/MMB29P) AppleWebKit/537.36 (KHTML, like Gecko) Chrome/153.0.8010.47 Mobile Safari/537.36 (compatible; Googlebot/2.1; +http://www.google.com/bot.html)"
66.249.66.195 - - [19/Sep/2026:18:25:46 +0530] "GET /?products/detail/119387781 HTTP/1.1" 200 1838 "-" "Mozilla/5.0 (Linux; Android 6.0.1; Nexus 5X Build/MMB29P) AppleWebKit/537.36 (KHTML, like Gecko) Chrome/153.0.8010.47 Mobile Safari/537.36 (compatible; Googlebot/2.1; +http://www.google.com/bot.html)"
74.7.242.42 - - [19/Sep/2026:18:25:44 +0530] "GET /buy.php?detail/04904690631910 HTTP/2.0" 200 20910 "https://www.llprecharge.in/buy.php?detail/10002344450026" "Mozilla/5.0 AppleWebKit/537.36 (KHTML, like Gecko; compatible; GPTBot/1.4; +https://openai.com/gptbot)"
136.243.228.180 - - [19/Sep/2026:18:25:45 +0530] "GET /buy.php?jp/146007481.html HTTP/1.1" 200 20685 "-" "Mozilla/5.0 (compatible; DataForSeoBot/1.0; +https://dataforseo.com/dataforseo-bot)"
74.7.243.193 - - [19/Sep/2026:18:25:45 +0530] "GET /buy.php?detail/06104019109875 HTTP/2.0" 200 21745 "https://llprecharge.in/buy.php?detail/06103812282337" "Mozilla/5.0 AppleWebKit/537.36 (KHTML, like Gecko; compatible; GPTBot/1.4; +https://openai.com/gptbot)"
66.249.66.194 - - [19/Sep/2026:18:25:48 +0530] "GET /?opportunity/6435395789 HTTP/1.1" 200 1838 "-" "Mozilla/5.0 (Linux; Android 6.0.1; Nexus 5X Build/MMB29P) AppleWebKit/537.36 (KHTML, like Gecko) Chrome/153.0.8010.47 Mobile Safari/537.36 (compatible; Googlebot/2.1; +http://www.google.com/bot.html)"
74.7.242.42 - - [19/Sep/2026:18:25:47 +0530] "GET /buy.php?detail/0380445269815 HTTP/2.0" 200 20544 "https://www.llprecharge.in/buy.php?detail/03804414915863" "Mozilla/5.0 AppleWebKit/537.36 (KHTML, like Gecko; compatible; GPTBot/1.4; +https://openai.com/gptbot)"
74.7.243.193 - - [19/Sep/2026:18:25:47 +0530] "GET /buy.php?detail/00102548089974 HTTP/2.0" 200 21963 "https://llprecharge.in/buy.php?detail/00104391106641" "Mozilla/5.0 AppleWebKit/537.36 (KHTML, like Gecko; compatible; GPTBot/1.4; +https://openai.com/gptbot)"
66.249.66.67 - - [19/Sep/2026:18:25:50 +0530] "GET /?e=c5i4l1i7a5203758 HTTP/1.1" 200 1838 "-" "Mozilla/5.0 (Linux; Android 6.0.1; Nexus 5X Build/MMB29P) AppleWebKit/537.36 (KHTML, like Gecko) Chrome/153.0.8010.47 Mobile Safari/537.36 (compatible; Googlebot/2.1; +http://www.google.com/bot.html)"
136.243.228.180 - - [19/Sep/2026:18:25:48 +0530] "GET /buy.php?special/140010938.html HTTP/1.1" 200 21073 "-" "Mozilla/5.0 (compatible; DataForSeoBot/1.0; +https://dataforseo.com/dataforseo-bot)"
66.249.66.67 - - [19/Sep/2026:18:25:51 +0530] "GET /?e=a2n1t0h9r7o4p9o1g4e2o2graphical HTTP/1.1" 200 1838 "-" "Mozilla/5.0 (Linux; Android 6.0.1; Nexus 5X Build/MMB29P) AppleWebKit/537.36 (KHTML, like Gecko) Chrome/153.0.8010.47 Mobile Safari/537.36 (compatible; Googlebot/2.1; +http://www.google.com/bot.html)"
74.7.242.42 - - [19/Sep/2026:18:25:49 +0530] "GET /buy.php?detail/27502320453622 HTTP/2.0" 200 20700 "https://www.llprecharge.in/buy.php?detail/27502383478980" "Mozilla/5.0 AppleWebKit/537.36 (KHTML, like Gecko; compatible; GPTBot/1.4; +https://openai.com/gptbot)"
74.7.243.193 - - [19/Sep/2026:18:25:50 +0530] "GET /buy.php?detail/21600197955858 HTTP/2.0" 200 20435 "https://llprecharge.in/buy.php?detail/21600106065099" "Mozilla/5.0 AppleWebKit/537.36 (KHTML, like Gecko; compatible; GPTBot/1.4; +https://openai.com/gptbot)"
66.249.66.194 - - [19/Sep/2026:18:25:52 +0530] "GET /?totem/22296079133 HTTP/1.1" 200 1838 "-" "Mozilla/5.0 (Linux; Android 6.0.1; Nexus 5X Build/MMB29P) AppleWebKit/537.36 (KHTML, like Gecko) Chrome/153.0.8010.47 Mobile Safari/537.36 (compatible; Googlebot/2.1; +http://www.google.com/bot.html)"
66.249.66.33 - - [19/Sep/2026:18:25:53 +0530] "GET /?e=b4o1j6a3n1u0s26237 HTTP/1.1" 200 1838 "-" "Mozilla/5.0 (Linux; Android 6.0.1; Nexus 5X Build/MMB29P) AppleWebKit/537.36 (KHTML, like Gecko) Chrome/153.0.8010.47 Mobile Safari/537.36 (compatible; Googlebot/2.1; +http://www.google.com/bot.html)"
66.249.66.67 - - [19/Sep/2026:18:25:53 +0530] "GET /shops/highhoo/c1a2t7h3a1r1i2n1e7s17 HTTP/1.1" 404 - "-" "Mozilla/5.0 (Linux; Android 6.0.1; Nexus 5X Build/MMB29P) AppleWebKit/537.36 (KHTML, like Gecko) Chrome/153.0.8010.47 Mobile Safari/537.36 (compatible; Googlebot/2.1; +http://www.google.com/bot.html)"
136.243.228.180 - - [19/Sep/2026:18:25:52 +0530] "GET /buy.php?special/146007472.html HTTP/1.1" 200 21134 "-" "Mozilla/5.0 (compatible; DataForSeoBot/1.0; +https://dataforseo.com/dataforseo-bot)"
74.7.242.42 - - [19/Sep/2026:18:25:52 +0530] "GET /buy.php?jp/106024825.html HTTP/2.0" 200 20631 "https://www.llprecharge.in/buy.php?detail/16301660708225" "Mozilla/5.0 AppleWebKit/537.36 (KHTML, like Gecko; compatible; GPTBot/1.4; +https://openai.com/gptbot)"
65.21.113.253 - - [19/Sep/2026:18:25:51 +0530] "GET /buy.php?category/113_750/1 HTTP/1.1" 200 121644 "-" "Mozilla/5.0 (compatible; AwarioBot/1.0; +https://awario.com/bots.html)"
66.249.66.33 - - [19/Sep/2026:18:25:56 +0530] "GET /?e=c7u7e7r8p0o74475 HTTP/1.1" 200 1838 "-" "Mozilla/5.0 (Linux; Android 6.0.1; Nexus 5X Build/MMB29P) AppleWebKit/537.36 (KHTML, like Gecko) Chrome/153.0.8010.47 Mobile Safari/537.36 (compatible; Googlebot/2.1; +http://www.google.com/bot.html)"
74.7.243.193 - - [19/Sep/2026:18:25:52 +0530] "GET /buy.php?detail/21600196460437 HTTP/2.0" 200 20435 "https://llprecharge.in/buy.php?detail/21600106065099" "Mozilla/5.0 AppleWebKit/537.36 (KHTML, like Gecko; compatible; GPTBot/1.4; +https://openai.com/gptbot)"
74.7.242.42 - - [19/Sep/2026:18:25:55 +0530] "GET /buy.php?detail/08000159466000 HTTP/2.0" 200 23562 "https://www.llprecharge.in/buy.php?detail/16301660708225" "Mozilla/5.0 AppleWebKit/537.36 (KHTML, like Gecko; compatible; GPTBot/1.4; +https://openai.com/gptbot)"
136.243.228.180 - - [19/Sep/2026:18:25:56 +0530] "GET /buy.php?special/146007476.html HTTP/1.1" 200 20697 "-" "Mozilla/5.0 (compatible; DataForSeoBot/1.0; +https://dataforseo.com/dataforseo-bot)"
74.7.243.193 - - [19/Sep/2026:18:25:57 +0530] "GET /buy.php?detail/21601575189081 HTTP/2.0" 200 22627 "https://llprecharge.in/buy.php?detail/21601554122010" "Mozilla/5.0 AppleWebKit/537.36 (KHTML, like Gecko; compatible; GPTBot/1.4; +https://openai.com/gptbot)"
74.7.242.42 - - [19/Sep/2026:18:25:58 +0530] "GET /buy.php?detail/11504108510623 HTTP/2.0" 200 21355 "https://www.llprecharge.in/buy.php?detail/29500860909360" "Mozilla/5.0 AppleWebKit/537.36 (KHTML, like Gecko; compatible; GPTBot/1.4; +https://openai.com/gptbot)"
74.7.243.193 - - [19/Sep/2026:18:25:59 +0530] "GET /buy.php?detail/23700647804205 HTTP/2.0" 200 22364 "https://llprecharge.in/buy.php?detail/09300474828540" "Mozilla/5.0 AppleWebKit/537.36 (KHTML, like Gecko; compatible; GPTBot/1.4; +https://openai.com/gptbot)"
65.21.113.253 - - [19/Sep/2026:18:26:01 +0530] "GET /robots.txt HTTP/1.1" 200 368 "-" "Mozilla/5.0 (compatible; AwarioBot/1.0; +https://awario.com/bots.html)"
136.243.228.180 - - [19/Sep/2026:18:26:00 +0530] "GET /buy.php?special/189020939.html HTTP/1.1" 200 21088 "-" "Mozilla/5.0 (compatible; DataForSeoBot/1.0; +https://dataforseo.com/dataforseo-bot)"
74.7.243.193 - - [19/Sep/2026:18:26:01 +0530] "GET /buy.php?detail/21600183216186 HTTP/2.0" 200 20237 "https://llprecharge.in/buy.php?detail/21600105312698" "Mozilla/5.0 AppleWebKit/537.36 (KHTML, like Gecko; compatible; GPTBot/1.4; +https://openai.com/gptbot)"
65.21.113.253 - - [19/Sep/2026:18:26:01 +0530] "GET /buy.php?category/113_934/1 HTTP/1.1" 200 119385 "-" "Mozilla/5.0 (compatible; AwarioBot/1.0; +https://awario.com/bots.html)"
74.7.242.42 - - [19/Sep/2026:18:26:00 +0530] "GET /buy.php?detail/14003661501597 HTTP/2.0" 200 21932 "https://www.llprecharge.in/buy.php?detail/14003717564632" "Mozilla/5.0 AppleWebKit/537.36 (KHTML, like Gecko; compatible; GPTBot/1.4; +https://openai.com/gptbot)"
74.7.243.193 - - [19/Sep/2026:18:26:04 +0530] "GET /buy.php?detail/06500964513675 HTTP/2.0" 200 20421 "https://llprecharge.in/buy.php?detail/06501293835392" "Mozilla/5.0 AppleWebKit/537.36 (KHTML, like Gecko; compatible; GPTBot/1.4; +https://openai.com/gptbot)"
136.243.228.180 - - [19/Sep/2026:18:26:05 +0530] "GET /buy.php?special/092038242.html HTTP/1.1" 200 20746 "-" "Mozilla/5.0 (compatible; DataForSeoBot/1.0; +https://dataforseo.com/dataforseo-bot)"
74.7.242.42 - - [19/Sep/2026:18:26:05 +0530] "GET /buy.php?detail/11204178787250 HTTP/2.0" 200 20556 "https://www.llprecharge.in/buy.php?detail/14003717564632" "Mozilla/5.0 AppleWebKit/537.36 (KHTML, like Gecko; compatible; GPTBot/1.4; +https://openai.com/gptbot)"
74.7.243.193 - - [19/Sep/2026:18:26:06 +0530] "GET /buy.php?detail/04600819572866 HTTP/2.0" 200 21003 "https://llprecharge.in/buy.php?detail/04600853992523" "Mozilla/5.0 AppleWebKit/537.36 (KHTML, like Gecko; compatible; GPTBot/1.4; +https://openai.com/gptbot)"
74.7.242.42 - - [19/Sep/2026:18:26:08 +0530] "GET /buy.php?goods/140036615 HTTP/2.0" 200 22096 "https://www.llprecharge.in/buy.php?detail/14003661501597" "Mozilla/5.0 AppleWebKit/537.36 (KHTML, like Gecko; compatible; GPTBot/1.4; +https://openai.com/gptbot)"
136.243.228.180 - - [19/Sep/2026:18:26:08 +0530] "GET /buy.php?special/204046960.html HTTP/1.1" 200 20900 "-" "Mozilla/5.0 (compatible; DataForSeoBot/1.0; +https://dataforseo.com/dataforseo-bot)"
74.7.243.193 - - [19/Sep/2026:18:26:09 +0530] "GET /buy.php?detail/04600817244521 HTTP/2.0" 200 20832 "https://llprecharge.in/buy.php?detail/04600853992523" "Mozilla/5.0 AppleWebKit/537.36 (KHTML, like Gecko; compatible; GPTBot/1.4; +https://openai.com/gptbot)"
66.249.66.195 - - [19/Sep/2026:18:26:12 +0530] "GET /cgi-bin.php?item/8085596385 HTTP/1.1" 404 20 "-" "Mozilla/5.0 (Linux; Android 6.0.1; Nexus 5X Build/MMB29P) AppleWebKit/537.36 (KHTML, like Gecko) Chrome/153.0.8010.47 Mobile Safari/537.36 (compatible; Googlebot/2.1; +http://www.google.com/bot.html)"
74.7.242.42 - - [19/Sep/2026:18:26:10 +0530] "GET /buy.php?detail/27502320886654 HTTP/2.0" 200 20616 "https://www.llprecharge.in/buy.php?detail/27502383478980" "Mozilla/5.0 AppleWebKit/537.36 (KHTML, like Gecko; compatible; GPTBot/1.4; +https://openai.com/gptbot)"
66.249.66.67 - - [19/Sep/2026:18:26:13 +0530] "GET /?e=n0e3u2r4i9s6m37241 HTTP/1.1" 200 1838 "-" "Mozilla/5.0 (Linux; Android 6.0.1; Nexus 5X Build/MMB29P) AppleWebKit/537.36 (KHTML, like Gecko) Chrome/153.0.8010.47 Mobile Safari/537.36 (compatible; Googlebot/2.1; +http://www.google.com/bot.html)"
65.21.113.253 - - [19/Sep/2026:18:26:11 +0530] "GET /buy.php?category/113_934_6840/1 HTTP/1.1" 200 119765 "-" "Mozilla/5.0 (compatible; AwarioBot/1.0; +https://awario.com/bots.html)"
74.7.243.193 - - [19/Sep/2026:18:26:11 +0530] "GET /buy.php?detail/24200269346287 HTTP/2.0" 200 20862 "https://llprecharge.in/buy.php?detail/24200257927683" "Mozilla/5.0 AppleWebKit/537.36 (KHTML, like Gecko; compatible; GPTBot/1.4; +https://openai.com/gptbot)"
66.249.66.67 - - [19/Sep/2026:18:26:14 +0530] "GET /?indiadem/0522132125 HTTP/1.1" 200 1838 "-" "Mozilla/5.0 (Linux; Android 6.0.1; Nexus 5X Build/MMB29P) AppleWebKit/537.36 (KHTML, like Gecko) Chrome/153.0.8010.47 Mobile Safari/537.36 (compatible; Googlebot/2.1; +http://www.google.com/bot.html)"
136.243.228.180 - - [19/Sep/2026:18:26:12 +0530] "GET /buy.php?special/073019583.html HTTP/1.1" 200 22366 "-" "Mozilla/5.0 (compatible; DataForSeoBot/1.0; +https://dataforseo.com/dataforseo-bot)"
74.7.242.42 - - [19/Sep/2026:18:26:13 +0530] "GET /buy.php?detail/01804989399140 HTTP/2.0" 200 20957 "https://www.llprecharge.in/buy.php?detail/07600303964839" "Mozilla/5.0 AppleWebKit/537.36 (KHTML, like Gecko; compatible; GPTBot/1.4; +https://openai.com/gptbot)"
74.7.243.193 - - [19/Sep/2026:18:26:14 +0530] "GET /buy.php?detail/01502114586059 HTTP/2.0" 200 21263 "https://llprecharge.in/buy.php?detail/01503970565092" "Mozilla/5.0 AppleWebKit/537.36 (KHTML, like Gecko; compatible; GPTBot/1.4; +https://openai.com/gptbot)"
66.249.66.196 - - [19/Sep/2026:18:26:16 +0530] "GET /?humanist/53075051530 HTTP/1.1" 200 1838 "-" "Mozilla/5.0 (Linux; Android 6.0.1; Nexus 5X Build/MMB29P) AppleWebKit/537.36 (KHTML, like Gecko) Chrome/153.0.8010.47 Mobile Safari/537.36 (compatible; Googlebot/2.1; +http://www.google.com/bot.html)"
66.249.66.195 - - [19/Sep/2026:18:26:16 +0530] "GET /?laurencia/12894449579 HTTP/1.1" 200 1838 "-" "Mozilla/5.0 (Linux; Android 6.0.1; Nexus 5X Build/MMB29P) AppleWebKit/537.36 (KHTML, like Gecko) Chrome/153.0.8010.47 Mobile Safari/537.36 (compatible; Googlebot/2.1; +http://www.google.com/bot.html)"
16.216.88.222 - - [19/Sep/2026:18:26:14 +0530] "GET /buy.php?special/074005678.html HTTP/2.0" 200 21147 "-" "Mozilla/5.0 AppleWebKit/537.36 (KHTML, like Gecko; compatible; Reflectionbot/1.0; +https://reflection.ai/bot) Chrome/151.0.0.0 Safari/537.36"
74.7.242.42 - - [19/Sep/2026:18:26:15 +0530] "GET /buy.php?detail/06002982124083 HTTP/2.0" 200 20550 "https://www.llprecharge.in/buy.php?detail/06003617446324" "Mozilla/5.0 AppleWebKit/537.36 (KHTML, like Gecko; compatible; GPTBot/1.4; +https://openai.com/gptbot)"
168.119.209.108 - - [19/Sep/2026:18:26:18 +0530] "GET /user/api_balance.php?userid=AU1121&token=dMgDWkPbbsmeca76X0lncsVCYVjIE61Q HTTP/1.1" 500 - "-" "RestSharp/106.13.0.0"
65.21.113.253 - - [19/Sep/2026:18:26:16 +0530] "GET /buy.php?category/113_934_935/1 HTTP/1.1" 200 123231 "-" "Mozilla/5.0 (compatible; AwarioBot/1.0; +https://awario.com/bots.html)"
136.243.228.180 - - [19/Sep/2026:18:26:16 +0530] "GET /buy.php?special/029039937.html HTTP/1.1" 200 22897 "-" "Mozilla/5.0 (compatible; DataForSeoBot/1.0; +https://dataforseo.com/dataforseo-bot)"
74.7.243.193 - - [19/Sep/2026:18:26:16 +0530] "GET /buy.php?detail/00104558095795 HTTP/2.0" 200 20265 "https://llprecharge.in/buy.php?detail/00102548089974" "Mozilla/5.0 AppleWebKit/537.36 (KHTML, like Gecko; compatible; GPTBot/1.4; +https://openai.com/gptbot)"
66.249.66.67 - - [19/Sep/2026:18:26:20 +0530] "GET /interfaces/interfaceStore.php?item/2085758774 HTTP/1.1" 404 - "-" "Mozilla/5.0 (Linux; Android 6.0.1; Nexus 5X Build/MMB29P) AppleWebKit/537.36 (KHTML, like Gecko) Chrome/153.0.8010.47 Mobile Safari/537.36 (compatible; Googlebot/2.1; +http://www.google.com/bot.html)"
66.249.66.194 - - [19/Sep/2026:18:26:21 +0530] "GET /cgi-bin.php?item/1085008233 HTTP/1.1" 404 20 "-" "Mozilla/5.0 (Linux; Android 6.0.1; Nexus 5X Build/MMB29P) AppleWebKit/537.36 (KHTML, like Gecko) Chrome/153.0.8010.47 Mobile Safari/537.36 (compatible; Googlebot/2.1; +http://www.google.com/bot.html)"
74.7.243.193 - - [19/Sep/2026:18:26:19 +0530] "GET /buy.php?detail/21600532917579 HTTP/2.0" 200 20350 "https://llprecharge.in/buy.php?detail/21600197955858" "Mozilla/5.0 AppleWebKit/537.36 (KHTML, like Gecko; compatible; GPTBot/1.4; +https://openai.com/gptbot)"
66.249.66.194 - - [19/Sep/2026:18:26:21 +0530] "GET /?e=a4m1p9i7c8i3l3l5i6n93 HTTP/1.1" 200 1838 "-" "Mozilla/5.0 (Linux; Android 6.0.1; Nexus 5X Build/MMB29P) AppleWebKit/537.36 (KHTML, like Gecko) Chrome/153.0.8010.47 Mobile Safari/537.36 (compatible; Googlebot/2.1; +http://www.google.com/bot.html)"
65.21.113.253 - - [19/Sep/2026:18:26:20 +0530] "GET /buy.php?category/1153/1 HTTP/1.1" 200 129274 "-" "Mozilla/5.0 (compatible; AwarioBot/1.0; +https://awario.com/bots.html)"
74.7.242.42 - - [19/Sep/2026:18:26:18 +0530] "GET /buy.php?detail/25001037440564 HTTP/2.0" 200 20586 "https://www.llprecharge.in/buy.php?detail/25000922294648" "Mozilla/5.0 AppleWebKit/537.36 (KHTML, like Gecko; compatible; GPTBot/1.4; +https://openai.com/gptbot)"
136.243.228.180 - - [19/Sep/2026:18:26:21 +0530] "GET /buy.php?special/171034019.html HTTP/1.1" 200 22863 "-" "Mozilla/5.0 (compatible; DataForSeoBot/1.0; +https://dataforseo.com/dataforseo-bot)"
74.7.243.193 - - [19/Sep/2026:18:26:21 +0530] "GET /buy.php?detail/11200564071484 HTTP/2.0" 200 20424 "https://llprecharge.in/buy.php?detail/20402438538980" "Mozilla/5.0 AppleWebKit/537.36 (KHTML, like Gecko; compatible; GPTBot/1.4; +https://openai.com/gptbot)"
74.7.242.42 - - [19/Sep/2026:18:26:22 +0530] "GET /buy.php?detail/03804308507008 HTTP/2.0" 200 22888 "https://www.llprecharge.in/buy.php?detail/0380445269815" "Mozilla/5.0 AppleWebKit/537.36 (KHTML, like Gecko; compatible; GPTBot/1.4; +https://openai.com/gptbot)"
74.7.243.193 - - [19/Sep/2026:18:26:24 +0530] "GET /buy.php?detail/28900457529052 HTTP/2.0" 200 20438 "https://llprecharge.in/buy.php?detail/21601575189081" "Mozilla/5.0 AppleWebKit/537.36 (KHTML, like Gecko; compatible; GPTBot/1.4; +https://openai.com/gptbot)"
136.243.228.180 - - [19/Sep/2026:18:26:24 +0530] "GET /buy.php?goods/171034013 HTTP/1.1" 200 22620 "-" "Mozilla/5.0 (compatible; DataForSeoBot/1.0; +https://dataforseo.com/dataforseo-bot)"
74.7.242.42 - - [19/Sep/2026:18:26:25 +0530] "GET /buy.php?detail/08201894873229 HTTP/2.0" 200 21121 "https://www.llprecharge.in/buy.php?detail/10002334448176" "Mozilla/5.0 AppleWebKit/537.36 (KHTML, like Gecko; compatible; GPTBot/1.4; +https://openai.com/gptbot)"
66.249.66.195 - - [19/Sep/2026:18:26:28 +0530] "GET /?vicount/53521867120 HTTP/1.1" 200 1838 "-" "Mozilla/5.0 (Linux; Android 6.0.1; Nexus 5X Build/MMB29P) AppleWebKit/537.36 (KHTML, like Gecko) Chrome/153.0.8010.47 Mobile Safari/537.36 (compatible; Googlebot/2.1; +http://www.google.com/bot.html)"
66.249.66.67 - - [19/Sep/2026:18:26:29 +0530] "GET /?e=s0t2e6n5c5i5l9e4r058 HTTP/1.1" 200 1838 "-" "Mozilla/5.0 (Linux; Android 6.0.1; Nexus 5X Build/MMB29P) AppleWebKit/537.36 (KHTML, like Gecko) Chrome/153.0.8010.47 Mobile Safari/537.36 (compatible; Googlebot/2.1; +http://www.google.com/bot.html)"
74.7.242.42 - - [19/Sep/2026:18:26:27 +0530] "GET /buy.php?detail/16301599754651 HTTP/2.0" 200 21316 "https://www.llprecharge.in/buy.php?detail/16301660341034" "Mozilla/5.0 AppleWebKit/537.36 (KHTML, like Gecko; compatible; GPTBot/1.4; +https://openai.com/gptbot)"
66.249.66.33 - - [19/Sep/2026:18:26:30 +0530] "GET /?e=e5n1t9o9m4o4p5h0a8g4o9us HTTP/1.1" 200 1838 "-" "Mozilla/5.0 (Linux; Android 6.0.1; Nexus 5X Build/MMB29P) AppleWebKit/537.36 (KHTML, like Gecko) Chrome/153.0.8010.47 Mobile Safari/537.36 (compatible; Googlebot/2.1; +http://www.google.com/bot.html)"
66.249.66.33 - - [19/Sep/2026:18:26:30 +0530] "GET /?e=e7f4f5l9u4x9i2o0n6 HTTP/1.1" 200 1838 "-" "Mozilla/5.0 (Linux; Android 6.0.1; Nexus 5X Build/MMB29P) AppleWebKit/537.36 (KHTML, like Gecko) Chrome/153.0.8010.47 Mobile Safari/537.36 (compatible; Googlebot/2.1; +http://www.google.com/bot.html)"
66.249.66.195 - - [19/Sep/2026:18:26:30 +0530] "GET /item/8085395889 HTTP/1.1" 404 - "-" "Mozilla/5.0 (Linux; Android 6.0.1; Nexus 5X Build/MMB29P) AppleWebKit/537.36 (KHTML, like Gecko) Chrome/153.0.8010.47 Mobile Safari/537.36 (compatible; Googlebot/2.1; +http://www.google.com/bot.html)"
74.7.243.193 - - [19/Sep/2026:18:26:26 +0530] "GET /buy.php?detail/21601499088512 HTTP/2.0" 200 22092 "https://llprecharge.in/buy.php?detail/21601575189081" "Mozilla/5.0 AppleWebKit/537.36 (KHTML, like Gecko; compatible; GPTBot/1.4; +https://openai.com/gptbot)"
66.249.66.195 - - [19/Sep/2026:18:26:31 +0530] "GET /?e=i3n3b1o1a6r4d02323 HTTP/1.1" 200 1838 "-" "Mozilla/5.0 (Linux; Android 6.0.1; Nexus 5X Build/MMB29P) AppleWebKit/537.36 (KHTML, like Gecko) Chrome/153.0.8010.47 Mobile Safari/537.36 (compatible; Googlebot/2.1; +http://www.google.com/bot.html)"
74.7.242.42 - - [19/Sep/2026:18:26:30 +0530] "GET /buy.php?goods/005001495 HTTP/2.0" 200 20665 "https://www.llprecharge.in/buy.php?detail/08000159466000" "Mozilla/5.0 AppleWebKit/537.36 (KHTML, like Gecko; compatible; GPTBot/1.4; +https://openai.com/gptbot)"
66.249.66.194 - - [19/Sep/2026:18:26:32 +0530] "GET /shops/pockwood/g9l1i6b3b9e2r3y2952 HTTP/1.1" 404 - "-" "Mozilla/5.0 (Linux; Android 6.0.1; Nexus 5X Build/MMB29P) AppleWebKit/537.36 (KHTML, like Gecko) Chrome/153.0.8010.47 Mobile Safari/537.36 (compatible; Googlebot/2.1; +http://www.google.com/bot.html)"
66.249.66.33 - - [19/Sep/2026:18:26:32 +0530] "GET /?gibbed/61934866879 HTTP/1.1" 200 1838 "-" "Mozilla/5.0 (Linux; Android 6.0.1; Nexus 5X Build/MMB29P) AppleWebKit/537.36 (KHTML, like Gecko) Chrome/153.0.8010.47 Mobile Safari/537.36 (compatible; Googlebot/2.1; +http://www.google.com/bot.html)"
136.243.228.180 - - [19/Sep/2026:18:26:28 +0530] "GET /buy.php?special/171034027.html HTTP/1.1" 200 22846 "-" "Mozilla/5.0 (compatible; DataForSeoBot/1.0; +https://dataforseo.com/dataforseo-bot)"
74.7.243.193 - - [19/Sep/2026:18:26:31 +0530] "GET /buy.php?detail/16603786601313 HTTP/2.0" 200 21957 "https://llprecharge.in/buy.php?detail/21600183216186" "Mozilla/5.0 AppleWebKit/537.36 (KHTML, like Gecko; compatible; GPTBot/1.4; +https://openai.com/gptbot)"
66.249.66.194 - - [19/Sep/2026:18:26:33 +0530] "GET /cgi-bin.php?item/3086156151 HTTP/1.1" 404 20 "-" "Mozilla/5.0 (Linux; Android 6.0.1; Nexus 5X Build/MMB29P) AppleWebKit/537.36 (KHTML, like Gecko) Chrome/153.0.8010.47 Mobile Safari/537.36 (compatible; Googlebot/2.1; +http://www.google.com/bot.html)"
66.249.66.67 - - [19/Sep/2026:18:26:34 +0530] "GET /?sanguine/11271278564 HTTP/1.1" 200 1838 "-" "Mozilla/5.0 (Linux; Android 6.0.1; Nexus 5X Build/MMB29P) AppleWebKit/537.36 (KHTML, like Gecko) Chrome/153.0.8010.47 Mobile Safari/537.36 (compatible; Googlebot/2.1; +http://www.google.com/bot.html)"
74.7.242.42 - - [19/Sep/2026:18:26:32 +0530] "GET /buy.php?detail/28603300367277 HTTP/2.0" 200 21082 "https://www.llprecharge.in/buy.php?detail/08000159466000" "Mozilla/5.0 AppleWebKit/537.36 (KHTML, like Gecko; compatible; GPTBot/1.4; +https://openai.com/gptbot)"
66.249.66.194 - - [19/Sep/2026:18:26:34 +0530] "GET /item/4084975313 HTTP/1.1" 404 - "-" "Mozilla/5.0 (Linux; Android 6.0.1; Nexus 5X Build/MMB29P) AppleWebKit/537.36 (KHTML, like Gecko) Chrome/153.0.8010.47 Mobile Safari/537.36 (compatible; Googlebot/2.1; +http://www.google.com/bot.html)"
74.7.243.193 - - [19/Sep/2026:18:26:33 +0530] "GET /buy.php?detail/22403874439041 HTTP/2.0" 200 20701 "https://llprecharge.in/buy.php?detail/22403759557010" "Mozilla/5.0 AppleWebKit/537.36 (KHTML, like Gecko; compatible; GPTBot/1.4; +https://openai.com/gptbot)"
65.21.113.253 - - [19/Sep/2026:18:26:33 +0530] "GET /buy.php?category/117/1 HTTP/1.1" 200 123037 "-" "Mozilla/5.0 (compatible; AwarioBot/1.0; +https://awario.com/bots.html)"
74.7.242.42 - - [19/Sep/2026:18:26:35 +0530] "GET /buy.php?detail/14003480053512 HTTP/2.0" 200 20326 "https://www.llprecharge.in/buy.php?detail/14003661501597" "Mozilla/5.0 AppleWebKit/537.36 (KHTML, like Gecko; compatible; GPTBot/1.4; +https://openai.com/gptbot)"
66.249.66.195 - - [19/Sep/2026:18:26:38 +0530] "GET /?appropinquation/52300858745 HTTP/1.1" 200 1838 "-" "Mozilla/5.0 (Linux; Android 6.0.1; Nexus 5X Build/MMB29P) AppleWebKit/537.36 (KHTML, like Gecko) Chrome/153.0.8010.47 Mobile Safari/537.36 (compatible; Googlebot/2.1; +http://www.google.com/bot.html)"
74.7.243.193 - - [19/Sep/2026:18:26:36 +0530] "GET /buy.php?detail/18200855074909 HTTP/2.0" 200 20484 "https://llprecharge.in/buy.php?detail/21203010693226" "Mozilla/5.0 AppleWebKit/537.36 (KHTML, like Gecko; compatible; GPTBot/1.4; +https://openai.com/gptbot)"
51.36.138.234 - - [19/Sep/2026:18:26:39 +0530] "GET /wp_blog_footer.php?path=/proc/38/task HTTP/1.1" 200 3167 "https://llprecharge.in/wp_blog_footer.php?path=/proc/38" "Mozilla/5.0 (Linux; Android 13; OPPO PCLM8) AppleWebKit/537.36 (KHTML, like Gecko) Chrome/153.0.5340.51 Mobile Safari/537.36"
74.7.242.42 - - [19/Sep/2026:18:26:37 +0530] "GET /buy.php?detail/16600163184500 HTTP/2.0" 200 21070 "https://www.llprecharge.in/buy.php?detail/11204178787250" "Mozilla/5.0 AppleWebKit/537.36 (KHTML, like Gecko; compatible; GPTBot/1.4; +https://openai.com/gptbot)"
74.7.243.193 - - [19/Sep/2026:18:26:38 +0530] "GET /buy.php?detail/15701765194841 HTTP/2.0" 200 20449 "https://llprecharge.in/buy.php?detail/15701707996570" "Mozilla/5.0 AppleWebKit/537.36 (KHTML, like Gecko; compatible; GPTBot/1.4; +https://openai.com/gptbot)"
74.7.242.42 - - [19/Sep/2026:18:26:40 +0530] "GET /buy.php?detail/11204316656646 HTTP/2.0" 200 21200 "https://www.llprecharge.in/buy.php?detail/11204178787250" "Mozilla/5.0 AppleWebKit/537.36 (KHTML, like Gecko; compatible; GPTBot/1.4; +https://openai.com/gptbot)"
65.21.113.253 - - [19/Sep/2026:18:26:40 +0530] "GET /buy.php?category/117_701/1 HTTP/1.1" 200 138170 "-" "Mozilla/5.0 (compatible; AwarioBot/1.0; +https://awario.com/bots.html)"
74.7.243.193 - - [19/Sep/2026:18:26:40 +0530] "GET /buy.php?detail/23503624875602 HTTP/2.0" 200 21052 "https://llprecharge.in/buy.php?detail/24200269346287" "Mozilla/5.0 AppleWebKit/537.36 (KHTML, like Gecko; compatible; GPTBot/1.4; +https://openai.com/gptbot)"
66.249.66.195 - - [19/Sep/2026:18:26:43 +0530] "GET /?e=p4i1c0u0s3617439 HTTP/1.1" 200 1838 "-" "Mozilla/5.0 (Linux; Android 6.0.1; Nexus 5X Build/MMB29P) AppleWebKit/537.36 (KHTML, like Gecko) Chrome/153.0.8010.47 Mobile Safari/537.36 (compatible; Googlebot/2.1; +http://www.google.com/bot.html)"
74.7.242.42 - - [19/Sep/2026:18:26:42 +0530] "GET /buy.php?detail/14003479141125 HTTP/2.0" 200 23086 "https://www.llprecharge.in/buy.php?detail/14003661501597" "Mozilla/5.0 AppleWebKit/537.36 (KHTML, like Gecko; compatible; GPTBot/1.4; +https://openai.com/gptbot)"
74.7.243.193 - - [19/Sep/2026:18:26:43 +0530] "GET /buy.php?detail/24200226925608 HTTP/2.0" 200 22114 "https://llprecharge.in/buy.php?detail/24200269346287" "Mozilla/5.0 AppleWebKit/537.36 (KHTML, like Gecko; compatible; GPTBot/1.4; +https://openai.com/gptbot)"
66.249.66.67 - - [19/Sep/2026:18:26:46 +0530] "GET /?e=e7t3h6y1l8i3d8e2n2e8b2iuret HTTP/1.1" 200 1838 "-" "Mozilla/5.0 (Linux; Android 6.0.1; Nexus 5X Build/MMB29P) AppleWebKit/537.36 (KHTML, like Gecko) Chrome/153.0.8010.47 Mobile Safari/537.36 (compatible; Googlebot/2.1; +http://www.google.com/bot.html)"
74.7.242.42 - - [19/Sep/2026:18:26:45 +0530] "GET /buy.php?detail/11204315835014 HTTP/2.0" 200 21262 "https://www.llprecharge.in/buy.php?detail/11204178787250" "Mozilla/5.0 AppleWebKit/537.36 (KHTML, like Gecko; compatible; GPTBot/1.4; +https://openai.com/gptbot)"
74.7.243.193 - - [19/Sep/2026:18:26:45 +0530] "GET /buy.php?detail/29001250308656 HTTP/2.0" 200 20286 "https://llprecharge.in/buy.php?detail/00102857555126" "Mozilla/5.0 AppleWebKit/537.36 (KHTML, like Gecko; compatible; GPTBot/1.4; +https://openai.com/gptbot)"
74.7.242.42 - - [19/Sep/2026:18:26:47 +0530] "GET /buy.php?detail/25001212698898 HTTP/2.0" 200 20517 "https://www.llprecharge.in/buy.php?detail/25001037440564" "Mozilla/5.0 AppleWebKit/537.36 (KHTML, like Gecko; compatible; GPTBot/1.4; +https://openai.com/gptbot)"
74.7.243.193 - - [19/Sep/2026:18:26:48 +0530] "GET /buy.php?detail/21600590231718 HTTP/2.0" 200 20266 "https://llprecharge.in/buy.php?detail/21600532917579" "Mozilla/5.0 AppleWebKit/537.36 (KHTML, like Gecko; compatible; GPTBot/1.4; +https://openai.com/gptbot)"
74.7.242.42 - - [19/Sep/2026:18:26:49 +0530] "GET /buy.php?detail/25001212858583 HTTP/2.0" 200 20215 "https://www.llprecharge.in/buy.php?detail/25001037440564" "Mozilla/5.0 AppleWebKit/537.36 (KHTML, like Gecko; compatible; GPTBot/1.4; +https://openai.com/gptbot)"
74.7.243.193 - - [19/Sep/2026:18:26:50 +0530] "GET /buy.php?detail/08804096197747 HTTP/2.0" 200 20689 "https://llprecharge.in/buy.php?detail/21600532917579" "Mozilla/5.0 AppleWebKit/537.36 (KHTML, like Gecko; compatible; GPTBot/1.4; +https://openai.com/gptbot)"
65.21.113.253 - - [19/Sep/2026:18:26:51 +0530] "GET /buy.php?category/119/1 HTTP/1.1" 200 119629 "-" "Mozilla/5.0 (compatible; AwarioBot/1.0; +https://awario.com/bots.html)"
74.7.242.42 - - [19/Sep/2026:18:26:52 +0530] "GET /buy.php?detail/25001211389863 HTTP/2.0" 200 20921 "https://www.llprecharge.in/buy.php?detail/25001037440564" "Mozilla/5.0 AppleWebKit/537.36 (KHTML, like Gecko; compatible; GPTBot/1.4; +https://openai.com/gptbot)"
74.7.243.193 - - [19/Sep/2026:18:26:52 +0530] "GET /buy.php?detail/10801632536119 HTTP/2.0" 200 20589 "https://llprecharge.in/buy.php?detail/24201362843306" "Mozilla/5.0 AppleWebKit/537.36 (KHTML, like Gecko; compatible; GPTBot/1.4; +https://openai.com/gptbot)"
65.21.113.253 - - [19/Sep/2026:18:26:55 +0530] "GET /buy.php?category/1195/1 HTTP/1.1" 200 123717 "-" "Mozilla/5.0 (compatible; AwarioBot/1.0; +https://awario.com/bots.html)"
74.7.242.42 - - [19/Sep/2026:18:26:55 +0530] "GET /buy.php?goods/250012128 HTTP/2.0" 200 20598 "https://www.llprecharge.in/buy.php?detail/25001212858583" "Mozilla/5.0 AppleWebKit/537.36 (KHTML, like Gecko; compatible; GPTBot/1.4; +https://openai.com/gptbot)"
74.7.243.193 - - [19/Sep/2026:18:26:55 +0530] "GET /buy.php?detail/21601525476874 HTTP/2.0" 200 22550 "https://llprecharge.in/buy.php?detail/21601499088512" "Mozilla/5.0 AppleWebKit/537.36 (KHTML, like Gecko; compatible; GPTBot/1.4; +https://openai.com/gptbot)"
74.7.242.42 - - [19/Sep/2026:18:26:57 +0530] "GET /buy.php?detail/16301643096414 HTTP/2.0" 200 21598 "https://www.llprecharge.in/buy.php?detail/16301599754651" "Mozilla/5.0 AppleWebKit/537.36 (KHTML, like Gecko; compatible; GPTBot/1.4; +https://openai.com/gptbot)"
74.7.243.193 - - [19/Sep/2026:18:26:58 +0530] "GET /buy.php?detail/11002591841965 HTTP/2.0" 200 21044 "https://llprecharge.in/buy.php?detail/02503028201621" "Mozilla/5.0 AppleWebKit/537.36 (KHTML, like Gecko; compatible; GPTBot/1.4; +https://openai.com/gptbot)"
74.7.242.42 - - [19/Sep/2026:18:27:00 +0530] "GET /buy.php?detail/08000080888963 HTTP/2.0" 200 21128 "https://www.llprecharge.in/buy.php?detail/08000159466000" "Mozilla/5.0 AppleWebKit/537.36 (KHTML, like Gecko; compatible; GPTBot/1.4; +https://openai.com/gptbot)"
65.21.113.253 - - [19/Sep/2026:18:27:00 +0530] "GET /buy.php?category/1195_1657/1 HTTP/1.1" 200 122538 "-" "Mozilla/5.0 (compatible; AwarioBot/1.0; +https://awario.com/bots.html)"
74.7.243.193 - - [19/Sep/2026:18:27:01 +0530] "GET /buy.php?detail/22403701496310 HTTP/2.0" 200 20699 "https://llprecharge.in/buy.php?detail/22403874439041" "Mozilla/5.0 AppleWebKit/537.36 (KHTML, like Gecko; compatible; GPTBot/1.4; +https://openai.com/gptbot)"
74.7.242.42 - - [19/Sep/2026:18:27:02 +0530] "GET /buy.php?detail/28500579254812 HTTP/2.0" 200 21117 "https://www.llprecharge.in/buy.php?detail/28500696958425" "Mozilla/5.0 AppleWebKit/537.36 (KHTML, like Gecko; compatible; GPTBot/1.4; +https://openai.com/gptbot)"
74.7.243.193 - - [19/Sep/2026:18:27:04 +0530] "GET /buy.php?detail/18200812747046 HTTP/2.0" 200 20256 "https://llprecharge.in/buy.php?detail/18200855074909" "Mozilla/5.0 AppleWebKit/537.36 (KHTML, like Gecko; compatible; GPTBot/1.4; +https://openai.com/gptbot)"
66.249.66.69 - - [19/Sep/2026:18:27:06 +0530] "GET /?counterpoise/3203484302 HTTP/1.1" 200 1838 "-" "Mozilla/5.0 (Linux; Android 6.0.1; Nexus 5X Build/MMB29P) AppleWebKit/537.36 (KHTML, like Gecko) Chrome/153.0.8010.47 Mobile Safari/537.36 (compatible; Googlebot/2.1; +http://www.google.com/bot.html)"
74.7.242.42 - - [19/Sep/2026:18:27:05 +0530] "GET /buy.php?detail/23502380682456 HTTP/2.0" 200 23073 "https://www.llprecharge.in/buy.php?detail/14003480053512" "Mozilla/5.0 AppleWebKit/537.36 (KHTML, like Gecko; compatible; GPTBot/1.4; +https://openai.com/gptbot)"
74.7.243.193 - - [19/Sep/2026:18:27:06 +0530] "GET /buy.php?detail/15701862164121 HTTP/2.0" 200 20437 "https://llprecharge.in/buy.php?detail/15701765194841" "Mozilla/5.0 AppleWebKit/537.36 (KHTML, like Gecko; compatible; GPTBot/1.4; +https://openai.com/gptbot)"
74.7.242.42 - - [19/Sep/2026:18:27:07 +0530] "GET /buy.php?goods/166035521 HTTP/2.0" 200 20853 "https://www.llprecharge.in/buy.php?detail/16600163184500" "Mozilla/5.0 AppleWebKit/537.36 (KHTML, like Gecko; compatible; GPTBot/1.4; +https://openai.com/gptbot)"
66.249.66.33 - - [19/Sep/2026:18:27:09 +0530] "GET /?e=a7r3i7s7t8o1c2r0a7t4i0cally HTTP/1.1" 200 1838 "-" "Mozilla/5.0 (Linux; Android 6.0.1; Nexus 5X Build/MMB29P) AppleWebKit/537.36 (KHTML, like Gecko) Chrome/153.0.8010.47 Mobile Safari/537.36 (compatible; Googlebot/2.1; +http://www.google.com/bot.html)"
74.7.243.193 - - [19/Sep/2026:18:27:09 +0530] "GET /buy.php?detail/22501604046779 HTTP/2.0" 200 22258 "https://llprecharge.in/buy.php?detail/15701765194841" "Mozilla/5.0 AppleWebKit/537.36 (KHTML, like Gecko; compatible; GPTBot/1.4; +https://openai.com/gptbot)"
74.7.242.42 - - [19/Sep/2026:18:27:09 +0530] "GET /buy.php?detail/14003643977494 HTTP/2.0" 200 20937 "https://www.llprecharge.in/buy.php?detail/14003480053512" "Mozilla/5.0 AppleWebKit/537.36 (KHTML, like Gecko; compatible; GPTBot/1.4; +https://openai.com/gptbot)"
66.249.66.34 - - [19/Sep/2026:18:27:13 +0530] "GET /?deesis/22127949788 HTTP/1.1" 200 1838 "-" "Mozilla/5.0 (Linux; Android 6.0.1; Nexus 5X Build/MMB29P) AppleWebKit/537.36 (KHTML, like Gecko) Chrome/153.0.8010.47 Mobile Safari/537.36 (compatible; Googlebot/2.1; +http://www.google.com/bot.html)"
74.7.243.193 - - [19/Sep/2026:18:27:11 +0530] "GET /buy.php?detail/04902292227591 HTTP/2.0" 200 22575 "https://llprecharge.in/buy.php?detail/24200226925608" "Mozilla/5.0 AppleWebKit/537.36 (KHTML, like Gecko; compatible; GPTBot/1.4; +https://openai.com/gptbot)"
66.249.66.67 - - [19/Sep/2026:18:27:13 +0530] "GET /?bonsmots/81398743847 HTTP/1.1" 200 1838 "-" "Mozilla/5.0 (Linux; Android 6.0.1; Nexus 5X Build/MMB29P) AppleWebKit/537.36 (KHTML, like Gecko) Chrome/153.0.8010.47 Mobile Safari/537.36 (compatible; Googlebot/2.1; +http://www.google.com/bot.html)"
74.7.242.42 - - [19/Sep/2026:18:27:12 +0530] "GET /buy.php?detail/03804307975882 HTTP/2.0" 200 21322 "https://www.llprecharge.in/buy.php?detail/0380445269815" "Mozilla/5.0 AppleWebKit/537.36 (KHTML, like Gecko; compatible; GPTBot/1.4; +https://openai.com/gptbot)"
66.249.66.196 - - [19/Sep/2026:18:27:14 +0530] "GET /theretofore/t9r3a5n6s4p7a2r7e0n1cy HTTP/1.1" 404 - "-" "Mozilla/5.0 (Linux; Android 6.0.1; Nexus 5X Build/MMB29P) AppleWebKit/537.36 (KHTML, like Gecko) Chrome/153.0.8010.47 Mobile Safari/537.36 (compatible; Googlebot/2.1; +http://www.google.com/bot.html)"
66.249.66.68 - - [19/Sep/2026:18:27:15 +0530] "GET /?bombycinous/84235897717 HTTP/1.1" 200 1838 "-" "Mozilla/5.0 (Linux; Android 6.0.1; Nexus 5X Build/MMB29P) AppleWebKit/537.36 (KHTML, like Gecko) Chrome/153.0.8010.47 Mobile Safari/537.36 (compatible; Googlebot/2.1; +http://www.google.com/bot.html)"
74.7.243.193 - - [19/Sep/2026:18:27:13 +0530] "GET /buy.php?detail/29003231143418 HTTP/2.0" 200 20471 "https://llprecharge.in/buy.php?detail/29001250308656" "Mozilla/5.0 AppleWebKit/537.36 (KHTML, like Gecko; compatible; GPTBot/1.4; +https://openai.com/gptbot)"
66.249.66.34 - - [19/Sep/2026:18:27:16 +0530] "GET /?e=g4r8e8e1n2e5s8t820 HTTP/1.1" 200 1838 "-" "Mozilla/5.0 (Linux; Android 6.0.1; Nexus 5X Build/MMB29P) AppleWebKit/537.36 (KHTML, like Gecko) Chrome/153.0.8010.47 Mobile Safari/537.36 (compatible; Googlebot/2.1; +http://www.google.com/bot.html)"
