74.7.242.42 - - [19/Sep/2026:18:15:23 +0530] "GET /buy.php?detail/01900351712343 HTTP/2.0" 200 21809 "https://www.llprecharge.in/buy.php?detail/01900249225608" "Mozilla/5.0 AppleWebKit/537.36 (KHTML, like Gecko; compatible; GPTBot/1.4; +https://openai.com/gptbot)"
74.7.243.193 - - [19/Sep/2026:18:15:23 +0530] "GET /buy.php?detail/10504850492685 HTTP/2.0" 200 22326 "https://llprecharge.in/buy.php?detail/10504829119709" "Mozilla/5.0 AppleWebKit/537.36 (KHTML, like Gecko; compatible; GPTBot/1.4; +https://openai.com/gptbot)"
74.7.242.42 - - [19/Sep/2026:18:15:25 +0530] "GET /buy.php?detail/03400184498867 HTTP/2.0" 200 21112 "https://www.llprecharge.in/buy.php?detail/27101412034405" "Mozilla/5.0 AppleWebKit/537.36 (KHTML, like Gecko; compatible; GPTBot/1.4; +https://openai.com/gptbot)"
66.249.66.195 - - [19/Sep/2026:18:15:28 +0530] "GET /interfaces/interfaceStore.php?item/9084773973 HTTP/1.1" 404 - "-" "Mozilla/5.0 (Linux; Android 6.0.1; Nexus 5X Build/MMB29P) AppleWebKit/537.36 (KHTML, like Gecko) Chrome/153.0.8010.47 Mobile Safari/537.36 (compatible; Googlebot/2.1; +http://www.google.com/bot.html)"
65.21.113.253 - - [19/Sep/2026:18:15:26 +0530] "GET /buy.php?category/1089/1 HTTP/1.1" 200 122182 "-" "Mozilla/5.0 (compatible; AwarioBot/1.0; +https://awario.com/bots.html)"
74.7.243.193 - - [19/Sep/2026:18:15:26 +0530] "GET /buy.php?detail/20601901652667 HTTP/2.0" 200 21118 "https://llprecharge.in/buy.php?detail/20601864699636" "Mozilla/5.0 AppleWebKit/537.36 (KHTML, like Gecko; compatible; GPTBot/1.4; +https://openai.com/gptbot)"
66.249.66.33 - - [19/Sep/2026:18:15:29 +0530] "GET /?ratify/0788551630 HTTP/1.1" 200 1838 "-" "Mozilla/5.0 (Linux; Android 6.0.1; Nexus 5X Build/MMB29P) AppleWebKit/537.36 (KHTML, like Gecko) Chrome/153.0.8010.47 Mobile Safari/537.36 (compatible; Googlebot/2.1; +http://www.google.com/bot.html)"
66.249.66.195 - - [19/Sep/2026:18:15:29 +0530] "GET /item/8085213583 HTTP/1.1" 404 - "-" "Mozilla/5.0 (Linux; Android 6.0.1; Nexus 5X Build/MMB29P) AppleWebKit/537.36 (KHTML, like Gecko) Chrome/153.0.8010.47 Mobile Safari/537.36 (compatible; Googlebot/2.1; +http://www.google.com/bot.html)"
66.249.66.195 - - [19/Sep/2026:18:15:30 +0530] "GET /?e=a4l7l3e6y81519 HTTP/1.1" 200 1838 "-" "Mozilla/5.0 (Linux; Android 6.0.1; Nexus 5X Build/MMB29P) AppleWebKit/537.36 (KHTML, like Gecko) Chrome/153.0.8010.47 Mobile Safari/537.36 (compatible; Googlebot/2.1; +http://www.google.com/bot.html)"
74.7.242.42 - - [19/Sep/2026:18:15:28 +0530] "GET /buy.php?detail/14102625271366 HTTP/2.0" 200 21699 "https://www.llprecharge.in/buy.php?detail/29000403674569" "Mozilla/5.0 AppleWebKit/537.36 (KHTML, like Gecko; compatible; GPTBot/1.4; +https://openai.com/gptbot)"
66.249.66.33 - - [19/Sep/2026:18:15:30 +0530] "GET /shops/fibroid/r9e8c9t6i0n2e4r5v0e8d HTTP/1.1" 404 - "-" "Mozilla/5.0 (Linux; Android 6.0.1; Nexus 5X Build/MMB29P) AppleWebKit/537.36 (KHTML, like Gecko) Chrome/153.0.8010.47 Mobile Safari/537.36 (compatible; Googlebot/2.1; +http://www.google.com/bot.html)"
74.7.243.193 - - [19/Sep/2026:18:15:29 +0530] "GET /buy.php?detail/10902176134831 HTTP/2.0" 200 21549 "https://llprecharge.in/buy.php?detail/01004881918616" "Mozilla/5.0 AppleWebKit/537.36 (KHTML, like Gecko; compatible; GPTBot/1.4; +https://openai.com/gptbot)"
66.249.66.67 - - [19/Sep/2026:18:15:31 +0530] "GET /?e=a1g3g3r8e3g3a4t1o2r28 HTTP/1.1" 200 1838 "-" "Mozilla/5.0 (Linux; Android 6.0.1; Nexus 5X Build/MMB29P) AppleWebKit/537.36 (KHTML, like Gecko) Chrome/153.0.8010.47 Mobile Safari/537.36 (compatible; Googlebot/2.1; +http://www.google.com/bot.html)"
66.249.66.33 - - [19/Sep/2026:18:15:31 +0530] "GET /?economics/41815448776 HTTP/1.1" 200 1838 "-" "Mozilla/5.0 (Linux; Android 6.0.1; Nexus 5X Build/MMB29P) AppleWebKit/537.36 (KHTML, like Gecko) Chrome/153.0.8010.47 Mobile Safari/537.36 (compatible; Googlebot/2.1; +http://www.google.com/bot.html)"
66.249.66.67 - - [19/Sep/2026:18:15:32 +0530] "GET /?e=n6e2b9u1l7a0r83785 HTTP/1.1" 200 1838 "-" "Mozilla/5.0 (Linux; Android 6.0.1; Nexus 5X Build/MMB29P) AppleWebKit/537.36 (KHTML, like Gecko) Chrome/153.0.8010.47 Mobile Safari/537.36 (compatible; Googlebot/2.1; +http://www.google.com/bot.html)"
74.7.242.42 - - [19/Sep/2026:18:15:30 +0530] "GET /buy.php?detail/22901343026218 HTTP/2.0" 200 20705 "https://www.llprecharge.in/buy.php?detail/22904062625045" "Mozilla/5.0 AppleWebKit/537.36 (KHTML, like Gecko; compatible; GPTBot/1.4; +https://openai.com/gptbot)"
66.249.66.195 - - [19/Sep/2026:18:15:33 +0530] "GET /?e=o1v1a4r4i9u4m4s4501 HTTP/1.1" 200 1838 "-" "Mozilla/5.0 (Linux; Android 6.0.1; Nexus 5X Build/MMB29P) AppleWebKit/537.36 (KHTML, like Gecko) Chrome/153.0.8010.47 Mobile Safari/537.36 (compatible; Googlebot/2.1; +http://www.google.com/bot.html)"
74.7.243.193 - - [19/Sep/2026:18:15:31 +0530] "GET /buy.php?detail/09003220644991 HTTP/2.0" 200 20475 "https://llprecharge.in/buy.php?detail/16501047183541" "Mozilla/5.0 AppleWebKit/537.36 (KHTML, like Gecko; compatible; GPTBot/1.4; +https://openai.com/gptbot)"
74.7.242.42 - - [19/Sep/2026:18:15:33 +0530] "GET /buy.php?detail/18500198735810 HTTP/2.0" 200 21414 "https://www.llprecharge.in/buy.php?detail/18500170968261" "Mozilla/5.0 AppleWebKit/537.36 (KHTML, like Gecko; compatible; GPTBot/1.4; +https://openai.com/gptbot)"
66.249.66.67 - - [19/Sep/2026:18:15:35 +0530] "GET /?digressively/2480132093 HTTP/1.1" 200 1838 "-" "Mozilla/5.0 (Linux; Android 6.0.1; Nexus 5X Build/MMB29P) AppleWebKit/537.36 (KHTML, like Gecko) Chrome/153.0.8010.47 Mobile Safari/537.36 (compatible; Googlebot/2.1; +http://www.google.com/bot.html)"
65.21.113.253 - - [19/Sep/2026:18:15:33 +0530] "GET /buy.php?category/1089_1090/1 HTTP/1.1" 200 126687 "-" "Mozilla/5.0 (compatible; AwarioBot/1.0; +https://awario.com/bots.html)"
66.249.66.194 - - [19/Sep/2026:18:15:36 +0530] "GET /item/4060511662 HTTP/1.1" 404 - "-" "Mozilla/5.0 (Linux; Android 6.0.1; Nexus 5X Build/MMB29P) AppleWebKit/537.36 (KHTML, like Gecko) Chrome/153.0.8010.47 Mobile Safari/537.36 (compatible; Googlebot/2.1; +http://www.google.com/bot.html)"
74.7.242.42 - - [19/Sep/2026:18:15:35 +0530] "GET /buy.php?detail/15201855112369 HTTP/2.0" 200 21163 "https://www.llprecharge.in/buy.php?detail/18500170968261" "Mozilla/5.0 AppleWebKit/537.36 (KHTML, like Gecko; compatible; GPTBot/1.4; +https://openai.com/gptbot)"
66.249.66.195 - - [19/Sep/2026:18:15:37 +0530] "GET /cgi-bin.php?item/6062778812 HTTP/1.1" 404 20 "-" "Mozilla/5.0 (Linux; Android 6.0.1; Nexus 5X Build/MMB29P) AppleWebKit/537.36 (KHTML, like Gecko) Chrome/153.0.8010.47 Mobile Safari/537.36 (compatible; Googlebot/2.1; +http://www.google.com/bot.html)"
66.249.66.33 - - [19/Sep/2026:18:15:37 +0530] "GET /?e=g1i2r1o4n6d3i0s6t146 HTTP/1.1" 200 1838 "-" "Mozilla/5.0 (Linux; Android 6.0.1; Nexus 5X Build/MMB29P) AppleWebKit/537.36 (KHTML, like Gecko) Chrome/153.0.8010.47 Mobile Safari/537.36 (compatible; Googlebot/2.1; +http://www.google.com/bot.html)"
66.249.66.33 - - [19/Sep/2026:18:15:38 +0530] "GET /shops/farrier/d9i4s9s8e2n9t7i8n9g7 HTTP/1.1" 404 - "-" "Mozilla/5.0 (Linux; Android 6.0.1; Nexus 5X Build/MMB29P) AppleWebKit/537.36 (KHTML, like Gecko) Chrome/153.0.8010.47 Mobile Safari/537.36 (compatible; Googlebot/2.1; +http://www.google.com/bot.html)"
74.7.243.193 - - [19/Sep/2026:18:15:34 +0530] "GET /buy.php?detail/13101231349812 HTTP/2.0" 200 20647 "https://llprecharge.in/buy.php?detail/13101284270990" "Mozilla/5.0 AppleWebKit/537.36 (KHTML, like Gecko; compatible; GPTBot/1.4; +https://openai.com/gptbot)"
74.7.242.42 - - [19/Sep/2026:18:15:37 +0530] "GET /buy.php?detail/02202303810428 HTTP/2.0" 200 22638 "https://www.llprecharge.in/buy.php?detail/17600110112007" "Mozilla/5.0 AppleWebKit/537.36 (KHTML, like Gecko; compatible; GPTBot/1.4; +https://openai.com/gptbot)"
65.21.113.253 - - [19/Sep/2026:18:15:40 +0530] "GET /robots.txt HTTP/1.1" 200 368 "-" "Mozilla/5.0 (compatible; AwarioBot/1.0; +https://awario.com/bots.html)"
74.7.243.193 - - [19/Sep/2026:18:15:39 +0530] "GET /buy.php?detail/15000382498005 HTTP/2.0" 200 20172 "https://llprecharge.in/buy.php?detail/12303697967335" "Mozilla/5.0 AppleWebKit/537.36 (KHTML, like Gecko; compatible; GPTBot/1.4; +https://openai.com/gptbot)"
74.7.242.42 - - [19/Sep/2026:18:15:39 +0530] "GET /buy.php?detail/03404055470323 HTTP/2.0" 200 19612 "https://www.llprecharge.in/buy.php?detail/17600110112007" "Mozilla/5.0 AppleWebKit/537.36 (KHTML, like Gecko; compatible; GPTBot/1.4; +https://openai.com/gptbot)"
65.21.113.253 - - [19/Sep/2026:18:15:40 +0530] "GET /buy.php?category/1091/1 HTTP/1.1" 200 161627 "-" "Mozilla/5.0 (compatible; AwarioBot/1.0; +https://awario.com/bots.html)"
74.7.242.42 - - [19/Sep/2026:18:15:42 +0530] "GET /buy.php?detail/25900399518951 HTTP/2.0" 200 21574 "https://www.llprecharge.in/buy.php?detail/25900348317346" "Mozilla/5.0 AppleWebKit/537.36 (KHTML, like Gecko; compatible; GPTBot/1.4; +https://openai.com/gptbot)"
45.142.237.107 - - [19/Sep/2026:18:15:44 +0530] "GET /LLPRECHARGE/user/API.php?userid=AU1120&token=COgjiOKqElD][CQ[Dk3rSRChT]73F2NK&partnerid=172235471&opcode=26&mobile=7668634996&amount=349 HTTP/1.1" 200 104 "-" "-"
74.7.242.42 - - [19/Sep/2026:18:15:44 +0530] "GET /buy.php?detail/28604712759345 HTTP/2.0" 200 21280 "https://www.llprecharge.in/buy.php?detail/24801059401974" "Mozilla/5.0 AppleWebKit/537.36 (KHTML, like Gecko; compatible; GPTBot/1.4; +https://openai.com/gptbot)"
74.7.243.193 - - [19/Sep/2026:18:15:42 +0530] "GET /buy.php?detail/09700117797430 HTTP/2.0" 200 21433 "https://llprecharge.in/buy.php?detail/22704282314202" "Mozilla/5.0 AppleWebKit/537.36 (KHTML, like Gecko; compatible; GPTBot/1.4; +https://openai.com/gptbot)"
74.7.242.42 - - [19/Sep/2026:18:15:46 +0530] "GET /buy.php?goods/280033222 HTTP/2.0" 200 20645 "https://www.llprecharge.in/buy.php?detail/28003147778320" "Mozilla/5.0 AppleWebKit/537.36 (KHTML, like Gecko; compatible; GPTBot/1.4; +https://openai.com/gptbot)"
66.249.66.33 - - [19/Sep/2026:18:15:50 +0530] "GET /interfaces/interfaceStore.php?item/4086845688 HTTP/1.1" 404 - "-" "Mozilla/5.0 (Linux; Android 6.0.1; Nexus 5X Build/MMB29P) AppleWebKit/537.36 (KHTML, like Gecko) Chrome/153.0.8010.47 Mobile Safari/537.36 (compatible; Googlebot/2.1; +http://www.google.com/bot.html)"
74.7.242.42 - - [19/Sep/2026:18:15:49 +0530] "GET /buy.php?detail/17400461233894 HTTP/2.0" 200 21666 "https://www.llprecharge.in/buy.php?detail/17400439661679" "Mozilla/5.0 AppleWebKit/537.36 (KHTML, like Gecko; compatible; GPTBot/1.4; +https://openai.com/gptbot)"
66.249.66.194 - - [19/Sep/2026:18:15:51 +0530] "GET /index.php?e=p4a1s5t5e9u3r1s4260 HTTP/1.1" 404 20 "-" "Mozilla/5.0 (Linux; Android 6.0.1; Nexus 5X Build/MMB29P) AppleWebKit/537.36 (KHTML, like Gecko) Chrome/153.0.8010.47 Mobile Safari/537.36 (compatible; Googlebot/2.1; +http://www.google.com/bot.html)"
74.7.243.193 - - [19/Sep/2026:18:15:47 +0530] "GET /buy.php?detail/16300713553851 HTTP/2.0" 200 21101 "https://llprecharge.in/buy.php?detail/20601864699636" "Mozilla/5.0 AppleWebKit/537.36 (KHTML, like Gecko; compatible; GPTBot/1.4; +https://openai.com/gptbot)"
65.21.113.253 - - [19/Sep/2026:18:15:52 +0530] "GET /buy.php?category/1091_1092/1 HTTP/1.1" 200 130215 "-" "Mozilla/5.0 (compatible; AwarioBot/1.0; +https://awario.com/bots.html)"
74.7.243.193 - - [19/Sep/2026:18:15:55 +0530] "GET /buy.php?detail/14600542259312 HTTP/2.0" 200 21451 "https://llprecharge.in/buy.php?detail/16402136019531" "Mozilla/5.0 AppleWebKit/537.36 (KHTML, like Gecko; compatible; GPTBot/1.4; +https://openai.com/gptbot)"
65.21.113.253 - - [19/Sep/2026:18:15:56 +0530] "GET /buy.php?category/1096/1 HTTP/1.1" 200 120237 "-" "Mozilla/5.0 (compatible; AwarioBot/1.0; +https://awario.com/bots.html)"
66.249.66.68 - - [19/Sep/2026:18:16:03 +0530] "GET /interfaces/interfaceStore.php?item/7085372015 HTTP/1.1" 404 - "-" "Mozilla/5.0 (Linux; Android 6.0.1; Nexus 5X Build/MMB29P) AppleWebKit/537.36 (KHTML, like Gecko) Chrome/153.0.8010.47 Mobile Safari/537.36 (compatible; Googlebot/2.1; +http://www.google.com/bot.html)"
136.243.228.180 - - [19/Sep/2026:18:15:57 +0530] "GET /buy.php?special/164006342.html HTTP/1.1" 200 20809 "-" "Mozilla/5.0 (compatible; DataForSeoBot/1.0; +https://dataforseo.com/dataforseo-bot)"
45.142.237.107 - - [19/Sep/2026:18:16:09 +0530] "GET /LLPRECHARGE/user/API.php?userid=AU1120&token=COgjiOKqElD][CQ[Dk3rSRChT]73F2NK&partnerid=172235555&opcode=26&mobile=7668634996&amount=349 HTTP/1.1" 200 104 "-" "-"
136.243.228.180 - - [19/Sep/2026:18:16:08 +0530] "GET /buy.php?special/226027144.html HTTP/1.1" 200 20955 "-" "Mozilla/5.0 (compatible; DataForSeoBot/1.0; +https://dataforseo.com/dataforseo-bot)"
74.7.242.42 - - [19/Sep/2026:18:15:51 +0530] "GET /buy.php?detail/19804171331367 HTTP/2.0" 200 20641 "https://www.llprecharge.in/buy.php?detail/03400184498867" "Mozilla/5.0 AppleWebKit/537.36 (KHTML, like Gecko; compatible; GPTBot/1.4; +https://openai.com/gptbot)"
74.7.243.193 - - [19/Sep/2026:18:15:57 +0530] "GET /buy.php?detail/13800182322073 HTTP/2.0" 200 20848 "https://llprecharge.in/buy.php?detail/10504829119709" "Mozilla/5.0 AppleWebKit/537.36 (KHTML, like Gecko; compatible; GPTBot/1.4; +https://openai.com/gptbot)"
74.7.242.42 - - [19/Sep/2026:18:16:11 +0530] "GET /buy.php?detail/28803984856217 HTTP/2.0" 200 21107 "https://www.llprecharge.in/buy.php?detail/14102625271366" "Mozilla/5.0 AppleWebKit/537.36 (KHTML, like Gecko; compatible; GPTBot/1.4; +https://openai.com/gptbot)"
65.21.113.253 - - [19/Sep/2026:18:16:02 +0530] "GET /buy.php?category/1096_1831/1 HTTP/1.1" 200 142953 "-" "Mozilla/5.0 (compatible; AwarioBot/1.0; +https://awario.com/bots.html)"
74.7.243.193 - - [19/Sep/2026:18:16:12 +0530] "GET /buy.php?detail/23404869734725 HTTP/2.0" 200 21537 "https://llprecharge.in/buy.php?detail/20601864699636" "Mozilla/5.0 AppleWebKit/537.36 (KHTML, like Gecko; compatible; GPTBot/1.4; +https://openai.com/gptbot)"
136.243.228.180 - - [19/Sep/2026:18:16:12 +0530] "GET /buy.php?goods/072006436 HTTP/1.1" 200 21203 "-" "Mozilla/5.0 (compatible; DataForSeoBot/1.0; +https://dataforseo.com/dataforseo-bot)"
66.249.66.67 - - [19/Sep/2026:18:16:15 +0530] "GET /?e=f4e1v3e8r1s335177 HTTP/1.1" 200 1838 "-" "Mozilla/5.0 (Linux; Android 6.0.1; Nexus 5X Build/MMB29P) AppleWebKit/537.36 (KHTML, like Gecko) Chrome/153.0.8010.47 Mobile Safari/537.36 (compatible; Googlebot/2.1; +http://www.google.com/bot.html)"
66.249.66.33 - - [19/Sep/2026:18:16:16 +0530] "GET /?foraminous/14069344904 HTTP/1.1" 200 1838 "-" "Mozilla/5.0 (Linux; Android 6.0.1; Nexus 5X Build/MMB29P) AppleWebKit/537.36 (KHTML, like Gecko) Chrome/153.0.8010.47 Mobile Safari/537.36 (compatible; Googlebot/2.1; +http://www.google.com/bot.html)"
74.7.243.193 - - [19/Sep/2026:18:16:14 +0530] "GET /buy.php?detail/15903143733292 HTTP/2.0" 200 21247 "https://llprecharge.in/buy.php?detail/15902027852749" "Mozilla/5.0 AppleWebKit/537.36 (KHTML, like Gecko; compatible; GPTBot/1.4; +https://openai.com/gptbot)"
168.119.209.108 - - [19/Sep/2026:18:16:18 +0530] "GET /user/api_balance.php?userid=AU1121&token=dMgDWkPbbsmeca76X0lncsVCYVjIE61Q HTTP/1.1" 500 - "-" "RestSharp/106.13.0.0"
74.7.242.42 - - [19/Sep/2026:18:16:14 +0530] "GET /buy.php?goods/198041713 HTTP/2.0" 200 21200 "https://www.llprecharge.in/buy.php?detail/19804171331367" "Mozilla/5.0 AppleWebKit/537.36 (KHTML, like Gecko; compatible; GPTBot/1.4; +https://openai.com/gptbot)"
136.243.228.180 - - [19/Sep/2026:18:16:16 +0530] "GET /buy.php?special/154004188.html HTTP/1.1" 200 20244 "-" "Mozilla/5.0 (compatible; DataForSeoBot/1.0; +https://dataforseo.com/dataforseo-bot)"
74.7.243.193 - - [19/Sep/2026:18:16:18 +0530] "GET /buy.php?detail/26801069211513 HTTP/2.0" 200 20500 "https://llprecharge.in/buy.php?detail/26800993143431" "Mozilla/5.0 AppleWebKit/537.36 (KHTML, like Gecko; compatible; GPTBot/1.4; +https://openai.com/gptbot)"
74.7.242.42 - - [19/Sep/2026:18:16:18 +0530] "GET /buy.php?detail/06601428994060 HTTP/2.0" 200 20382 "https://www.llprecharge.in/buy.php?detail/22901343026218" "Mozilla/5.0 AppleWebKit/537.36 (KHTML, like Gecko; compatible; GPTBot/1.4; +https://openai.com/gptbot)"
74.7.243.193 - - [19/Sep/2026:18:16:20 +0530] "GET /buy.php?detail/22702923746560 HTTP/2.0" 200 20328 "https://llprecharge.in/buy.php?detail/22704282314202" "Mozilla/5.0 AppleWebKit/537.36 (KHTML, like Gecko; compatible; GPTBot/1.4; +https://openai.com/gptbot)"
136.243.228.180 - - [19/Sep/2026:18:16:21 +0530] "GET /buy.php?goods/072006433 HTTP/1.1" 200 20400 "-" "Mozilla/5.0 (compatible; DataForSeoBot/1.0; +https://dataforseo.com/dataforseo-bot)"
74.7.242.42 - - [19/Sep/2026:18:16:21 +0530] "GET /buy.php?detail/23502401768278 HTTP/2.0" 200 23241 "https://www.llprecharge.in/buy.php?detail/23500709559539" "Mozilla/5.0 AppleWebKit/537.36 (KHTML, like Gecko; compatible; GPTBot/1.4; +https://openai.com/gptbot)"
74.7.243.193 - - [19/Sep/2026:18:16:23 +0530] "GET /buy.php?detail/16402142449858 HTTP/2.0" 200 20489 "https://llprecharge.in/buy.php?detail/16402136019531" "Mozilla/5.0 AppleWebKit/537.36 (KHTML, like Gecko; compatible; GPTBot/1.4; +https://openai.com/gptbot)"
136.243.228.180 - - [19/Sep/2026:18:16:24 +0530] "GET /buy.php?jp/120047099.html HTTP/1.1" 200 22128 "-" "Mozilla/5.0 (compatible; DataForSeoBot/1.0; +https://dataforseo.com/dataforseo-bot)"
74.7.242.42 - - [19/Sep/2026:18:16:23 +0530] "GET /buy.php?detail/20701496513504 HTTP/2.0" 200 21475 "https://www.llprecharge.in/buy.php?detail/20701527624685" "Mozilla/5.0 AppleWebKit/537.36 (KHTML, like Gecko; compatible; GPTBot/1.4; +https://openai.com/gptbot)"
74.7.243.193 - - [19/Sep/2026:18:16:25 +0530] "GET /buy.php?detail/01802514359200 HTTP/2.0" 200 21638 "https://llprecharge.in/buy.php?detail/01801983076980" "Mozilla/5.0 AppleWebKit/537.36 (KHTML, like Gecko; compatible; GPTBot/1.4; +https://openai.com/gptbot)"
74.7.242.42 - - [19/Sep/2026:18:16:27 +0530] "GET /buy.php?detail/26904081597424 HTTP/2.0" 200 22012 "https://www.llprecharge.in/buy.php?detail/26904126103010" "Mozilla/5.0 AppleWebKit/537.36 (KHTML, like Gecko; compatible; GPTBot/1.4; +https://openai.com/gptbot)"
66.249.66.67 - - [19/Sep/2026:18:16:29 +0530] "GET /?disassimilative/51308873695 HTTP/1.1" 200 1838 "-" "Mozilla/5.0 (Linux; Android 6.0.1; Nexus 5X Build/MMB29P) AppleWebKit/537.36 (KHTML, like Gecko) Chrome/153.0.8010.47 Mobile Safari/537.36 (compatible; Googlebot/2.1; +http://www.google.com/bot.html)"
65.21.113.253 - - [19/Sep/2026:18:16:26 +0530] "GET /buy.php?category/1096_1831_1832/1 HTTP/1.1" 200 142374 "-" "Mozilla/5.0 (compatible; AwarioBot/1.0; +https://awario.com/bots.html)"
66.249.66.195 - - [19/Sep/2026:18:16:29 +0530] "GET /review/goods/L1352679605/ HTTP/1.1" 404 - "-" "Mozilla/5.0 (Linux; Android 6.0.1; Nexus 5X Build/MMB29P) AppleWebKit/537.36 (KHTML, like Gecko) Chrome/153.0.8010.47 Mobile Safari/537.36 (compatible; Googlebot/2.1; +http://www.google.com/bot.html)"
74.7.243.193 - - [19/Sep/2026:18:16:27 +0530] "GET /buy.php?detail/28702953633503 HTTP/2.0" 200 23180 "https://llprecharge.in/buy.php?detail/28702951987740" "Mozilla/5.0 AppleWebKit/537.36 (KHTML, like Gecko; compatible; GPTBot/1.4; +https://openai.com/gptbot)"
66.249.66.196 - - [19/Sep/2026:18:16:30 +0530] "GET /?e=i2n2h3u8m5a9n00734 HTTP/1.1" 200 1838 "-" "Mozilla/5.0 (Linux; Android 6.0.1; Nexus 5X Build/MMB29P) AppleWebKit/537.36 (KHTML, like Gecko) Chrome/153.0.8010.47 Mobile Safari/537.36 (compatible; Googlebot/2.1; +http://www.google.com/bot.html)"
136.243.228.180 - - [19/Sep/2026:18:16:28 +0530] "GET /buy.php?special/120047084.html HTTP/1.1" 200 21955 "-" "Mozilla/5.0 (compatible; DataForSeoBot/1.0; +https://dataforseo.com/dataforseo-bot)"
74.7.242.42 - - [19/Sep/2026:18:16:29 +0530] "GET /buy.php?detail/27101457219336 HTTP/2.0" 200 20234 "https://www.llprecharge.in/buy.php?detail/2710145522225" "Mozilla/5.0 AppleWebKit/537.36 (KHTML, like Gecko; compatible; GPTBot/1.4; +https://openai.com/gptbot)"
74.7.243.193 - - [19/Sep/2026:18:16:30 +0530] "GET /buy.php?detail/13403071581176 HTTP/2.0" 200 20281 "https://llprecharge.in/buy.php?jp/134030529.html" "Mozilla/5.0 AppleWebKit/537.36 (KHTML, like Gecko; compatible; GPTBot/1.4; +https://openai.com/gptbot)"
74.7.242.42 - - [19/Sep/2026:18:16:31 +0530] "GET /buy.php?detail/08501246039207 HTTP/2.0" 200 20444 "https://www.llprecharge.in/buy.php?detail/08500786996618" "Mozilla/5.0 AppleWebKit/537.36 (KHTML, like Gecko; compatible; GPTBot/1.4; +https://openai.com/gptbot)"
65.21.113.253 - - [19/Sep/2026:18:16:31 +0530] "GET /buy.php?category/1096_1831_2638/1 HTTP/1.1" 200 120919 "-" "Mozilla/5.0 (compatible; AwarioBot/1.0; +https://awario.com/bots.html)"
74.7.243.193 - - [19/Sep/2026:18:16:32 +0530] "GET /buy.php?detail/03602372927441 HTTP/2.0" 200 20681 "https://llprecharge.in/buy.php?detail/16300713553851" "Mozilla/5.0 AppleWebKit/537.36 (KHTML, like Gecko; compatible; GPTBot/1.4; +https://openai.com/gptbot)"
74.7.242.42 - - [19/Sep/2026:18:16:34 +0530] "GET /buy.php?detail/24601934859947 HTTP/2.0" 200 21111 "https://www.llprecharge.in/buy.php?detail/24601472496133" "Mozilla/5.0 AppleWebKit/537.36 (KHTML, like Gecko; compatible; GPTBot/1.4; +https://openai.com/gptbot)"
74.7.243.193 - - [19/Sep/2026:18:16:35 +0530] "GET /buy.php?detail/14600318016369 HTTP/2.0" 200 21644 "https://llprecharge.in/buy.php?detail/14600542259312" "Mozilla/5.0 AppleWebKit/537.36 (KHTML, like Gecko; compatible; GPTBot/1.4; +https://openai.com/gptbot)"
74.7.242.42 - - [19/Sep/2026:18:16:36 +0530] "GET /buy.php?detail/28003322261512 HTTP/2.0" 200 21333 "https://www.llprecharge.in/buy.php?goods/280033222" "Mozilla/5.0 AppleWebKit/537.36 (KHTML, like Gecko; compatible; GPTBot/1.4; +https://openai.com/gptbot)"
66.249.66.67 - - [19/Sep/2026:18:16:38 +0530] "GET /?snare/81184200787 HTTP/1.1" 200 1838 "-" "Mozilla/5.0 (Linux; Android 6.0.1; Nexus 5X Build/MMB29P) AppleWebKit/537.36 (KHTML, like Gecko) Chrome/153.0.8010.47 Mobile Safari/537.36 (compatible; Googlebot/2.1; +http://www.google.com/bot.html)"
74.7.243.193 - - [19/Sep/2026:18:16:37 +0530] "GET /buy.php?detail/13800199195552 HTTP/2.0" 200 20981 "https://llprecharge.in/buy.php?detail/13800182322073" "Mozilla/5.0 AppleWebKit/537.36 (KHTML, like Gecko; compatible; GPTBot/1.4; +https://openai.com/gptbot)"
66.249.66.67 - - [19/Sep/2026:18:16:39 +0530] "GET /?e=p3o3c9k0i1n6e4s0s144 HTTP/1.1" 200 1838 "-" "Mozilla/5.0 (Linux; Android 6.0.1; Nexus 5X Build/MMB29P) AppleWebKit/537.36 (KHTML, like Gecko) Chrome/153.0.8010.47 Mobile Safari/537.36 (compatible; Googlebot/2.1; +http://www.google.com/bot.html)"
136.243.228.180 - - [19/Sep/2026:18:16:33 +0530] "GET /buy.php?special/120047106.html HTTP/1.1" 200 21940 "-" "Mozilla/5.0 (compatible; DataForSeoBot/1.0; +https://dataforseo.com/dataforseo-bot)"
74.7.242.42 - - [19/Sep/2026:18:16:39 +0530] "GET /buy.php?detail/22803359786371 HTTP/2.0" 200 20528 "https://www.llprecharge.in/buy.php?detail/22803391311615" "Mozilla/5.0 AppleWebKit/537.36 (KHTML, like Gecko; compatible; GPTBot/1.4; +https://openai.com/gptbot)"
74.7.243.193 - - [19/Sep/2026:18:16:40 +0530] "GET /buy.php?detail/14600319654341 HTTP/2.0" 200 20651 "https://llprecharge.in/buy.php?detail/14600542259312" "Mozilla/5.0 AppleWebKit/537.36 (KHTML, like Gecko; compatible; GPTBot/1.4; +https://openai.com/gptbot)"
74.7.242.42 - - [19/Sep/2026:18:16:41 +0530] "GET /buy.php?detail/19803991464600 HTTP/2.0" 200 21133 "https://www.llprecharge.in/buy.php?detail/19804171331367" "Mozilla/5.0 AppleWebKit/537.36 (KHTML, like Gecko; compatible; GPTBot/1.4; +https://openai.com/gptbot)"
136.243.228.180 - - [19/Sep/2026:18:16:42 +0530] "GET /buy.php?special/120047110.html HTTP/1.1" 200 22211 "-" "Mozilla/5.0 (compatible; DataForSeoBot/1.0; +https://dataforseo.com/dataforseo-bot)"
74.7.243.193 - - [19/Sep/2026:18:16:42 +0530] "GET /buy.php?detail/01800710102333 HTTP/2.0" 200 20428 "https://llprecharge.in/buy.php?detail/15903143733292" "Mozilla/5.0 AppleWebKit/537.36 (KHTML, like Gecko; compatible; GPTBot/1.4; +https://openai.com/gptbot)"
65.21.113.253 - - [19/Sep/2026:18:16:43 +0530] "GET /buy.php?category/1099/1 HTTP/1.1" 200 132028 "-" "Mozilla/5.0 (compatible; AwarioBot/1.0; +https://awario.com/bots.html)"
74.7.242.42 - - [19/Sep/2026:18:16:44 +0530] "GET /buy.php?detail/17303523559324 HTTP/2.0" 200 20649 "https://www.llprecharge.in/buy.php?detail/28803984856217" "Mozilla/5.0 AppleWebKit/537.36 (KHTML, like Gecko; compatible; GPTBot/1.4; +https://openai.com/gptbot)"
66.249.66.33 - - [19/Sep/2026:18:16:47 +0530] "GET /interfaces/interfaceStore.php?item/5086259221 HTTP/1.1" 404 - "-" "Mozilla/5.0 (Linux; Android 6.0.1; Nexus 5X Build/MMB29P) AppleWebKit/537.36 (KHTML, like Gecko) Chrome/153.0.8010.47 Mobile Safari/537.36 (compatible; Googlebot/2.1; +http://www.google.com/bot.html)"
74.7.243.193 - - [19/Sep/2026:18:16:45 +0530] "GET /buy.php?detail/15902650422409 HTTP/2.0" 200 20924 "https://llprecharge.in/buy.php?detail/15903143733292" "Mozilla/5.0 AppleWebKit/537.36 (KHTML, like Gecko; compatible; GPTBot/1.4; +https://openai.com/gptbot)"
66.249.66.195 - - [19/Sep/2026:18:16:47 +0530] "GET /?proportionated/41785816736 HTTP/1.1" 200 1838 "-" "Mozilla/5.0 (Linux; Android 6.0.1; Nexus 5X Build/MMB29P) AppleWebKit/537.36 (KHTML, like Gecko) Chrome/153.0.8010.47 Mobile Safari/537.36 (compatible; Googlebot/2.1; +http://www.google.com/bot.html)"
136.243.228.180 - - [19/Sep/2026:18:16:46 +0530] "GET /buy.php?special/120047074.html HTTP/1.1" 200 22112 "-" "Mozilla/5.0 (compatible; DataForSeoBot/1.0; +https://dataforseo.com/dataforseo-bot)"
66.249.66.195 - - [19/Sep/2026:18:16:48 +0530] "GET /krameria/auripigment/23696277142 HTTP/1.1" 404 - "-" "Mozilla/5.0 (Linux; Android 6.0.1; Nexus 5X Build/MMB29P) AppleWebKit/537.36 (KHTML, like Gecko) Chrome/153.0.8010.47 Mobile Safari/537.36 (compatible; Googlebot/2.1; +http://www.google.com/bot.html)"
74.7.242.42 - - [19/Sep/2026:18:16:46 +0530] "GET /buy.php?detail/14301723886164 HTTP/2.0" 200 22160 "https://www.llprecharge.in/buy.php?detail/19804171331367" "Mozilla/5.0 AppleWebKit/537.36 (KHTML, like Gecko; compatible; GPTBot/1.4; +https://openai.com/gptbot)"
66.249.66.195 - - [19/Sep/2026:18:16:48 +0530] "GET /index.php?item/1084867166 HTTP/1.1" 404 20 "-" "Mozilla/5.0 (Linux; Android 6.0.1; Nexus 5X Build/MMB29P) AppleWebKit/537.36 (KHTML, like Gecko) Chrome/153.0.8010.47 Mobile Safari/537.36 (compatible; Googlebot/2.1; +http://www.google.com/bot.html)"
74.7.243.193 - - [19/Sep/2026:18:16:47 +0530] "GET /buy.php?detail/18003880011759 HTTP/2.0" 200 20440 "https://llprecharge.in/buy.php?detail/22702923746560" "Mozilla/5.0 AppleWebKit/537.36 (KHTML, like Gecko; compatible; GPTBot/1.4; +https://openai.com/gptbot)"
65.21.113.253 - - [19/Sep/2026:18:16:48 +0530] "GET /buy.php?category/1099_1100/1 HTTP/1.1" 200 126473 "-" "Mozilla/5.0 (compatible; AwarioBot/1.0; +https://awario.com/bots.html)"
74.7.242.42 - - [19/Sep/2026:18:16:49 +0530] "GET /buy.php?detail/06603072416297 HTTP/2.0" 200 20402 "https://www.llprecharge.in/buy.php?detail/06601428994060" "Mozilla/5.0 AppleWebKit/537.36 (KHTML, like Gecko; compatible; GPTBot/1.4; +https://openai.com/gptbot)"
74.7.243.193 - - [19/Sep/2026:18:16:50 +0530] "GET /buy.php?detail/01504838813258 HTTP/2.0" 200 21567 "https://llprecharge.in/buy.php?detail/15903143733292" "Mozilla/5.0 AppleWebKit/537.36 (KHTML, like Gecko; compatible; GPTBot/1.4; +https://openai.com/gptbot)"
74.7.242.42 - - [19/Sep/2026:18:16:51 +0530] "GET /buy.php?detail/15500920884647 HTTP/2.0" 200 21223 "https://www.llprecharge.in/buy.php?detail/15500900291791" "Mozilla/5.0 AppleWebKit/537.36 (KHTML, like Gecko; compatible; GPTBot/1.4; +https://openai.com/gptbot)"
66.249.66.195 - - [19/Sep/2026:18:16:55 +0530] "GET /?monocracy/62415357884 HTTP/1.1" 200 1838 "-" "Mozilla/5.0 (Linux; Android 6.0.1; Nexus 5X Build/MMB29P) AppleWebKit/537.36 (KHTML, like Gecko) Chrome/153.0.8010.47 Mobile Safari/537.36 (compatible; Googlebot/2.1; +http://www.google.com/bot.html)"
74.7.242.42 - - [19/Sep/2026:18:16:54 +0530] "GET /buy.php?detail/06103584594768 HTTP/2.0" 200 20820 "https://www.llprecharge.in/buy.php?detail/06103606662105" "Mozilla/5.0 AppleWebKit/537.36 (KHTML, like Gecko; compatible; GPTBot/1.4; +https://openai.com/gptbot)"
74.7.243.193 - - [19/Sep/2026:18:16:52 +0530] "GET /buy.php?detail/01802227390612 HTTP/2.0" 200 21166 "https://llprecharge.in/buy.php?detail/01802514359200" "Mozilla/5.0 AppleWebKit/537.36 (KHTML, like Gecko; compatible; GPTBot/1.4; +https://openai.com/gptbot)"
74.7.243.193 - - [19/Sep/2026:18:16:57 +0530] "GET /buy.php?detail/17702702031048 HTTP/2.0" 200 22040 "https://llprecharge.in/buy.php?detail/28702953633503" "Mozilla/5.0 AppleWebKit/537.36 (KHTML, like Gecko; compatible; GPTBot/1.4; +https://openai.com/gptbot)"
66.249.66.195 - - [19/Sep/2026:18:17:00 +0530] "GET /?anthologist/4926207911 HTTP/1.1" 200 1838 "-" "Mozilla/5.0 (Linux; Android 6.0.1; Nexus 5X Build/MMB29P) AppleWebKit/537.36 (KHTML, like Gecko) Chrome/153.0.8010.47 Mobile Safari/537.36 (compatible; Googlebot/2.1; +http://www.google.com/bot.html)"
74.7.242.42 - - [19/Sep/2026:18:16:56 +0530] "GET /buy.php?detail/07801857383964 HTTP/2.0" 200 22009 "https://www.llprecharge.in/buy.php?detail/07801995717302" "Mozilla/5.0 AppleWebKit/537.36 (KHTML, like Gecko; compatible; GPTBot/1.4; +https://openai.com/gptbot)"
65.21.113.253 - - [19/Sep/2026:18:16:58 +0530] "GET /buy.php?category/1099_3765/1 HTTP/1.1" 200 121771 "-" "Mozilla/5.0 (compatible; AwarioBot/1.0; +https://awario.com/bots.html)"
66.249.66.33 - - [19/Sep/2026:18:17:01 +0530] "GET /?lingoa/82740685372 HTTP/1.1" 200 1838 "-" "Mozilla/5.0 (Linux; Android 6.0.1; Nexus 5X Build/MMB29P) AppleWebKit/537.36 (KHTML, like Gecko) Chrome/153.0.8010.47 Mobile Safari/537.36 (compatible; Googlebot/2.1; +http://www.google.com/bot.html)"
74.7.243.193 - - [19/Sep/2026:18:16:59 +0530] "GET /buy.php?detail/07402419390066 HTTP/2.0" 200 22148 "https://llprecharge.in/buy.php?detail/26801069211513" "Mozilla/5.0 AppleWebKit/537.36 (KHTML, like Gecko; compatible; GPTBot/1.4; +https://openai.com/gptbot)"
66.249.66.33 - - [19/Sep/2026:18:17:02 +0530] "GET /?e=t5h1e4o6r4i7z7e4d069 HTTP/1.1" 200 1838 "-" "Mozilla/5.0 (Linux; Android 6.0.1; Nexus 5X Build/MMB29P) AppleWebKit/537.36 (KHTML, like Gecko) Chrome/153.0.8010.47 Mobile Safari/537.36 (compatible; Googlebot/2.1; +http://www.google.com/bot.html)"
136.243.228.180 - - [19/Sep/2026:18:16:49 +0530] "GET /buy.php?special/143006773.html HTTP/1.1" 200 22076 "-" "Mozilla/5.0 (compatible; DataForSeoBot/1.0; +https://dataforseo.com/dataforseo-bot)"
74.7.242.42 - - [19/Sep/2026:18:17:01 +0530] "GET /buy.php?detail/08501052685255 HTTP/2.0" 200 20603 "https://www.llprecharge.in/buy.php?detail/08501246039207" "Mozilla/5.0 AppleWebKit/537.36 (KHTML, like Gecko; compatible; GPTBot/1.4; +https://openai.com/gptbot)"
74.7.243.193 - - [19/Sep/2026:18:17:02 +0530] "GET /buy.php?detail/03602396008450 HTTP/2.0" 200 21075 "https://llprecharge.in/buy.php?detail/03602372927441" "Mozilla/5.0 AppleWebKit/537.36 (KHTML, like Gecko; compatible; GPTBot/1.4; +https://openai.com/gptbot)"
66.249.66.33 - - [19/Sep/2026:18:17:05 +0530] "GET /interfaces/interfaceStore.php?item/4086692495 HTTP/1.1" 404 - "-" "Mozilla/5.0 (Linux; Android 6.0.1; Nexus 5X Build/MMB29P) AppleWebKit/537.36 (KHTML, like Gecko) Chrome/153.0.8010.47 Mobile Safari/537.36 (compatible; Googlebot/2.1; +http://www.google.com/bot.html)"
74.7.242.42 - - [19/Sep/2026:18:17:03 +0530] "GET /buy.php?detail/24601874018512 HTTP/2.0" 200 20555 "https://www.llprecharge.in/buy.php?detail/24601934859947" "Mozilla/5.0 AppleWebKit/537.36 (KHTML, like Gecko; compatible; GPTBot/1.4; +https://openai.com/gptbot)"
74.7.243.193 - - [19/Sep/2026:18:17:04 +0530] "GET /buy.php?detail/03602397082429 HTTP/2.0" 200 21014 "https://llprecharge.in/buy.php?detail/03602372927441" "Mozilla/5.0 AppleWebKit/537.36 (KHTML, like Gecko; compatible; GPTBot/1.4; +https://openai.com/gptbot)"
65.21.113.253 - - [19/Sep/2026:18:17:03 +0530] "GET /buy.php?category/1099_4651/1 HTTP/1.1" 200 153650 "-" "Mozilla/5.0 (compatible; AwarioBot/1.0; +https://awario.com/bots.html)"
74.7.242.42 - - [19/Sep/2026:18:17:06 +0530] "GET /buy.php?detail/25203848905188 HTTP/2.0" 200 21923 "https://www.llprecharge.in/buy.php?detail/24601934859947" "Mozilla/5.0 AppleWebKit/537.36 (KHTML, like Gecko; compatible; GPTBot/1.4; +https://openai.com/gptbot)"
74.7.243.193 - - [19/Sep/2026:18:17:06 +0530] "GET /buy.php?detail/26604346784926 HTTP/2.0" 200 21048 "https://llprecharge.in/buy.php?detail/13800199195552" "Mozilla/5.0 AppleWebKit/537.36 (KHTML, like Gecko; compatible; GPTBot/1.4; +https://openai.com/gptbot)"
45.142.237.107 - - [19/Sep/2026:18:17:06 +0530] "GET /LLPRECHARGE/user/API.php?userid=AU1120&token=COgjiOKqElD][CQ[Dk3rSRChT]73F2NK&partnerid=172235725&opcode=21&mobile=9389107567&amount=398 HTTP/1.1" 200 104 "-" "-"
74.7.242.42 - - [19/Sep/2026:18:17:08 +0530] "GET /buy.php?detail/22803468709749 HTTP/2.0" 200 20923 "https://www.llprecharge.in/buy.php?detail/22803359786371" "Mozilla/5.0 AppleWebKit/537.36 (KHTML, like Gecko; compatible; GPTBot/1.4; +https://openai.com/gptbot)"
49.43.152.35 - - [19/Sep/2026:18:16:52 +0530] "GET /LLPRECHARGE/Admin/recharge_report.php HTTP/2.0" 200 5848 "https://www.llprecharge.in/LLPRECHARGE/Admin/recharge_report.php" "Mozilla/5.0 (Macintosh; Intel Mac OS X 10_15_7) AppleWebKit/537.36 (KHTML, like Gecko) Chrome/151.0.0.0 Safari/537.36 OPR/135.0.0.0"
74.7.242.42 - - [19/Sep/2026:18:17:11 +0530] "GET /buy.php?detail/19803915113155 HTTP/2.0" 200 20683 "https://www.llprecharge.in/buy.php?detail/19803991464600" "Mozilla/5.0 AppleWebKit/537.36 (KHTML, like Gecko; compatible; GPTBot/1.4; +https://openai.com/gptbot)"
74.7.242.42 - - [19/Sep/2026:18:17:13 +0530] "GET /buy.php?detail/17303692703847 HTTP/2.0" 200 21537 "https://www.llprecharge.in/buy.php?detail/17303523559324" "Mozilla/5.0 AppleWebKit/537.36 (KHTML, like Gecko; compatible; GPTBot/1.4; +https://openai.com/gptbot)"
65.21.113.253 - - [19/Sep/2026:18:17:14 +0530] "GET /buy.php?category/1099_5467/1 HTTP/1.1" 200 152447 "-" "Mozilla/5.0 (compatible; AwarioBot/1.0; +https://awario.com/bots.html)"
168.119.209.108 - - [19/Sep/2026:18:17:18 +0530] "GET /user/api_balance.php?userid=AU1121&token=dMgDWkPbbsmeca76X0lncsVCYVjIE61Q HTTP/1.1" 500 - "-" "RestSharp/106.13.0.0"
74.7.243.193 - - [19/Sep/2026:18:17:09 +0530] "GET /buy.php?detail/13800417592155 HTTP/2.0" 200 20741 "https://llprecharge.in/buy.php?detail/13800199195552" "Mozilla/5.0 AppleWebKit/537.36 (KHTML, like Gecko; compatible; GPTBot/1.4; +https://openai.com/gptbot)"
74.7.242.42 - - [19/Sep/2026:18:17:17 +0530] "GET /buy.php?detail/14301564142907 HTTP/2.0" 200 22191 "https://www.llprecharge.in/buy.php?detail/14301723886164" "Mozilla/5.0 AppleWebKit/537.36 (KHTML, like Gecko; compatible; GPTBot/1.4; +https://openai.com/gptbot)"
74.7.242.42 - - [19/Sep/2026:18:17:19 +0530] "GET /buy.php?detail/19803917527098 HTTP/2.0" 200 20917 "https://www.llprecharge.in/buy.php?detail/19803991464600" "Mozilla/5.0 AppleWebKit/537.36 (KHTML, like Gecko; compatible; GPTBot/1.4; +https://openai.com/gptbot)"
66.249.66.195 - - [19/Sep/2026:18:17:21 +0530] "GET /?e=e2c4l0i8p6s9e1s7535 HTTP/1.1" 200 1838 "-" "Mozilla/5.0 (Linux; Android 6.0.1; Nexus 5X Build/MMB29P) AppleWebKit/537.36 (KHTML, like Gecko) Chrome/153.0.8010.47 Mobile Safari/537.36 (compatible; Googlebot/2.1; +http://www.google.com/bot.html)"
65.21.113.253 - - [19/Sep/2026:18:17:20 +0530] "GET /buy.php?category/1099_5467_5468/1 HTTP/1.1" 200 119781 "-" "Mozilla/5.0 (compatible; AwarioBot/1.0; +https://awario.com/bots.html)"
66.249.66.67 - - [19/Sep/2026:18:17:22 +0530] "GET /item/6085338800 HTTP/1.1" 404 - "-" "Mozilla/5.0 (Linux; Android 6.0.1; Nexus 5X Build/MMB29P) AppleWebKit/537.36 (KHTML, like Gecko) Chrome/153.0.8010.47 Mobile Safari/537.36 (compatible; Googlebot/2.1; +http://www.google.com/bot.html)"
66.249.66.67 - - [19/Sep/2026:18:17:22 +0530] "GET /?malthouse/73074956713 HTTP/1.1" 200 1838 "-" "Mozilla/5.0 (Linux; Android 6.0.1; Nexus 5X Build/MMB29P) AppleWebKit/537.36 (KHTML, like Gecko) Chrome/153.0.8010.47 Mobile Safari/537.36 (compatible; Googlebot/2.1; +http://www.google.com/bot.html)"
74.7.243.193 - - [19/Sep/2026:18:17:19 +0530] "GET /buy.php?detail/01802263154454 HTTP/2.0" 200 20648 "https://llprecharge.in/buy.php?detail/01800710102333" "Mozilla/5.0 AppleWebKit/537.36 (KHTML, like Gecko; compatible; GPTBot/1.4; +https://openai.com/gptbot)"
74.7.242.42 - - [19/Sep/2026:18:17:21 +0530] "GET /buy.php?detail/15500902292967 HTTP/2.0" 200 20318 "https://www.llprecharge.in/buy.php?detail/15500920884647" "Mozilla/5.0 AppleWebKit/537.36 (KHTML, like Gecko; compatible; GPTBot/1.4; +https://openai.com/gptbot)"
66.249.66.194 - - [19/Sep/2026:18:17:23 +0530] "GET /illogical/a7u1t6o8t5y2p2o3g5r8a8phy HTTP/1.1" 404 - "-" "Mozilla/5.0 (Linux; Android 6.0.1; Nexus 5X Build/MMB29P) AppleWebKit/537.36 (KHTML, like Gecko) Chrome/153.0.8010.47 Mobile Safari/537.36 (compatible; Googlebot/2.1; +http://www.google.com/bot.html)"
74.7.243.193 - - [19/Sep/2026:18:17:23 +0530] "GET /buy.php?detail/09300250565510 HTTP/2.0" 200 21262 "https://llprecharge.in/buy.php?detail/01800710102333" "Mozilla/5.0 AppleWebKit/537.36 (KHTML, like Gecko; compatible; GPTBot/1.4; +https://openai.com/gptbot)"
74.7.242.42 - - [19/Sep/2026:18:17:24 +0530] "GET /buy.php?detail/06103424253290 HTTP/2.0" 200 21122 "https://www.llprecharge.in/buy.php?detail/06103584594768" "Mozilla/5.0 AppleWebKit/537.36 (KHTML, like Gecko; compatible; GPTBot/1.4; +https://openai.com/gptbot)"
65.21.113.253 - - [19/Sep/2026:18:17:24 +0530] "GET /buy.php?category/110/1 HTTP/1.1" 200 130584 "-" "Mozilla/5.0 (compatible; AwarioBot/1.0; +https://awario.com/bots.html)"
74.7.243.193 - - [19/Sep/2026:18:17:26 +0530] "GET /buy.php?detail/25700977769277 HTTP/2.0" 200 20300 "https://llprecharge.in/buy.php?detail/18003880011759" "Mozilla/5.0 AppleWebKit/537.36 (KHTML, like Gecko; compatible; GPTBot/1.4; +https://openai.com/gptbot)"
74.7.242.42 - - [19/Sep/2026:18:17:26 +0530] "GET /buy.php?detail/26400323421470 HTTP/2.0" 200 20940 "https://www.llprecharge.in/buy.php?detail/06103584594768" "Mozilla/5.0 AppleWebKit/537.36 (KHTML, like Gecko; compatible; GPTBot/1.4; +https://openai.com/gptbot)"
66.249.66.33 - - [19/Sep/2026:18:17:30 +0530] "GET /?e=m3o4r8m7o2n11311 HTTP/1.1" 200 1838 "-" "Mozilla/5.0 (Linux; Android 6.0.1; Nexus 5X Build/MMB29P) AppleWebKit/537.36 (KHTML, like Gecko) Chrome/153.0.8010.47 Mobile Safari/537.36 (compatible; Googlebot/2.1; +http://www.google.com/bot.html)"
74.7.243.193 - - [19/Sep/2026:18:17:28 +0530] "GET /buy.php?detail/2360264155200 HTTP/2.0" 200 20719 "https://llprecharge.in/buy.php?detail/01504838813258" "Mozilla/5.0 AppleWebKit/537.36 (KHTML, like Gecko; compatible; GPTBot/1.4; +https://openai.com/gptbot)"
74.7.242.42 - - [19/Sep/2026:18:17:28 +0530] "GET /buy.php?detail/08500960694978 HTTP/2.0" 200 21553 "https://www.llprecharge.in/buy.php?detail/08501052685255" "Mozilla/5.0 AppleWebKit/537.36 (KHTML, like Gecko; compatible; GPTBot/1.4; +https://openai.com/gptbot)"
66.249.66.67 - - [19/Sep/2026:18:17:31 +0530] "GET /?rissa/01998130325 HTTP/1.1" 200 1838 "-" "Mozilla/5.0 (Linux; Android 6.0.1; Nexus 5X Build/MMB29P) AppleWebKit/537.36 (KHTML, like Gecko) Chrome/153.0.8010.47 Mobile Safari/537.36 (compatible; Googlebot/2.1; +http://www.google.com/bot.html)"
66.249.66.33 - - [19/Sep/2026:18:17:32 +0530] "GET /?disworth/7638027248 HTTP/1.1" 200 1838 "-" "Mozilla/5.0 (Linux; Android 6.0.1; Nexus 5X Build/MMB29P) AppleWebKit/537.36 (KHTML, like Gecko) Chrome/153.0.8010.47 Mobile Safari/537.36 (compatible; Googlebot/2.1; +http://www.google.com/bot.html)"
66.249.66.33 - - [19/Sep/2026:18:17:32 +0530] "GET /?e=l1i3q2u3i5d2i8t6y275 HTTP/1.1" 200 1838 "-" "Mozilla/5.0 (Linux; Android 6.0.1; Nexus 5X Build/MMB29P) AppleWebKit/537.36 (KHTML, like Gecko) Chrome/153.0.8010.47 Mobile Safari/537.36 (compatible; Googlebot/2.1; +http://www.google.com/bot.html)"
74.7.243.193 - - [19/Sep/2026:18:17:30 +0530] "GET /buy.php?detail/01504947723724 HTTP/2.0" 200 20782 "https://llprecharge.in/buy.php?detail/01504838813258" "Mozilla/5.0 AppleWebKit/537.36 (KHTML, like Gecko; compatible; GPTBot/1.4; +https://openai.com/gptbot)"
74.7.242.42 - - [19/Sep/2026:18:17:31 +0530] "GET /buy.php?detail/09703623977299 HTTP/2.0" 200 21208 "https://www.llprecharge.in/buy.php?detail/24601874018512" "Mozilla/5.0 AppleWebKit/537.36 (KHTML, like Gecko; compatible; GPTBot/1.4; +https://openai.com/gptbot)"
74.7.243.193 - - [19/Sep/2026:18:17:33 +0530] "GET /buy.php?detail/04501151528993 HTTP/2.0" 200 21333 "https://llprecharge.in/buy.php?detail/01802227390612" "Mozilla/5.0 AppleWebKit/537.36 (KHTML, like Gecko; compatible; GPTBot/1.4; +https://openai.com/gptbot)"
74.7.242.42 - - [19/Sep/2026:18:17:33 +0530] "GET /buy.php?jp/252038633.html HTTP/2.0" 200 20803 "https://www.llprecharge.in/buy.php?detail/25203848905188" "Mozilla/5.0 AppleWebKit/537.36 (KHTML, like Gecko; compatible; GPTBot/1.4; +https://openai.com/gptbot)"
65.21.113.253 - - [19/Sep/2026:18:17:34 +0530] "GET /buy.php?category/1104/1 HTTP/1.1" 200 118270 "-" "Mozilla/5.0 (compatible; AwarioBot/1.0; +https://awario.com/bots.html)"
66.249.66.195 - - [19/Sep/2026:18:17:36 +0530] "GET /?e=t8o2a1d0s1t9o3o3l158 HTTP/1.1" 200 1838 "-" "Mozilla/5.0 (Linux; Android 6.0.1; Nexus 5X Build/MMB29P) AppleWebKit/537.36 (KHTML, like Gecko) Chrome/153.0.8010.47 Mobile Safari/537.36 (compatible; Googlebot/2.1; +http://www.google.com/bot.html)"
74.7.243.193 - - [19/Sep/2026:18:17:35 +0530] "GET /buy.php?detail/07402944564503 HTTP/2.0" 200 22920 "https://llprecharge.in/buy.php?detail/07402419390066" "Mozilla/5.0 AppleWebKit/537.36 (KHTML, like Gecko; compatible; GPTBot/1.4; +https://openai.com/gptbot)"
74.7.242.42 - - [19/Sep/2026:18:17:36 +0530] "GET /buy.php?detail/29902653983142 HTTP/2.0" 200 21088 "https://www.llprecharge.in/buy.php?detail/25203848905188" "Mozilla/5.0 AppleWebKit/537.36 (KHTML, like Gecko; compatible; GPTBot/1.4; +https://openai.com/gptbot)"
74.7.243.193 - - [19/Sep/2026:18:17:38 +0530] "GET /buy.php?detail/03300289670050 HTTP/2.0" 200 21560 "https://llprecharge.in/buy.php?detail/03602396008450" "Mozilla/5.0 AppleWebKit/537.36 (KHTML, like Gecko; compatible; GPTBot/1.4; +https://openai.com/gptbot)"
74.7.242.42 - - [19/Sep/2026:18:17:38 +0530] "GET /buy.php?detail/11701922627230 HTTP/2.0" 200 21312 "https://www.llprecharge.in/buy.php?detail/19803915113155" "Mozilla/5.0 AppleWebKit/537.36 (KHTML, like Gecko; compatible; GPTBot/1.4; +https://openai.com/gptbot)"
65.21.113.253 - - [19/Sep/2026:18:17:41 +0530] "GET /robots.txt HTTP/1.1" 200 368 "-" "Mozilla/5.0 (compatible; AwarioBot/1.0; +https://awario.com/bots.html)"
74.7.243.193 - - [19/Sep/2026:18:17:40 +0530] "GET /buy.php?detail/27001905987115 HTTP/2.0" 200 20863 "https://llprecharge.in/buy.php?detail/18003880011759" "Mozilla/5.0 AppleWebKit/537.36 (KHTML, like Gecko; compatible; GPTBot/1.4; +https://openai.com/gptbot)"
74.7.242.42 - - [19/Sep/2026:18:17:40 +0530] "GET /buy.php?detail/06103423377192 HTTP/2.0" 200 21133 "https://www.llprecharge.in/buy.php?detail/06103584594768" "Mozilla/5.0 AppleWebKit/537.36 (KHTML, like Gecko; compatible; GPTBot/1.4; +https://openai.com/gptbot)"
52.167.144.189 - - [19/Sep/2026:18:17:43 +0530] "GET /?e=s0h2o1v3e6b8o7a9r6d17 HTTP/2.0" 200 1838 "-" "Mozilla/5.0 AppleWebKit/537.36 (KHTML, like Gecko; compatible; bingbot/2.0; +http://www.bing.com/bingbot.htm) Chrome/116.0.1938.76 Safari/537.36"
136.243.228.180 - - [19/Sep/2026:18:17:40 +0530] "GET /buy.php?jp/175034143.html HTTP/1.1" 200 21960 "-" "Mozilla/5.0 (compatible; DataForSeoBot/1.0; +https://dataforseo.com/dataforseo-bot)"
65.21.113.253 - - [19/Sep/2026:18:17:41 +0530] "GET /buy.php?category/1104_1105/1 HTTP/1.1" 200 122441 "-" "Mozilla/5.0 (compatible; AwarioBot/1.0; +https://awario.com/bots.html)"
74.7.243.193 - - [19/Sep/2026:18:17:42 +0530] "GET /buy.php?detail/03401775133349 HTTP/2.0" 200 22813 "https://llprecharge.in/buy.php?detail/26604346784926" "Mozilla/5.0 AppleWebKit/537.36 (KHTML, like Gecko; compatible; GPTBot/1.4; +https://openai.com/gptbot)"
66.249.66.195 - - [19/Sep/2026:18:17:44 +0530] "GET /?snaggy/44265350821 HTTP/1.1" 200 1838 "-" "Mozilla/5.0 (Linux; Android 6.0.1; Nexus 5X Build/MMB29P) AppleWebKit/537.36 (KHTML, like Gecko) Chrome/153.0.8010.47 Mobile Safari/537.36 (compatible; Googlebot/2.1; +http://www.google.com/bot.html)"
74.7.242.42 - - [19/Sep/2026:18:17:43 +0530] "GET /buy.php?detail/26702187460099 HTTP/2.0" 200 22700 "https://www.llprecharge.in/buy.php?detail/07801857383964" "Mozilla/5.0 AppleWebKit/537.36 (KHTML, like Gecko; compatible; GPTBot/1.4; +https://openai.com/gptbot)"
66.249.66.195 - - [19/Sep/2026:18:17:45 +0530] "GET /?e=t1r3a3n0s7u6d2a2t2o2r1y HTTP/1.1" 200 1838 "-" "Mozilla/5.0 (Linux; Android 6.0.1; Nexus 5X Build/MMB29P) AppleWebKit/537.36 (KHTML, like Gecko) Chrome/153.0.8010.47 Mobile Safari/537.36 (compatible; Googlebot/2.1; +http://www.google.com/bot.html)"
66.249.66.67 - - [19/Sep/2026:18:17:47 +0530] "GET /?prenotion/3902150027 HTTP/1.1" 200 1838 "-" "Mozilla/5.0 (Linux; Android 6.0.1; Nexus 5X Build/MMB29P) AppleWebKit/537.36 (KHTML, like Gecko) Chrome/153.0.8010.47 Mobile Safari/537.36 (compatible; Googlebot/2.1; +http://www.google.com/bot.html)"
74.7.242.42 - - [19/Sep/2026:18:17:45 +0530] "GET /buy.php?jp/198041066.html HTTP/2.0" 200 20498 "https://www.llprecharge.in/buy.php?detail/19803917527098" "Mozilla/5.0 AppleWebKit/537.36 (KHTML, like Gecko; compatible; GPTBot/1.4; +https://openai.com/gptbot)"
136.243.228.180 - - [19/Sep/2026:18:17:46 +0530] "GET /buy.php?special/216010298.html HTTP/1.1" 200 20873 "-" "Mozilla/5.0 (compatible; DataForSeoBot/1.0; +https://dataforseo.com/dataforseo-bot)"
74.7.243.193 - - [19/Sep/2026:18:17:44 +0530] "GET /buy.php?detail/26604430860041 HTTP/2.0" 200 21757 "https://llprecharge.in/buy.php?detail/26604346784926" "Mozilla/5.0 AppleWebKit/537.36 (KHTML, like Gecko; compatible; GPTBot/1.4; +https://openai.com/gptbot)"
74.7.242.42 - - [19/Sep/2026:18:17:48 +0530] "GET /buy.php?detail/10402106557047 HTTP/2.0" 200 20194 "https://www.llprecharge.in/buy.php?detail/15500902292967" "Mozilla/5.0 AppleWebKit/537.36 (KHTML, like Gecko; compatible; GPTBot/1.4; +https://openai.com/gptbot)"
74.7.243.193 - - [19/Sep/2026:18:17:49 +0530] "GET /buy.php?detail/13800418146798 HTTP/2.0" 200 20865 "https://llprecharge.in/buy.php?detail/13800199195552" "Mozilla/5.0 AppleWebKit/537.36 (KHTML, like Gecko; compatible; GPTBot/1.4; +https://openai.com/gptbot)"
136.243.228.180 - - [19/Sep/2026:18:17:49 +0530] "GET /buy.php?special/151046497.html HTTP/1.1" 200 21196 "-" "Mozilla/5.0 (compatible; DataForSeoBot/1.0; +https://dataforseo.com/dataforseo-bot)"
74.7.242.42 - - [19/Sep/2026:18:17:50 +0530] "GET /buy.php?detail/22803600646324 HTTP/2.0" 200 21943 "https://www.llprecharge.in/buy.php?detail/22803468709749" "Mozilla/5.0 AppleWebKit/537.36 (KHTML, like Gecko; compatible; GPTBot/1.4; +https://openai.com/gptbot)"
74.7.243.193 - - [19/Sep/2026:18:17:51 +0530] "GET /buy.php?detail/09300027146059 HTTP/2.0" 200 21632 "https://llprecharge.in/buy.php?detail/09300250565510" "Mozilla/5.0 AppleWebKit/537.36 (KHTML, like Gecko; compatible; GPTBot/1.4; +https://openai.com/gptbot)"
136.243.228.180 - - [19/Sep/2026:18:17:53 +0530] "GET /buy.php?category/347_348_4740/1 HTTP/1.1" 200 20580 "-" "Mozilla/5.0 (compatible; DataForSeoBot/1.0; +https://dataforseo.com/dataforseo-bot)"
74.7.242.42 - - [19/Sep/2026:18:17:54 +0530] "GET /buy.php?detail/21003200366199 HTTP/2.0" 200 21634 "https://www.llprecharge.in/buy.php?detail/26400323421470" "Mozilla/5.0 AppleWebKit/537.36 (KHTML, like Gecko; compatible; GPTBot/1.4; +https://openai.com/gptbot)"
66.249.66.194 - - [19/Sep/2026:18:17:56 +0530] "GET /?wineglassfuls/32770825187 HTTP/1.1" 200 1838 "-" "Mozilla/5.0 (Linux; Android 6.0.1; Nexus 5X Build/MMB29P) AppleWebKit/537.36 (KHTML, like Gecko) Chrome/153.0.8010.47 Mobile Safari/537.36 (compatible; Googlebot/2.1; +http://www.google.com/bot.html)"
74.7.243.193 - - [19/Sep/2026:18:17:54 +0530] "GET /buy.php?detail/13402833408924 HTTP/2.0" 200 21200 "https://llprecharge.in/buy.php?detail/25700977769277" "Mozilla/5.0 AppleWebKit/537.36 (KHTML, like Gecko; compatible; GPTBot/1.4; +https://openai.com/gptbot)"
65.21.113.253 - - [19/Sep/2026:18:17:55 +0530] "GET /buy.php?category/110_1385/1 HTTP/1.1" 200 120661 "-" "Mozilla/5.0 (compatible; AwarioBot/1.0; +https://awario.com/bots.html)"
74.7.242.42 - - [19/Sep/2026:18:17:56 +0530] "GET /buy.php?detail/15303590922010 HTTP/2.0" 200 19808 "https://www.llprecharge.in/buy.php?detail/07801857383964" "Mozilla/5.0 AppleWebKit/537.36 (KHTML, like Gecko; compatible; GPTBot/1.4; +https://openai.com/gptbot)"
66.249.66.195 - - [19/Sep/2026:18:17:58 +0530] "GET /?e=n5a1i5a5d2a9c2e8a3e6 HTTP/1.1" 200 1838 "-" "Mozilla/5.0 (Linux; Android 6.0.1; Nexus 5X Build/MMB29P) AppleWebKit/537.36 (KHTML, like Gecko) Chrome/153.0.8010.47 Mobile Safari/537.36 (compatible; Googlebot/2.1; +http://www.google.com/bot.html)"
136.243.228.180 - - [19/Sep/2026:18:17:57 +0530] "GET /buy.php?special/151046493.html HTTP/1.1" 200 20084 "-" "Mozilla/5.0 (compatible; DataForSeoBot/1.0; +https://dataforseo.com/dataforseo-bot)"
74.7.243.193 - - [19/Sep/2026:18:17:57 +0530] "GET /buy.php?detail/25700998550788 HTTP/2.0" 200 21614 "https://llprecharge.in/buy.php?detail/25700977769277" "Mozilla/5.0 AppleWebKit/537.36 (KHTML, like Gecko; compatible; GPTBot/1.4; +https://openai.com/gptbot)"
66.249.66.67 - - [19/Sep/2026:18:18:01 +0530] "GET /shops/heterosis/k9a7p8i7a50765 HTTP/1.1" 404 - "-" "Mozilla/5.0 (Linux; Android 6.0.1; Nexus 5X Build/MMB29P) AppleWebKit/537.36 (KHTML, like Gecko) Chrome/153.0.8010.47 Mobile Safari/537.36 (compatible; Googlebot/2.1; +http://www.google.com/bot.html)"
66.249.66.195 - - [19/Sep/2026:18:18:01 +0530] "GET /?sinless/41618859421 HTTP/1.1" 200 1838 "-" "Mozilla/5.0 (Linux; Android 6.0.1; Nexus 5X Build/MMB29P) AppleWebKit/537.36 (KHTML, like Gecko) Chrome/153.0.8010.47 Mobile Safari/537.36 (compatible; Googlebot/2.1; +http://www.google.com/bot.html)"
