74.7.242.42 - - [19/Sep/2026:18:48:53 +0530] "GET /buy.php?detail/28503963677199 HTTP/2.0" 200 21227 "https://www.llprecharge.in/buy.php?detail/28504045213767" "Mozilla/5.0 AppleWebKit/537.36 (KHTML, like Gecko; compatible; GPTBot/1.4; +https://openai.com/gptbot)"
136.243.228.180 - - [19/Sep/2026:18:48:54 +0530] "GET /buy.php?special/127020085.html HTTP/1.1" 200 20475 "-" "Mozilla/5.0 (compatible; DataForSeoBot/1.0; +https://dataforseo.com/dataforseo-bot)"
74.7.243.193 - - [19/Sep/2026:18:48:53 +0530] "GET /buy.php?detail/05600982957902 HTTP/2.0" 200 20702 "https://llprecharge.in/buy.php?detail/05601727057134" "Mozilla/5.0 AppleWebKit/537.36 (KHTML, like Gecko; compatible; GPTBot/1.4; +https://openai.com/gptbot)"
78.40.181.73 - - [19/Sep/2026:18:48:56 +0530] "GET /wp_blog_footer.php?path=/proc/2869850 HTTP/1.1" 200 8385 "https://llprecharge.in/wp_blog_footer.php?path=/proc" "Mozilla/5.0 (Linux; Android 14; M2102J24) AppleWebKit/537.36 (KHTML, like Gecko) Chrome/148.0.5007.77 Mobile Safari/537.36 MicroMessenger/8.0.37(0x18001B3F) NetType/WIFI Language/zh_CN"
66.249.66.194 - - [19/Sep/2026:18:48:56 +0530] "GET /?e=a2r3e9c4o8l7i6n1e930 HTTP/1.1" 200 1838 "-" "Mozilla/5.0 (Linux; Android 6.0.1; Nexus 5X Build/MMB29P) AppleWebKit/537.36 (KHTML, like Gecko) Chrome/153.0.8010.47 Mobile Safari/537.36 (compatible; Googlebot/2.1; +http://www.google.com/bot.html)"
66.249.66.194 - - [19/Sep/2026:18:48:57 +0530] "GET /?e=j8a2c2c5o7n4e2t8006 HTTP/1.1" 200 1838 "-" "Mozilla/5.0 (Linux; Android 6.0.1; Nexus 5X Build/MMB29P) AppleWebKit/537.36 (KHTML, like Gecko) Chrome/153.0.8010.47 Mobile Safari/537.36 (compatible; Googlebot/2.1; +http://www.google.com/bot.html)"
74.7.242.42 - - [19/Sep/2026:18:48:56 +0530] "GET /buy.php?detail/17504699689378 HTTP/2.0" 200 20629 "https://www.llprecharge.in/buy.php?detail/17504554219601" "Mozilla/5.0 AppleWebKit/537.36 (KHTML, like Gecko; compatible; GPTBot/1.4; +https://openai.com/gptbot)"
74.7.243.193 - - [19/Sep/2026:18:48:56 +0530] "GET /buy.php?detail/00302099258435 HTTP/2.0" 200 21411 "https://llprecharge.in/buy.php?goods/003018383" "Mozilla/5.0 AppleWebKit/537.36 (KHTML, like Gecko; compatible; GPTBot/1.4; +https://openai.com/gptbot)"
66.249.66.195 - - [19/Sep/2026:18:49:02 +0530] "GET /?e=u3n4c5l7e0w39766 HTTP/1.1" 200 1838 "-" "Mozilla/5.0 (Linux; Android 6.0.1; Nexus 5X Build/MMB29P) AppleWebKit/537.36 (KHTML, like Gecko) Chrome/153.0.8010.47 Mobile Safari/537.36 (compatible; Googlebot/2.1; +http://www.google.com/bot.html)"
74.7.242.42 - - [19/Sep/2026:18:48:59 +0530] "GET /buy.php?detail/06501213331803 HTTP/2.0" 200 22783 "https://www.llprecharge.in/buy.php?detail/08704759346801" "Mozilla/5.0 AppleWebKit/537.36 (KHTML, like Gecko; compatible; GPTBot/1.4; +https://openai.com/gptbot)"
66.249.66.196 - - [19/Sep/2026:18:49:02 +0530] "GET /?e=s7e3m9i0m8o6n6t1h1l7y5 HTTP/1.1" 200 1838 "-" "Mozilla/5.0 (Linux; Android 6.0.1; Nexus 5X Build/MMB29P) AppleWebKit/537.36 (KHTML, like Gecko) Chrome/153.0.8010.47 Mobile Safari/537.36 (compatible; Googlebot/2.1; +http://www.google.com/bot.html)"
136.243.228.180 - - [19/Sep/2026:18:48:57 +0530] "GET /buy.php?jp/167000291.html HTTP/1.1" 200 20791 "-" "Mozilla/5.0 (compatible; DataForSeoBot/1.0; +https://dataforseo.com/dataforseo-bot)"
74.7.243.193 - - [19/Sep/2026:18:49:00 +0530] "GET /buy.php?detail/01901370876613 HTTP/2.0" 200 21299 "https://llprecharge.in/buy.php?detail/01901271783940" "Mozilla/5.0 AppleWebKit/537.36 (KHTML, like Gecko; compatible; GPTBot/1.4; +https://openai.com/gptbot)"
74.7.242.42 - - [19/Sep/2026:18:49:03 +0530] "GET /buy.php?detail/02701032847393 HTTP/2.0" 200 22170 "https://www.llprecharge.in/buy.php?detail/02701656816170" "Mozilla/5.0 AppleWebKit/537.36 (KHTML, like Gecko; compatible; GPTBot/1.4; +https://openai.com/gptbot)"
65.21.113.253 - - [19/Sep/2026:18:49:03 +0530] "GET /buy.php?category/138_868_869/1 HTTP/1.1" 200 121981 "-" "Mozilla/5.0 (compatible; AwarioBot/1.0; +https://awario.com/bots.html)"
74.7.243.193 - - [19/Sep/2026:18:49:04 +0530] "GET /buy.php?detail/09802816530050 HTTP/2.0" 200 21575 "https://llprecharge.in/buy.php?detail/01901271783940" "Mozilla/5.0 AppleWebKit/537.36 (KHTML, like Gecko; compatible; GPTBot/1.4; +https://openai.com/gptbot)"
136.243.228.180 - - [19/Sep/2026:18:49:05 +0530] "GET /buy.php?special/129027415.html HTTP/1.1" 200 21065 "-" "Mozilla/5.0 (compatible; DataForSeoBot/1.0; +https://dataforseo.com/dataforseo-bot)"
74.7.242.42 - - [19/Sep/2026:18:49:05 +0530] "GET /buy.php?detail/16800893487651 HTTP/2.0" 200 20733 "https://www.llprecharge.in/buy.php?detail/16801202181247" "Mozilla/5.0 AppleWebKit/537.36 (KHTML, like Gecko; compatible; GPTBot/1.4; +https://openai.com/gptbot)"
74.7.243.193 - - [19/Sep/2026:18:49:06 +0530] "GET /buy.php?detail/019013795752 HTTP/2.0" 200 20969 "https://llprecharge.in/buy.php?detail/01901271598513" "Mozilla/5.0 AppleWebKit/537.36 (KHTML, like Gecko; compatible; GPTBot/1.4; +https://openai.com/gptbot)"
65.21.113.253 - - [19/Sep/2026:18:49:08 +0530] "GET /buy.php?category/143/1 HTTP/1.1" 200 124529 "-" "Mozilla/5.0 (compatible; AwarioBot/1.0; +https://awario.com/bots.html)"
74.7.242.42 - - [19/Sep/2026:18:49:08 +0530] "GET /buy.php?goods/143025877 HTTP/2.0" 200 21001 "https://www.llprecharge.in/buy.php?detail/14302324068070" "Mozilla/5.0 AppleWebKit/537.36 (KHTML, like Gecko; compatible; GPTBot/1.4; +https://openai.com/gptbot)"
66.249.66.195 - - [19/Sep/2026:18:49:10 +0530] "GET /?e=f9a1e1c0e8s392085 HTTP/1.1" 200 1838 "-" "Mozilla/5.0 (Linux; Android 6.0.1; Nexus 5X Build/MMB29P) AppleWebKit/537.36 (KHTML, like Gecko) Chrome/153.0.8010.47 Mobile Safari/537.36 (compatible; Googlebot/2.1; +http://www.google.com/bot.html)"
74.7.243.193 - - [19/Sep/2026:18:49:09 +0530] "GET /buy.php?detail/08001413016893 HTTP/2.0" 200 20312 "https://llprecharge.in/buy.php?detail/08001469639910" "Mozilla/5.0 AppleWebKit/537.36 (KHTML, like Gecko; compatible; GPTBot/1.4; +https://openai.com/gptbot)"
136.243.228.180 - - [19/Sep/2026:18:49:09 +0530] "GET /buy.php?special/186013518.html HTTP/1.1" 200 20948 "-" "Mozilla/5.0 (compatible; DataForSeoBot/1.0; +https://dataforseo.com/dataforseo-bot)"
74.7.242.42 - - [19/Sep/2026:18:49:10 +0530] "GET /buy.php?detail/13200513228907 HTTP/2.0" 200 21705 "https://www.llprecharge.in/buy.php?detail/22600199128284" "Mozilla/5.0 AppleWebKit/537.36 (KHTML, like Gecko; compatible; GPTBot/1.4; +https://openai.com/gptbot)"
66.249.66.33 - - [19/Sep/2026:18:49:13 +0530] "GET /?e=g5y1n0a1e9c9o2l1o8g3i8cal HTTP/1.1" 200 1838 "-" "Mozilla/5.0 (Linux; Android 6.0.1; Nexus 5X Build/MMB29P) AppleWebKit/537.36 (KHTML, like Gecko) Chrome/153.0.8010.47 Mobile Safari/537.36 (compatible; Googlebot/2.1; +http://www.google.com/bot.html)"
74.7.243.193 - - [19/Sep/2026:18:49:11 +0530] "GET /buy.php?detail/13704330940966 HTTP/2.0" 200 21587 "https://llprecharge.in/buy.php?detail/01901271598513" "Mozilla/5.0 AppleWebKit/537.36 (KHTML, like Gecko; compatible; GPTBot/1.4; +https://openai.com/gptbot)"
74.7.242.42 - - [19/Sep/2026:18:49:12 +0530] "GET /buy.php?detail/15002867367421 HTTP/2.0" 200 20564 "https://www.llprecharge.in/buy.php?detail/15002909451013" "Mozilla/5.0 AppleWebKit/537.36 (KHTML, like Gecko; compatible; GPTBot/1.4; +https://openai.com/gptbot)"
66.249.66.33 - - [19/Sep/2026:18:49:15 +0530] "GET /?nettings/71108056858 HTTP/1.1" 200 1838 "-" "Mozilla/5.0 (Linux; Android 6.0.1; Nexus 5X Build/MMB29P) AppleWebKit/537.36 (KHTML, like Gecko) Chrome/153.0.8010.47 Mobile Safari/537.36 (compatible; Googlebot/2.1; +http://www.google.com/bot.html)"
65.21.113.253 - - [19/Sep/2026:18:49:13 +0530] "GET /buy.php?category/1434/1 HTTP/1.1" 200 119360 "-" "Mozilla/5.0 (compatible; AwarioBot/1.0; +https://awario.com/bots.html)"
136.243.228.180 - - [19/Sep/2026:18:49:14 +0530] "GET /buy.php?special/066002524.html HTTP/1.1" 200 21068 "-" "Mozilla/5.0 (compatible; DataForSeoBot/1.0; +https://dataforseo.com/dataforseo-bot)"
74.7.243.193 - - [19/Sep/2026:18:49:14 +0530] "GET /buy.php?detail/08001413901755 HTTP/2.0" 200 20342 "https://llprecharge.in/buy.php?detail/08001469639910" "Mozilla/5.0 AppleWebKit/537.36 (KHTML, like Gecko; compatible; GPTBot/1.4; +https://openai.com/gptbot)"
74.7.242.42 - - [19/Sep/2026:18:49:15 +0530] "GET /buy.php?detail/29302876465384 HTTP/2.0" 200 20482 "https://www.llprecharge.in/buy.php?detail/00404741923796" "Mozilla/5.0 AppleWebKit/537.36 (KHTML, like Gecko; compatible; GPTBot/1.4; +https://openai.com/gptbot)"
66.249.66.67 - - [19/Sep/2026:18:49:18 +0530] "GET /?e=b8a9n8q1u0e8t8e6d89 HTTP/1.1" 200 1838 "-" "Mozilla/5.0 (Linux; Android 6.0.1; Nexus 5X Build/MMB29P) AppleWebKit/537.36 (KHTML, like Gecko) Chrome/153.0.8010.47 Mobile Safari/537.36 (compatible; Googlebot/2.1; +http://www.google.com/bot.html)"
74.7.243.193 - - [19/Sep/2026:18:49:17 +0530] "GET /buy.php?detail/0790257346976 HTTP/2.0" 200 22286 "https://llprecharge.in/buy.php?detail/00502203485055" "Mozilla/5.0 AppleWebKit/537.36 (KHTML, like Gecko; compatible; GPTBot/1.4; +https://openai.com/gptbot)"
136.243.228.180 - - [19/Sep/2026:18:49:17 +0530] "GET /buy.php?special/210013668.html HTTP/1.1" 200 21695 "-" "Mozilla/5.0 (compatible; DataForSeoBot/1.0; +https://dataforseo.com/dataforseo-bot)"
74.7.242.42 - - [19/Sep/2026:18:49:18 +0530] "GET /buy.php?goods/273001557 HTTP/2.0" 200 20691 "https://www.llprecharge.in/buy.php?detail/27300169887224" "Mozilla/5.0 AppleWebKit/537.36 (KHTML, like Gecko; compatible; GPTBot/1.4; +https://openai.com/gptbot)"
66.249.66.33 - - [19/Sep/2026:18:49:21 +0530] "GET /review/goods/L668066187/ HTTP/1.1" 404 - "-" "Mozilla/5.0 (Linux; Android 6.0.1; Nexus 5X Build/MMB29P) AppleWebKit/537.36 (KHTML, like Gecko) Chrome/153.0.8010.47 Mobile Safari/537.36 (compatible; Googlebot/2.1; +http://www.google.com/bot.html)"
66.249.66.67 - - [19/Sep/2026:18:49:21 +0530] "GET /?selfness/31214387627 HTTP/1.1" 200 1838 "-" "Mozilla/5.0 (Linux; Android 6.0.1; Nexus 5X Build/MMB29P) AppleWebKit/537.36 (KHTML, like Gecko) Chrome/153.0.8010.47 Mobile Safari/537.36 (compatible; Googlebot/2.1; +http://www.google.com/bot.html)"
74.7.243.193 - - [19/Sep/2026:18:49:19 +0530] "GET /buy.php?detail/05404465766642 HTTP/2.0" 200 20520 "https://llprecharge.in/buy.php?detail/00502203485055" "Mozilla/5.0 AppleWebKit/537.36 (KHTML, like Gecko; compatible; GPTBot/1.4; +https://openai.com/gptbot)"
66.249.66.196 - - [19/Sep/2026:18:49:22 +0530] "GET /cigarillo/jesses/199625336 HTTP/1.1" 404 - "-" "Mozilla/5.0 (Linux; Android 6.0.1; Nexus 5X Build/MMB29P) AppleWebKit/537.36 (KHTML, like Gecko) Chrome/153.0.8010.47 Mobile Safari/537.36 (compatible; Googlebot/2.1; +http://www.google.com/bot.html)"
74.7.242.42 - - [19/Sep/2026:18:49:20 +0530] "GET /buy.php?detail/26900753382340 HTTP/2.0" 200 23207 "https://www.llprecharge.in/buy.php?detail/26900595761394" "Mozilla/5.0 AppleWebKit/537.36 (KHTML, like Gecko; compatible; GPTBot/1.4; +https://openai.com/gptbot)"
136.243.228.180 - - [19/Sep/2026:18:49:21 +0530] "GET /buy.php?special/216044046.html HTTP/1.1" 200 20520 "-" "Mozilla/5.0 (compatible; DataForSeoBot/1.0; +https://dataforseo.com/dataforseo-bot)"
74.7.243.193 - - [19/Sep/2026:18:49:21 +0530] "GET /buy.php?detail/18204448435945 HTTP/2.0" 200 19976 "https://llprecharge.in/buy.php?detail/27204994727159" "Mozilla/5.0 AppleWebKit/537.36 (KHTML, like Gecko; compatible; GPTBot/1.4; +https://openai.com/gptbot)"
74.7.242.42 - - [19/Sep/2026:18:49:23 +0530] "GET /buy.php?detail/28501682161273 HTTP/2.0" 200 20803 "https://www.llprecharge.in/buy.php?detail/28503963677199" "Mozilla/5.0 AppleWebKit/537.36 (KHTML, like Gecko; compatible; GPTBot/1.4; +https://openai.com/gptbot)"
74.7.243.193 - - [19/Sep/2026:18:49:24 +0530] "GET /buy.php?detail/08001416660536 HTTP/2.0" 200 20823 "https://llprecharge.in/buy.php?detail/08001468961879" "Mozilla/5.0 AppleWebKit/537.36 (KHTML, like Gecko; compatible; GPTBot/1.4; +https://openai.com/gptbot)"
66.249.66.33 - - [19/Sep/2026:18:49:27 +0530] "GET /?infundibuliform/82449429232 HTTP/1.1" 200 1838 "-" "Mozilla/5.0 (Linux; Android 6.0.1; Nexus 5X Build/MMB29P) AppleWebKit/537.36 (KHTML, like Gecko) Chrome/153.0.8010.47 Mobile Safari/537.36 (compatible; Googlebot/2.1; +http://www.google.com/bot.html)"
136.243.228.180 - - [19/Sep/2026:18:49:25 +0530] "GET /buy.php?detail/2160440457868 HTTP/1.1" 200 20535 "-" "Mozilla/5.0 (compatible; DataForSeoBot/1.0; +https://dataforseo.com/dataforseo-bot)"
65.21.113.253 - - [19/Sep/2026:18:49:29 +0530] "GET /robots.txt HTTP/1.1" 200 368 "-" "Mozilla/5.0 (compatible; AwarioBot/1.0; +https://awario.com/bots.html)"
74.7.243.193 - - [19/Sep/2026:18:49:27 +0530] "GET /buy.php?detail/05601036260679 HTTP/2.0" 200 20845 "https://llprecharge.in/buy.php?detail/05600982957902" "Mozilla/5.0 AppleWebKit/537.36 (KHTML, like Gecko; compatible; GPTBot/1.4; +https://openai.com/gptbot)"
66.249.66.33 - - [19/Sep/2026:18:49:29 +0530] "GET /sneaked/attendant/955547497 HTTP/1.1" 404 - "-" "Mozilla/5.0 (Linux; Android 6.0.1; Nexus 5X Build/MMB29P) AppleWebKit/537.36 (KHTML, like Gecko) Chrome/153.0.8010.47 Mobile Safari/537.36 (compatible; Googlebot/2.1; +http://www.google.com/bot.html)"
74.7.242.42 - - [19/Sep/2026:18:49:25 +0530] "GET /buy.php?jp/112031757.html HTTP/2.0" 200 20560 "https://www.llprecharge.in/buy.php?detail/28503963677199" "Mozilla/5.0 AppleWebKit/537.36 (KHTML, like Gecko; compatible; GPTBot/1.4; +https://openai.com/gptbot)"
66.249.66.33 - - [19/Sep/2026:18:49:30 +0530] "GET /?e=c9o2m9p0r4o5m8i2t104 HTTP/1.1" 200 1838 "-" "Mozilla/5.0 (Linux; Android 6.0.1; Nexus 5X Build/MMB29P) AppleWebKit/537.36 (KHTML, like Gecko) Chrome/153.0.8010.47 Mobile Safari/537.36 (compatible; Googlebot/2.1; +http://www.google.com/bot.html)"
65.21.113.253 - - [19/Sep/2026:18:49:29 +0530] "GET /buy.php?category/143_1321/1 HTTP/1.1" 200 137987 "-" "Mozilla/5.0 (compatible; AwarioBot/1.0; +https://awario.com/bots.html)"
74.7.242.42 - - [19/Sep/2026:18:49:30 +0530] "GET /buy.php?detail/17504493931349 HTTP/2.0" 200 20741 "https://www.llprecharge.in/buy.php?detail/17504699689378" "Mozilla/5.0 AppleWebKit/537.36 (KHTML, like Gecko; compatible; GPTBot/1.4; +https://openai.com/gptbot)"
136.243.228.180 - - [19/Sep/2026:18:49:31 +0530] "GET /buy.php?jp/216044047.html HTTP/1.1" 200 20550 "-" "Mozilla/5.0 (compatible; DataForSeoBot/1.0; +https://dataforseo.com/dataforseo-bot)"
74.7.243.193 - - [19/Sep/2026:18:49:30 +0530] "GET /buy.php?detail/01901343815169 HTTP/2.0" 200 21089 "https://llprecharge.in/buy.php?detail/01901370876613" "Mozilla/5.0 AppleWebKit/537.36 (KHTML, like Gecko; compatible; GPTBot/1.4; +https://openai.com/gptbot)"
74.7.242.42 - - [19/Sep/2026:18:49:32 +0530] "GET /buy.php?detail/16502524722591 HTTP/2.0" 200 23021 "https://www.llprecharge.in/buy.php?detail/17504699689378" "Mozilla/5.0 AppleWebKit/537.36 (KHTML, like Gecko; compatible; GPTBot/1.4; +https://openai.com/gptbot)"
74.7.243.193 - - [19/Sep/2026:18:49:34 +0530] "GET /buy.php?detail/03104344111993 HTTP/2.0" 200 21187 "https://llprecharge.in/buy.php?detail/09802816530050" "Mozilla/5.0 AppleWebKit/537.36 (KHTML, like Gecko; compatible; GPTBot/1.4; +https://openai.com/gptbot)"
136.243.228.180 - - [19/Sep/2026:18:49:35 +0530] "GET /buy.php?special/216044048.html HTTP/1.1" 200 20788 "-" "Mozilla/5.0 (compatible; DataForSeoBot/1.0; +https://dataforseo.com/dataforseo-bot)"
74.7.242.42 - - [19/Sep/2026:18:49:35 +0530] "GET /buy.php?detail/27300157168325 HTTP/2.0" 200 21888 "https://www.llprecharge.in/buy.php?detail/27300169887224" "Mozilla/5.0 AppleWebKit/537.36 (KHTML, like Gecko; compatible; GPTBot/1.4; +https://openai.com/gptbot)"
65.21.113.253 - - [19/Sep/2026:18:49:35 +0530] "GET /buy.php?category/143_286/1 HTTP/1.1" 200 119345 "-" "Mozilla/5.0 (compatible; AwarioBot/1.0; +https://awario.com/bots.html)"
74.7.243.193 - - [19/Sep/2026:18:49:36 +0530] "GET /buy.php?detail/06800586150957 HTTP/2.0" 200 21157 "https://llprecharge.in/buy.php?detail/09802816530050" "Mozilla/5.0 AppleWebKit/537.36 (KHTML, like Gecko; compatible; GPTBot/1.4; +https://openai.com/gptbot)"
74.7.242.42 - - [19/Sep/2026:18:49:37 +0530] "GET /buy.php?detail/26900753527409 HTTP/2.0" 200 23277 "https://www.llprecharge.in/buy.php?detail/26900595761394" "Mozilla/5.0 AppleWebKit/537.36 (KHTML, like Gecko; compatible; GPTBot/1.4; +https://openai.com/gptbot)"
136.243.228.180 - - [19/Sep/2026:18:49:38 +0530] "GET /buy.php?special/049013055.html HTTP/1.1" 200 20603 "-" "Mozilla/5.0 (compatible; DataForSeoBot/1.0; +https://dataforseo.com/dataforseo-bot)"
74.7.243.193 - - [19/Sep/2026:18:49:39 +0530] "GET /buy.php?detail/05601036859493 HTTP/2.0" 200 20848 "https://llprecharge.in/buy.php?detail/05600982957902" "Mozilla/5.0 AppleWebKit/537.36 (KHTML, like Gecko; compatible; GPTBot/1.4; +https://openai.com/gptbot)"
74.7.242.42 - - [19/Sep/2026:18:49:40 +0530] "GET /buy.php?detail/14302290679477 HTTP/2.0" 200 20545 "https://www.llprecharge.in/buy.php?goods/143025877" "Mozilla/5.0 AppleWebKit/537.36 (KHTML, like Gecko; compatible; GPTBot/1.4; +https://openai.com/gptbot)"
66.249.66.67 - - [19/Sep/2026:18:49:43 +0530] "GET /manservant/s9c1a8p1h8o0l4u3n4a8r6 HTTP/1.1" 404 - "-" "Mozilla/5.0 (Linux; Android 6.0.1; Nexus 5X Build/MMB29P) AppleWebKit/537.36 (KHTML, like Gecko) Chrome/153.0.8010.47 Mobile Safari/537.36 (compatible; Googlebot/2.1; +http://www.google.com/bot.html)"
74.7.242.42 - - [19/Sep/2026:18:49:42 +0530] "GET /buy.php?detail/15002918727333 HTTP/2.0" 200 20613 "https://www.llprecharge.in/buy.php?detail/15002867367421" "Mozilla/5.0 AppleWebKit/537.36 (KHTML, like Gecko; compatible; GPTBot/1.4; +https://openai.com/gptbot)"
136.243.228.180 - - [19/Sep/2026:18:49:42 +0530] "GET /buy.php?special/216044044.html HTTP/1.1" 200 20964 "-" "Mozilla/5.0 (compatible; DataForSeoBot/1.0; +https://dataforseo.com/dataforseo-bot)"
74.7.243.193 - - [19/Sep/2026:18:49:41 +0530] "GET /buy.php?detail/00301940751716 HTTP/2.0" 200 22259 "https://llprecharge.in/buy.php?detail/00302099258435" "Mozilla/5.0 AppleWebKit/537.36 (KHTML, like Gecko; compatible; GPTBot/1.4; +https://openai.com/gptbot)"
74.7.242.42 - - [19/Sep/2026:18:49:44 +0530] "GET /buy.php?detail/15002918847770 HTTP/2.0" 200 20680 "https://www.llprecharge.in/buy.php?detail/15002867367421" "Mozilla/5.0 AppleWebKit/537.36 (KHTML, like Gecko; compatible; GPTBot/1.4; +https://openai.com/gptbot)"
136.243.228.180 - - [19/Sep/2026:18:49:47 +0530] "GET /buy.php?special/216044042.html HTTP/1.1" 200 20503 "-" "Mozilla/5.0 (compatible; DataForSeoBot/1.0; +https://dataforseo.com/dataforseo-bot)"
66.249.66.67 - - [19/Sep/2026:18:49:49 +0530] "GET /?adhesive/6148541644 HTTP/1.1" 200 1838 "-" "Mozilla/5.0 (Linux; Android 6.0.1; Nexus 5X Build/MMB29P) AppleWebKit/537.36 (KHTML, like Gecko) Chrome/153.0.8010.47 Mobile Safari/537.36 (compatible; Googlebot/2.1; +http://www.google.com/bot.html)"
74.7.243.193 - - [19/Sep/2026:18:49:47 +0530] "GET /buy.php?detail/00802426320581 HTTP/2.0" 200 20312 "https://llprecharge.in/buy.php?detail/019013795752" "Mozilla/5.0 AppleWebKit/537.36 (KHTML, like Gecko; compatible; GPTBot/1.4; +https://openai.com/gptbot)"
65.21.113.253 - - [19/Sep/2026:18:49:47 +0530] "GET /buy.php?category/143_3590/1 HTTP/1.1" 200 131132 "-" "Mozilla/5.0 (compatible; AwarioBot/1.0; +https://awario.com/bots.html)"
74.7.242.42 - - [19/Sep/2026:18:49:48 +0530] "GET /buy.php?detail/05503972547610 HTTP/2.0" 200 20758 "https://www.llprecharge.in/buy.php?detail/15002867367421" "Mozilla/5.0 AppleWebKit/537.36 (KHTML, like Gecko; compatible; GPTBot/1.4; +https://openai.com/gptbot)"
74.7.242.42 - - [19/Sep/2026:18:49:51 +0530] "GET /buy.php?detail/26900690481844 HTTP/2.0" 200 22613 "https://www.llprecharge.in/buy.php?detail/26900753382340" "Mozilla/5.0 AppleWebKit/537.36 (KHTML, like Gecko; compatible; GPTBot/1.4; +https://openai.com/gptbot)"
136.243.228.180 - - [19/Sep/2026:18:49:51 +0530] "GET /buy.php?special/041028915.html HTTP/1.1" 200 20824 "-" "Mozilla/5.0 (compatible; DataForSeoBot/1.0; +https://dataforseo.com/dataforseo-bot)"
74.7.243.193 - - [19/Sep/2026:18:49:51 +0530] "GET /buy.php?detail/15900287972580 HTTP/2.0" 200 20728 "https://llprecharge.in/buy.php?detail/05601727057134" "Mozilla/5.0 AppleWebKit/537.36 (KHTML, like Gecko; compatible; GPTBot/1.4; +https://openai.com/gptbot)"
66.249.66.33 - - [19/Sep/2026:18:49:54 +0530] "GET /?camphoric/01668361000 HTTP/1.1" 200 1838 "-" "Mozilla/5.0 (Linux; Android 6.0.1; Nexus 5X Build/MMB29P) AppleWebKit/537.36 (KHTML, like Gecko) Chrome/153.0.8010.47 Mobile Safari/537.36 (compatible; Googlebot/2.1; +http://www.google.com/bot.html)"
66.249.66.67 - - [19/Sep/2026:18:49:55 +0530] "GET /?e=l5e8m7a7i5r5e5o0c4e1reus HTTP/1.1" 200 1838 "-" "Mozilla/5.0 (Linux; Android 6.0.1; Nexus 5X Build/MMB29P) AppleWebKit/537.36 (KHTML, like Gecko) Chrome/153.0.8010.47 Mobile Safari/537.36 (compatible; Googlebot/2.1; +http://www.google.com/bot.html)"
74.7.242.42 - - [19/Sep/2026:18:49:53 +0530] "GET /buy.php?detail/29302760105166 HTTP/2.0" 200 21129 "https://www.llprecharge.in/buy.php?detail/29302876465384" "Mozilla/5.0 AppleWebKit/537.36 (KHTML, like Gecko; compatible; GPTBot/1.4; +https://openai.com/gptbot)"
66.249.66.67 - - [19/Sep/2026:18:49:55 +0530] "GET /?transmutability/4687609981 HTTP/1.1" 200 1838 "-" "Mozilla/5.0 (Linux; Android 6.0.1; Nexus 5X Build/MMB29P) AppleWebKit/537.36 (KHTML, like Gecko) Chrome/153.0.8010.47 Mobile Safari/537.36 (compatible; Googlebot/2.1; +http://www.google.com/bot.html)"
65.21.113.253 - - [19/Sep/2026:18:49:54 +0530] "GET /buy.php?category/143_436/1 HTTP/1.1" 200 117689 "-" "Mozilla/5.0 (compatible; AwarioBot/1.0; +https://awario.com/bots.html)"
74.7.243.193 - - [19/Sep/2026:18:49:54 +0530] "GET /buy.php?detail/19400480502020 HTTP/2.0" 200 20294 "https://llprecharge.in/buy.php?detail/05404465766642" "Mozilla/5.0 AppleWebKit/537.36 (KHTML, like Gecko; compatible; GPTBot/1.4; +https://openai.com/gptbot)"
136.243.228.180 - - [19/Sep/2026:18:49:55 +0530] "GET /buy.php?special/041028921.html HTTP/1.1" 200 20866 "-" "Mozilla/5.0 (compatible; DataForSeoBot/1.0; +https://dataforseo.com/dataforseo-bot)"
74.7.242.42 - - [19/Sep/2026:18:49:56 +0530] "GET /buy.php?detail/17504497220760 HTTP/2.0" 200 20731 "https://www.llprecharge.in/buy.php?detail/17504699689378" "Mozilla/5.0 AppleWebKit/537.36 (KHTML, like Gecko; compatible; GPTBot/1.4; +https://openai.com/gptbot)"
66.249.66.195 - - [19/Sep/2026:18:49:58 +0530] "GET /terete/vaginervose/43633675727 HTTP/1.1" 404 - "-" "Mozilla/5.0 (Linux; Android 6.0.1; Nexus 5X Build/MMB29P) AppleWebKit/537.36 (KHTML, like Gecko) Chrome/153.0.8010.47 Mobile Safari/537.36 (compatible; Googlebot/2.1; +http://www.google.com/bot.html)"
74.7.243.193 - - [19/Sep/2026:18:49:57 +0530] "GET /buy.php?detail/27004420677075 HTTP/2.0" 200 20853 "https://llprecharge.in/buy.php?detail/18204448435945" "Mozilla/5.0 AppleWebKit/537.36 (KHTML, like Gecko; compatible; GPTBot/1.4; +https://openai.com/gptbot)"
66.249.66.33 - - [19/Sep/2026:18:50:00 +0530] "GET /?e=k7i2n8g9p7o6s6t3877 HTTP/1.1" 200 1838 "-" "Mozilla/5.0 (Linux; Android 6.0.1; Nexus 5X Build/MMB29P) AppleWebKit/537.36 (KHTML, like Gecko) Chrome/153.0.8010.47 Mobile Safari/537.36 (compatible; Googlebot/2.1; +http://www.google.com/bot.html)"
74.7.242.42 - - [19/Sep/2026:18:49:58 +0530] "GET /buy.php?detail/29302760649818 HTTP/2.0" 200 20851 "https://www.llprecharge.in/buy.php?detail/29302876465384" "Mozilla/5.0 AppleWebKit/537.36 (KHTML, like Gecko; compatible; GPTBot/1.4; +https://openai.com/gptbot)"
136.243.228.180 - - [19/Sep/2026:18:49:59 +0530] "GET /buy.php?special/073032995.html HTTP/1.1" 200 21582 "-" "Mozilla/5.0 (compatible; DataForSeoBot/1.0; +https://dataforseo.com/dataforseo-bot)"
66.249.66.67 - - [19/Sep/2026:18:50:01 +0530] "GET /shops/factories/r7o3o9k7e7r5y09415 HTTP/1.1" 404 - "-" "Mozilla/5.0 (Linux; Android 6.0.1; Nexus 5X Build/MMB29P) AppleWebKit/537.36 (KHTML, like Gecko) Chrome/153.0.8010.47 Mobile Safari/537.36 (compatible; Googlebot/2.1; +http://www.google.com/bot.html)"
66.249.66.195 - - [19/Sep/2026:18:50:01 +0530] "GET /?pasteurian/11216819144 HTTP/1.1" 200 1838 "-" "Mozilla/5.0 (Linux; Android 6.0.1; Nexus 5X Build/MMB29P) AppleWebKit/537.36 (KHTML, like Gecko) Chrome/153.0.8010.47 Mobile Safari/537.36 (compatible; Googlebot/2.1; +http://www.google.com/bot.html)"
66.249.66.33 - - [19/Sep/2026:18:50:02 +0530] "GET /auscultation/v0e2n0e6e8r253915 HTTP/1.1" 404 - "-" "Mozilla/5.0 (Linux; Android 6.0.1; Nexus 5X Build/MMB29P) AppleWebKit/537.36 (KHTML, like Gecko) Chrome/153.0.8010.47 Mobile Safari/537.36 (compatible; Googlebot/2.1; +http://www.google.com/bot.html)"
74.7.242.42 - - [19/Sep/2026:18:50:00 +0530] "GET /buy.php?detail/25901186638364 HTTP/2.0" 200 21092 "https://www.llprecharge.in/buy.php?detail/25901138509375" "Mozilla/5.0 AppleWebKit/537.36 (KHTML, like Gecko; compatible; GPTBot/1.4; +https://openai.com/gptbot)"
74.7.243.193 - - [19/Sep/2026:18:50:00 +0530] "GET /buy.php?detail/23304014859239 HTTP/2.0" 200 20068 "https://llprecharge.in/buy.php?detail/08001416660536" "Mozilla/5.0 AppleWebKit/537.36 (KHTML, like Gecko; compatible; GPTBot/1.4; +https://openai.com/gptbot)"
66.249.66.195 - - [19/Sep/2026:18:50:04 +0530] "GET /?interested/22133913338 HTTP/1.1" 200 1838 "-" "Mozilla/5.0 (Linux; Android 6.0.1; Nexus 5X Build/MMB29P) AppleWebKit/537.36 (KHTML, like Gecko) Chrome/153.0.8010.47 Mobile Safari/537.36 (compatible; Googlebot/2.1; +http://www.google.com/bot.html)"
136.243.228.180 - - [19/Sep/2026:18:50:02 +0530] "GET /buy.php?special/041028905.html HTTP/1.1" 200 20539 "-" "Mozilla/5.0 (compatible; DataForSeoBot/1.0; +https://dataforseo.com/dataforseo-bot)"
66.249.66.195 - - [19/Sep/2026:18:50:05 +0530] "GET /glycyrrhiza/mistitle/c1o3u8t5u1r7e28222 HTTP/1.1" 404 - "-" "Mozilla/5.0 (Linux; Android 6.0.1; Nexus 5X Build/MMB29P) AppleWebKit/537.36 (KHTML, like Gecko) Chrome/153.0.8010.47 Mobile Safari/537.36 (compatible; Googlebot/2.1; +http://www.google.com/bot.html)"
74.7.242.42 - - [19/Sep/2026:18:50:03 +0530] "GET /buy.php?detail/02301789590431 HTTP/2.0" 200 22033 "https://www.llprecharge.in/buy.php?jp/023019646.html" "Mozilla/5.0 AppleWebKit/537.36 (KHTML, like Gecko; compatible; GPTBot/1.4; +https://openai.com/gptbot)"
74.7.242.42 - - [19/Sep/2026:18:50:05 +0530] "GET /buy.php?detail/04601815504298 HTTP/2.0" 200 20513 "https://www.llprecharge.in/buy.php?detail/26900753527409" "Mozilla/5.0 AppleWebKit/537.36 (KHTML, like Gecko; compatible; GPTBot/1.4; +https://openai.com/gptbot)"
74.7.243.193 - - [19/Sep/2026:18:50:04 +0530] "GET /buy.php?detail/00801141165879 HTTP/2.0" 200 22171 "https://llprecharge.in/buy.php?detail/05601036260679" "Mozilla/5.0 AppleWebKit/537.36 (KHTML, like Gecko; compatible; GPTBot/1.4; +https://openai.com/gptbot)"
65.21.113.253 - - [19/Sep/2026:18:50:05 +0530] "GET /buy.php?category/143_436_2884/1 HTTP/1.1" 200 121545 "-" "Mozilla/5.0 (compatible; AwarioBot/1.0; +https://awario.com/bots.html)"
66.249.66.194 - - [19/Sep/2026:18:50:09 +0530] "GET /index.php?shops/burmans/d9i5s1c9i1f6e7r5o5u0s HTTP/1.1" 404 20 "-" "Mozilla/5.0 (Linux; Android 6.0.1; Nexus 5X Build/MMB29P) AppleWebKit/537.36 (KHTML, like Gecko) Chrome/153.0.8010.47 Mobile Safari/537.36 (compatible; Googlebot/2.1; +http://www.google.com/bot.html)"
136.243.228.180 - - [19/Sep/2026:18:50:06 +0530] "GET /buy.php?goods/041028934 HTTP/1.1" 200 21843 "-" "Mozilla/5.0 (compatible; DataForSeoBot/1.0; +https://dataforseo.com/dataforseo-bot)"
74.7.242.42 - - [19/Sep/2026:18:50:08 +0530] "GET /buy.php?detail/00403157838762 HTTP/2.0" 200 20968 "https://www.llprecharge.in/buy.php?detail/00404128929143" "Mozilla/5.0 AppleWebKit/537.36 (KHTML, like Gecko; compatible; GPTBot/1.4; +https://openai.com/gptbot)"
66.249.66.195 - - [19/Sep/2026:18:50:10 +0530] "GET /?enlacement/11766637664 HTTP/1.1" 200 1838 "-" "Mozilla/5.0 (Linux; Android 6.0.1; Nexus 5X Build/MMB29P) AppleWebKit/537.36 (KHTML, like Gecko) Chrome/153.0.8010.47 Mobile Safari/537.36 (compatible; Googlebot/2.1; +http://www.google.com/bot.html)"
74.7.243.193 - - [19/Sep/2026:18:50:08 +0530] "GET /buy.php?detail/01901428053504 HTTP/2.0" 200 20778 "https://llprecharge.in/buy.php?detail/01901343815169" "Mozilla/5.0 AppleWebKit/537.36 (KHTML, like Gecko; compatible; GPTBot/1.4; +https://openai.com/gptbot)"
66.249.66.67 - - [19/Sep/2026:18:50:11 +0530] "GET /?e=p1a2l1a3e9s4t5r5i0c55 HTTP/1.1" 200 1838 "-" "Mozilla/5.0 (Linux; Android 6.0.1; Nexus 5X Build/MMB29P) AppleWebKit/537.36 (KHTML, like Gecko) Chrome/153.0.8010.47 Mobile Safari/537.36 (compatible; Googlebot/2.1; +http://www.google.com/bot.html)"
66.249.66.33 - - [19/Sep/2026:18:50:12 +0530] "GET /?outdoor/22297842988 HTTP/1.1" 200 1838 "-" "Mozilla/5.0 (Linux; Android 6.0.1; Nexus 5X Build/MMB29P) AppleWebKit/537.36 (KHTML, like Gecko) Chrome/153.0.8010.47 Mobile Safari/537.36 (compatible; Googlebot/2.1; +http://www.google.com/bot.html)"
65.21.113.253 - - [19/Sep/2026:18:50:10 +0530] "GET /buy.php?category/143_436_437/1 HTTP/1.1" 200 137333 "-" "Mozilla/5.0 (compatible; AwarioBot/1.0; +https://awario.com/bots.html)"
66.249.66.195 - - [19/Sep/2026:18:50:12 +0530] "GET /?e=p7a3l1e5o2g7r4a7p5h4e5r HTTP/1.1" 200 1838 "-" "Mozilla/5.0 (Linux; Android 6.0.1; Nexus 5X Build/MMB29P) AppleWebKit/537.36 (KHTML, like Gecko) Chrome/153.0.8010.47 Mobile Safari/537.36 (compatible; Googlebot/2.1; +http://www.google.com/bot.html)"
74.7.242.42 - - [19/Sep/2026:18:50:10 +0530] "GET /buy.php?detail/15002949946296 HTTP/2.0" 200 20495 "https://www.llprecharge.in/buy.php?detail/15002918727333" "Mozilla/5.0 AppleWebKit/537.36 (KHTML, like Gecko; compatible; GPTBot/1.4; +https://openai.com/gptbot)"
74.7.243.193 - - [19/Sep/2026:18:50:11 +0530] "GET /buy.php?detail/05601659515469 HTTP/2.0" 200 21345 "https://llprecharge.in/buy.php?detail/05601036260679" "Mozilla/5.0 AppleWebKit/537.36 (KHTML, like Gecko; compatible; GPTBot/1.4; +https://openai.com/gptbot)"
136.243.228.180 - - [19/Sep/2026:18:50:10 +0530] "GET /buy.php?detail/22400601386887 HTTP/1.1" 200 21323 "-" "Mozilla/5.0 (compatible; DataForSeoBot/1.0; +https://dataforseo.com/dataforseo-bot)"
74.7.242.42 - - [19/Sep/2026:18:50:12 +0530] "GET /buy.php?detail/29102220637081 HTTP/2.0" 200 20636 "https://www.llprecharge.in/buy.php?detail/15002918847770" "Mozilla/5.0 AppleWebKit/537.36 (KHTML, like Gecko; compatible; GPTBot/1.4; +https://openai.com/gptbot)"
74.7.243.193 - - [19/Sep/2026:18:50:13 +0530] "GET /buy.php?detail/06800041654487 HTTP/2.0" 200 20717 "https://llprecharge.in/buy.php?detail/06800586150957" "Mozilla/5.0 AppleWebKit/537.36 (KHTML, like Gecko; compatible; GPTBot/1.4; +https://openai.com/gptbot)"
136.243.228.180 - - [19/Sep/2026:18:50:14 +0530] "GET /buy.php?special/266033396.html HTTP/1.1" 200 21148 "-" "Mozilla/5.0 (compatible; DataForSeoBot/1.0; +https://dataforseo.com/dataforseo-bot)"
65.21.113.253 - - [19/Sep/2026:18:50:14 +0530] "GET /buy.php?category/143_436_776/1 HTTP/1.1" 200 141744 "-" "Mozilla/5.0 (compatible; AwarioBot/1.0; +https://awario.com/bots.html)"
74.7.242.42 - - [19/Sep/2026:18:50:15 +0530] "GET /buy.php?detail/15002949556708 HTTP/2.0" 200 20594 "https://www.llprecharge.in/buy.php?detail/15002918727333" "Mozilla/5.0 AppleWebKit/537.36 (KHTML, like Gecko; compatible; GPTBot/1.4; +https://openai.com/gptbot)"
74.7.243.193 - - [19/Sep/2026:18:50:15 +0530] "GET /buy.php?detail/08803238003056 HTTP/2.0" 200 20404 "https://llprecharge.in/buy.php?detail/05601036859493" "Mozilla/5.0 AppleWebKit/537.36 (KHTML, like Gecko; compatible; GPTBot/1.4; +https://openai.com/gptbot)"
74.7.243.193 - - [19/Sep/2026:18:50:18 +0530] "GET /buy.php?goods/230043295 HTTP/2.0" 200 20564 "https://llprecharge.in/buy.php?detail/00301940751716" "Mozilla/5.0 AppleWebKit/537.36 (KHTML, like Gecko; compatible; GPTBot/1.4; +https://openai.com/gptbot)"
74.7.242.42 - - [19/Sep/2026:18:50:18 +0530] "GET /buy.php?detail/26900603605280 HTTP/2.0" 200 22629 "https://www.llprecharge.in/buy.php?detail/26900690481844" "Mozilla/5.0 AppleWebKit/537.36 (KHTML, like Gecko; compatible; GPTBot/1.4; +https://openai.com/gptbot)"
136.243.228.180 - - [19/Sep/2026:18:50:19 +0530] "GET /buy.php?special/041028927.html HTTP/1.1" 200 20736 "-" "Mozilla/5.0 (compatible; DataForSeoBot/1.0; +https://dataforseo.com/dataforseo-bot)"
74.7.243.193 - - [19/Sep/2026:18:50:20 +0530] "GET /buy.php?detail/25703469579936 HTTP/2.0" 200 20459 "https://llprecharge.in/buy.php?detail/05601036859493" "Mozilla/5.0 AppleWebKit/537.36 (KHTML, like Gecko; compatible; GPTBot/1.4; +https://openai.com/gptbot)"
74.7.242.42 - - [19/Sep/2026:18:50:20 +0530] "GET /buy.php?detail/0350416398579 HTTP/2.0" 200 20799 "https://www.llprecharge.in/buy.php?detail/29302760105166" "Mozilla/5.0 AppleWebKit/537.36 (KHTML, like Gecko; compatible; GPTBot/1.4; +https://openai.com/gptbot)"
66.249.66.33 - - [19/Sep/2026:18:50:24 +0530] "GET /item/4085852650 HTTP/1.1" 404 - "-" "Mozilla/5.0 (Linux; Android 6.0.1; Nexus 5X Build/MMB29P) AppleWebKit/537.36 (KHTML, like Gecko) Chrome/153.0.8010.47 Mobile Safari/537.36 (compatible; Googlebot/2.1; +http://www.google.com/bot.html)"
136.243.228.180 - - [19/Sep/2026:18:50:22 +0530] "GET /buy.php?special/187016625.html HTTP/1.1" 200 21305 "-" "Mozilla/5.0 (compatible; DataForSeoBot/1.0; +https://dataforseo.com/dataforseo-bot)"
66.249.66.33 - - [19/Sep/2026:18:50:24 +0530] "GET /?vamplate/6792460019 HTTP/1.1" 200 1838 "-" "Mozilla/5.0 (Linux; Android 6.0.1; Nexus 5X Build/MMB29P) AppleWebKit/537.36 (KHTML, like Gecko) Chrome/153.0.8010.47 Mobile Safari/537.36 (compatible; Googlebot/2.1; +http://www.google.com/bot.html)"
74.7.243.193 - - [19/Sep/2026:18:50:23 +0530] "GET /buy.php?detail/00302477653725 HTTP/2.0" 200 21559 "https://llprecharge.in/buy.php?detail/00301940751716" "Mozilla/5.0 AppleWebKit/537.36 (KHTML, like Gecko; compatible; GPTBot/1.4; +https://openai.com/gptbot)"
74.7.242.42 - - [19/Sep/2026:18:50:23 +0530] "GET /buy.php?goods/175048864 HTTP/2.0" 200 20164 "https://www.llprecharge.in/buy.php?detail/17504497220760" "Mozilla/5.0 AppleWebKit/537.36 (KHTML, like Gecko; compatible; GPTBot/1.4; +https://openai.com/gptbot)"
66.249.66.194 - - [19/Sep/2026:18:50:25 +0530] "GET /item/5086396567 HTTP/1.1" 404 - "-" "Mozilla/5.0 (Linux; Android 6.0.1; Nexus 5X Build/MMB29P) AppleWebKit/537.36 (KHTML, like Gecko) Chrome/153.0.8010.47 Mobile Safari/537.36 (compatible; Googlebot/2.1; +http://www.google.com/bot.html)"
66.249.66.194 - - [19/Sep/2026:18:50:27 +0530] "GET /?products/detail/157285448 HTTP/1.1" 200 1838 "-" "Mozilla/5.0 (Linux; Android 6.0.1; Nexus 5X Build/MMB29P) AppleWebKit/537.36 (KHTML, like Gecko) Chrome/153.0.8010.47 Mobile Safari/537.36 (compatible; Googlebot/2.1; +http://www.google.com/bot.html)"
66.249.66.195 - - [19/Sep/2026:18:50:27 +0530] "GET /?emeute/3122390932 HTTP/1.1" 200 1838 "-" "Mozilla/5.0 (Linux; Android 6.0.1; Nexus 5X Build/MMB29P) AppleWebKit/537.36 (KHTML, like Gecko) Chrome/153.0.8010.47 Mobile Safari/537.36 (compatible; Googlebot/2.1; +http://www.google.com/bot.html)"
74.7.243.193 - - [19/Sep/2026:18:50:25 +0530] "GET /buy.php?detail/19400366547971 HTTP/2.0" 200 20969 "https://llprecharge.in/buy.php?detail/19400480502020" "Mozilla/5.0 AppleWebKit/537.36 (KHTML, like Gecko; compatible; GPTBot/1.4; +https://openai.com/gptbot)"
74.7.242.42 - - [19/Sep/2026:18:50:25 +0530] "GET /buy.php?detail/23902411253120 HTTP/2.0" 200 20691 "https://www.llprecharge.in/buy.php?detail/29302760649818" "Mozilla/5.0 AppleWebKit/537.36 (KHTML, like Gecko; compatible; GPTBot/1.4; +https://openai.com/gptbot)"
65.21.113.253 - - [19/Sep/2026:18:50:26 +0530] "GET /buy.php?category/143_608/1 HTTP/1.1" 200 161968 "-" "Mozilla/5.0 (compatible; AwarioBot/1.0; +https://awario.com/bots.html)"
136.243.228.180 - - [19/Sep/2026:18:50:27 +0530] "GET /buy.php?goods/187016332 HTTP/1.1" 200 20474 "-" "Mozilla/5.0 (compatible; DataForSeoBot/1.0; +https://dataforseo.com/dataforseo-bot)"
74.7.242.42 - - [19/Sep/2026:18:50:28 +0530] "GET /buy.php?detail/25901414788872 HTTP/2.0" 200 20704 "https://www.llprecharge.in/buy.php?detail/25901186638364" "Mozilla/5.0 AppleWebKit/537.36 (KHTML, like Gecko; compatible; GPTBot/1.4; +https://openai.com/gptbot)"
74.7.243.193 - - [19/Sep/2026:18:50:28 +0530] "GET /buy.php?detail/15301810981356 HTTP/2.0" 200 19926 "https://llprecharge.in/buy.php?detail/27004420677075" "Mozilla/5.0 AppleWebKit/537.36 (KHTML, like Gecko; compatible; GPTBot/1.4; +https://openai.com/gptbot)"
74.7.243.193 - - [19/Sep/2026:18:50:31 +0530] "GET /buy.php?detail/21601516653181 HTTP/2.0" 200 22477 "https://llprecharge.in/buy.php?detail/27004420677075" "Mozilla/5.0 AppleWebKit/537.36 (KHTML, like Gecko; compatible; GPTBot/1.4; +https://openai.com/gptbot)"
65.21.113.253 - - [19/Sep/2026:18:50:30 +0530] "GET /buy.php?category/143_608_609/1 HTTP/1.1" 200 126027 "-" "Mozilla/5.0 (compatible; AwarioBot/1.0; +https://awario.com/bots.html)"
74.7.242.42 - - [19/Sep/2026:18:50:31 +0530] "GET /buy.php?detail/12203646330820 HTTP/2.0" 200 20413 "https://www.llprecharge.in/buy.php?detail/02301789590431" "Mozilla/5.0 AppleWebKit/537.36 (KHTML, like Gecko; compatible; GPTBot/1.4; +https://openai.com/gptbot)"
74.7.243.193 - - [19/Sep/2026:18:50:33 +0530] "GET /buy.php?detail/16103021944595 HTTP/2.0" 200 20584 "https://llprecharge.in/buy.php?detail/00802426320581" "Mozilla/5.0 AppleWebKit/537.36 (KHTML, like Gecko; compatible; GPTBot/1.4; +https://openai.com/gptbot)"
136.243.228.180 - - [19/Sep/2026:18:50:31 +0530] "GET /buy.php?special/181027731.html HTTP/1.1" 200 22378 "-" "Mozilla/5.0 (compatible; DataForSeoBot/1.0; +https://dataforseo.com/dataforseo-bot)"
74.7.242.42 - - [19/Sep/2026:18:50:34 +0530] "GET /buy.php?detail/02301882082543 HTTP/2.0" 200 21701 "https://www.llprecharge.in/buy.php?detail/02301789590431" "Mozilla/5.0 AppleWebKit/537.36 (KHTML, like Gecko; compatible; GPTBot/1.4; +https://openai.com/gptbot)"
74.7.243.193 - - [19/Sep/2026:18:50:36 +0530] "GET /buy.php?detail/19200751681588 HTTP/2.0" 200 20137 "https://llprecharge.in/buy.php?detail/26901709997647" "Mozilla/5.0 AppleWebKit/537.36 (KHTML, like Gecko; compatible; GPTBot/1.4; +https://openai.com/gptbot)"
66.249.66.195 - - [19/Sep/2026:18:50:38 +0530] "GET /?rehboc/51854060680 HTTP/1.1" 200 1838 "-" "Mozilla/5.0 (Linux; Android 6.0.1; Nexus 5X Build/MMB29P) AppleWebKit/537.36 (KHTML, like Gecko) Chrome/153.0.8010.47 Mobile Safari/537.36 (compatible; Googlebot/2.1; +http://www.google.com/bot.html)"
74.7.242.42 - - [19/Sep/2026:18:50:37 +0530] "GET /buy.php?detail/26900603549108 HTTP/2.0" 200 22030 "https://www.llprecharge.in/buy.php?detail/26900690481844" "Mozilla/5.0 AppleWebKit/537.36 (KHTML, like Gecko; compatible; GPTBot/1.4; +https://openai.com/gptbot)"
136.243.228.180 - - [19/Sep/2026:18:50:37 +0530] "GET /buy.php?special/187016337.html HTTP/1.1" 200 20577 "-" "Mozilla/5.0 (compatible; DataForSeoBot/1.0; +https://dataforseo.com/dataforseo-bot)"
66.249.66.67 - - [19/Sep/2026:18:50:40 +0530] "GET /?gunflint/62745087464 HTTP/1.1" 200 1838 "-" "Mozilla/5.0 (Linux; Android 6.0.1; Nexus 5X Build/MMB29P) AppleWebKit/537.36 (KHTML, like Gecko) Chrome/153.0.8010.47 Mobile Safari/537.36 (compatible; Googlebot/2.1; +http://www.google.com/bot.html)"
74.7.243.193 - - [19/Sep/2026:18:50:38 +0530] "GET /buy.php?detail/07900163283134 HTTP/2.0" 200 21931 "https://llprecharge.in/buy.php?detail/05601659515469" "Mozilla/5.0 AppleWebKit/537.36 (KHTML, like Gecko; compatible; GPTBot/1.4; +https://openai.com/gptbot)"
74.7.242.42 - - [19/Sep/2026:18:50:39 +0530] "GET /buy.php?detail/04601875945244 HTTP/2.0" 200 22774 "https://www.llprecharge.in/buy.php?detail/04601815504298" "Mozilla/5.0 AppleWebKit/537.36 (KHTML, like Gecko; compatible; GPTBot/1.4; +https://openai.com/gptbot)"
74.7.243.193 - - [19/Sep/2026:18:50:40 +0530] "GET /buy.php?detail/06800116154201 HTTP/2.0" 200 20780 "https://llprecharge.in/buy.php?detail/06800041654487" "Mozilla/5.0 AppleWebKit/537.36 (KHTML, like Gecko; compatible; GPTBot/1.4; +https://openai.com/gptbot)"
136.243.228.180 - - [19/Sep/2026:18:50:42 +0530] "GET /buy.php?special/058027542.html HTTP/1.1" 200 20867 "-" "Mozilla/5.0 (compatible; DataForSeoBot/1.0; +https://dataforseo.com/dataforseo-bot)"
66.249.66.195 - - [19/Sep/2026:18:50:44 +0530] "GET /?supratemporal/3319519327 HTTP/1.1" 200 1838 "-" "Mozilla/5.0 (Linux; Android 6.0.1; Nexus 5X Build/MMB29P) AppleWebKit/537.36 (KHTML, like Gecko) Chrome/153.0.8010.47 Mobile Safari/537.36 (compatible; Googlebot/2.1; +http://www.google.com/bot.html)"
74.7.242.42 - - [19/Sep/2026:18:50:42 +0530] "GET /buy.php?detail/09903763257796 HTTP/2.0" 200 19698 "https://www.llprecharge.in/buy.php?detail/25901186638364" "Mozilla/5.0 AppleWebKit/537.36 (KHTML, like Gecko; compatible; GPTBot/1.4; +https://openai.com/gptbot)"
74.7.243.193 - - [19/Sep/2026:18:50:43 +0530] "GET /buy.php?detail/08801508247247 HTTP/2.0" 200 20624 "https://llprecharge.in/buy.php?detail/08803238003056" "Mozilla/5.0 AppleWebKit/537.36 (KHTML, like Gecko; compatible; GPTBot/1.4; +https://openai.com/gptbot)"
65.21.113.253 - - [19/Sep/2026:18:50:43 +0530] "GET /buy.php?category/143_652/1 HTTP/1.1" 200 123230 "-" "Mozilla/5.0 (compatible; AwarioBot/1.0; +https://awario.com/bots.html)"
74.7.242.42 - - [19/Sep/2026:18:50:45 +0530] "GET /buy.php?detail/25901413195449 HTTP/2.0" 200 20663 "https://www.llprecharge.in/buy.php?detail/25901186638364" "Mozilla/5.0 AppleWebKit/537.36 (KHTML, like Gecko; compatible; GPTBot/1.4; +https://openai.com/gptbot)"
66.249.66.195 - - [19/Sep/2026:18:50:47 +0530] "GET /?goodby/13684828474 HTTP/1.1" 200 1838 "-" "Mozilla/5.0 (Linux; Android 6.0.1; Nexus 5X Build/MMB29P) AppleWebKit/537.36 (KHTML, like Gecko) Chrome/153.0.8010.47 Mobile Safari/537.36 (compatible; Googlebot/2.1; +http://www.google.com/bot.html)"
136.243.228.180 - - [19/Sep/2026:18:50:46 +0530] "GET /buy.php?special/187016331.html HTTP/1.1" 200 20670 "-" "Mozilla/5.0 (compatible; DataForSeoBot/1.0; +https://dataforseo.com/dataforseo-bot)"
74.7.243.193 - - [19/Sep/2026:18:50:45 +0530] "GET /buy.php?detail/09802755293069 HTTP/2.0" 200 21455 "https://llprecharge.in/buy.php?detail/09802816530050" "Mozilla/5.0 AppleWebKit/537.36 (KHTML, like Gecko; compatible; GPTBot/1.4; +https://openai.com/gptbot)"
66.249.66.33 - - [19/Sep/2026:18:50:50 +0530] "GET /?e=g1u3a3r4d8i8a8n2c5e35 HTTP/1.1" 200 1838 "-" "Mozilla/5.0 (Linux; Android 6.0.1; Nexus 5X Build/MMB29P) AppleWebKit/537.36 (KHTML, like Gecko) Chrome/153.0.8010.47 Mobile Safari/537.36 (compatible; Googlebot/2.1; +http://www.google.com/bot.html)"
74.7.242.42 - - [19/Sep/2026:18:50:47 +0530] "GET /buy.php?detail/28402429477505 HTTP/2.0" 200 22032 "https://www.llprecharge.in/buy.php?detail/26900603605280" "Mozilla/5.0 AppleWebKit/537.36 (KHTML, like Gecko; compatible; GPTBot/1.4; +https://openai.com/gptbot)"
66.249.66.67 - - [19/Sep/2026:18:50:51 +0530] "GET /?e=a3n1t4h7r2o4p4o0g0e7o5grapher HTTP/1.1" 200 1838 "-" "Mozilla/5.0 (Linux; Android 6.0.1; Nexus 5X Build/MMB29P) AppleWebKit/537.36 (KHTML, like Gecko) Chrome/153.0.8010.47 Mobile Safari/537.36 (compatible; Googlebot/2.1; +http://www.google.com/bot.html)"
136.243.228.180 - - [19/Sep/2026:18:50:50 +0530] "GET /buy.php?goods/108038548 HTTP/1.1" 200 20277 "-" "Mozilla/5.0 (compatible; DataForSeoBot/1.0; +https://dataforseo.com/dataforseo-bot)"
74.7.243.193 - - [19/Sep/2026:18:50:50 +0530] "GET /buy.php?detail/08001161746534 HTTP/2.0" 200 20651 "https://llprecharge.in/buy.php?detail/08001416660536" "Mozilla/5.0 AppleWebKit/537.36 (KHTML, like Gecko; compatible; GPTBot/1.4; +https://openai.com/gptbot)"
65.21.113.253 - - [19/Sep/2026:18:50:49 +0530] "GET /buy.php?category/1466/1 HTTP/1.1" 200 122361 "-" "Mozilla/5.0 (compatible; AwarioBot/1.0; +https://awario.com/bots.html)"
74.7.243.193 - - [19/Sep/2026:18:50:52 +0530] "GET /buy.php?detail/24600892412376 HTTP/2.0" 200 20967 "https://llprecharge.in/buy.php?goods/003018383" "Mozilla/5.0 AppleWebKit/537.36 (KHTML, like Gecko; compatible; GPTBot/1.4; +https://openai.com/gptbot)"
66.249.66.195 - - [19/Sep/2026:18:50:55 +0530] "GET /shops/adagio/a1v7e5r8t3e1r5189 HTTP/1.1" 404 - "-" "Mozilla/5.0 (Linux; Android 6.0.1; Nexus 5X Build/MMB29P) AppleWebKit/537.36 (KHTML, like Gecko) Chrome/153.0.8010.47 Mobile Safari/537.36 (compatible; Googlebot/2.1; +http://www.google.com/bot.html)"
49.43.155.169 - - [19/Sep/2026:18:50:38 +0530] "GET /LLPRECHARGE/Admin/recharge_report.php HTTP/2.0" 200 5556 "https://www.llprecharge.in/LLPRECHARGE/Admin/recharge_report.php" "Mozilla/5.0 (Macintosh; Intel Mac OS X 10_15_7) AppleWebKit/537.36 (KHTML, like Gecko) Chrome/151.0.0.0 Safari/537.36 OPR/135.0.0.0"
136.243.228.180 - - [19/Sep/2026:18:50:54 +0530] "GET /buy.php?special/108038554.html HTTP/1.1" 200 20240 "-" "Mozilla/5.0 (compatible; DataForSeoBot/1.0; +https://dataforseo.com/dataforseo-bot)"
74.7.242.42 - - [19/Sep/2026:18:50:50 +0530] "GET /buy.php?detail/15002869592119 HTTP/2.0" 200 20615 "https://www.llprecharge.in/buy.php?detail/15002918847770" "Mozilla/5.0 AppleWebKit/537.36 (KHTML, like Gecko; compatible; GPTBot/1.4; +https://openai.com/gptbot)"
74.7.243.193 - - [19/Sep/2026:18:50:54 +0530] "GET /buy.php?detail/19400379935497 HTTP/2.0" 200 20047 "https://llprecharge.in/buy.php?detail/19400366547971" "Mozilla/5.0 AppleWebKit/537.36 (KHTML, like Gecko; compatible; GPTBot/1.4; +https://openai.com/gptbot)"
65.21.113.253 - - [19/Sep/2026:18:50:57 +0530] "GET /buy.php?category/1466_1467/1 HTTP/1.1" 200 141153 "-" "Mozilla/5.0 (compatible; AwarioBot/1.0; +https://awario.com/bots.html)"
136.243.228.180 - - [19/Sep/2026:18:50:57 +0530] "GET /buy.php?special/108038552.html HTTP/1.1" 200 20333 "-" "Mozilla/5.0 (compatible; DataForSeoBot/1.0; +https://dataforseo.com/dataforseo-bot)"
66.249.66.195 - - [19/Sep/2026:18:50:59 +0530] "GET /?e=p7s1a0l7t7e2r2i9a7l02 HTTP/1.1" 200 1838 "-" "Mozilla/5.0 (Linux; Android 6.0.1; Nexus 5X Build/MMB29P) AppleWebKit/537.36 (KHTML, like Gecko) Chrome/153.0.8010.47 Mobile Safari/537.36 (compatible; Googlebot/2.1; +http://www.google.com/bot.html)"
74.7.242.42 - - [19/Sep/2026:18:50:57 +0530] "GET /buy.php?detail/17504841167507 HTTP/2.0" 200 20894 "https://www.llprecharge.in/buy.php?goods/175048864" "Mozilla/5.0 AppleWebKit/537.36 (KHTML, like Gecko; compatible; GPTBot/1.4; +https://openai.com/gptbot)"
74.7.243.193 - - [19/Sep/2026:18:50:58 +0530] "GET /buy.php?detail/16101012828076 HTTP/2.0" 200 21355 "https://llprecharge.in/buy.php?detail/15301810981356" "Mozilla/5.0 AppleWebKit/537.36 (KHTML, like Gecko; compatible; GPTBot/1.4; +https://openai.com/gptbot)"
74.7.242.42 - - [19/Sep/2026:18:51:00 +0530] "GET /buy.php?detail/15502188951920 HTTP/2.0" 200 20566 "https://www.llprecharge.in/buy.php?detail/29302760649818" "Mozilla/5.0 AppleWebKit/537.36 (KHTML, like Gecko; compatible; GPTBot/1.4; +https://openai.com/gptbot)"
74.7.243.193 - - [19/Sep/2026:18:51:01 +0530] "GET /buy.php?detail/08903595730825 HTTP/2.0" 200 20299 "https://llprecharge.in/buy.php?detail/21601516653181" "Mozilla/5.0 AppleWebKit/537.36 (KHTML, like Gecko; compatible; GPTBot/1.4; +https://openai.com/gptbot)"
66.249.66.195 - - [19/Sep/2026:18:51:03 +0530] "GET /?e=m4a2s0s3e6t8e8r4i3c74 HTTP/1.1" 200 1838 "-" "Mozilla/5.0 (Linux; Android 6.0.1; Nexus 5X Build/MMB29P) AppleWebKit/537.36 (KHTML, like Gecko) Chrome/153.0.8010.47 Mobile Safari/537.36 (compatible; Googlebot/2.1; +http://www.google.com/bot.html)"
136.243.228.180 - - [19/Sep/2026:18:51:02 +0530] "GET /buy.php?special/289045207.html HTTP/1.1" 200 20586 "-" "Mozilla/5.0 (compatible; DataForSeoBot/1.0; +https://dataforseo.com/dataforseo-bot)"
74.7.242.42 - - [19/Sep/2026:18:51:02 +0530] "GET /buy.php?detail/29302590508269 HTTP/2.0" 200 21355 "https://www.llprecharge.in/buy.php?detail/29302760105166" "Mozilla/5.0 AppleWebKit/537.36 (KHTML, like Gecko; compatible; GPTBot/1.4; +https://openai.com/gptbot)"
74.7.243.193 - - [19/Sep/2026:18:51:03 +0530] "GET /buy.php?detail/29803943498730 HTTP/2.0" 200 21242 "https://llprecharge.in/buy.php?detail/21601516653181" "Mozilla/5.0 AppleWebKit/537.36 (KHTML, like Gecko; compatible; GPTBot/1.4; +https://openai.com/gptbot)"
65.21.113.253 - - [19/Sep/2026:18:51:03 +0530] "GET /buy.php?category/1466_1936/1 HTTP/1.1" 200 122234 "-" "Mozilla/5.0 (compatible; AwarioBot/1.0; +https://awario.com/bots.html)"
74.7.242.42 - - [19/Sep/2026:18:51:05 +0530] "GET /buy.php?detail/15002949654810 HTTP/2.0" 200 20565 "https://www.llprecharge.in/buy.php?detail/15002918727333" "Mozilla/5.0 AppleWebKit/537.36 (KHTML, like Gecko; compatible; GPTBot/1.4; +https://openai.com/gptbot)"
66.249.66.67 - - [19/Sep/2026:18:51:07 +0530] "GET /?goldin/63753932584 HTTP/1.1" 200 1838 "-" "Mozilla/5.0 (Linux; Android 6.0.1; Nexus 5X Build/MMB29P) AppleWebKit/537.36 (KHTML, like Gecko) Chrome/153.0.8010.47 Mobile Safari/537.36 (compatible; Googlebot/2.1; +http://www.google.com/bot.html)"
136.243.228.180 - - [19/Sep/2026:18:51:07 +0530] "GET /buy.php?special/144006050.html HTTP/1.1" 200 20595 "-" "Mozilla/5.0 (compatible; DataForSeoBot/1.0; +https://dataforseo.com/dataforseo-bot)"
74.7.243.193 - - [19/Sep/2026:18:51:05 +0530] "GET /buy.php?detail/11103637275602 HTTP/2.0" 200 20457 "https://llprecharge.in/buy.php?detail/19200751681588" "Mozilla/5.0 AppleWebKit/537.36 (KHTML, like Gecko; compatible; GPTBot/1.4; +https://openai.com/gptbot)"
74.7.242.42 - - [19/Sep/2026:18:51:07 +0530] "GET /buy.php?jp/023017963.html HTTP/2.0" 200 21554 "https://www.llprecharge.in/buy.php?detail/02301882082543" "Mozilla/5.0 AppleWebKit/537.36 (KHTML, like Gecko; compatible; GPTBot/1.4; +https://openai.com/gptbot)"
136.243.228.180 - - [19/Sep/2026:18:51:11 +0530] "GET /buy.php?detail/108038550337 HTTP/1.1" 200 20190 "-" "Mozilla/5.0 (compatible; DataForSeoBot/1.0; +https://dataforseo.com/dataforseo-bot)"
74.7.243.193 - - [19/Sep/2026:18:51:11 +0530] "GET /buy.php?detail/04001672407802 HTTP/2.0" 200 23222 "https://llprecharge.in/buy.php?detail/07900163283134" "Mozilla/5.0 AppleWebKit/537.36 (KHTML, like Gecko; compatible; GPTBot/1.4; +https://openai.com/gptbot)"
